114.119.134.152 - - [13/Nov/2022:15:06:31 +0100] "GET /apps/school/www_old9/img/LevelC/Category2/LevelCCat2Lesson06/?C=D%3BO%3DA HTTP/1.1" 200 501 "http://kulturdokumentation.com/apps/school/www_old9/img/LevelC/Category2/LevelCCat2Lesson06?C=N%3BO%3DD" "Mozilla/5.0 (Linux; Android 7.0;) AppleWebKit/537.36 (KHTML, like Gecko) Mobile Safari/537.36 (compatible; PetalBot;+https://webmaster.petalsearch.com/site/petalbot)"
198.55.102.203 - - [13/Nov/2022:15:07:20 +0100] "POST /xmlrpc.php HTTP/1.1" 200 412 "-" "Mozilla/5.0 (Windows NT 10.0) AppleWebKit/537.36 (KHTML, like Gecko) Chrome/72.0.3626.121 Safari/537.36"
185.182.57.28 - - [13/Nov/2022:15:07:22 +0100] "POST /xmlrpc.php HTTP/1.1" 200 412 "-" "Mozilla/5.0 (Windows NT 10.0; Win64; x64; rv:66.0) Gecko/20100101 Firefox/66.0"
146.148.100.220 - - [13/Nov/2022:15:07:23 +0100] "POST /xmlrpc.php HTTP/1.1" 200 412 "-" "Mozilla/5.0 (Windows NT 5.1; rv:7.0.1) Gecko/20100101 Firefox/7.0.1"
89.252.169.172 - - [13/Nov/2022:15:07:30 +0100] "POST /xmlrpc.php HTTP/1.1" 200 412 "-" "Mozilla/5.0 (Windows NT 10.0; Win64; x64) AppleWebKit/537.36 (KHTML, like Gecko) Chrome/79.0.3945.117 Safari/537.36"
134.122.125.6 - - [13/Nov/2022:15:07:36 +0100] "POST /xmlrpc.php HTTP/1.1" 200 412 "-" "Mozilla/5.0 (Windows NT 10.0; Win64; x64; rv:57.0) Gecko/20100101 Firefox/57.0"
167.114.64.93 - - [13/Nov/2022:15:07:38 +0100] "POST /xmlrpc.php HTTP/1.1" 200 412 "-" "Mozilla/5.0 (Windows NT 6.1; WOW64; rv:40.0) Gecko/20100101 Firefox/40.1"
35.185.203.166 - - [13/Nov/2022:15:07:39 +0100] "POST /xmlrpc.php HTTP/1.1" 200 412 "-" "Mozilla/5.0 (Windows NT 10.0; Win64; x64) AppleWebKit/537.36 (KHTML, like Gecko) Chrome/88.0.4324.190 Safari/537.36"
198.55.102.203 - - [13/Nov/2022:15:07:41 +0100] "POST /xmlrpc.php HTTP/1.1" 200 412 "-" "Mozilla/5.0 (Windows NT 6.1; WOW64; rv:42.0) Gecko/20100101 Firefox/42.0"
111.231.72.87 - - [13/Nov/2022:15:07:44 +0100] "POST /xmlrpc.php HTTP/1.1" 200 412 "-" "Mozilla/5.0 (Windows NT 10.0; Win64; x64; rv:85.0) Gecko/20100101 Firefox/85.0"
47.104.105.51 - - [13/Nov/2022:15:07:47 +0100] "POST /xmlrpc.php HTTP/1.1" 200 403 "-" "Mozilla/5.0 (Windows NT 10.0; Win64; x64; rv:59.0) Gecko/20100101 Firefox/59.0"
184.168.112.150 - - [13/Nov/2022:15:07:54 +0100] "POST /xmlrpc.php HTTP/1.1" 200 403 "-" "Mozilla/5.0 (Windows NT 10.0; Win64; x64) AppleWebKit/537.36 (KHTML, like Gecko) Chrome/79.0.3945.117 Safari/537.36"
170.187.138.210 - - [13/Nov/2022:15:07:58 +0100] "POST /xmlrpc.php HTTP/1.1" 200 412 "-" "Mozilla/5.0 (Windows NT 10.0; Win64; x64) AppleWebKit/537.36 (KHTML, like Gecko) Chrome/87.0.4280.141 Safari/537.36"
89.252.169.172 - - [13/Nov/2022:15:08:03 +0100] "POST /xmlrpc.php HTTP/1.1" 200 412 "-" "Mozilla/5.0 (Windows NT 10.0; Win64; x64) AppleWebKit/537.36 (KHTML, like Gecko) Chrome/89.0.4389.90 Safari/537.36"
40.77.167.18 - - [13/Nov/2022:15:08:04 +0100] "GET /forge/forge-api-nodejs-client/test/model/ HTTP/1.1" 200 1812 "-" "Mozilla/5.0 (compatible; bingbot/2.0; +http://www.bing.com/bingbot.htm)"
200.9.65.1 - - [13/Nov/2022:15:08:04 +0100] "POST /xmlrpc.php HTTP/1.1" 200 412 "-" "Mozilla/5.0 (Windows NT 10.0; Win64; x64) AppleWebKit/537.36 (KHTML, like Gecko) Chrome/72.0.3626.121 Safari/537.36"
185.191.171.23 - - [13/Nov/2022:15:08:06 +0100] "GET /index.php?CompanyId=217&page=change HTTP/1.1" 200 1772 "-" "Mozilla/5.0 (compatible; SemrushBot/7~bl; +http://www.semrush.com/bot.html)"
216.244.66.203 - - [13/Nov/2022:15:08:08 +0100] "GET /apps/school/www_old9/res/screen/ios/?C=M;O=A HTTP/1.1" 200 758 "-" "Mozilla/5.0 (compatible; DotBot/1.2; +https://opensiteexplorer.org/dotbot; help@moz.com)"
164.92.239.145 - - [13/Nov/2022:15:08:08 +0100] "POST /xmlrpc.php HTTP/1.1" 200 412 "-" "Mozilla/5.0 (Windows NT 10.0; Win64; x64; rv:58.0) Gecko/20100101 Firefox/58.0"
128.1.248.42 - - [13/Nov/2022:15:08:27 +0100] "GET / HTTP/1.1" 200 1772 "-" "Mozilla/5.0 (Windows NT 10.0; Win64; x64) AppleWebKit/537.36 (KHTML, like Gecko) Chrome/60.0.3112.113 Safari/537.36"
216.244.66.203 - - [13/Nov/2022:15:09:49 +0100] "GET /apps/school/www_old3/Html/LevelA/Category2/?C=S;O=A HTTP/1.1" 200 5907 "-" "Mozilla/5.0 (compatible; DotBot/1.2; +https://opensiteexplorer.org/dotbot; help@moz.com)"
216.244.66.203 - - [13/Nov/2022:15:09:51 +0100] "GET /apps/school/www_old4/img/LevelE/Category1/?C=M;O=A HTTP/1.1" 200 9910 "-" "Mozilla/5.0 (compatible; DotBot/1.2; +https://opensiteexplorer.org/dotbot; help@moz.com)"
216.244.66.203 - - [13/Nov/2022:15:09:54 +0100] "GET /apps/school/www_old5/Html/LevelD/Category3/?C=M;O=A HTTP/1.1" 200 7269 "-" "Mozilla/5.0 (compatible; DotBot/1.2; +https://opensiteexplorer.org/dotbot; help@moz.com)"
216.244.66.203 - - [13/Nov/2022:15:09:57 +0100] "GET /apps/school/www_old9/Html/LevelB/Category2/?C=M;O=A HTTP/1.1" 200 5029 "-" "Mozilla/5.0 (compatible; DotBot/1.2; +https://opensiteexplorer.org/dotbot; help@moz.com)"
216.244.66.203 - - [13/Nov/2022:15:09:59 +0100] "GET /apps/school/www_old9/Html/LevelE/Category2/?C=D;O=A HTTP/1.1" 200 6373 "-" "Mozilla/5.0 (compatible; DotBot/1.2; +https://opensiteexplorer.org/dotbot; help@moz.com)"
185.191.171.4 - - [13/Nov/2022:15:10:17 +0100] "GET /stockholms-hamn-ab-upphandlar-astacus-som-ritningskonsult/ HTTP/1.1" 200 9813 "-" "Mozilla/5.0 (compatible; SemrushBot/7~bl; +http://www.semrush.com/bot.html)"
178.250.156.94 - - [13/Nov/2022:15:10:37 +0100] "GET /wp-login.php HTTP/1.1" 302 219 "" "Mozilla/5.0 (Windows NT 10.0; Win64; x64; rv:106.0) Gecko/20100101 Firefox/106.0"
178.250.156.94 - - [13/Nov/2022:15:10:37 +0100] "GET /wp-login.php HTTP/1.1" 200 1274 "http://www.astacus.se/wp-login.php" "Mozilla/5.0 (Windows NT 10.0; Win64; x64; rv:106.0) Gecko/20100101 Firefox/106.0"
178.250.156.94 - - [13/Nov/2022:15:10:37 +0100] "GET /wp-json/wp/v2/users HTTP/1.1" 200 1174 "http://www.astacus.se/wp-login.php" "Mozilla/5.0 (Windows NT 10.0; Win64; x64; rv:106.0) Gecko/20100101 Firefox/106.0"
178.250.156.94 - - [13/Nov/2022:15:10:37 +0100] "POST /wp-login.php HTTP/1.1" 200 1659 "https://www.astacus.se/wp-login.php?redirect_to=https%3A%2F%2Fwww.astacus.se%2Fwp-admin%2F" "Mozilla/5.0 (Windows NT 10.0; Win64; x64; rv:106.0) Gecko/20100101 Firefox/106.0"
178.250.156.94 - - [13/Nov/2022:15:10:37 +0100] "POST /wp-login.php HTTP/1.1" 200 1653 "https://www.astacus.se/wp-login.php?redirect_to=https%3A%2F%2Fwww.astacus.se%2Fwp-admin%2F" "Mozilla/5.0 (Windows NT 10.0; Win64; x64; rv:106.0) Gecko/20100101 Firefox/106.0"
178.250.156.94 - - [13/Nov/2022:15:10:38 +0100] "POST /wp-login.php HTTP/1.1" 200 1634 "https://www.astacus.se/wp-login.php?redirect_to=https%3A%2F%2Fwww.astacus.se%2Fwp-admin%2F" "Mozilla/5.0 (Windows NT 10.0; Win64; x64; rv:106.0) Gecko/20100101 Firefox/106.0"
114.119.141.71 - - [13/Nov/2022:15:10:46 +0100] "GET /apps/school/www_old4/img/LevelD/Category3/LevelDCat3Lesson4/?C=N%3BO%3DD HTTP/1.1" 200 500 "http://kulturdokumentation.se/apps/school/www_old4/img/LevelD/Category3/LevelDCat3Lesson4/" "Mozilla/5.0 (Linux; Android 7.0;) AppleWebKit/537.36 (KHTML, like Gecko) Mobile Safari/537.36 (compatible; PetalBot;+https://webmaster.petalsearch.com/site/petalbot)"
216.244.66.203 - - [13/Nov/2022:15:11:40 +0100] "GET /sales/?week=-57 HTTP/1.1" 200 11360 "-" "Mozilla/5.0 (compatible; DotBot/1.2; +https://opensiteexplorer.org/dotbot; help@moz.com)"
114.119.134.165 - - [13/Nov/2022:15:11:47 +0100] "GET /apps/school/www_old8/img/LevelC/Category3/LevelCCat3Lesson14?C=D%3BO%3DA HTTP/1.1" 301 312 "http://kulturdokumentation.com/apps/school/www_old8/img/LevelC/Category3/LevelCCat3Lesson14" "Mozilla/5.0 (Linux; Android 7.0;) AppleWebKit/537.36 (KHTML, like Gecko) Mobile Safari/537.36 (compatible; PetalBot;+https://webmaster.petalsearch.com/site/petalbot)"
114.119.134.165 - - [13/Nov/2022:15:11:47 +0100] "GET /apps/school/www_old8/img/LevelC/Category3/LevelCCat3Lesson14/?C=D%3BO%3DA HTTP/1.1" 200 450 "http://kulturdokumentation.com/apps/school/www_old8/img/LevelC/Category3/LevelCCat3Lesson14" "Mozilla/5.0 (Linux; Android 7.0;) AppleWebKit/537.36 (KHTML, like Gecko) Mobile Safari/537.36 (compatible; PetalBot;+https://webmaster.petalsearch.com/site/petalbot)"
216.244.66.203 - - [13/Nov/2022:15:11:50 +0100] "GET /forge/forge-api-nodejs-client/node_modules/nock/types/?C=N;O=A HTTP/1.1" 200 1009 "-" "Mozilla/5.0 (compatible; DotBot/1.2; +https://opensiteexplorer.org/dotbot; help@moz.com)"
66.249.70.199 - - [13/Nov/2022:15:12:29 +0100] "GET /forge/forge-api-nodejs-client/node_modules/sinon/lib/sinon/util/core/ HTTP/1.1" 200 768 "-" "Mozilla/5.0 (Linux; Android 6.0.1; Nexus 5X Build/MMB29P) AppleWebKit/537.36 (KHTML, like Gecko) Chrome/107.0.5304.110 Mobile Safari/537.36 (compatible; Googlebot/2.1; +http://www.google.com/bot.html)"
54.36.148.181 - - [13/Nov/2022:15:12:54 +0100] "GET /category/case/case-samhallservice/feed/ HTTP/1.1" 302 246 "-" "Mozilla/5.0 (compatible; AhrefsBot/7.0; +http://ahrefs.com/robot/)"
216.244.66.203 - - [13/Nov/2022:15:13:49 +0100] "GET /forge/node_modules/express/node_modules/path-to-regexp/?C=N;O=A HTTP/1.1" 200 1600 "-" "Mozilla/5.0 (compatible; DotBot/1.2; +https://opensiteexplorer.org/dotbot; help@moz.com)"
216.244.66.203 - - [13/Nov/2022:15:14:08 +0100] "GET /astacusproject/ProjectSelected.do?projectId=31725 HTTP/1.1" 404 231 "-" "Mozilla/5.0 (compatible; DotBot/1.2; +https://opensiteexplorer.org/dotbot; help@moz.com)"
114.119.141.51 - - [13/Nov/2022:15:16:03 +0100] "GET /apps/school/www_old_temp/AutodeskForge/learn.forge.viewmodels-nodejs/node_modules/caseless/?C=N%3BO%3DD HTTP/1.1" 200 534 "http://kulturdokumentation.se/apps/school/www_old_temp/AutodeskForge/learn.forge.viewmodels-nodejs/node_modules/caseless/" "Mozilla/5.0 (Linux; Android 7.0;) AppleWebKit/537.36 (KHTML, like Gecko) Mobile Safari/537.36 (compatible; PetalBot;+https://webmaster.petalsearch.com/site/petalbot)"
45.91.170.176 - - [13/Nov/2022:15:16:24 +0100] "GET / HTTP/1.0" 400 362 "-" "-"
114.119.134.161 - - [13/Nov/2022:15:17:03 +0100] "GET /apps/school/www_old5/img/LevelD/Category2/LevelDCat2Lesson10?C=M%3BO%3DA HTTP/1.1" 301 312 "http://kulturdokumentation.com/apps/school/www_old5/img/LevelD/Category2/LevelDCat2Lesson10?C=D%3BO%3DA" "Mozilla/5.0 (Linux; Android 7.0;) AppleWebKit/537.36 (KHTML, like Gecko) Mobile Safari/537.36 (compatible; PetalBot;+https://webmaster.petalsearch.com/site/petalbot)"
114.119.134.161 - - [13/Nov/2022:15:17:03 +0100] "GET /apps/school/www_old5/img/LevelD/Category2/LevelDCat2Lesson10/?C=M%3BO%3DA HTTP/1.1" 200 625 "http://kulturdokumentation.com/apps/school/www_old5/img/LevelD/Category2/LevelDCat2Lesson10?C=D%3BO%3DA" "Mozilla/5.0 (Linux; Android 7.0;) AppleWebKit/537.36 (KHTML, like Gecko) Mobile Safari/537.36 (compatible; PetalBot;+https://webmaster.petalsearch.com/site/petalbot)"
40.77.167.18 - - [13/Nov/2022:15:17:15 +0100] "GET /ap-interface/ HTTP/1.1" 200 552 "-" "Mozilla/5.0 (compatible; bingbot/2.0; +http://www.bing.com/bingbot.htm)"
194.110.203.46 - - [13/Nov/2022:15:18:37 +0100] "GET /backupsimplebim.sql.tar HTTP/1.1" 404 221 "-" "Firefox"
66.249.64.157 - - [13/Nov/2022:15:18:50 +0100] "GET /?page=result&keyword=Skrivbord HTTP/1.1" 200 4565 "-" "Mozilla/5.0 (Linux; Android 6.0.1; Nexus 5X Build/MMB29P) AppleWebKit/537.36 (KHTML, like Gecko) Chrome/107.0.5304.110 Mobile Safari/537.36 (compatible; Googlebot/2.1; +http://www.google.com/bot.html)"
135.181.212.177 - - [13/Nov/2022:15:19:11 +0100] "GET /robots.txt HTTP/1.1" 404 208 "-" "Mozilla/5.0 (compatible; MJ12bot/v1.4.8; http://mj12bot.com/)"
135.181.212.177 - - [13/Nov/2022:15:19:12 +0100] "GET /apps/school/www_old10/Html/LevelE/ HTTP/1.1" 200 473 "-" "Mozilla/5.0 (compatible; MJ12bot/v1.4.8; http://mj12bot.com/)"
143.47.122.136 - - [13/Nov/2022:15:19:17 +0100] "GET /backupnotes-online.sql.tar HTTP/1.1" 404 224 "-" "Firefox"
185.191.171.14 - - [13/Nov/2022:15:19:30 +0100] "GET /robots.txt HTTP/1.1" 404 208 "-" "Mozilla/5.0 (compatible; SemrushBot/7~bl; +http://www.semrush.com/bot.html)"
185.191.171.3 - - [13/Nov/2022:15:19:31 +0100] "GET /video.php HTTP/1.1" 200 2590 "-" "Mozilla/5.0 (compatible; SemrushBot/7~bl; +http://www.semrush.com/bot.html)"
150.158.90.82 - - [13/Nov/2022:15:19:44 +0100] "GET /xmlrpc.php HTTP/1.1" 405 42 "-" "Mozilla/5.0 (Windows NT 6.1; WOW64; rv:45.0) Gecko/20100101 Firefox/45.0"
150.158.90.82 - - [13/Nov/2022:15:19:49 +0100] "GET /wp-login.php HTTP/1.1" 200 1274 "-" "Mozilla/5.0 (Windows NT 6.1; WOW64; rv:45.0) Gecko/20100101 Firefox/45.0"
150.158.90.82 - - [13/Nov/2022:15:19:53 +0100] "GET /?author=1 HTTP/1.1" 301 - "-" "Mozilla/5.0 (X11; U; Linux i686)Gecko/20071127 Firefox/2.0.0.11"
150.158.90.82 - - [13/Nov/2022:15:19:55 +0100] "GET /author/play/ HTTP/1.1" 200 44517 "-" "Mozilla/5.0 (X11; U; Linux i686)Gecko/20071127 Firefox/2.0.0.11"
150.158.90.82 - - [13/Nov/2022:15:20:03 +0100] "POST /xmlrpc.php HTTP/1.1" 200 217 "https://www.astacus.se/xmlrpc.php" "python-requests/2.27.1"
150.158.90.82 - - [13/Nov/2022:15:20:05 +0100] "POST /xmlrpc.php HTTP/1.1" 200 217 "https://www.astacus.se/xmlrpc.php" "python-requests/2.27.1"
150.158.90.82 - - [13/Nov/2022:15:20:07 +0100] "POST /xmlrpc.php HTTP/1.1" 200 217 "https://www.astacus.se/xmlrpc.php" "python-requests/2.27.1"
150.158.90.82 - - [13/Nov/2022:15:20:08 +0100] "POST /xmlrpc.php HTTP/1.1" 200 217 "https://www.astacus.se/xmlrpc.php" "python-requests/2.27.1"
150.158.90.82 - - [13/Nov/2022:15:20:11 +0100] "POST /xmlrpc.php HTTP/1.1" 200 217 "https://www.astacus.se/xmlrpc.php" "python-requests/2.27.1"
135.181.212.177 - - [13/Nov/2022:15:20:12 +0100] "GET /apps/school/www_old10/img/LevelA/Category1/LevelACat1Lesson21/?C=N;O=D HTTP/1.1" 200 448 "-" "Mozilla/5.0 (compatible; MJ12bot/v1.4.8; http://mj12bot.com/)"
150.158.90.82 - - [13/Nov/2022:15:20:12 +0100] "POST /xmlrpc.php HTTP/1.1" 200 217 "https://www.astacus.se/xmlrpc.php" "python-requests/2.27.1"
135.181.212.177 - - [13/Nov/2022:15:20:14 +0100] "GET /apps/school/www_old10/img/LevelA/Category2/LevelACat2Lesson04/?C=D;O=A HTTP/1.1" 200 477 "-" "Mozilla/5.0 (compatible; MJ12bot/v1.4.8; http://mj12bot.com/)"
150.158.90.82 - - [13/Nov/2022:15:20:14 +0100] "POST /xmlrpc.php HTTP/1.1" 200 217 "https://www.astacus.se/xmlrpc.php" "python-requests/2.27.1"
135.181.212.177 - - [13/Nov/2022:15:20:15 +0100] "GET /apps/school/www_old10/img/LevelA/Category2/LevelACat2Lesson04/?C=M;O=A HTTP/1.1" 200 476 "-" "Mozilla/5.0 (compatible; MJ12bot/v1.4.8; http://mj12bot.com/)"
150.158.90.82 - - [13/Nov/2022:15:20:15 +0100] "POST /xmlrpc.php HTTP/1.1" 200 217 "https://www.astacus.se/xmlrpc.php" "python-requests/2.27.1"
150.158.90.82 - - [13/Nov/2022:15:20:16 +0100] "POST /xmlrpc.php HTTP/1.1" 200 217 "https://www.astacus.se/xmlrpc.php" "python-requests/2.27.1"
135.181.212.177 - - [13/Nov/2022:15:20:16 +0100] "GET /apps/school/www_old10/img/LevelA/Category2/LevelACat2Lesson04/?C=N;O=D HTTP/1.1" 200 475 "-" "Mozilla/5.0 (compatible; MJ12bot/v1.4.8; http://mj12bot.com/)"
150.158.90.82 - - [13/Nov/2022:15:20:17 +0100] "POST /xmlrpc.php HTTP/1.1" 200 217 "https://www.astacus.se/xmlrpc.php" "python-requests/2.27.1"
135.181.212.177 - - [13/Nov/2022:15:20:18 +0100] "GET /apps/school/www_old10/img/LevelA/Category2/LevelACat2Lesson04/?C=S;O=A HTTP/1.1" 200 476 "-" "Mozilla/5.0 (compatible; MJ12bot/v1.4.8; http://mj12bot.com/)"
150.158.90.82 - - [13/Nov/2022:15:20:19 +0100] "POST /xmlrpc.php HTTP/1.1" 200 217 "https://www.astacus.se/xmlrpc.php" "python-requests/2.27.1"
135.181.212.177 - - [13/Nov/2022:15:20:20 +0100] "GET /apps/school/www_old10/img/LevelA/Category2/LevelACat2Lesson05/?C=D;O=A HTTP/1.1" 200 535 "-" "Mozilla/5.0 (compatible; MJ12bot/v1.4.8; http://mj12bot.com/)"
150.158.90.82 - - [13/Nov/2022:15:20:20 +0100] "POST /xmlrpc.php HTTP/1.1" 200 217 "https://www.astacus.se/xmlrpc.php" "python-requests/2.27.1"
135.181.212.177 - - [13/Nov/2022:15:20:21 +0100] "GET /apps/school/www_old10/img/LevelA/Category2/LevelACat2Lesson05/?C=M;O=A HTTP/1.1" 200 536 "-" "Mozilla/5.0 (compatible; MJ12bot/v1.4.8; http://mj12bot.com/)"
135.181.212.177 - - [13/Nov/2022:15:20:23 +0100] "GET /apps/school/www_old10/img/LevelA/Category2/LevelACat2Lesson05/?C=N;O=D HTTP/1.1" 200 531 "-" "Mozilla/5.0 (compatible; MJ12bot/v1.4.8; http://mj12bot.com/)"
135.181.212.177 - - [13/Nov/2022:15:20:24 +0100] "GET /apps/school/www_old10/img/LevelA/Category2/LevelACat2Lesson05/?C=S;O=A HTTP/1.1" 200 538 "-" "Mozilla/5.0 (compatible; MJ12bot/v1.4.8; http://mj12bot.com/)"
135.181.212.177 - - [13/Nov/2022:15:20:26 +0100] "GET /apps/school/www_old10/img/LevelA/Category2/LevelACat2Lesson06/?C=D;O=A HTTP/1.1" 200 536 "-" "Mozilla/5.0 (compatible; MJ12bot/v1.4.8; http://mj12bot.com/)"
135.181.212.177 - - [13/Nov/2022:15:20:27 +0100] "GET /apps/school/www_old10/img/LevelA/Category2/LevelACat2Lesson06/?C=M;O=A HTTP/1.1" 200 542 "-" "Mozilla/5.0 (compatible; MJ12bot/v1.4.8; http://mj12bot.com/)"
150.158.90.82 - - [13/Nov/2022:15:20:27 +0100] "POST /xmlrpc.php HTTP/1.1" 200 217 "https://www.astacus.se/xmlrpc.php" "python-requests/2.27.1"
135.181.212.177 - - [13/Nov/2022:15:20:29 +0100] "GET /apps/school/www_old10/img/LevelA/Category2/LevelACat2Lesson06/?C=N;O=D HTTP/1.1" 200 532 "-" "Mozilla/5.0 (compatible; MJ12bot/v1.4.8; http://mj12bot.com/)"
150.158.90.82 - - [13/Nov/2022:15:20:30 +0100] "POST /xmlrpc.php HTTP/1.1" 200 217 "https://www.astacus.se/xmlrpc.php" "python-requests/2.27.1"
135.181.212.177 - - [13/Nov/2022:15:20:30 +0100] "GET /apps/school/www_old10/img/LevelA/Category2/LevelACat2Lesson06/?C=S;O=A HTTP/1.1" 200 534 "-" "Mozilla/5.0 (compatible; MJ12bot/v1.4.8; http://mj12bot.com/)"
150.158.90.82 - - [13/Nov/2022:15:20:31 +0100] "POST /xmlrpc.php HTTP/1.1" 200 217 "https://www.astacus.se/xmlrpc.php" "python-requests/2.27.1"
135.181.212.177 - - [13/Nov/2022:15:20:32 +0100] "GET /apps/school/www_old10/img/LevelA/Category2/LevelACat2Lesson10/?C=N;O=D HTTP/1.1" 200 549 "-" "Mozilla/5.0 (compatible; MJ12bot/v1.4.8; http://mj12bot.com/)"
150.158.90.82 - - [13/Nov/2022:15:20:32 +0100] "POST /xmlrpc.php HTTP/1.1" 200 217 "https://www.astacus.se/xmlrpc.php" "python-requests/2.27.1"
135.181.212.177 - - [13/Nov/2022:15:20:33 +0100] "GET /apps/school/www_old10/img/LevelA/Category2/LevelACat2Lesson11/?C=D;O=A HTTP/1.1" 200 525 "-" "Mozilla/5.0 (compatible; MJ12bot/v1.4.8; http://mj12bot.com/)"
150.158.90.82 - - [13/Nov/2022:15:20:33 +0100] "POST /xmlrpc.php HTTP/1.1" 200 217 "https://www.astacus.se/xmlrpc.php" "python-requests/2.27.1"
135.181.212.177 - - [13/Nov/2022:15:20:35 +0100] "GET /apps/school/www_old10/img/LevelA/Category2/LevelACat2Lesson11/?C=M;O=A HTTP/1.1" 200 534 "-" "Mozilla/5.0 (compatible; MJ12bot/v1.4.8; http://mj12bot.com/)"
150.158.90.82 - - [13/Nov/2022:15:20:35 +0100] "POST /xmlrpc.php HTTP/1.1" 200 217 "https://www.astacus.se/xmlrpc.php" "python-requests/2.27.1"
135.181.212.177 - - [13/Nov/2022:15:20:36 +0100] "GET /apps/school/www_old10/img/LevelA/Category2/LevelACat2Lesson11/?C=N;O=D HTTP/1.1" 200 523 "-" "Mozilla/5.0 (compatible; MJ12bot/v1.4.8; http://mj12bot.com/)"
150.158.90.82 - - [13/Nov/2022:15:20:36 +0100] "POST /xmlrpc.php HTTP/1.1" 200 217 "https://www.astacus.se/xmlrpc.php" "python-requests/2.27.1"
150.158.90.82 - - [13/Nov/2022:15:20:38 +0100] "POST /xmlrpc.php HTTP/1.1" 200 217 "https://www.astacus.se/xmlrpc.php" "python-requests/2.27.1"
135.181.212.177 - - [13/Nov/2022:15:20:38 +0100] "GET /apps/school/www_old10/img/LevelA/Category2/LevelACat2Lesson11/?C=S;O=A HTTP/1.1" 200 537 "-" "Mozilla/5.0 (compatible; MJ12bot/v1.4.8; http://mj12bot.com/)"
150.158.90.82 - - [13/Nov/2022:15:20:39 +0100] "POST /xmlrpc.php HTTP/1.1" 200 217 "https://www.astacus.se/xmlrpc.php" "python-requests/2.27.1"
135.181.212.177 - - [13/Nov/2022:15:20:39 +0100] "GET /apps/school/www_old10/img/LevelA/Category2/LevelACat2Lesson12/?C=D;O=A HTTP/1.1" 200 564 "-" "Mozilla/5.0 (compatible; MJ12bot/v1.4.8; http://mj12bot.com/)"
150.158.90.82 - - [13/Nov/2022:15:20:40 +0100] "POST /xmlrpc.php HTTP/1.1" 200 217 "https://www.astacus.se/xmlrpc.php" "python-requests/2.27.1"
135.181.212.177 - - [13/Nov/2022:15:20:41 +0100] "GET /apps/school/www_old10/img/LevelA/Category2/LevelACat2Lesson12/?C=M;O=A HTTP/1.1" 200 561 "-" "Mozilla/5.0 (compatible; MJ12bot/v1.4.8; http://mj12bot.com/)"
150.158.90.82 - - [13/Nov/2022:15:20:41 +0100] "POST /xmlrpc.php HTTP/1.1" 200 217 "https://www.astacus.se/xmlrpc.php" "python-requests/2.27.1"
135.181.212.177 - - [13/Nov/2022:15:20:43 +0100] "GET /apps/school/www_old10/img/LevelA/Category2/LevelACat2Lesson12/?C=N;O=D HTTP/1.1" 200 559 "-" "Mozilla/5.0 (compatible; MJ12bot/v1.4.8; http://mj12bot.com/)"
150.158.90.82 - - [13/Nov/2022:15:20:44 +0100] "POST /xmlrpc.php HTTP/1.1" 200 217 "https://www.astacus.se/xmlrpc.php" "python-requests/2.27.1"
135.181.212.177 - - [13/Nov/2022:15:20:44 +0100] "GET /apps/school/www_old10/img/LevelA/Category2/LevelACat2Lesson12/?C=S;O=A HTTP/1.1" 200 564 "-" "Mozilla/5.0 (compatible; MJ12bot/v1.4.8; http://mj12bot.com/)"
150.158.90.82 - - [13/Nov/2022:15:20:45 +0100] "POST /xmlrpc.php HTTP/1.1" 200 217 "https://www.astacus.se/xmlrpc.php" "python-requests/2.27.1"
135.181.212.177 - - [13/Nov/2022:15:20:46 +0100] "GET /apps/school/www_old10/img/LevelD/ HTTP/1.1" 200 441 "-" "Mozilla/5.0 (compatible; MJ12bot/v1.4.8; http://mj12bot.com/)"
150.158.90.82 - - [13/Nov/2022:15:20:47 +0100] "POST /xmlrpc.php HTTP/1.1" 200 217 "https://www.astacus.se/xmlrpc.php" "python-requests/2.27.1"
135.181.212.177 - - [13/Nov/2022:15:20:48 +0100] "GET /apps/school/www_old10/img/LevelE/Category1/LevelECat1Lesson08/?C=S;O=A HTTP/1.1" 200 500 "-" "Mozilla/5.0 (compatible; MJ12bot/v1.4.8; http://mj12bot.com/)"
150.158.90.82 - - [13/Nov/2022:15:20:48 +0100] "POST /xmlrpc.php HTTP/1.1" 200 217 "https://www.astacus.se/xmlrpc.php" "python-requests/2.27.1"
135.181.212.177 - - [13/Nov/2022:15:20:49 +0100] "GET /apps/school/www_old10/img/LevelE/Category1/LevelECat1Lesson15/?C=D;O=A HTTP/1.1" 200 449 "-" "Mozilla/5.0 (compatible; MJ12bot/v1.4.8; http://mj12bot.com/)"
135.181.212.177 - - [13/Nov/2022:15:20:51 +0100] "GET /apps/school/www_old10/img/LevelE/Category1/LevelECat1Lesson15/?C=M;O=A HTTP/1.1" 200 449 "-" "Mozilla/5.0 (compatible; MJ12bot/v1.4.8; http://mj12bot.com/)"
150.158.90.82 - - [13/Nov/2022:15:20:51 +0100] "POST /xmlrpc.php HTTP/1.1" 200 217 "https://www.astacus.se/xmlrpc.php" "python-requests/2.27.1"
135.181.212.177 - - [13/Nov/2022:15:20:52 +0100] "GET /apps/school/www_old10/img/LevelE/Category1/LevelECat1Lesson19/?C=S;O=A HTTP/1.1" 200 448 "-" "Mozilla/5.0 (compatible; MJ12bot/v1.4.8; http://mj12bot.com/)"
150.158.90.82 - - [13/Nov/2022:15:20:53 +0100] "POST /xmlrpc.php HTTP/1.1" 200 217 "https://www.astacus.se/xmlrpc.php" "python-requests/2.27.1"
135.181.212.177 - - [13/Nov/2022:15:20:54 +0100] "GET /apps/school/www_old10/img/LevelE/Category1/LevelECat1Lesson22/?C=D;O=A HTTP/1.1" 200 449 "-" "Mozilla/5.0 (compatible; MJ12bot/v1.4.8; http://mj12bot.com/)"
150.158.90.82 - - [13/Nov/2022:15:20:55 +0100] "POST /xmlrpc.php HTTP/1.1" 200 217 "https://www.astacus.se/xmlrpc.php" "python-requests/2.27.1"
135.181.212.177 - - [13/Nov/2022:15:20:55 +0100] "GET /apps/school/www_old10/img/LevelE/Category1/LevelECat1Lesson22/?C=M;O=A HTTP/1.1" 200 449 "-" "Mozilla/5.0 (compatible; MJ12bot/v1.4.8; http://mj12bot.com/)"
150.158.90.82 - - [13/Nov/2022:15:20:56 +0100] "POST /xmlrpc.php HTTP/1.1" 200 217 "https://www.astacus.se/xmlrpc.php" "python-requests/2.27.1"
135.181.212.177 - - [13/Nov/2022:15:20:57 +0100] "GET /apps/school/www_old10/img/LevelE/Category1/LevelECat1Lesson22/?C=S;O=A HTTP/1.1" 200 449 "-" "Mozilla/5.0 (compatible; MJ12bot/v1.4.8; http://mj12bot.com/)"
135.181.212.177 - - [13/Nov/2022:15:20:58 +0100] "GET /apps/school/www_old10/img/LevelE/Category1/LevelECat1Lesson31/?C=S;O=A HTTP/1.1" 200 449 "-" "Mozilla/5.0 (compatible; MJ12bot/v1.4.8; http://mj12bot.com/)"
45.79.181.251 - - [13/Nov/2022:15:20:58 +0100] "\x16\x03\x01" 400 226 "-" "-"
54.36.148.221 - - [13/Nov/2022:15:21:00 +0100] "GET /apps/school/www_old6/img/LevelG/Category2/LevelGCat2Lesson03/?C=S;O=A HTTP/1.1" 200 449 "-" "Mozilla/5.0 (compatible; AhrefsBot/7.0; +http://ahrefs.com/robot/)"
135.181.212.177 - - [13/Nov/2022:15:21:00 +0100] "GET /apps/school/www_old10/img/LevelG/Category2/LevelGCat2Lesson30/?C=D;O=A HTTP/1.1" 200 457 "-" "Mozilla/5.0 (compatible; MJ12bot/v1.4.8; http://mj12bot.com/)"
150.158.90.82 - - [13/Nov/2022:15:21:00 +0100] "POST /xmlrpc.php HTTP/1.1" 200 217 "https://www.astacus.se/xmlrpc.php" "python-requests/2.27.1"
135.181.212.177 - - [13/Nov/2022:15:21:01 +0100] "GET /apps/school/www_old10/img/LevelG/Category2/LevelGCat2Lesson30/?C=M;O=A HTTP/1.1" 200 457 "-" "Mozilla/5.0 (compatible; MJ12bot/v1.4.8; http://mj12bot.com/)"
150.158.90.82 - - [13/Nov/2022:15:21:02 +0100] "POST /xmlrpc.php HTTP/1.1" 200 217 "https://www.astacus.se/xmlrpc.php" "python-requests/2.27.1"
135.181.212.177 - - [13/Nov/2022:15:21:03 +0100] "GET /apps/school/www_old10/img/LevelG/Category2/LevelGCat2Lesson30/?C=N;O=D HTTP/1.1" 200 455 "-" "Mozilla/5.0 (compatible; MJ12bot/v1.4.8; http://mj12bot.com/)"
150.158.90.82 - - [13/Nov/2022:15:21:03 +0100] "POST /xmlrpc.php HTTP/1.1" 200 217 "https://www.astacus.se/xmlrpc.php" "python-requests/2.27.1"
135.181.212.177 - - [13/Nov/2022:15:21:04 +0100] "GET /apps/school/www_old10/img/LevelG/Category2/LevelGCat2Lesson30/?C=S;O=A HTTP/1.1" 200 457 "-" "Mozilla/5.0 (compatible; MJ12bot/v1.4.8; http://mj12bot.com/)"
45.61.185.74 - - [13/Nov/2022:15:21:04 +0100] "GET /wp-login.php HTTP/1.1" 200 2977 "-" "Mozilla/5.0 (Windows NT 6.2; WOW64) AppleWebKit/537.36 (KHTML, like Gecko) Chrome/36.0.1985.125 Safari/537.36"
45.61.185.74 - - [13/Nov/2022:15:21:04 +0100] "POST /wp-login.php HTTP/1.1" 200 3982 "-" "Mozilla/5.0 (Windows NT 6.2; WOW64) AppleWebKit/537.36 (KHTML, like Gecko) Chrome/36.0.1985.125 Safari/537.36"
150.158.90.82 - - [13/Nov/2022:15:21:05 +0100] "POST /xmlrpc.php HTTP/1.1" 200 217 "https://www.astacus.se/xmlrpc.php" "python-requests/2.27.1"
135.181.212.177 - - [13/Nov/2022:15:21:06 +0100] "GET /apps/school/www_old10/img/LevelG/Category2/LevelGCat2Lesson31/?C=D;O=A HTTP/1.1" 200 450 "-" "Mozilla/5.0 (compatible; MJ12bot/v1.4.8; http://mj12bot.com/)"
150.158.90.82 - - [13/Nov/2022:15:21:06 +0100] "POST /xmlrpc.php HTTP/1.1" 200 217 "https://www.astacus.se/xmlrpc.php" "python-requests/2.27.1"
135.181.212.177 - - [13/Nov/2022:15:21:07 +0100] "GET /apps/school/www_old10/img/LevelG/Category2/LevelGCat2Lesson31/?C=M;O=A HTTP/1.1" 200 450 "-" "Mozilla/5.0 (compatible; MJ12bot/v1.4.8; http://mj12bot.com/)"
150.158.90.82 - - [13/Nov/2022:15:21:08 +0100] "POST /xmlrpc.php HTTP/1.1" 200 217 "https://www.astacus.se/xmlrpc.php" "python-requests/2.27.1"
135.181.212.177 - - [13/Nov/2022:15:21:09 +0100] "GET /apps/school/www_old10/img/LevelG/Category2/LevelGCat2Lesson31/?C=N;O=D HTTP/1.1" 200 448 "-" "Mozilla/5.0 (compatible; MJ12bot/v1.4.8; http://mj12bot.com/)"
150.158.90.82 - - [13/Nov/2022:15:21:09 +0100] "POST /xmlrpc.php HTTP/1.1" 200 217 "https://www.astacus.se/xmlrpc.php" "python-requests/2.27.1"
135.181.212.177 - - [13/Nov/2022:15:21:10 +0100] "GET /apps/school/www_old10/img/LevelG/Category2/LevelGCat2Lesson31/?C=S;O=A HTTP/1.1" 200 450 "-" "Mozilla/5.0 (compatible; MJ12bot/v1.4.8; http://mj12bot.com/)"
135.181.212.177 - - [13/Nov/2022:15:21:12 +0100] "GET /apps/school/www_old10/img/LevelG/Category2/LevelGCat2Lesson32/?C=D;O=A HTTP/1.1" 200 453 "-" "Mozilla/5.0 (compatible; MJ12bot/v1.4.8; http://mj12bot.com/)"
150.158.90.82 - - [13/Nov/2022:15:21:12 +0100] "POST /xmlrpc.php HTTP/1.1" 200 217 "https://www.astacus.se/xmlrpc.php" "python-requests/2.27.1"
135.181.212.177 - - [13/Nov/2022:15:21:13 +0100] "GET /apps/school/www_old10/img/LevelG/Category2/LevelGCat2Lesson32/?C=M;O=A HTTP/1.1" 200 453 "-" "Mozilla/5.0 (compatible; MJ12bot/v1.4.8; http://mj12bot.com/)"
150.158.90.82 - - [13/Nov/2022:15:21:15 +0100] "POST /xmlrpc.php HTTP/1.1" 200 217 "https://www.astacus.se/xmlrpc.php" "python-requests/2.27.1"
135.181.212.177 - - [13/Nov/2022:15:21:15 +0100] "GET /apps/school/www_old10/img/LevelG/Category2/LevelGCat2Lesson32/?C=N;O=D HTTP/1.1" 200 451 "-" "Mozilla/5.0 (compatible; MJ12bot/v1.4.8; http://mj12bot.com/)"
150.158.90.82 - - [13/Nov/2022:15:21:16 +0100] "POST /xmlrpc.php HTTP/1.1" 200 217 "https://www.astacus.se/xmlrpc.php" "python-requests/2.27.1"
135.181.212.177 - - [13/Nov/2022:15:21:16 +0100] "GET /apps/school/www_old10/img/LevelG/Category2/LevelGCat2Lesson32/?C=S;O=A HTTP/1.1" 200 453 "-" "Mozilla/5.0 (compatible; MJ12bot/v1.4.8; http://mj12bot.com/)"
150.158.90.82 - - [13/Nov/2022:15:21:17 +0100] "POST /xmlrpc.php HTTP/1.1" 200 217 "https://www.astacus.se/xmlrpc.php" "python-requests/2.27.1"
37.139.53.40 - - [13/Nov/2022:15:21:18 +0100] "GET /example/AutoCAD2D-DWG.dwg HTTP/1.0" 200 84578 "http://www.simplebim.se/example/AutoCAD2D-DWG.dwg" "Mozilla/5.0 (Windows NT 10.0; WOW64) AppleWebKit/537.36 (KHTML, like Gecko) Chrome/90.0.4430.93 Safari/537.36"
37.139.53.40 - - [13/Nov/2022:15:21:19 +0100] "GET / HTTP/1.0" 200 16481 "http://www.simplebim.se/" "Mozilla/5.0 (Windows NT 10.0; WOW64) AppleWebKit/537.36 (KHTML, like Gecko) Chrome/90.0.4430.93 Safari/537.36"
150.158.90.82 - - [13/Nov/2022:15:21:19 +0100] "POST /xmlrpc.php HTTP/1.1" 200 217 "https://www.astacus.se/xmlrpc.php" "python-requests/2.27.1"
150.158.90.82 - - [13/Nov/2022:15:21:20 +0100] "POST /xmlrpc.php HTTP/1.1" 200 217 "https://www.astacus.se/xmlrpc.php" "python-requests/2.27.1"
150.158.90.82 - - [13/Nov/2022:15:21:21 +0100] "POST /xmlrpc.php HTTP/1.1" 200 217 "https://www.astacus.se/xmlrpc.php" "python-requests/2.27.1"
150.158.90.82 - - [13/Nov/2022:15:21:23 +0100] "POST /xmlrpc.php HTTP/1.1" 200 217 "https://www.astacus.se/xmlrpc.php" "python-requests/2.27.1"
150.158.90.82 - - [13/Nov/2022:15:21:24 +0100] "POST /xmlrpc.php HTTP/1.1" 200 217 "https://www.astacus.se/xmlrpc.php" "python-requests/2.27.1"
114.119.141.52 - - [13/Nov/2022:15:21:24 +0100] "GET /apps/school/www_old4/img/LevelE/Category2/LevelECat2Lesson2/?C=D%3BO%3DA HTTP/1.1" 200 485 "http://kulturdokumentation.se/apps/school/www_old4/img/LevelE/Category2/LevelECat2Lesson2/?C=M%3BO%3DA" "Mozilla/5.0 (Linux; Android 7.0;) AppleWebKit/537.36 (KHTML, like Gecko) Mobile Safari/537.36 (compatible; PetalBot;+https://webmaster.petalsearch.com/site/petalbot)"
150.158.90.82 - - [13/Nov/2022:15:21:26 +0100] "POST /xmlrpc.php HTTP/1.1" 200 217 "https://www.astacus.se/xmlrpc.php" "python-requests/2.27.1"
150.158.90.82 - - [13/Nov/2022:15:21:28 +0100] "POST /xmlrpc.php HTTP/1.1" 200 217 "https://www.astacus.se/xmlrpc.php" "python-requests/2.27.1"
150.158.90.82 - - [13/Nov/2022:15:21:31 +0100] "POST /xmlrpc.php HTTP/1.1" 200 217 "https://www.astacus.se/xmlrpc.php" "python-requests/2.27.1"
150.158.90.82 - - [13/Nov/2022:15:21:32 +0100] "POST /xmlrpc.php HTTP/1.1" 200 217 "https://www.astacus.se/xmlrpc.php" "python-requests/2.27.1"
150.158.90.82 - - [13/Nov/2022:15:21:33 +0100] "POST /xmlrpc.php HTTP/1.1" 200 217 "https://www.astacus.se/xmlrpc.php" "python-requests/2.27.1"
150.158.90.82 - - [13/Nov/2022:15:21:34 +0100] "POST /xmlrpc.php HTTP/1.1" 200 217 "https://www.astacus.se/xmlrpc.php" "python-requests/2.27.1"
135.181.212.177 - - [13/Nov/2022:15:21:35 +0100] "GET /apps/school/www_old10/img/LevelG/Category2/LevelGCat2Lesson33/?C=D;O=A HTTP/1.1" 200 480 "-" "Mozilla/5.0 (compatible; MJ12bot/v1.4.8; http://mj12bot.com/)"
150.158.90.82 - - [13/Nov/2022:15:21:36 +0100] "POST /xmlrpc.php HTTP/1.1" 200 217 "https://www.astacus.se/xmlrpc.php" "python-requests/2.27.1"
135.181.212.177 - - [13/Nov/2022:15:21:37 +0100] "GET /apps/school/www_old10/img/LevelG/Category2/LevelGCat2Lesson33/?C=M;O=A HTTP/1.1" 200 480 "-" "Mozilla/5.0 (compatible; MJ12bot/v1.4.8; http://mj12bot.com/)"
150.158.90.82 - - [13/Nov/2022:15:21:38 +0100] "POST /xmlrpc.php HTTP/1.1" 200 217 "https://www.astacus.se/xmlrpc.php" "python-requests/2.27.1"
135.181.212.177 - - [13/Nov/2022:15:21:38 +0100] "GET /apps/school/www_old10/img/LevelG/Category2/LevelGCat2Lesson33/?C=N;O=D HTTP/1.1" 200 478 "-" "Mozilla/5.0 (compatible; MJ12bot/v1.4.8; http://mj12bot.com/)"
135.181.212.177 - - [13/Nov/2022:15:21:40 +0100] "GET /apps/school/www_old10/img/LevelG/Category2/LevelGCat2Lesson33/?C=S;O=A HTTP/1.1" 200 480 "-" "Mozilla/5.0 (compatible; MJ12bot/v1.4.8; http://mj12bot.com/)"
150.158.90.82 - - [13/Nov/2022:15:21:40 +0100] "POST /xmlrpc.php HTTP/1.1" 200 217 "https://www.astacus.se/xmlrpc.php" "python-requests/2.27.1"
135.181.212.177 - - [13/Nov/2022:15:21:41 +0100] "GET /apps/school/www_old10/img/LevelG/Category2/LevelGCat2Lesson34/?C=D;O=A HTTP/1.1" 200 450 "-" "Mozilla/5.0 (compatible; MJ12bot/v1.4.8; http://mj12bot.com/)"
150.158.90.82 - - [13/Nov/2022:15:21:42 +0100] "POST /xmlrpc.php HTTP/1.1" 200 217 "https://www.astacus.se/xmlrpc.php" "python-requests/2.27.1"
135.181.212.177 - - [13/Nov/2022:15:21:43 +0100] "GET /apps/school/www_old10/img/LevelG/Category2/LevelGCat2Lesson34/?C=M;O=A HTTP/1.1" 200 450 "-" "Mozilla/5.0 (compatible; MJ12bot/v1.4.8; http://mj12bot.com/)"
135.181.212.177 - - [13/Nov/2022:15:21:44 +0100] "GET /apps/school/www_old10/img/LevelG/Category2/LevelGCat2Lesson34/?C=N;O=D HTTP/1.1" 200 448 "-" "Mozilla/5.0 (compatible; MJ12bot/v1.4.8; http://mj12bot.com/)"
135.181.212.177 - - [13/Nov/2022:15:21:46 +0100] "GET /apps/school/www_old10/img/LevelG/Category2/LevelGCat2Lesson34/?C=S;O=A HTTP/1.1" 200 450 "-" "Mozilla/5.0 (compatible; MJ12bot/v1.4.8; http://mj12bot.com/)"
135.181.212.177 - - [13/Nov/2022:15:21:47 +0100] "GET /apps/school/www_old10/img/LevelG/Category2/LevelGCat2Lesson36/?C=D;O=A HTTP/1.1" 200 537 "-" "Mozilla/5.0 (compatible; MJ12bot/v1.4.8; http://mj12bot.com/)"
150.158.90.82 - - [13/Nov/2022:15:21:47 +0100] "POST /xmlrpc.php HTTP/1.1" 200 217 "https://www.astacus.se/xmlrpc.php" "python-requests/2.27.1"
135.181.212.177 - - [13/Nov/2022:15:21:49 +0100] "GET /apps/school/www_old10/img/LevelG/Category2/LevelGCat2Lesson36/?C=M;O=A HTTP/1.1" 200 539 "-" "Mozilla/5.0 (compatible; MJ12bot/v1.4.8; http://mj12bot.com/)"
150.158.90.82 - - [13/Nov/2022:15:21:49 +0100] "POST /xmlrpc.php HTTP/1.1" 200 217 "https://www.astacus.se/xmlrpc.php" "python-requests/2.27.1"
135.181.212.177 - - [13/Nov/2022:15:21:50 +0100] "GET /apps/school/www_old10/img/LevelG/Category2/LevelGCat2Lesson36/?C=N;O=D HTTP/1.1" 200 535 "-" "Mozilla/5.0 (compatible; MJ12bot/v1.4.8; http://mj12bot.com/)"
150.158.90.82 - - [13/Nov/2022:15:21:51 +0100] "POST /xmlrpc.php HTTP/1.1" 200 217 "https://www.astacus.se/xmlrpc.php" "python-requests/2.27.1"
135.181.212.177 - - [13/Nov/2022:15:21:52 +0100] "GET /apps/school/www_old10/img/LevelG/Category2/LevelGCat2Lesson36/?C=S;O=A HTTP/1.1" 200 536 "-" "Mozilla/5.0 (compatible; MJ12bot/v1.4.8; http://mj12bot.com/)"
150.158.90.82 - - [13/Nov/2022:15:21:52 +0100] "POST /xmlrpc.php HTTP/1.1" 200 217 "https://www.astacus.se/xmlrpc.php" "python-requests/2.27.1"
150.158.90.82 - - [13/Nov/2022:15:21:53 +0100] "POST /xmlrpc.php HTTP/1.1" 200 217 "https://www.astacus.se/xmlrpc.php" "python-requests/2.27.1"
135.181.212.177 - - [13/Nov/2022:15:21:53 +0100] "GET /apps/school/www_old10/img/LevelG/Category2/LevelGCat2Lesson37/?C=N;O=D HTTP/1.1" 200 444 "-" "Mozilla/5.0 (compatible; MJ12bot/v1.4.8; http://mj12bot.com/)"
150.158.90.82 - - [13/Nov/2022:15:21:54 +0100] "POST /xmlrpc.php HTTP/1.1" 200 217 "https://www.astacus.se/xmlrpc.php" "python-requests/2.27.1"
135.181.212.177 - - [13/Nov/2022:15:21:55 +0100] "GET /apps/school/www_old10/img/LevelH/Category1/LevelHCat1Lesson41/?C=N;O=A HTTP/1.1" 200 482 "-" "Mozilla/5.0 (compatible; MJ12bot/v1.4.8; http://mj12bot.com/)"
150.158.90.82 - - [13/Nov/2022:15:21:56 +0100] "POST /xmlrpc.php HTTP/1.1" 200 217 "https://www.astacus.se/xmlrpc.php" "python-requests/2.27.1"
135.181.212.177 - - [13/Nov/2022:15:21:56 +0100] "GET /apps/school/www_old10/res/screen/ios/ HTTP/1.1" 200 371 "-" "Mozilla/5.0 (compatible; MJ12bot/v1.4.8; http://mj12bot.com/)"
150.158.90.82 - - [13/Nov/2022:15:21:57 +0100] "POST /xmlrpc.php HTTP/1.1" 200 217 "https://www.astacus.se/xmlrpc.php" "python-requests/2.27.1"
135.181.212.177 - - [13/Nov/2022:15:21:58 +0100] "GET /apps/school/www_old2/img/LevelA/Category1/LevelACat1Lesson13/?C=N;O=A HTTP/1.1" 200 496 "-" "Mozilla/5.0 (compatible; MJ12bot/v1.4.8; http://mj12bot.com/)"
135.181.212.177 - - [13/Nov/2022:15:21:59 +0100] "GET /apps/school/www_old2/img/LevelA/Category1/LevelACat1Lesson14/?C=N;O=A HTTP/1.1" 200 448 "-" "Mozilla/5.0 (compatible; MJ12bot/v1.4.8; http://mj12bot.com/)"
150.158.90.82 - - [13/Nov/2022:15:22:00 +0100] "POST /xmlrpc.php HTTP/1.1" 200 217 "https://www.astacus.se/xmlrpc.php" "python-requests/2.27.1"
135.181.212.177 - - [13/Nov/2022:15:22:01 +0100] "GET /apps/school/www_old2/img/LevelA/Category1/LevelACat1Lesson16/?C=N;O=A HTTP/1.1" 200 481 "-" "Mozilla/5.0 (compatible; MJ12bot/v1.4.8; http://mj12bot.com/)"
150.158.90.82 - - [13/Nov/2022:15:22:01 +0100] "POST /xmlrpc.php HTTP/1.1" 200 217 "https://www.astacus.se/xmlrpc.php" "python-requests/2.27.1"
135.181.212.177 - - [13/Nov/2022:15:22:02 +0100] "GET /apps/school/www_old2/img/LevelA/Category1/LevelACat1Lesson18/?C=N;O=A HTTP/1.1" 200 489 "-" "Mozilla/5.0 (compatible; MJ12bot/v1.4.8; http://mj12bot.com/)"
150.158.90.82 - - [13/Nov/2022:15:22:03 +0100] "POST /xmlrpc.php HTTP/1.1" 200 217 "https://www.astacus.se/xmlrpc.php" "python-requests/2.27.1"
135.181.212.177 - - [13/Nov/2022:15:22:04 +0100] "GET /apps/school/www_old2/img/LevelA/Category1/LevelACat1Lesson9/?C=N;O=A HTTP/1.1" 200 449 "-" "Mozilla/5.0 (compatible; MJ12bot/v1.4.8; http://mj12bot.com/)"
150.158.90.82 - - [13/Nov/2022:15:22:05 +0100] "POST /xmlrpc.php HTTP/1.1" 200 217 "https://www.astacus.se/xmlrpc.php" "python-requests/2.27.1"
135.181.212.177 - - [13/Nov/2022:15:22:06 +0100] "GET /apps/school/www_old2/img/LevelA/Category2/LevelACat2Lesson20/?C=N;O=A HTTP/1.1" 200 480 "-" "Mozilla/5.0 (compatible; MJ12bot/v1.4.8; http://mj12bot.com/)"
150.158.90.82 - - [13/Nov/2022:15:22:06 +0100] "POST /xmlrpc.php HTTP/1.1" 200 217 "https://www.astacus.se/xmlrpc.php" "python-requests/2.27.1"
135.181.212.177 - - [13/Nov/2022:15:22:07 +0100] "GET /apps/school/www_old2/img/LevelA/Category2/LevelACat2Lesson22/?C=S;O=A HTTP/1.1" 200 539 "-" "Mozilla/5.0 (compatible; MJ12bot/v1.4.8; http://mj12bot.com/)"
150.158.90.82 - - [13/Nov/2022:15:22:08 +0100] "POST /xmlrpc.php HTTP/1.1" 200 217 "https://www.astacus.se/xmlrpc.php" "python-requests/2.27.1"
135.181.212.177 - - [13/Nov/2022:15:22:09 +0100] "GET /apps/school/www_old2/img/LevelA/Category2/LevelACat2Lesson9/?C=D;O=A HTTP/1.1" 200 476 "-" "Mozilla/5.0 (compatible; MJ12bot/v1.4.8; http://mj12bot.com/)"
135.181.212.177 - - [13/Nov/2022:15:22:10 +0100] "GET /apps/school/www_old2/img/LevelA/Category2/LevelACat2Lesson9/?C=M;O=A HTTP/1.1" 200 477 "-" "Mozilla/5.0 (compatible; MJ12bot/v1.4.8; http://mj12bot.com/)"
150.158.90.82 - - [13/Nov/2022:15:22:10 +0100] "POST /xmlrpc.php HTTP/1.1" 200 217 "https://www.astacus.se/xmlrpc.php" "python-requests/2.27.1"
135.181.212.177 - - [13/Nov/2022:15:22:12 +0100] "GET /apps/school/www_old2/img/LevelC/Category1/LevelCCat1Lesson1/?C=M;O=D HTTP/1.1" 200 448 "-" "Mozilla/5.0 (compatible; MJ12bot/v1.4.8; http://mj12bot.com/)"
150.158.90.82 - - [13/Nov/2022:15:22:13 +0100] "POST /xmlrpc.php HTTP/1.1" 200 217 "https://www.astacus.se/xmlrpc.php" "python-requests/2.27.1"
135.181.212.177 - - [13/Nov/2022:15:22:13 +0100] "GET /apps/school/www_old2/img/LevelC/Category1/LevelCCat1Lesson14/?C=N;O=A HTTP/1.1" 200 467 "-" "Mozilla/5.0 (compatible; MJ12bot/v1.4.8; http://mj12bot.com/)"
150.158.90.82 - - [13/Nov/2022:15:22:14 +0100] "POST /xmlrpc.php HTTP/1.1" 200 217 "https://www.astacus.se/xmlrpc.php" "python-requests/2.27.1"
135.181.212.177 - - [13/Nov/2022:15:22:15 +0100] "GET /apps/school/www_old2/img/LevelC/Category1/LevelCCat1Lesson19/?C=M;O=A HTTP/1.1" 200 476 "-" "Mozilla/5.0 (compatible; MJ12bot/v1.4.8; http://mj12bot.com/)"
150.158.90.82 - - [13/Nov/2022:15:22:15 +0100] "POST /xmlrpc.php HTTP/1.1" 200 217 "https://www.astacus.se/xmlrpc.php" "python-requests/2.27.1"
135.181.212.177 - - [13/Nov/2022:15:22:16 +0100] "GET /apps/school/www_old2/img/LevelC/Category1/LevelCCat1Lesson19/?C=S;O=A HTTP/1.1" 200 476 "-" "Mozilla/5.0 (compatible; MJ12bot/v1.4.8; http://mj12bot.com/)"
150.158.90.82 - - [13/Nov/2022:15:22:17 +0100] "POST /xmlrpc.php HTTP/1.1" 200 217 "https://www.astacus.se/xmlrpc.php" "python-requests/2.27.1"
135.181.212.177 - - [13/Nov/2022:15:22:18 +0100] "GET /apps/school/www_old2/img/LevelC/Category3/LevelCCat3Lesson18/?C=S;O=A HTTP/1.1" 200 551 "-" "Mozilla/5.0 (compatible; MJ12bot/v1.4.8; http://mj12bot.com/)"
150.158.90.82 - - [13/Nov/2022:15:22:18 +0100] "POST /xmlrpc.php HTTP/1.1" 200 217 "https://www.astacus.se/xmlrpc.php" "python-requests/2.27.1"
114.119.134.165 - - [13/Nov/2022:15:22:19 +0100] "GET /apps/school/www_old4/img/LevelE/Category2/LevelECat2Lesson12/ HTTP/1.1" 200 588 "http://kulturdokumentation.com/apps/school/www_old4/img/LevelE/Category2/?C=S%3BO%3DA" "Mozilla/5.0 (Linux; Android 7.0;) AppleWebKit/537.36 (KHTML, like Gecko) Mobile Safari/537.36 (compatible; PetalBot;+https://webmaster.petalsearch.com/site/petalbot)"
135.181.212.177 - - [13/Nov/2022:15:22:19 +0100] "GET /apps/school/www_old3/android/plugins/org.apache.cordova.file/www/android/?C=D;O=A HTTP/1.1" 200 457 "-" "Mozilla/5.0 (compatible; MJ12bot/v1.4.8; http://mj12bot.com/)"
150.158.90.82 - - [13/Nov/2022:15:22:20 +0100] "POST /xmlrpc.php HTTP/1.1" 200 217 "https://www.astacus.se/xmlrpc.php" "python-requests/2.27.1"
135.181.212.177 - - [13/Nov/2022:15:22:21 +0100] "GET /apps/school/www_old3/android/plugins/org.apache.cordova.file/www/android/?C=M;O=A HTTP/1.1" 200 457 "-" "Mozilla/5.0 (compatible; MJ12bot/v1.4.8; http://mj12bot.com/)"
150.158.90.82 - - [13/Nov/2022:15:22:22 +0100] "POST /xmlrpc.php HTTP/1.1" 200 217 "https://www.astacus.se/xmlrpc.php" "python-requests/2.27.1"
135.181.212.177 - - [13/Nov/2022:15:22:22 +0100] "GET /apps/school/www_old3/android/plugins/org.apache.cordova.file/www/android/?C=N;O=D HTTP/1.1" 200 455 "-" "Mozilla/5.0 (compatible; MJ12bot/v1.4.8; http://mj12bot.com/)"
54.36.148.83 - - [13/Nov/2022:15:22:23 +0100] "GET /apps/school/www_old8/img/LevelD/Category2/LevelDCat2Lesson19/?C=N;O=A HTTP/1.1" 200 543 "-" "Mozilla/5.0 (compatible; AhrefsBot/7.0; +http://ahrefs.com/robot/)"
150.158.90.82 - - [13/Nov/2022:15:22:23 +0100] "POST /xmlrpc.php HTTP/1.1" 200 217 "https://www.astacus.se/xmlrpc.php" "python-requests/2.27.1"
135.181.212.177 - - [13/Nov/2022:15:22:24 +0100] "GET /apps/school/www_old3/android/plugins/org.apache.cordova.file/www/android/?C=S;O=A HTTP/1.1" 200 457 "-" "Mozilla/5.0 (compatible; MJ12bot/v1.4.8; http://mj12bot.com/)"
150.158.90.82 - - [13/Nov/2022:15:22:25 +0100] "POST /xmlrpc.php HTTP/1.1" 200 217 "https://www.astacus.se/xmlrpc.php" "python-requests/2.27.1"
135.181.212.177 - - [13/Nov/2022:15:22:25 +0100] "GET /apps/school/www_old3/android/plugins/org.apache.cordova.file/www/android/FileSystem.js HTTP/1.1" 200 719 "-" "Mozilla/5.0 (compatible; MJ12bot/v1.4.8; http://mj12bot.com/)"
150.158.90.82 - - [13/Nov/2022:15:22:26 +0100] "POST /xmlrpc.php HTTP/1.1" 200 217 "https://www.astacus.se/xmlrpc.php" "python-requests/2.27.1"
135.181.212.177 - - [13/Nov/2022:15:22:27 +0100] "GET /apps/school/www_old3/img/LevelB/Category1/LevelBCat1Lesson27/?C=D;O=A HTTP/1.1" 200 451 "-" "Mozilla/5.0 (compatible; MJ12bot/v1.4.8; http://mj12bot.com/)"
135.181.212.177 - - [13/Nov/2022:15:22:29 +0100] "GET /apps/school/www_old3/img/LevelB/Category1/LevelBCat1Lesson27/?C=M;O=A HTTP/1.1" 200 451 "-" "Mozilla/5.0 (compatible; MJ12bot/v1.4.8; http://mj12bot.com/)"
150.158.90.82 - - [13/Nov/2022:15:22:29 +0100] "POST /xmlrpc.php HTTP/1.1" 200 217 "https://www.astacus.se/xmlrpc.php" "python-requests/2.27.1"
135.181.212.177 - - [13/Nov/2022:15:22:30 +0100] "GET /apps/school/www_old3/img/LevelB/Category1/LevelBCat1Lesson27/?C=S;O=A HTTP/1.1" 200 451 "-" "Mozilla/5.0 (compatible; MJ12bot/v1.4.8; http://mj12bot.com/)"
135.181.212.177 - - [13/Nov/2022:15:22:32 +0100] "GET /apps/school/www_old3/img/LevelB/Category2/LevelBCat2Lesson17/?C=D;O=A HTTP/1.1" 200 487 "-" "Mozilla/5.0 (compatible; MJ12bot/v1.4.8; http://mj12bot.com/)"
135.181.212.177 - - [13/Nov/2022:15:22:33 +0100] "GET /apps/school/www_old3/img/LevelB/Category2/LevelBCat2Lesson17/?C=N;O=A HTTP/1.1" 200 487 "-" "Mozilla/5.0 (compatible; MJ12bot/v1.4.8; http://mj12bot.com/)"
150.158.90.82 - - [13/Nov/2022:15:22:34 +0100] "POST /xmlrpc.php HTTP/1.1" 200 217 "https://www.astacus.se/xmlrpc.php" "python-requests/2.27.1"
135.181.212.177 - - [13/Nov/2022:15:22:35 +0100] "GET /apps/school/www_old3/img/LevelB/Category2/LevelBCat2Lesson2/?C=N;O=A HTTP/1.1" 200 559 "-" "Mozilla/5.0 (compatible; MJ12bot/v1.4.8; http://mj12bot.com/)"
135.181.212.177 - - [13/Nov/2022:15:22:36 +0100] "GET /apps/school/www_old3/img/LevelB/Category2/LevelBCat2Lesson2/?C=S;O=A HTTP/1.1" 200 559 "-" "Mozilla/5.0 (compatible; MJ12bot/v1.4.8; http://mj12bot.com/)"
150.158.90.82 - - [13/Nov/2022:15:22:37 +0100] "POST /xmlrpc.php HTTP/1.1" 200 217 "https://www.astacus.se/xmlrpc.php" "python-requests/2.27.1"
135.181.212.177 - - [13/Nov/2022:15:22:38 +0100] "GET /apps/school/www_old3/img/LevelB/Category2/LevelBCat2Lesson6/?C=D;O=D HTTP/1.1" 200 556 "-" "Mozilla/5.0 (compatible; MJ12bot/v1.4.8; http://mj12bot.com/)"
135.181.212.177 - - [13/Nov/2022:15:22:39 +0100] "GET /apps/school/www_old3/img/LevelB/Category2/LevelBCat2Lesson8/?C=M;O=A HTTP/1.1" 200 531 "-" "Mozilla/5.0 (compatible; MJ12bot/v1.4.8; http://mj12bot.com/)"
135.181.212.177 - - [13/Nov/2022:15:22:41 +0100] "GET /apps/school/www_old3/img/LevelB/Category2/LevelBCat2Lesson8/?C=S;O=A HTTP/1.1" 200 535 "-" "Mozilla/5.0 (compatible; MJ12bot/v1.4.8; http://mj12bot.com/)"
150.158.90.82 - - [13/Nov/2022:15:22:42 +0100] "POST /xmlrpc.php HTTP/1.1" 200 217 "https://www.astacus.se/xmlrpc.php" "python-requests/2.27.1"
135.181.212.177 - - [13/Nov/2022:15:22:43 +0100] "GET /apps/school/www_old3/img/LevelC/Category1/LevelCCat1Lesson25/?C=N;O=A HTTP/1.1" 200 454 "-" "Mozilla/5.0 (compatible; MJ12bot/v1.4.8; http://mj12bot.com/)"
150.158.90.82 - - [13/Nov/2022:15:22:43 +0100] "POST /xmlrpc.php HTTP/1.1" 200 217 "https://www.astacus.se/xmlrpc.php" "python-requests/2.27.1"
135.181.212.177 - - [13/Nov/2022:15:22:44 +0100] "GET /apps/school/www_old3/img/LevelC/Category1/LevelCCat1Lesson29/?C=N;O=A HTTP/1.1" 200 490 "-" "Mozilla/5.0 (compatible; MJ12bot/v1.4.8; http://mj12bot.com/)"
150.158.90.82 - - [13/Nov/2022:15:22:44 +0100] "POST /xmlrpc.php HTTP/1.1" 200 217 "https://www.astacus.se/xmlrpc.php" "python-requests/2.27.1"
135.181.212.177 - - [13/Nov/2022:15:22:46 +0100] "GET /apps/school/www_old3/img/LevelC/Category1/LevelCCat1Lesson3/?C=M;O=D HTTP/1.1" 200 445 "-" "Mozilla/5.0 (compatible; MJ12bot/v1.4.8; http://mj12bot.com/)"
150.158.90.82 - - [13/Nov/2022:15:22:46 +0100] "POST /xmlrpc.php HTTP/1.1" 200 217 "https://www.astacus.se/xmlrpc.php" "python-requests/2.27.1"
54.36.148.34 - - [13/Nov/2022:15:22:47 +0100] "GET /?page=start HTTP/1.1" 200 1772 "-" "Mozilla/5.0 (compatible; AhrefsBot/7.0; +http://ahrefs.com/robot/)"
135.181.212.177 - - [13/Nov/2022:15:22:47 +0100] "GET /apps/school/www_old3/img/LevelC/Category1/LevelCCat1Lesson5/?C=D;O=A HTTP/1.1" 200 448 "-" "Mozilla/5.0 (compatible; MJ12bot/v1.4.8; http://mj12bot.com/)"
150.158.90.82 - - [13/Nov/2022:15:22:48 +0100] "POST /xmlrpc.php HTTP/1.1" 200 217 "https://www.astacus.se/xmlrpc.php" "python-requests/2.27.1"
135.181.212.177 - - [13/Nov/2022:15:22:49 +0100] "GET /apps/school/www_old3/img/LevelD/Category2/LevelDCat2Lesson14/?C=D;O=A HTTP/1.1" 200 520 "-" "Mozilla/5.0 (compatible; MJ12bot/v1.4.8; http://mj12bot.com/)"
150.158.90.82 - - [13/Nov/2022:15:22:50 +0100] "POST /xmlrpc.php HTTP/1.1" 200 217 "https://www.astacus.se/xmlrpc.php" "python-requests/2.27.1"
135.181.212.177 - - [13/Nov/2022:15:22:50 +0100] "GET /apps/school/www_old3/img/LevelD/Category2/LevelDCat2Lesson14/?C=M;O=A HTTP/1.1" 200 519 "-" "Mozilla/5.0 (compatible; MJ12bot/v1.4.8; http://mj12bot.com/)"
135.181.212.177 - - [13/Nov/2022:15:22:52 +0100] "GET /apps/school/www_old3/img/LevelD/Category2/LevelDCat2Lesson14/?C=N;O=D HTTP/1.1" 200 513 "-" "Mozilla/5.0 (compatible; MJ12bot/v1.4.8; http://mj12bot.com/)"
150.158.90.82 - - [13/Nov/2022:15:22:53 +0100] "POST /xmlrpc.php HTTP/1.1" 200 217 "https://www.astacus.se/xmlrpc.php" "python-requests/2.27.1"
135.181.212.177 - - [13/Nov/2022:15:22:53 +0100] "GET /apps/school/www_old3/img/LevelD/Category2/LevelDCat2Lesson16/?C=D;O=A HTTP/1.1" 200 544 "-" "Mozilla/5.0 (compatible; MJ12bot/v1.4.8; http://mj12bot.com/)"
150.158.90.82 - - [13/Nov/2022:15:22:54 +0100] "POST /xmlrpc.php HTTP/1.1" 200 217 "https://www.astacus.se/xmlrpc.php" "python-requests/2.27.1"
135.181.212.177 - - [13/Nov/2022:15:22:55 +0100] "GET /apps/school/www_old3/img/LevelD/Category3/LevelDCat3Lesson21/?C=D;O=A HTTP/1.1" 200 447 "-" "Mozilla/5.0 (compatible; MJ12bot/v1.4.8; http://mj12bot.com/)"
135.181.212.177 - - [13/Nov/2022:15:22:56 +0100] "GET /apps/school/www_old3/img/LevelD/Category3/LevelDCat3Lesson21/?C=M;O=A HTTP/1.1" 200 448 "-" "Mozilla/5.0 (compatible; MJ12bot/v1.4.8; http://mj12bot.com/)"
150.158.90.82 - - [13/Nov/2022:15:22:57 +0100] "POST /xmlrpc.php HTTP/1.1" 200 217 "https://www.astacus.se/xmlrpc.php" "python-requests/2.27.1"
135.181.212.177 - - [13/Nov/2022:15:22:58 +0100] "GET /apps/school/www_old3/img/LevelD/Category3/LevelDCat3Lesson21/?C=S;O=A HTTP/1.1" 200 448 "-" "Mozilla/5.0 (compatible; MJ12bot/v1.4.8; http://mj12bot.com/)"
150.158.90.82 - - [13/Nov/2022:15:22:58 +0100] "POST /xmlrpc.php HTTP/1.1" 200 217 "https://www.astacus.se/xmlrpc.php" "python-requests/2.27.1"
135.181.212.177 - - [13/Nov/2022:15:22:59 +0100] "GET /apps/school/www_old3/img/LevelD/Category3/LevelDCat3Lesson22/?C=D;O=A HTTP/1.1" 200 445 "-" "Mozilla/5.0 (compatible; MJ12bot/v1.4.8; http://mj12bot.com/)"
135.181.212.177 - - [13/Nov/2022:15:23:01 +0100] "GET /apps/school/www_old3/img/LevelD/Category3/LevelDCat3Lesson22/?C=M;O=A HTTP/1.1" 200 445 "-" "Mozilla/5.0 (compatible; MJ12bot/v1.4.8; http://mj12bot.com/)"
150.158.90.82 - - [13/Nov/2022:15:23:01 +0100] "POST /xmlrpc.php HTTP/1.1" 200 217 "https://www.astacus.se/xmlrpc.php" "python-requests/2.27.1"
