65.108.231.155 - - [13/Nov/2022:12:45:07 +0100] "GET /apps/school/www_old8/img/LevelE/Category1/LevelECat1Lesson12/ HTTP/1.1" 200 499 "-" "Mozilla/5.0 (compatible; MJ12bot/v1.4.8; http://mj12bot.com/)"
185.191.171.38 - - [13/Nov/2022:12:45:07 +0100] "GET /robots.txt HTTP/1.1" 404 208 "-" "Mozilla/5.0 (compatible; SemrushBot/7~bl; +http://www.semrush.com/bot.html)"
185.191.171.19 - - [13/Nov/2022:12:45:08 +0100] "GET /contact.php?action=sent HTTP/1.1" 200 2818 "-" "Mozilla/5.0 (compatible; SemrushBot/7~bl; +http://www.semrush.com/bot.html)"
65.108.231.155 - - [13/Nov/2022:12:45:09 +0100] "GET /apps/school/www_old8/img/LevelE/Category1/LevelECat1Lesson13/ HTTP/1.1" 200 548 "-" "Mozilla/5.0 (compatible; MJ12bot/v1.4.8; http://mj12bot.com/)"
207.46.13.229 - - [13/Nov/2022:12:45:14 +0100] "GET /robots.txt HTTP/1.1" 404 208 "-" "Mozilla/5.0 AppleWebKit/537.36 (KHTML, like Gecko; compatible; bingbot/2.0; +http://www.bing.com/bingbot.htm) Chrome/103.0.5060.134 Safari/537.36"
65.108.231.155 - - [13/Nov/2022:12:45:14 +0100] "GET /apps/school/www_old8/img/LevelE/Category1/LevelECat1Lesson14/ HTTP/1.1" 200 453 "-" "Mozilla/5.0 (compatible; MJ12bot/v1.4.8; http://mj12bot.com/)"
207.46.13.229 - - [13/Nov/2022:12:45:14 +0100] "GET /robots.txt HTTP/1.1" 404 208 "-" "Mozilla/5.0 AppleWebKit/537.36 (KHTML, like Gecko; compatible; bingbot/2.0; +http://www.bing.com/bingbot.htm) Chrome/103.0.5060.134 Safari/537.36"
4.246.227.15 - - [13/Nov/2022:12:45:00 +0100] "GET /test/wp-includes/wlwmanifest.xml HTTP/1.1" 404 230 "-" "Mozilla/5.0 (Windows NT 10.0; Win64; x64) AppleWebKit/537.36 (KHTML, like Gecko) Chrome/80.0.3987.149 Safari/537.36"
114.119.141.52 - - [13/Nov/2022:12:45:20 +0100] "GET /apps/gps2xml/?C=M%3BO%3DA HTTP/1.1" 200 409 "http://kulturdokumentation.se/apps/gps2xml/?C=S%3BO%3DA" "Mozilla/5.0 (Linux; Android 7.0;) AppleWebKit/537.36 (KHTML, like Gecko) Mobile Safari/537.36 (compatible; PetalBot;+https://webmaster.petalsearch.com/site/petalbot)"
65.108.231.155 - - [13/Nov/2022:12:45:20 +0100] "GET /apps/school/www_old8/img/LevelE/Category1/LevelECat1Lesson15/ HTTP/1.1" 200 448 "-" "Mozilla/5.0 (compatible; MJ12bot/v1.4.8; http://mj12bot.com/)"
157.55.39.124 - - [13/Nov/2022:12:45:23 +0100] "GET /index.php?page=kontakt HTTP/1.1" 200 1468 "-" "Mozilla/5.0 AppleWebKit/537.36 (KHTML, like Gecko; compatible; bingbot/2.0; +http://www.bing.com/bingbot.htm) Chrome/103.0.5060.134 Safari/537.36"
65.108.231.155 - - [13/Nov/2022:12:45:24 +0100] "GET /apps/school/www_old8/img/LevelE/Category1/LevelECat1Lesson16/ HTTP/1.1" 200 449 "-" "Mozilla/5.0 (compatible; MJ12bot/v1.4.8; http://mj12bot.com/)"
65.108.231.155 - - [13/Nov/2022:12:45:30 +0100] "GET /apps/school/www_old8/img/LevelE/Category1/LevelECat1Lesson17/ HTTP/1.1" 200 449 "-" "Mozilla/5.0 (compatible; MJ12bot/v1.4.8; http://mj12bot.com/)"
4.246.227.15 - - [13/Nov/2022:12:45:15 +0100] "GET /media/wp-includes/wlwmanifest.xml HTTP/1.1" 404 231 "-" "Mozilla/5.0 (Windows NT 10.0; Win64; x64) AppleWebKit/537.36 (KHTML, like Gecko) Chrome/80.0.3987.149 Safari/537.36"
65.108.231.155 - - [13/Nov/2022:12:45:33 +0100] "GET /apps/school/www_old8/img/LevelE/Category1/LevelECat1Lesson18/ HTTP/1.1" 200 448 "-" "Mozilla/5.0 (compatible; MJ12bot/v1.4.8; http://mj12bot.com/)"
65.108.231.155 - - [13/Nov/2022:12:45:39 +0100] "GET /apps/school/www_old8/img/LevelE/Category1/LevelECat1Lesson19/ HTTP/1.1" 200 448 "-" "Mozilla/5.0 (compatible; MJ12bot/v1.4.8; http://mj12bot.com/)"
65.108.231.155 - - [13/Nov/2022:12:45:44 +0100] "GET /apps/school/www_old8/img/LevelE/Category1/LevelECat1Lesson21/ HTTP/1.1" 200 453 "-" "Mozilla/5.0 (compatible; MJ12bot/v1.4.8; http://mj12bot.com/)"
4.246.227.15 - - [13/Nov/2022:12:45:31 +0100] "GET /wp2/wp-includes/wlwmanifest.xml HTTP/1.1" 404 229 "-" "Mozilla/5.0 (Windows NT 10.0; Win64; x64) AppleWebKit/537.36 (KHTML, like Gecko) Chrome/80.0.3987.149 Safari/537.36"
65.108.231.155 - - [13/Nov/2022:12:45:48 +0100] "GET /apps/school/www_old8/img/LevelE/Category1/LevelECat1Lesson22/ HTTP/1.1" 200 448 "-" "Mozilla/5.0 (compatible; MJ12bot/v1.4.8; http://mj12bot.com/)"
65.108.231.155 - - [13/Nov/2022:12:45:51 +0100] "GET /apps/school/www_old8/img/LevelE/Category1/LevelECat1Lesson23/ HTTP/1.1" 200 491 "-" "Mozilla/5.0 (compatible; MJ12bot/v1.4.8; http://mj12bot.com/)"
65.108.231.155 - - [13/Nov/2022:12:45:55 +0100] "GET /apps/school/www_old8/img/LevelE/Category1/LevelECat1Lesson25/ HTTP/1.1" 200 494 "-" "Mozilla/5.0 (compatible; MJ12bot/v1.4.8; http://mj12bot.com/)"
114.119.134.161 - - [13/Nov/2022:12:45:56 +0100] "GET /apps/school/www_old9/img/LevelC/Category2/LevelCCat2Lesson17 HTTP/1.1" 301 300 "http://kulturdokumentation.com/apps/school/www_old9/img/LevelC/Category2" "Mozilla/5.0 (Linux; Android 7.0;) AppleWebKit/537.36 (KHTML, like Gecko) Mobile Safari/537.36 (compatible; PetalBot;+https://webmaster.petalsearch.com/site/petalbot)"
65.108.231.155 - - [13/Nov/2022:12:45:58 +0100] "GET /apps/school/www_old8/img/LevelE/Category1/LevelECat1Lesson26/ HTTP/1.1" 200 457 "-" "Mozilla/5.0 (compatible; MJ12bot/v1.4.8; http://mj12bot.com/)"
114.119.134.161 - - [13/Nov/2022:12:45:58 +0100] "GET /apps/school/www_old9/img/LevelC/Category2/LevelCCat2Lesson17/ HTTP/1.1" 200 485 "http://kulturdokumentation.com/apps/school/www_old9/img/LevelC/Category2" "Mozilla/5.0 (Linux; Android 7.0;) AppleWebKit/537.36 (KHTML, like Gecko) Mobile Safari/537.36 (compatible; PetalBot;+https://webmaster.petalsearch.com/site/petalbot)"
4.246.227.15 - - [13/Nov/2022:12:45:46 +0100] "GET /site/wp-includes/wlwmanifest.xml HTTP/1.1" 404 230 "-" "Mozilla/5.0 (Windows NT 10.0; Win64; x64) AppleWebKit/537.36 (KHTML, like Gecko) Chrome/80.0.3987.149 Safari/537.36"
65.108.231.155 - - [13/Nov/2022:12:46:02 +0100] "GET /apps/school/www_old8/img/LevelE/Category1/LevelECat1Lesson27/ HTTP/1.1" 200 450 "-" "Mozilla/5.0 (compatible; MJ12bot/v1.4.8; http://mj12bot.com/)"
65.108.231.155 - - [13/Nov/2022:12:46:04 +0100] "GET /apps/school/www_old8/img/LevelE/Category1/LevelECat1Lesson28/ HTTP/1.1" 200 450 "-" "Mozilla/5.0 (compatible; MJ12bot/v1.4.8; http://mj12bot.com/)"
65.108.231.155 - - [13/Nov/2022:12:46:06 +0100] "GET /apps/school/www_old8/img/LevelE/Category1/LevelECat1Lesson29/ HTTP/1.1" 200 450 "-" "Mozilla/5.0 (compatible; MJ12bot/v1.4.8; http://mj12bot.com/)"
65.108.231.155 - - [13/Nov/2022:12:46:09 +0100] "GET /apps/school/www_old8/img/LevelE/Category1/LevelECat1Lesson30/ HTTP/1.1" 200 452 "-" "Mozilla/5.0 (compatible; MJ12bot/v1.4.8; http://mj12bot.com/)"
65.108.231.155 - - [13/Nov/2022:12:46:11 +0100] "GET /apps/school/www_old8/img/LevelE/Category1/LevelECat1Lesson31/ HTTP/1.1" 200 449 "-" "Mozilla/5.0 (compatible; MJ12bot/v1.4.8; http://mj12bot.com/)"
65.108.231.155 - - [13/Nov/2022:12:46:14 +0100] "GET /apps/school/www_old8/img/LevelE/Category1/LevelECat1Lesson33/ HTTP/1.1" 200 454 "-" "Mozilla/5.0 (compatible; MJ12bot/v1.4.8; http://mj12bot.com/)"
4.246.227.15 - - [13/Nov/2022:12:46:01 +0100] "GET /cms/wp-includes/wlwmanifest.xml HTTP/1.1" 404 229 "-" "Mozilla/5.0 (Windows NT 10.0; Win64; x64) AppleWebKit/537.36 (KHTML, like Gecko) Chrome/80.0.3987.149 Safari/537.36"
65.108.231.155 - - [13/Nov/2022:12:46:17 +0100] "GET /apps/school/www_old8/img/LevelE/Category1/LevelECat1Lesson34/ HTTP/1.1" 200 505 "-" "Mozilla/5.0 (compatible; MJ12bot/v1.4.8; http://mj12bot.com/)"
65.108.231.155 - - [13/Nov/2022:12:46:19 +0100] "GET /apps/school/www_old8/img/LevelE/Category1/LevelECat1Lesson37/ HTTP/1.1" 200 514 "-" "Mozilla/5.0 (compatible; MJ12bot/v1.4.8; http://mj12bot.com/)"
65.108.231.155 - - [13/Nov/2022:12:46:21 +0100] "GET /apps/school/www_old8/img/LevelE/Category1/LevelECat1Lesson38/ HTTP/1.1" 200 462 "-" "Mozilla/5.0 (compatible; MJ12bot/v1.4.8; http://mj12bot.com/)"
65.108.231.155 - - [13/Nov/2022:12:46:23 +0100] "GET /apps/school/www_old8/img/LevelE/Category1/LevelECat1Lesson39/ HTTP/1.1" 200 453 "-" "Mozilla/5.0 (compatible; MJ12bot/v1.4.8; http://mj12bot.com/)"
65.108.231.155 - - [13/Nov/2022:12:46:25 +0100] "GET /apps/school/www_old8/img/LevelE/Category1/LevelECat1Lesson40/ HTTP/1.1" 200 453 "-" "Mozilla/5.0 (compatible; MJ12bot/v1.4.8; http://mj12bot.com/)"
65.108.231.155 - - [13/Nov/2022:12:46:28 +0100] "GET /apps/school/www_old8/img/LevelE/Category1/LevelECat1Lesson41/ HTTP/1.1" 200 453 "-" "Mozilla/5.0 (compatible; MJ12bot/v1.4.8; http://mj12bot.com/)"
65.108.231.155 - - [13/Nov/2022:12:46:31 +0100] "GET /apps/school/www_old8/img/LevelE/Category1/LevelECat1Lesson42/ HTTP/1.1" 200 453 "-" "Mozilla/5.0 (compatible; MJ12bot/v1.4.8; http://mj12bot.com/)"
4.246.227.15 - - [13/Nov/2022:12:46:16 +0100] "GET /sito/wp-includes/wlwmanifest.xml HTTP/1.1" 404 230 "-" "Mozilla/5.0 (Windows NT 10.0; Win64; x64) AppleWebKit/537.36 (KHTML, like Gecko) Chrome/80.0.3987.149 Safari/537.36"
65.108.231.155 - - [13/Nov/2022:12:46:33 +0100] "GET /apps/school/www_old8/img/LevelE/Category1/LevelECat1Lesson43/ HTTP/1.1" 200 451 "-" "Mozilla/5.0 (compatible; MJ12bot/v1.4.8; http://mj12bot.com/)"
65.108.231.155 - - [13/Nov/2022:12:46:35 +0100] "GET /apps/school/www_old8/img/LevelE/Category1/LevelECat1Lesson44/ HTTP/1.1" 200 452 "-" "Mozilla/5.0 (compatible; MJ12bot/v1.4.8; http://mj12bot.com/)"
114.119.153.160 - - [13/Nov/2022:12:46:36 +0100] "GET /apps/school/www_old9/img/LevelA/Category1/LevelACat1Lesson32?C=S%3BO%3DA HTTP/1.1" 301 306 "http://appsrv.astacus.se/apps/school/www_old9/img/LevelA/Category1/LevelACat1Lesson32" "Mozilla/5.0 (Linux; Android 7.0;) AppleWebKit/537.36 (KHTML, like Gecko) Mobile Safari/537.36 (compatible; PetalBot;+https://webmaster.petalsearch.com/site/petalbot)"
114.119.153.160 - - [13/Nov/2022:12:46:36 +0100] "GET /apps/school/www_old9/img/LevelA/Category1/LevelACat1Lesson32/?C=S%3BO%3DA HTTP/1.1" 200 484 "http://appsrv.astacus.se/apps/school/www_old9/img/LevelA/Category1/LevelACat1Lesson32" "Mozilla/5.0 (Linux; Android 7.0;) AppleWebKit/537.36 (KHTML, like Gecko) Mobile Safari/537.36 (compatible; PetalBot;+https://webmaster.petalsearch.com/site/petalbot)"
65.108.231.155 - - [13/Nov/2022:12:46:37 +0100] "GET /apps/school/www_old8/img/LevelE/Category1/LevelECat1Lesson46/ HTTP/1.1" 200 455 "-" "Mozilla/5.0 (compatible; MJ12bot/v1.4.8; http://mj12bot.com/)"
166.62.39.32 - - [13/Nov/2022:12:46:38 +0100] "POST /xmlrpc.php HTTP/1.1" 200 412 "-" "Mozilla/5.0 (Windows NT 5.1; rv:30.0) Gecko/20100101 Firefox/30.0"
65.108.231.155 - - [13/Nov/2022:12:46:40 +0100] "GET /apps/school/www_old8/img/LevelE/Category1/LevelECat1Lesson47/ HTTP/1.1" 200 450 "-" "Mozilla/5.0 (compatible; MJ12bot/v1.4.8; http://mj12bot.com/)"
65.108.231.155 - - [13/Nov/2022:12:46:42 +0100] "GET /apps/school/www_old8/img/LevelE/Category1/LevelECat1Lesson48/ HTTP/1.1" 200 487 "-" "Mozilla/5.0 (compatible; MJ12bot/v1.4.8; http://mj12bot.com/)"
65.108.231.155 - - [13/Nov/2022:12:46:44 +0100] "GET /apps/school/www_old8/img/LevelE/Category1/LevelECat1Lesson50/ HTTP/1.1" 200 533 "-" "Mozilla/5.0 (compatible; MJ12bot/v1.4.8; http://mj12bot.com/)"
103.150.60.29 - - [13/Nov/2022:12:46:45 +0100] "POST /xmlrpc.php HTTP/1.1" 200 403 "-" "Mozilla/5.0 (Windows NT 6.1; WOW64; rv:40.0) Gecko/20100101 Firefox/40.1"
65.108.231.155 - - [13/Nov/2022:12:46:46 +0100] "GET /apps/school/www_old8/img/LevelE/Category1/LevelECat1Lesson51/ HTTP/1.1" 200 453 "-" "Mozilla/5.0 (compatible; MJ12bot/v1.4.8; http://mj12bot.com/)"
65.108.231.155 - - [13/Nov/2022:12:46:50 +0100] "GET /apps/school/www_old8/img/LevelE/Category3/LevelECat3Lesson01/ HTTP/1.1" 200 448 "-" "Mozilla/5.0 (compatible; MJ12bot/v1.4.8; http://mj12bot.com/)"
62.171.183.101 - - [13/Nov/2022:12:46:52 +0100] "POST /xmlrpc.php HTTP/1.1" 200 412 "-" "Mozilla/5.0 (Windows NT 6.1; WOW64; rv:38.0) Gecko/20100101 Firefox/38.0"
65.108.231.155 - - [13/Nov/2022:12:46:53 +0100] "GET /apps/school/www_old8/img/LevelE/Category3/LevelECat3Lesson03/ HTTP/1.1" 200 448 "-" "Mozilla/5.0 (compatible; MJ12bot/v1.4.8; http://mj12bot.com/)"
65.108.231.155 - - [13/Nov/2022:12:46:55 +0100] "GET /apps/school/www_old8/img/LevelE/Category3/LevelECat3Lesson04/ HTTP/1.1" 200 451 "-" "Mozilla/5.0 (compatible; MJ12bot/v1.4.8; http://mj12bot.com/)"
66.171.163.151 - - [13/Nov/2022:12:46:55 +0100] "POST /xmlrpc.php HTTP/1.1" 200 412 "-" "Mozilla/5.0 (Windows NT 6.1; WOW64; rv:18.0) Gecko/20100101 Firefox/18.0"
65.108.231.155 - - [13/Nov/2022:12:46:58 +0100] "GET /apps/school/www_old8/img/LevelE/Category3/LevelECat3Lesson06/ HTTP/1.1" 200 578 "-" "Mozilla/5.0 (compatible; MJ12bot/v1.4.8; http://mj12bot.com/)"
111.231.72.87 - - [13/Nov/2022:12:46:58 +0100] "POST /xmlrpc.php HTTP/1.1" 200 412 "-" "Mozilla/5.0 (Windows NT 6.1; WOW64; rv:45.0) Gecko/20100101 Firefox/45.0"
146.148.100.220 - - [13/Nov/2022:12:46:59 +0100] "POST /xmlrpc.php HTTP/1.1" 200 412 "-" "Mozilla/5.0 (Windows NT 10.0; Win64; x64; rv:65.0) Gecko/20100101 Firefox/65.0"
65.108.231.155 - - [13/Nov/2022:12:47:00 +0100] "GET /apps/school/www_old8/img/LevelE/Category3/LevelECat3Lesson07/ HTTP/1.1" 200 553 "-" "Mozilla/5.0 (compatible; MJ12bot/v1.4.8; http://mj12bot.com/)"
65.108.231.155 - - [13/Nov/2022:12:47:02 +0100] "GET /apps/school/www_old8/img/LevelE/Category3/LevelECat3Lesson08/ HTTP/1.1" 200 578 "-" "Mozilla/5.0 (compatible; MJ12bot/v1.4.8; http://mj12bot.com/)"
198.55.102.203 - - [13/Nov/2022:12:47:04 +0100] "POST /xmlrpc.php HTTP/1.1" 200 412 "-" "Mozilla/5.0 (Windows NT 10.0; Win64; x64) AppleWebKit/537.36 (KHTML, like Gecko) Chrome/85.0.4183.121 Safari/537.36"
65.108.231.155 - - [13/Nov/2022:12:47:04 +0100] "GET /apps/school/www_old8/img/LevelE/Category3/LevelECat3Lesson09/ HTTP/1.1" 200 488 "-" "Mozilla/5.0 (compatible; MJ12bot/v1.4.8; http://mj12bot.com/)"
170.187.138.210 - - [13/Nov/2022:12:47:05 +0100] "POST /xmlrpc.php HTTP/1.1" 200 412 "-" "Mozilla/5.0 (Windows NT 6.1) AppleWebKit/537.36 (KHTML, like Gecko) Chrome/56.0.2924.76 Safari/537.36"
65.108.231.155 - - [13/Nov/2022:12:47:06 +0100] "GET /apps/school/www_old8/img/LevelE/Category3/LevelECat3Lesson10/ HTTP/1.1" 200 448 "-" "Mozilla/5.0 (compatible; MJ12bot/v1.4.8; http://mj12bot.com/)"
65.108.231.155 - - [13/Nov/2022:12:47:09 +0100] "GET /apps/school/www_old8/img/LevelE/Category3/LevelECat3Lesson11/ HTTP/1.1" 200 445 "-" "Mozilla/5.0 (compatible; MJ12bot/v1.4.8; http://mj12bot.com/)"
65.108.231.155 - - [13/Nov/2022:12:47:11 +0100] "GET /apps/school/www_old8/img/LevelE/Category3/LevelECat3Lesson12/ HTTP/1.1" 200 448 "-" "Mozilla/5.0 (compatible; MJ12bot/v1.4.8; http://mj12bot.com/)"
134.122.125.6 - - [13/Nov/2022:12:47:11 +0100] "POST /xmlrpc.php HTTP/1.1" 200 412 "-" "Mozilla/5.0 (Windows NT 6.1; WOW64) AppleWebKit/537.1 (KHTML, like Gecko) Chrome/21.0.1180.83 Safari/537.1"
35.185.116.133 - - [13/Nov/2022:12:47:12 +0100] "POST /xmlrpc.php HTTP/1.1" 200 412 "-" "Mozilla/5.0 (Linux; Android 10) AppleWebKit/537.36 (KHTML, like Gecko) Chrome/91.0.4472.114 Mobile Safari/537.36"
65.108.231.155 - - [13/Nov/2022:12:47:13 +0100] "GET /apps/school/www_old8/img/LevelE/Category3/LevelECat3Lesson14/ HTTP/1.1" 200 450 "-" "Mozilla/5.0 (compatible; MJ12bot/v1.4.8; http://mj12bot.com/)"
65.108.231.155 - - [13/Nov/2022:12:47:16 +0100] "GET /apps/school/www_old8/img/LevelE/Category3/LevelECat3Lesson15/ HTTP/1.1" 200 444 "-" "Mozilla/5.0 (compatible; MJ12bot/v1.4.8; http://mj12bot.com/)"
65.108.231.155 - - [13/Nov/2022:12:47:18 +0100] "GET /apps/school/www_old8/img/LevelE/Category3/LevelECat3Lesson19/ HTTP/1.1" 200 530 "-" "Mozilla/5.0 (compatible; MJ12bot/v1.4.8; http://mj12bot.com/)"
65.108.231.155 - - [13/Nov/2022:12:47:21 +0100] "GET /apps/school/www_old8/img/LevelE/Category3/LevelECat3Lesson20/ HTTP/1.1" 200 443 "-" "Mozilla/5.0 (compatible; MJ12bot/v1.4.8; http://mj12bot.com/)"
216.244.66.239 - - [13/Nov/2022:12:47:23 +0100] "GET /robots.txt HTTP/1.1" 404 208 "-" "Mozilla/5.0 (compatible; DotBot/1.2; +https://opensiteexplorer.org/dotbot; help@moz.com)"
65.108.231.155 - - [13/Nov/2022:12:47:23 +0100] "GET /apps/school/www_old8/img/LevelE/Category3/LevelECat3Lesson21/ HTTP/1.1" 200 445 "-" "Mozilla/5.0 (compatible; MJ12bot/v1.4.8; http://mj12bot.com/)"
65.108.231.155 - - [13/Nov/2022:12:47:26 +0100] "GET /apps/school/www_old8/img/LevelE/Category3/LevelECat3Lesson22/ HTTP/1.1" 200 446 "-" "Mozilla/5.0 (compatible; MJ12bot/v1.4.8; http://mj12bot.com/)"
65.108.231.155 - - [13/Nov/2022:12:47:27 +0100] "GET /apps/school/www_old8/img/LevelE/Category3/LevelECat3Lesson23/ HTTP/1.1" 200 445 "-" "Mozilla/5.0 (compatible; MJ12bot/v1.4.8; http://mj12bot.com/)"
65.108.231.155 - - [13/Nov/2022:12:47:29 +0100] "GET /apps/school/www_old8/img/LevelE/Category3/LevelECat3Lesson24/ HTTP/1.1" 200 446 "-" "Mozilla/5.0 (compatible; MJ12bot/v1.4.8; http://mj12bot.com/)"
65.108.231.155 - - [13/Nov/2022:12:47:32 +0100] "GET /apps/school/www_old8/img/LevelE/Category3/LevelECat3Lesson26/ HTTP/1.1" 200 503 "-" "Mozilla/5.0 (compatible; MJ12bot/v1.4.8; http://mj12bot.com/)"
65.108.231.155 - - [13/Nov/2022:12:47:34 +0100] "GET /apps/school/www_old8/img/LevelE/Category3/LevelECat3Lesson27/ HTTP/1.1" 200 628 "-" "Mozilla/5.0 (compatible; MJ12bot/v1.4.8; http://mj12bot.com/)"
65.108.231.155 - - [13/Nov/2022:12:47:36 +0100] "GET /apps/school/www_old8/img/LevelE/Category3/LevelECat3Lesson28/ HTTP/1.1" 200 613 "-" "Mozilla/5.0 (compatible; MJ12bot/v1.4.8; http://mj12bot.com/)"
65.108.231.155 - - [13/Nov/2022:12:47:38 +0100] "GET /apps/school/www_old8/img/LevelE/Category3/LevelECat3Lesson30/ HTTP/1.1" 200 449 "-" "Mozilla/5.0 (compatible; MJ12bot/v1.4.8; http://mj12bot.com/)"
65.108.231.155 - - [13/Nov/2022:12:47:40 +0100] "GET /apps/school/www_old8/img/LevelE/Category3/LevelECat3Lesson31/ HTTP/1.1" 200 448 "-" "Mozilla/5.0 (compatible; MJ12bot/v1.4.8; http://mj12bot.com/)"
65.108.231.155 - - [13/Nov/2022:12:47:42 +0100] "GET /apps/school/www_old8/img/LevelF/Category2/LevelFCat2Lesson01/ HTTP/1.1" 200 451 "-" "Mozilla/5.0 (compatible; MJ12bot/v1.4.8; http://mj12bot.com/)"
103.150.60.29 - - [13/Nov/2022:12:47:42 +0100] "POST /xmlrpc.php HTTP/1.1" 200 412 "-" "Mozilla/5.0 (Windows NT 6.1; WOW64; rv:41.0) Gecko/20100101 Firefox/41.0"
65.108.231.155 - - [13/Nov/2022:12:47:44 +0100] "GET /apps/school/www_old8/img/LevelF/Category2/LevelFCat2Lesson02/ HTTP/1.1" 200 451 "-" "Mozilla/5.0 (compatible; MJ12bot/v1.4.8; http://mj12bot.com/)"
65.108.231.155 - - [13/Nov/2022:12:47:45 +0100] "GET /apps/school/www_old8/img/LevelF/Category2/LevelFCat2Lesson03/ HTTP/1.1" 200 450 "-" "Mozilla/5.0 (compatible; MJ12bot/v1.4.8; http://mj12bot.com/)"
65.108.231.155 - - [13/Nov/2022:12:47:47 +0100] "GET /apps/school/www_old8/img/LevelF/Category2/LevelFCat2Lesson04/ HTTP/1.1" 200 451 "-" "Mozilla/5.0 (compatible; MJ12bot/v1.4.8; http://mj12bot.com/)"
114.119.146.51 - - [13/Nov/2022:12:47:47 +0100] "GET /en/faq.php HTTP/1.1" 200 3433 "http://www.notes-online.se/en/loggain.php" "Mozilla/5.0 (Linux; Android 7.0;) AppleWebKit/537.36 (KHTML, like Gecko) Mobile Safari/537.36 (compatible; PetalBot;+https://webmaster.petalsearch.com/site/petalbot)"
65.108.231.155 - - [13/Nov/2022:12:47:49 +0100] "GET /apps/school/www_old8/img/LevelF/Category2/LevelFCat2Lesson05/ HTTP/1.1" 200 451 "-" "Mozilla/5.0 (compatible; MJ12bot/v1.4.8; http://mj12bot.com/)"
65.108.231.155 - - [13/Nov/2022:12:47:50 +0100] "GET /apps/school/www_old8/img/LevelF/Category2/LevelFCat2Lesson09/ HTTP/1.1" 200 449 "-" "Mozilla/5.0 (compatible; MJ12bot/v1.4.8; http://mj12bot.com/)"
65.108.231.155 - - [13/Nov/2022:12:47:52 +0100] "GET /apps/school/www_old8/img/LevelF/Category2/LevelFCat2Lesson10/ HTTP/1.1" 200 577 "-" "Mozilla/5.0 (compatible; MJ12bot/v1.4.8; http://mj12bot.com/)"
65.108.231.155 - - [13/Nov/2022:12:47:54 +0100] "GET /apps/school/www_old8/img/LevelF/Category2/LevelFCat2Lesson11/ HTTP/1.1" 200 558 "-" "Mozilla/5.0 (compatible; MJ12bot/v1.4.8; http://mj12bot.com/)"
65.108.231.155 - - [13/Nov/2022:12:47:55 +0100] "GET /apps/school/www_old8/img/LevelF/Category2/LevelFCat2Lesson12/ HTTP/1.1" 200 571 "-" "Mozilla/5.0 (compatible; MJ12bot/v1.4.8; http://mj12bot.com/)"
65.108.231.155 - - [13/Nov/2022:12:47:57 +0100] "GET /apps/school/www_old8/img/LevelF/Category2/LevelFCat2Lesson13/ HTTP/1.1" 200 488 "-" "Mozilla/5.0 (compatible; MJ12bot/v1.4.8; http://mj12bot.com/)"
65.108.231.155 - - [13/Nov/2022:12:47:59 +0100] "GET /apps/school/www_old8/img/LevelF/Category2/LevelFCat2Lesson14/ HTTP/1.1" 200 528 "-" "Mozilla/5.0 (compatible; MJ12bot/v1.4.8; http://mj12bot.com/)"
65.108.231.155 - - [13/Nov/2022:12:48:00 +0100] "GET /apps/school/www_old8/img/LevelF/Category2/LevelFCat2Lesson15/ HTTP/1.1" 200 591 "-" "Mozilla/5.0 (compatible; MJ12bot/v1.4.8; http://mj12bot.com/)"
65.108.231.155 - - [13/Nov/2022:12:48:02 +0100] "GET /apps/school/www_old8/img/LevelF/Category2/LevelFCat2Lesson16/ HTTP/1.1" 200 450 "-" "Mozilla/5.0 (compatible; MJ12bot/v1.4.8; http://mj12bot.com/)"
65.108.231.155 - - [13/Nov/2022:12:48:03 +0100] "GET /apps/school/www_old8/img/LevelF/Category2/LevelFCat2Lesson17/ HTTP/1.1" 200 450 "-" "Mozilla/5.0 (compatible; MJ12bot/v1.4.8; http://mj12bot.com/)"
65.108.231.155 - - [13/Nov/2022:12:48:05 +0100] "GET /apps/school/www_old8/img/LevelF/Category2/LevelFCat2Lesson18/ HTTP/1.1" 200 450 "-" "Mozilla/5.0 (compatible; MJ12bot/v1.4.8; http://mj12bot.com/)"
65.108.231.155 - - [13/Nov/2022:12:48:07 +0100] "GET /apps/school/www_old8/img/LevelF/Category2/LevelFCat2Lesson19/ HTTP/1.1" 200 450 "-" "Mozilla/5.0 (compatible; MJ12bot/v1.4.8; http://mj12bot.com/)"
65.108.231.155 - - [13/Nov/2022:12:48:08 +0100] "GET /apps/school/www_old8/img/LevelF/Category2/LevelFCat2Lesson20/ HTTP/1.1" 200 467 "-" "Mozilla/5.0 (compatible; MJ12bot/v1.4.8; http://mj12bot.com/)"
65.108.231.155 - - [13/Nov/2022:12:48:10 +0100] "GET /apps/school/www_old8/img/LevelF/Category2/LevelFCat2Lesson21/ HTTP/1.1" 200 464 "-" "Mozilla/5.0 (compatible; MJ12bot/v1.4.8; http://mj12bot.com/)"
65.108.231.155 - - [13/Nov/2022:12:48:12 +0100] "GET /apps/school/www_old8/img/LevelF/Category2/LevelFCat2Lesson22/ HTTP/1.1" 200 462 "-" "Mozilla/5.0 (compatible; MJ12bot/v1.4.8; http://mj12bot.com/)"
65.108.231.155 - - [13/Nov/2022:12:48:13 +0100] "GET /apps/school/www_old8/img/LevelF/Category2/LevelFCat2Lesson23/ HTTP/1.1" 200 466 "-" "Mozilla/5.0 (compatible; MJ12bot/v1.4.8; http://mj12bot.com/)"
65.108.231.155 - - [13/Nov/2022:12:48:15 +0100] "GET /apps/school/www_old8/img/LevelF/Category2/LevelFCat2Lesson25/ HTTP/1.1" 200 594 "-" "Mozilla/5.0 (compatible; MJ12bot/v1.4.8; http://mj12bot.com/)"
65.108.231.155 - - [13/Nov/2022:12:48:16 +0100] "GET /apps/school/www_old8/img/LevelF/Category2/LevelFCat2Lesson26/ HTTP/1.1" 200 539 "-" "Mozilla/5.0 (compatible; MJ12bot/v1.4.8; http://mj12bot.com/)"
65.108.231.155 - - [13/Nov/2022:12:48:18 +0100] "GET /apps/school/www_old8/img/LevelF/Category2/LevelFCat2Lesson27/ HTTP/1.1" 200 528 "-" "Mozilla/5.0 (compatible; MJ12bot/v1.4.8; http://mj12bot.com/)"
65.108.231.155 - - [13/Nov/2022:12:48:20 +0100] "GET /apps/school/www_old8/img/LevelF/Category2/LevelFCat2Lesson29/ HTTP/1.1" 200 453 "-" "Mozilla/5.0 (compatible; MJ12bot/v1.4.8; http://mj12bot.com/)"
65.108.231.155 - - [13/Nov/2022:12:48:21 +0100] "GET /apps/school/www_old8/img/LevelF/Category2/LevelFCat2Lesson30/ HTTP/1.1" 200 454 "-" "Mozilla/5.0 (compatible; MJ12bot/v1.4.8; http://mj12bot.com/)"
65.108.231.155 - - [13/Nov/2022:12:48:22 +0100] "GET /apps/school/www_old8/img/LevelF/Category2/LevelFCat2Lesson31/ HTTP/1.1" 200 453 "-" "Mozilla/5.0 (compatible; MJ12bot/v1.4.8; http://mj12bot.com/)"
65.108.231.155 - - [13/Nov/2022:12:48:24 +0100] "GET /apps/school/www_old8/img/LevelF/Category2/LevelFCat2Lesson35/ HTTP/1.1" 200 511 "-" "Mozilla/5.0 (compatible; MJ12bot/v1.4.8; http://mj12bot.com/)"
65.108.231.155 - - [13/Nov/2022:12:48:25 +0100] "GET /apps/school/www_old8/img/LevelF/Category2/LevelFCat2Lesson36/ HTTP/1.1" 200 500 "-" "Mozilla/5.0 (compatible; MJ12bot/v1.4.8; http://mj12bot.com/)"
65.108.231.155 - - [13/Nov/2022:12:48:27 +0100] "GET /apps/school/www_old8/img/LevelF/Category2/LevelFCat2Lesson37/ HTTP/1.1" 200 513 "-" "Mozilla/5.0 (compatible; MJ12bot/v1.4.8; http://mj12bot.com/)"
65.108.231.155 - - [13/Nov/2022:12:48:28 +0100] "GET /apps/school/www_old8/img/LevelF/Category2/LevelFCat2Lesson38/ HTTP/1.1" 200 449 "-" "Mozilla/5.0 (compatible; MJ12bot/v1.4.8; http://mj12bot.com/)"
65.108.231.155 - - [13/Nov/2022:12:48:30 +0100] "GET /apps/school/www_old8/img/LevelF/Category2/LevelFCat2Lesson39/ HTTP/1.1" 200 449 "-" "Mozilla/5.0 (compatible; MJ12bot/v1.4.8; http://mj12bot.com/)"
65.108.231.155 - - [13/Nov/2022:12:48:31 +0100] "GET /apps/school/www_old8/img/LevelF/Category2/LevelFCat2Lesson40/ HTTP/1.1" 200 449 "-" "Mozilla/5.0 (compatible; MJ12bot/v1.4.8; http://mj12bot.com/)"
65.108.231.155 - - [13/Nov/2022:12:48:33 +0100] "GET /apps/school/www_old8/img/LevelF/Category2/LevelFCat2Lesson41/ HTTP/1.1" 200 448 "-" "Mozilla/5.0 (compatible; MJ12bot/v1.4.8; http://mj12bot.com/)"
65.108.231.155 - - [13/Nov/2022:12:48:35 +0100] "GET /apps/school/www_old8/img/LevelF/Category2/LevelFCat2Lesson43/ HTTP/1.1" 200 550 "-" "Mozilla/5.0 (compatible; MJ12bot/v1.4.8; http://mj12bot.com/)"
65.108.231.155 - - [13/Nov/2022:12:48:36 +0100] "GET /apps/school/www_old8/img/LevelF/Category2/LevelFCat2Lesson44/ HTTP/1.1" 200 644 "-" "Mozilla/5.0 (compatible; MJ12bot/v1.4.8; http://mj12bot.com/)"
65.108.231.155 - - [13/Nov/2022:12:48:38 +0100] "GET /apps/school/www_old8/img/LevelF/Category2/LevelFCat2Lesson45/ HTTP/1.1" 200 558 "-" "Mozilla/5.0 (compatible; MJ12bot/v1.4.8; http://mj12bot.com/)"
65.108.231.155 - - [13/Nov/2022:12:48:39 +0100] "GET /apps/school/www_old8/img/LevelH/Category1/LevelHCat1Lesson01/ HTTP/1.1" 200 448 "-" "Mozilla/5.0 (compatible; MJ12bot/v1.4.8; http://mj12bot.com/)"
65.108.231.155 - - [13/Nov/2022:12:48:41 +0100] "GET /apps/school/www_old8/img/LevelH/Category1/LevelHCat1Lesson02/ HTTP/1.1" 200 448 "-" "Mozilla/5.0 (compatible; MJ12bot/v1.4.8; http://mj12bot.com/)"
65.108.231.155 - - [13/Nov/2022:12:48:42 +0100] "GET /apps/school/www_old8/img/LevelH/Category1/LevelHCat1Lesson03/ HTTP/1.1" 200 449 "-" "Mozilla/5.0 (compatible; MJ12bot/v1.4.8; http://mj12bot.com/)"
65.108.231.155 - - [13/Nov/2022:12:48:44 +0100] "GET /apps/school/www_old8/img/LevelH/Category1/LevelHCat1Lesson04/ HTTP/1.1" 200 448 "-" "Mozilla/5.0 (compatible; MJ12bot/v1.4.8; http://mj12bot.com/)"
65.108.231.155 - - [13/Nov/2022:12:48:45 +0100] "GET /apps/school/www_old8/img/LevelH/Category1/LevelHCat1Lesson08/ HTTP/1.1" 200 572 "-" "Mozilla/5.0 (compatible; MJ12bot/v1.4.8; http://mj12bot.com/)"
65.108.231.155 - - [13/Nov/2022:12:48:47 +0100] "GET /apps/school/www_old9/img/LevelA/Category1/LevelACat1Lesson01/?C=D;O=D HTTP/1.1" 200 447 "-" "Mozilla/5.0 (compatible; MJ12bot/v1.4.8; http://mj12bot.com/)"
65.108.231.155 - - [13/Nov/2022:12:48:48 +0100] "GET /apps/school/www_old9/img/LevelB/Category1/LevelBCat1Lesson03/ HTTP/1.1" 200 451 "-" "Mozilla/5.0 (compatible; MJ12bot/v1.4.8; http://mj12bot.com/)"
196.18.225.167 - - [13/Nov/2022:12:48:49 +0100] "GET / HTTP/1.1" 200 2907 "-" "Mozilla/5.0 (Macintosh; Intel Mac OS X 12_5) AppleWebKit/537.36 (KHTML, like Gecko) Chrome/103.0.0.0 YaBrowser/22.7.0 Yowser/2.5 Safari/537.36"
196.18.225.167 - - [13/Nov/2022:12:48:50 +0100] "GET / HTTP/1.1" 200 2907 "http://supervision-online.se" "Mozilla/5.0 (Macintosh; Intel Mac OS X 12_5) AppleWebKit/537.36 (KHTML, like Gecko) Chrome/103.0.0.0 YaBrowser/22.7.0 Yowser/2.5 Safari/537.36"
196.18.225.167 - - [13/Nov/2022:12:48:50 +0100] "GET /privacypolicy.php HTTP/1.1" 200 4220 "http://supervision-online.se" "Mozilla/5.0 (Macintosh; Intel Mac OS X 12_5) AppleWebKit/537.36 (KHTML, like Gecko) Chrome/103.0.0.0 YaBrowser/22.7.0 Yowser/2.5 Safari/537.36"
65.108.231.155 - - [13/Nov/2022:12:48:50 +0100] "GET /apps/school/www_old9/img/LevelD/Category3/LevelDCat3Lesson18/ HTTP/1.1" 200 490 "-" "Mozilla/5.0 (compatible; MJ12bot/v1.4.8; http://mj12bot.com/)"
196.18.225.167 - - [13/Nov/2022:12:48:50 +0100] "GET /register.php HTTP/1.1" 200 3205 "http://supervision-online.se" "Mozilla/5.0 (Macintosh; Intel Mac OS X 12_5) AppleWebKit/537.36 (KHTML, like Gecko) Chrome/103.0.0.0 YaBrowser/22.7.0 Yowser/2.5 Safari/537.36"
196.18.225.167 - - [13/Nov/2022:12:48:51 +0100] "GET /video.php HTTP/1.1" 200 2590 "http://supervision-online.se" "Mozilla/5.0 (Macintosh; Intel Mac OS X 12_5) AppleWebKit/537.36 (KHTML, like Gecko) Chrome/103.0.0.0 YaBrowser/22.7.0 Yowser/2.5 Safari/537.36"
196.18.225.167 - - [13/Nov/2022:12:48:51 +0100] "GET /index.php HTTP/1.1" 200 2907 "http://supervision-online.se" "Mozilla/5.0 (Macintosh; Intel Mac OS X 12_5) AppleWebKit/537.36 (KHTML, like Gecko) Chrome/103.0.0.0 YaBrowser/22.7.0 Yowser/2.5 Safari/537.36"
65.108.231.155 - - [13/Nov/2022:12:48:51 +0100] "GET /apps/school/www_old9/img/LevelD/Category3/LevelDCat3Lesson19/ HTTP/1.1" 200 453 "-" "Mozilla/5.0 (compatible; MJ12bot/v1.4.8; http://mj12bot.com/)"
196.18.225.167 - - [13/Nov/2022:12:48:52 +0100] "GET /flow.php HTTP/1.1" 200 3771 "http://supervision-online.se" "Mozilla/5.0 (Macintosh; Intel Mac OS X 12_5) AppleWebKit/537.36 (KHTML, like Gecko) Chrome/103.0.0.0 YaBrowser/22.7.0 Yowser/2.5 Safari/537.36"
196.18.225.167 - - [13/Nov/2022:12:48:52 +0100] "GET /tillampningar.php HTTP/1.1" 200 3981 "http://supervision-online.se" "Mozilla/5.0 (Macintosh; Intel Mac OS X 12_5) AppleWebKit/537.36 (KHTML, like Gecko) Chrome/103.0.0.0 YaBrowser/22.7.0 Yowser/2.5 Safari/537.36"
65.108.231.155 - - [13/Nov/2022:12:48:53 +0100] "GET /apps/school/www_old9/img/LevelD/Category3/LevelDCat3Lesson20/ HTTP/1.1" 200 512 "-" "Mozilla/5.0 (compatible; MJ12bot/v1.4.8; http://mj12bot.com/)"
196.18.225.167 - - [13/Nov/2022:12:48:54 +0100] "GET /arkitekturen.php HTTP/1.1" 200 2693 "http://supervision-online.se" "Mozilla/5.0 (Macintosh; Intel Mac OS X 12_5) AppleWebKit/537.36 (KHTML, like Gecko) Chrome/103.0.0.0 YaBrowser/22.7.0 Yowser/2.5 Safari/537.36"
196.18.225.167 - - [13/Nov/2022:12:48:54 +0100] "GET /pris.php HTTP/1.1" 200 3188 "http://supervision-online.se" "Mozilla/5.0 (Macintosh; Intel Mac OS X 12_5) AppleWebKit/537.36 (KHTML, like Gecko) Chrome/103.0.0.0 YaBrowser/22.7.0 Yowser/2.5 Safari/537.36"
65.108.231.155 - - [13/Nov/2022:12:48:54 +0100] "GET /apps/school/www_old9/img/LevelD/Category3/LevelDCat3Lesson21/ HTTP/1.1" 200 447 "-" "Mozilla/5.0 (compatible; MJ12bot/v1.4.8; http://mj12bot.com/)"
65.108.231.155 - - [13/Nov/2022:12:48:56 +0100] "GET /apps/school/www_old9/img/LevelD/Category3/LevelDCat3Lesson22/ HTTP/1.1" 200 445 "-" "Mozilla/5.0 (compatible; MJ12bot/v1.4.8; http://mj12bot.com/)"
65.108.231.155 - - [13/Nov/2022:12:48:58 +0100] "GET /apps/school/www_old9/img/LevelD/Category3/LevelDCat3Lesson23/ HTTP/1.1" 200 491 "-" "Mozilla/5.0 (compatible; MJ12bot/v1.4.8; http://mj12bot.com/)"
65.108.231.155 - - [13/Nov/2022:12:48:59 +0100] "GET /apps/school/www_old9/img/LevelD/Category3/LevelDCat3Lesson24/ HTTP/1.1" 200 574 "-" "Mozilla/5.0 (compatible; MJ12bot/v1.4.8; http://mj12bot.com/)"
65.108.231.155 - - [13/Nov/2022:12:49:01 +0100] "GET /apps/school/www_old9/img/LevelD/Category3/LevelDCat3Lesson25/ HTTP/1.1" 200 498 "-" "Mozilla/5.0 (compatible; MJ12bot/v1.4.8; http://mj12bot.com/)"
65.108.231.155 - - [13/Nov/2022:12:49:02 +0100] "GET /apps/school/www_old9/img/LevelD/Category3/LevelDCat3Lesson26/ HTTP/1.1" 200 509 "-" "Mozilla/5.0 (compatible; MJ12bot/v1.4.8; http://mj12bot.com/)"
65.108.231.155 - - [13/Nov/2022:12:49:04 +0100] "GET /apps/school/www_old9/img/LevelD/Category3/LevelDCat3Lesson27/ HTTP/1.1" 200 517 "-" "Mozilla/5.0 (compatible; MJ12bot/v1.4.8; http://mj12bot.com/)"
65.108.231.155 - - [13/Nov/2022:12:49:05 +0100] "GET /apps/school/www_old9/img/LevelD/Category3/LevelDCat3Lesson29/ HTTP/1.1" 200 451 "-" "Mozilla/5.0 (compatible; MJ12bot/v1.4.8; http://mj12bot.com/)"
65.108.231.155 - - [13/Nov/2022:12:49:07 +0100] "GET /apps/school/www_old9/img/LevelE/Category1/LevelECat1Lesson01/ HTTP/1.1" 200 449 "-" "Mozilla/5.0 (compatible; MJ12bot/v1.4.8; http://mj12bot.com/)"
65.108.231.155 - - [13/Nov/2022:12:49:08 +0100] "GET /apps/school/www_old9/img/LevelE/Category1/LevelECat1Lesson02/ HTTP/1.1" 200 454 "-" "Mozilla/5.0 (compatible; MJ12bot/v1.4.8; http://mj12bot.com/)"
65.108.231.155 - - [13/Nov/2022:12:49:10 +0100] "GET /apps/school/www_old9/img/LevelE/Category1/LevelECat1Lesson03/ HTTP/1.1" 200 454 "-" "Mozilla/5.0 (compatible; MJ12bot/v1.4.8; http://mj12bot.com/)"
65.108.231.155 - - [13/Nov/2022:12:49:11 +0100] "GET /apps/school/www_old9/img/LevelE/Category1/LevelECat1Lesson04/ HTTP/1.1" 200 455 "-" "Mozilla/5.0 (compatible; MJ12bot/v1.4.8; http://mj12bot.com/)"
65.108.231.155 - - [13/Nov/2022:12:49:13 +0100] "GET /apps/school/www_old9/img/LevelE/Category1/LevelECat1Lesson05/ HTTP/1.1" 200 454 "-" "Mozilla/5.0 (compatible; MJ12bot/v1.4.8; http://mj12bot.com/)"
65.108.231.155 - - [13/Nov/2022:12:49:15 +0100] "GET /apps/school/www_old9/img/LevelE/Category1/LevelECat1Lesson06/ HTTP/1.1" 200 454 "-" "Mozilla/5.0 (compatible; MJ12bot/v1.4.8; http://mj12bot.com/)"
65.108.231.155 - - [13/Nov/2022:12:49:16 +0100] "GET /apps/school/www_old9/img/LevelE/Category1/LevelECat1Lesson07/ HTTP/1.1" 200 454 "-" "Mozilla/5.0 (compatible; MJ12bot/v1.4.8; http://mj12bot.com/)"
65.108.231.155 - - [13/Nov/2022:12:49:18 +0100] "GET /apps/school/www_old9/img/LevelE/Category1/LevelECat1Lesson08/ HTTP/1.1" 200 499 "-" "Mozilla/5.0 (compatible; MJ12bot/v1.4.8; http://mj12bot.com/)"
65.108.231.155 - - [13/Nov/2022:12:49:19 +0100] "GET /apps/school/www_old9/img/LevelE/Category1/LevelECat1Lesson11/ HTTP/1.1" 200 453 "-" "Mozilla/5.0 (compatible; MJ12bot/v1.4.8; http://mj12bot.com/)"
65.108.231.155 - - [13/Nov/2022:12:49:21 +0100] "GET /apps/school/www_old9/img/LevelE/Category1/LevelECat1Lesson12/ HTTP/1.1" 200 496 "-" "Mozilla/5.0 (compatible; MJ12bot/v1.4.8; http://mj12bot.com/)"
65.108.231.155 - - [13/Nov/2022:12:49:22 +0100] "GET /apps/school/www_old9/img/LevelE/Category1/LevelECat1Lesson13/ HTTP/1.1" 200 549 "-" "Mozilla/5.0 (compatible; MJ12bot/v1.4.8; http://mj12bot.com/)"
65.108.231.155 - - [13/Nov/2022:12:49:24 +0100] "GET /apps/school/www_old9/img/LevelE/Category1/LevelECat1Lesson14/ HTTP/1.1" 200 452 "-" "Mozilla/5.0 (compatible; MJ12bot/v1.4.8; http://mj12bot.com/)"
65.108.231.155 - - [13/Nov/2022:12:49:25 +0100] "GET /apps/school/www_old9/img/LevelE/Category1/LevelECat1Lesson15/ HTTP/1.1" 200 448 "-" "Mozilla/5.0 (compatible; MJ12bot/v1.4.8; http://mj12bot.com/)"
65.108.231.155 - - [13/Nov/2022:12:49:27 +0100] "GET /apps/school/www_old9/img/LevelE/Category1/LevelECat1Lesson16/ HTTP/1.1" 200 449 "-" "Mozilla/5.0 (compatible; MJ12bot/v1.4.8; http://mj12bot.com/)"
39.104.71.219 - - [13/Nov/2022:12:49:28 +0100] "GET /api/consumer/user/common/applet/code HTTP/1.0" 404 234 "-" "-"
65.108.231.155 - - [13/Nov/2022:12:49:28 +0100] "GET /apps/school/www_old9/img/LevelE/Category1/LevelECat1Lesson17/ HTTP/1.1" 200 449 "-" "Mozilla/5.0 (compatible; MJ12bot/v1.4.8; http://mj12bot.com/)"
65.108.231.155 - - [13/Nov/2022:12:49:30 +0100] "GET /apps/school/www_old9/img/LevelE/Category1/LevelECat1Lesson18/ HTTP/1.1" 200 448 "-" "Mozilla/5.0 (compatible; MJ12bot/v1.4.8; http://mj12bot.com/)"
65.108.231.155 - - [13/Nov/2022:12:49:31 +0100] "GET /apps/school/www_old9/img/LevelE/Category1/LevelECat1Lesson19/ HTTP/1.1" 200 448 "-" "Mozilla/5.0 (compatible; MJ12bot/v1.4.8; http://mj12bot.com/)"
65.108.231.155 - - [13/Nov/2022:12:49:33 +0100] "GET /apps/school/www_old9/img/LevelE/Category1/LevelECat1Lesson21/ HTTP/1.1" 200 454 "-" "Mozilla/5.0 (compatible; MJ12bot/v1.4.8; http://mj12bot.com/)"
65.108.231.155 - - [13/Nov/2022:12:49:34 +0100] "GET /apps/school/www_old9/img/LevelE/Category1/LevelECat1Lesson22/ HTTP/1.1" 200 449 "-" "Mozilla/5.0 (compatible; MJ12bot/v1.4.8; http://mj12bot.com/)"
65.108.231.155 - - [13/Nov/2022:12:49:36 +0100] "GET /apps/school/www_old9/img/LevelE/Category1/LevelECat1Lesson23/ HTTP/1.1" 200 497 "-" "Mozilla/5.0 (compatible; MJ12bot/v1.4.8; http://mj12bot.com/)"
65.108.231.155 - - [13/Nov/2022:12:49:37 +0100] "GET /apps/school/www_old9/img/LevelE/Category1/LevelECat1Lesson25/ HTTP/1.1" 200 495 "-" "Mozilla/5.0 (compatible; MJ12bot/v1.4.8; http://mj12bot.com/)"
65.108.231.155 - - [13/Nov/2022:12:49:39 +0100] "GET /apps/school/www_old9/img/LevelE/Category1/LevelECat1Lesson26/ HTTP/1.1" 200 457 "-" "Mozilla/5.0 (compatible; MJ12bot/v1.4.8; http://mj12bot.com/)"
65.108.231.155 - - [13/Nov/2022:12:49:40 +0100] "GET /apps/school/www_old9/img/LevelE/Category1/LevelECat1Lesson27/ HTTP/1.1" 200 449 "-" "Mozilla/5.0 (compatible; MJ12bot/v1.4.8; http://mj12bot.com/)"
65.108.231.155 - - [13/Nov/2022:12:49:42 +0100] "GET /apps/school/www_old9/img/LevelE/Category1/LevelECat1Lesson28/ HTTP/1.1" 200 449 "-" "Mozilla/5.0 (compatible; MJ12bot/v1.4.8; http://mj12bot.com/)"
65.108.231.155 - - [13/Nov/2022:12:49:44 +0100] "GET /apps/school/www_old9/img/LevelE/Category1/LevelECat1Lesson29/ HTTP/1.1" 200 449 "-" "Mozilla/5.0 (compatible; MJ12bot/v1.4.8; http://mj12bot.com/)"
65.108.231.155 - - [13/Nov/2022:12:49:45 +0100] "GET /apps/school/www_old9/img/LevelE/Category1/LevelECat1Lesson30/ HTTP/1.1" 200 451 "-" "Mozilla/5.0 (compatible; MJ12bot/v1.4.8; http://mj12bot.com/)"
65.108.231.155 - - [13/Nov/2022:12:49:47 +0100] "GET /apps/school/www_old9/img/LevelE/Category1/LevelECat1Lesson31/ HTTP/1.1" 200 449 "-" "Mozilla/5.0 (compatible; MJ12bot/v1.4.8; http://mj12bot.com/)"
65.108.231.155 - - [13/Nov/2022:12:49:48 +0100] "GET /apps/school/www_old9/img/LevelE/Category1/LevelECat1Lesson33/ HTTP/1.1" 200 454 "-" "Mozilla/5.0 (compatible; MJ12bot/v1.4.8; http://mj12bot.com/)"
65.108.231.155 - - [13/Nov/2022:12:49:50 +0100] "GET /apps/school/www_old9/img/LevelE/Category1/LevelECat1Lesson34/ HTTP/1.1" 200 504 "-" "Mozilla/5.0 (compatible; MJ12bot/v1.4.8; http://mj12bot.com/)"
65.108.231.155 - - [13/Nov/2022:12:49:51 +0100] "GET /apps/school/www_old9/img/LevelE/Category1/LevelECat1Lesson37/ HTTP/1.1" 200 514 "-" "Mozilla/5.0 (compatible; MJ12bot/v1.4.8; http://mj12bot.com/)"
65.108.231.155 - - [13/Nov/2022:12:49:53 +0100] "GET /apps/school/www_old9/img/LevelE/Category1/LevelECat1Lesson38/ HTTP/1.1" 200 462 "-" "Mozilla/5.0 (compatible; MJ12bot/v1.4.8; http://mj12bot.com/)"
65.108.231.155 - - [13/Nov/2022:12:49:54 +0100] "GET /apps/school/www_old9/img/LevelE/Category1/LevelECat1Lesson40/ HTTP/1.1" 200 452 "-" "Mozilla/5.0 (compatible; MJ12bot/v1.4.8; http://mj12bot.com/)"
65.108.231.155 - - [13/Nov/2022:12:49:56 +0100] "GET /apps/school/www_old9/img/LevelE/Category1/LevelECat1Lesson41/ HTTP/1.1" 200 453 "-" "Mozilla/5.0 (compatible; MJ12bot/v1.4.8; http://mj12bot.com/)"
65.108.231.155 - - [13/Nov/2022:12:49:58 +0100] "GET /apps/school/www_old9/img/LevelE/Category1/LevelECat1Lesson42/ HTTP/1.1" 200 453 "-" "Mozilla/5.0 (compatible; MJ12bot/v1.4.8; http://mj12bot.com/)"
65.108.231.155 - - [13/Nov/2022:12:49:59 +0100] "GET /apps/school/www_old9/img/LevelE/Category1/LevelECat1Lesson43/ HTTP/1.1" 200 450 "-" "Mozilla/5.0 (compatible; MJ12bot/v1.4.8; http://mj12bot.com/)"
65.108.231.155 - - [13/Nov/2022:12:50:01 +0100] "GET /apps/school/www_old9/img/LevelE/Category1/LevelECat1Lesson44/ HTTP/1.1" 200 451 "-" "Mozilla/5.0 (compatible; MJ12bot/v1.4.8; http://mj12bot.com/)"
65.108.231.155 - - [13/Nov/2022:12:50:02 +0100] "GET /apps/school/www_old9/img/LevelE/Category1/LevelECat1Lesson46/ HTTP/1.1" 200 454 "-" "Mozilla/5.0 (compatible; MJ12bot/v1.4.8; http://mj12bot.com/)"
65.108.231.155 - - [13/Nov/2022:12:50:03 +0100] "GET /apps/school/www_old9/img/LevelE/Category1/LevelECat1Lesson47/ HTTP/1.1" 200 449 "-" "Mozilla/5.0 (compatible; MJ12bot/v1.4.8; http://mj12bot.com/)"
65.108.231.155 - - [13/Nov/2022:12:50:05 +0100] "GET /apps/school/www_old9/img/LevelE/Category1/LevelECat1Lesson48/ HTTP/1.1" 200 487 "-" "Mozilla/5.0 (compatible; MJ12bot/v1.4.8; http://mj12bot.com/)"
65.108.231.155 - - [13/Nov/2022:12:50:07 +0100] "GET /apps/school/www_old9/img/LevelE/Category1/LevelECat1Lesson50/ HTTP/1.1" 200 532 "-" "Mozilla/5.0 (compatible; MJ12bot/v1.4.8; http://mj12bot.com/)"
65.108.231.155 - - [13/Nov/2022:12:50:08 +0100] "GET /apps/school/www_old9/img/LevelE/Category1/LevelECat1Lesson51/ HTTP/1.1" 200 452 "-" "Mozilla/5.0 (compatible; MJ12bot/v1.4.8; http://mj12bot.com/)"
65.108.46.72 - - [13/Nov/2022:12:50:09 +0100] "GET /robots.txt HTTP/1.1" 404 208 "-" "Mozilla/5.0 (compatible; MJ12bot/v1.4.8; http://mj12bot.com/)"
65.108.231.155 - - [13/Nov/2022:12:50:10 +0100] "GET /apps/school/www_old9/img/LevelF/Category2/LevelFCat2Lesson01/ HTTP/1.1" 200 450 "-" "Mozilla/5.0 (compatible; MJ12bot/v1.4.8; http://mj12bot.com/)"
65.108.46.72 - - [13/Nov/2022:12:50:10 +0100] "GET /apps/school/www_old10/img/LevelE/Category1/LevelECat1Lesson46/?C=M;O=D HTTP/1.1" 200 454 "-" "Mozilla/5.0 (compatible; MJ12bot/v1.4.8; http://mj12bot.com/)"
65.108.231.155 - - [13/Nov/2022:12:50:11 +0100] "GET /apps/school/www_old9/img/LevelF/Category2/LevelFCat2Lesson02/ HTTP/1.1" 200 451 "-" "Mozilla/5.0 (compatible; MJ12bot/v1.4.8; http://mj12bot.com/)"
65.108.231.155 - - [13/Nov/2022:12:50:13 +0100] "GET /apps/school/www_old9/img/LevelF/Category2/LevelFCat2Lesson03/ HTTP/1.1" 200 450 "-" "Mozilla/5.0 (compatible; MJ12bot/v1.4.8; http://mj12bot.com/)"
65.108.231.155 - - [13/Nov/2022:12:50:14 +0100] "GET /apps/school/www_old9/img/LevelF/Category2/LevelFCat2Lesson04/ HTTP/1.1" 200 451 "-" "Mozilla/5.0 (compatible; MJ12bot/v1.4.8; http://mj12bot.com/)"
65.108.231.155 - - [13/Nov/2022:12:50:16 +0100] "GET /apps/school/www_old9/img/LevelF/Category2/LevelFCat2Lesson05/ HTTP/1.1" 200 451 "-" "Mozilla/5.0 (compatible; MJ12bot/v1.4.8; http://mj12bot.com/)"
40.77.167.15 - - [13/Nov/2022:12:50:17 +0100] "GET /fi2/valuelists/ASTACUS_SL_001.xml HTTP/1.1" 200 665 "-" "Mozilla/5.0 AppleWebKit/537.36 (KHTML, like Gecko; compatible; bingbot/2.0; +http://www.bing.com/bingbot.htm) Chrome/103.0.5060.134 Safari/537.36"
65.108.231.155 - - [13/Nov/2022:12:50:17 +0100] "GET /apps/school/www_old9/img/LevelF/Category2/LevelFCat2Lesson09/ HTTP/1.1" 200 449 "-" "Mozilla/5.0 (compatible; MJ12bot/v1.4.8; http://mj12bot.com/)"
65.108.231.155 - - [13/Nov/2022:12:50:19 +0100] "GET /apps/school/www_old9/img/LevelF/Category2/LevelFCat2Lesson10/ HTTP/1.1" 200 576 "-" "Mozilla/5.0 (compatible; MJ12bot/v1.4.8; http://mj12bot.com/)"
65.108.231.155 - - [13/Nov/2022:12:50:21 +0100] "GET /apps/school/www_old9/img/LevelF/Category2/LevelFCat2Lesson11/ HTTP/1.1" 200 558 "-" "Mozilla/5.0 (compatible; MJ12bot/v1.4.8; http://mj12bot.com/)"
65.108.231.155 - - [13/Nov/2022:12:50:22 +0100] "GET /apps/school/www_old9/img/LevelF/Category2/LevelFCat2Lesson12/ HTTP/1.1" 200 566 "-" "Mozilla/5.0 (compatible; MJ12bot/v1.4.8; http://mj12bot.com/)"
65.108.231.155 - - [13/Nov/2022:12:50:24 +0100] "GET /apps/school/www_old9/img/LevelF/Category2/LevelFCat2Lesson13/ HTTP/1.1" 200 489 "-" "Mozilla/5.0 (compatible; MJ12bot/v1.4.8; http://mj12bot.com/)"
65.108.231.155 - - [13/Nov/2022:12:50:26 +0100] "GET /apps/school/www_old9/img/LevelF/Category2/LevelFCat2Lesson14/ HTTP/1.1" 200 529 "-" "Mozilla/5.0 (compatible; MJ12bot/v1.4.8; http://mj12bot.com/)"
65.108.231.155 - - [13/Nov/2022:12:50:27 +0100] "GET /apps/school/www_old9/img/LevelF/Category2/LevelFCat2Lesson15/ HTTP/1.1" 200 591 "-" "Mozilla/5.0 (compatible; MJ12bot/v1.4.8; http://mj12bot.com/)"
114.119.141.51 - - [13/Nov/2022:12:50:28 +0100] "GET /apps/school/www_old9/Html/LevelB/ HTTP/1.1" 200 474 "http://kulturdokumentation.se/apps/school/www_old9/Html/LevelB/Category1/?C=D%3BO%3DA" "Mozilla/5.0 (Linux; Android 7.0;) AppleWebKit/537.36 (KHTML, like Gecko) Mobile Safari/537.36 (compatible; PetalBot;+https://webmaster.petalsearch.com/site/petalbot)"
65.108.231.155 - - [13/Nov/2022:12:50:29 +0100] "GET /apps/school/www_old9/img/LevelF/Category2/LevelFCat2Lesson16/ HTTP/1.1" 200 450 "-" "Mozilla/5.0 (compatible; MJ12bot/v1.4.8; http://mj12bot.com/)"
65.108.231.155 - - [13/Nov/2022:12:50:30 +0100] "GET /apps/school/www_old9/img/LevelF/Category2/LevelFCat2Lesson17/ HTTP/1.1" 200 450 "-" "Mozilla/5.0 (compatible; MJ12bot/v1.4.8; http://mj12bot.com/)"
65.108.231.155 - - [13/Nov/2022:12:50:32 +0100] "GET /apps/school/www_old9/img/LevelF/Category2/LevelFCat2Lesson18/ HTTP/1.1" 200 450 "-" "Mozilla/5.0 (compatible; MJ12bot/v1.4.8; http://mj12bot.com/)"
65.108.231.155 - - [13/Nov/2022:12:50:33 +0100] "GET /apps/school/www_old9/img/LevelF/Category2/LevelFCat2Lesson19/ HTTP/1.1" 200 450 "-" "Mozilla/5.0 (compatible; MJ12bot/v1.4.8; http://mj12bot.com/)"
65.108.231.155 - - [13/Nov/2022:12:50:35 +0100] "GET /apps/school/www_old9/img/LevelF/Category2/LevelFCat2Lesson20/ HTTP/1.1" 200 467 "-" "Mozilla/5.0 (compatible; MJ12bot/v1.4.8; http://mj12bot.com/)"
65.108.231.155 - - [13/Nov/2022:12:50:36 +0100] "GET /apps/school/www_old9/img/LevelF/Category2/LevelFCat2Lesson21/ HTTP/1.1" 200 464 "-" "Mozilla/5.0 (compatible; MJ12bot/v1.4.8; http://mj12bot.com/)"
65.108.231.155 - - [13/Nov/2022:12:50:38 +0100] "GET /apps/school/www_old9/img/LevelF/Category2/LevelFCat2Lesson22/ HTTP/1.1" 200 462 "-" "Mozilla/5.0 (compatible; MJ12bot/v1.4.8; http://mj12bot.com/)"
65.108.231.155 - - [13/Nov/2022:12:50:39 +0100] "GET /apps/school/www_old9/img/LevelF/Category2/LevelFCat2Lesson23/ HTTP/1.1" 200 466 "-" "Mozilla/5.0 (compatible; MJ12bot/v1.4.8; http://mj12bot.com/)"
65.108.231.155 - - [13/Nov/2022:12:50:41 +0100] "GET /apps/school/www_old9/img/LevelF/Category2/LevelFCat2Lesson25/ HTTP/1.1" 200 594 "-" "Mozilla/5.0 (compatible; MJ12bot/v1.4.8; http://mj12bot.com/)"
65.108.231.155 - - [13/Nov/2022:12:50:43 +0100] "GET /apps/school/www_old9/img/LevelF/Category2/LevelFCat2Lesson26/ HTTP/1.1" 200 539 "-" "Mozilla/5.0 (compatible; MJ12bot/v1.4.8; http://mj12bot.com/)"
65.108.231.155 - - [13/Nov/2022:12:50:44 +0100] "GET /apps/school/www_old9/img/LevelF/Category2/LevelFCat2Lesson27/ HTTP/1.1" 200 533 "-" "Mozilla/5.0 (compatible; MJ12bot/v1.4.8; http://mj12bot.com/)"
65.108.231.155 - - [13/Nov/2022:12:50:46 +0100] "GET /apps/school/www_old9/img/LevelF/Category2/LevelFCat2Lesson29/ HTTP/1.1" 200 453 "-" "Mozilla/5.0 (compatible; MJ12bot/v1.4.8; http://mj12bot.com/)"
65.108.231.155 - - [13/Nov/2022:12:50:47 +0100] "GET /apps/school/www_old9/img/LevelF/Category2/LevelFCat2Lesson30/ HTTP/1.1" 200 453 "-" "Mozilla/5.0 (compatible; MJ12bot/v1.4.8; http://mj12bot.com/)"
65.108.231.155 - - [13/Nov/2022:12:50:49 +0100] "GET /apps/school/www_old9/img/LevelF/Category2/LevelFCat2Lesson31/ HTTP/1.1" 200 452 "-" "Mozilla/5.0 (compatible; MJ12bot/v1.4.8; http://mj12bot.com/)"
65.108.231.155 - - [13/Nov/2022:12:50:50 +0100] "GET /apps/school/www_old9/img/LevelF/Category2/LevelFCat2Lesson35/ HTTP/1.1" 200 511 "-" "Mozilla/5.0 (compatible; MJ12bot/v1.4.8; http://mj12bot.com/)"
65.108.231.155 - - [13/Nov/2022:12:50:52 +0100] "GET /apps/school/www_old9/img/LevelF/Category2/LevelFCat2Lesson36/ HTTP/1.1" 200 499 "-" "Mozilla/5.0 (compatible; MJ12bot/v1.4.8; http://mj12bot.com/)"
65.108.231.155 - - [13/Nov/2022:12:50:54 +0100] "GET /apps/school/www_old9/img/LevelF/Category2/LevelFCat2Lesson37/ HTTP/1.1" 200 513 "-" "Mozilla/5.0 (compatible; MJ12bot/v1.4.8; http://mj12bot.com/)"
65.108.231.155 - - [13/Nov/2022:12:50:55 +0100] "GET /apps/school/www_old9/img/LevelF/Category2/LevelFCat2Lesson38/ HTTP/1.1" 200 448 "-" "Mozilla/5.0 (compatible; MJ12bot/v1.4.8; http://mj12bot.com/)"
65.108.231.155 - - [13/Nov/2022:12:50:57 +0100] "GET /apps/school/www_old9/img/LevelF/Category2/LevelFCat2Lesson39/ HTTP/1.1" 200 448 "-" "Mozilla/5.0 (compatible; MJ12bot/v1.4.8; http://mj12bot.com/)"
65.108.231.155 - - [13/Nov/2022:12:50:59 +0100] "GET /apps/school/www_old9/img/LevelF/Category2/LevelFCat2Lesson40/ HTTP/1.1" 200 449 "-" "Mozilla/5.0 (compatible; MJ12bot/v1.4.8; http://mj12bot.com/)"
65.108.231.155 - - [13/Nov/2022:12:51:01 +0100] "GET /apps/school/www_old9/img/LevelF/Category2/LevelFCat2Lesson41/ HTTP/1.1" 200 448 "-" "Mozilla/5.0 (compatible; MJ12bot/v1.4.8; http://mj12bot.com/)"
65.108.231.155 - - [13/Nov/2022:12:51:02 +0100] "GET /apps/school/www_old9/img/LevelF/Category2/LevelFCat2Lesson43/ HTTP/1.1" 200 549 "-" "Mozilla/5.0 (compatible; MJ12bot/v1.4.8; http://mj12bot.com/)"
114.119.134.155 - - [13/Nov/2022:12:51:03 +0100] "GET /apps/school/www_old4/img/LevelE/Category1/LevelECat1Lesson23?C=N%3BO%3DD HTTP/1.1" 301 312 "http://kulturdokumentation.com/apps/school/www_old4/img/LevelE/Category1/LevelECat1Lesson23" "Mozilla/5.0 (Linux; Android 7.0;) AppleWebKit/537.36 (KHTML, like Gecko) Mobile Safari/537.36 (compatible; PetalBot;+https://webmaster.petalsearch.com/site/petalbot)"
114.119.134.155 - - [13/Nov/2022:12:51:03 +0100] "GET /apps/school/www_old4/img/LevelE/Category1/LevelECat1Lesson23/?C=N%3BO%3DD HTTP/1.1" 200 492 "http://kulturdokumentation.com/apps/school/www_old4/img/LevelE/Category1/LevelECat1Lesson23" "Mozilla/5.0 (Linux; Android 7.0;) AppleWebKit/537.36 (KHTML, like Gecko) Mobile Safari/537.36 (compatible; PetalBot;+https://webmaster.petalsearch.com/site/petalbot)"
65.108.231.155 - - [13/Nov/2022:12:51:04 +0100] "GET /apps/school/www_old9/img/LevelF/Category2/LevelFCat2Lesson44/ HTTP/1.1" 200 640 "-" "Mozilla/5.0 (compatible; MJ12bot/v1.4.8; http://mj12bot.com/)"
65.108.231.155 - - [13/Nov/2022:12:51:06 +0100] "GET /apps/school/www_old9/img/LevelF/Category2/LevelFCat2Lesson45/ HTTP/1.1" 200 557 "-" "Mozilla/5.0 (compatible; MJ12bot/v1.4.8; http://mj12bot.com/)"
65.108.231.155 - - [13/Nov/2022:12:51:07 +0100] "GET /apps/school/www_old9/img/LevelG/Category1/LevelGCat1Lesson01/ HTTP/1.1" 200 449 "-" "Mozilla/5.0 (compatible; MJ12bot/v1.4.8; http://mj12bot.com/)"
65.108.231.155 - - [13/Nov/2022:12:51:09 +0100] "GET /apps/school/www_old9/img/LevelG/Category1/LevelGCat1Lesson02/ HTTP/1.1" 200 449 "-" "Mozilla/5.0 (compatible; MJ12bot/v1.4.8; http://mj12bot.com/)"
65.108.231.155 - - [13/Nov/2022:12:51:11 +0100] "GET /apps/school/www_old9/img/LevelG/Category1/LevelGCat1Lesson03/ HTTP/1.1" 200 448 "-" "Mozilla/5.0 (compatible; MJ12bot/v1.4.8; http://mj12bot.com/)"
65.108.231.155 - - [13/Nov/2022:12:51:13 +0100] "GET /apps/school/www_old9/img/LevelG/Category1/LevelGCat1Lesson04/ HTTP/1.1" 200 449 "-" "Mozilla/5.0 (compatible; MJ12bot/v1.4.8; http://mj12bot.com/)"
65.108.231.155 - - [13/Nov/2022:12:51:14 +0100] "GET /apps/school/www_old9/img/LevelG/Category1/LevelGCat1Lesson07/ HTTP/1.1" 200 474 "-" "Mozilla/5.0 (compatible; MJ12bot/v1.4.8; http://mj12bot.com/)"
