207.46.13.237 - - [13/Nov/2022:19:35:10 +0100] "GET /robots.txt HTTP/1.1" 404 208 "-" "Mozilla/5.0 (compatible; bingbot/2.0; +http://www.bing.com/bingbot.htm)"
54.36.148.63 - - [13/Nov/2022:19:35:11 +0100] "GET /robots.txt HTTP/1.1" 404 208 "-" "Mozilla/5.0 (compatible; AhrefsBot/7.0; +http://ahrefs.com/robot/)"
54.36.148.233 - - [13/Nov/2022:19:35:12 +0100] "GET /index.php?page=content&id=46 HTTP/1.1" 200 4672 "-" "Mozilla/5.0 (compatible; AhrefsBot/7.0; +http://ahrefs.com/robot/)"
213.136.92.207 - - [13/Nov/2022:19:35:16 +0100] "GET /apps/school/www_old3/img/LevelA/Category2/LevelACat2Lesson16/ HTTP/1.1" 200 493 "-" "Mozilla/5.0 (compatible; MJ12bot/v1.4.8; http://mj12bot.com/)"
213.136.92.207 - - [13/Nov/2022:19:35:23 +0100] "GET /apps/school/www_old3/img/LevelA/Category2/LevelACat2Lesson17/ HTTP/1.1" 200 496 "-" "Mozilla/5.0 (compatible; MJ12bot/v1.4.8; http://mj12bot.com/)"
45.91.170.176 - - [13/Nov/2022:19:35:28 +0100] "GET / HTTP/1.0" 400 362 "-" "-"
213.136.92.207 - - [13/Nov/2022:19:35:31 +0100] "GET /apps/school/www_old_temp/img/LevelA/Category1/LevelACat1Lesson30/?C=M;O=D HTTP/1.1" 200 550 "-" "Mozilla/5.0 (compatible; MJ12bot/v1.4.8; http://mj12bot.com/)"
213.136.92.207 - - [13/Nov/2022:19:35:35 +0100] "GET /robots.txt HTTP/1.1" 302 217 "-" "Mozilla/5.0 (compatible; MJ12bot/v1.4.8; http://mj12bot.com/)"
41.216.183.151 - - [13/Nov/2022:19:35:36 +0100] "GET / HTTP/1.1" 200 21 "-" "-"
198.98.50.216 - - [13/Nov/2022:19:35:37 +0100] "GET /wp-login.php HTTP/1.1" 200 2977 "-" "Mozilla/5.0 (Macintosh; Intel Mac OS X 10_9_2) AppleWebKit/537.36 (KHTML, like Gecko) Chrome/36.0.1985.125 Safari/537.36"
198.98.50.216 - - [13/Nov/2022:19:35:37 +0100] "POST /wp-login.php HTTP/1.1" 200 3996 "-" "Mozilla/5.0 (Macintosh; Intel Mac OS X 10_9_2) AppleWebKit/537.36 (KHTML, like Gecko) Chrome/36.0.1985.125 Safari/537.36"
213.136.92.207 - - [13/Nov/2022:19:35:41 +0100] "GET /robots.txt HTTP/1.1" 200 67 "-" "Mozilla/5.0 (compatible; MJ12bot/v1.4.8; http://mj12bot.com/)"
213.136.92.207 - - [13/Nov/2022:19:35:45 +0100] "GET /she-is-a-good-guesser-and-confronts-the-woman/feed/ HTTP/1.1" 302 258 "-" "Mozilla/5.0 (compatible; MJ12bot/v1.4.8; http://mj12bot.com/)"
41.216.183.151 - - [13/Nov/2022:19:35:37 +0100] "POST /GponForm/diag_Form?images/ HTTP/1.1" 404 216 "-" "Momentum"
213.136.92.207 - - [13/Nov/2022:19:35:53 +0100] "GET /she-is-a-good-guesser-and-confronts-the-woman/feed/ HTTP/1.1" 200 414 "-" "Mozilla/5.0 (compatible; MJ12bot/v1.4.8; http://mj12bot.com/)"
207.46.13.191 - - [13/Nov/2022:19:36:00 +0100] "GET / HTTP/1.1" 302 208 "-" "Mozilla/5.0 (compatible; bingbot/2.0; +http://www.bing.com/bingbot.htm)"
213.136.92.207 - - [13/Nov/2022:19:36:05 +0100] "GET /she-is-a-good-guesser-and-confronts-the-woman/feed/ HTTP/1.1" 200 414 "-" "Mozilla/5.0 (compatible; MJ12bot/v1.4.8; http://mj12bot.com/)"
213.136.92.207 - - [13/Nov/2022:19:36:10 +0100] "GET /short-daily-riding-in-good-weather-i-use-my-fingerless/feed/ HTTP/1.1" 302 267 "-" "Mozilla/5.0 (compatible; MJ12bot/v1.4.8; http://mj12bot.com/)"
213.136.92.207 - - [13/Nov/2022:19:36:16 +0100] "GET /short-daily-riding-in-good-weather-i-use-my-fingerless/feed/ HTTP/1.1" 200 419 "-" "Mozilla/5.0 (compatible; MJ12bot/v1.4.8; http://mj12bot.com/)"
51.222.253.10 - - [13/Nov/2022:19:36:25 +0100] "GET /robots.txt HTTP/1.1" 404 208 "-" "Mozilla/5.0 (compatible; AhrefsBot/7.0; +http://ahrefs.com/robot/)"
213.136.92.207 - - [13/Nov/2022:19:36:28 +0100] "GET /short-daily-riding-in-good-weather-i-use-my-fingerless/feed/ HTTP/1.1" 200 419 "-" "Mozilla/5.0 (compatible; MJ12bot/v1.4.8; http://mj12bot.com/)"
213.136.92.207 - - [13/Nov/2022:19:36:41 +0100] "GET /so-if-you-buy-the-most-traditional-one/feed/ HTTP/1.1" 302 251 "-" "Mozilla/5.0 (compatible; MJ12bot/v1.4.8; http://mj12bot.com/)"
213.136.92.207 - - [13/Nov/2022:19:36:54 +0100] "GET /so-if-you-buy-the-most-traditional-one/feed/ HTTP/1.1" 200 411 "-" "Mozilla/5.0 (compatible; MJ12bot/v1.4.8; http://mj12bot.com/)"
114.119.141.53 - - [13/Nov/2022:19:37:04 +0100] "GET /apps/school/www_old4/img/LevelA/?C=D%3BO%3DA HTTP/1.1" 200 423 "http://kulturdokumentation.se/apps/school/www_old4/img/LevelA/" "Mozilla/5.0 (Linux; Android 7.0;) AppleWebKit/537.36 (KHTML, like Gecko) Mobile Safari/537.36 (compatible; PetalBot;+https://webmaster.petalsearch.com/site/petalbot)"
213.136.92.207 - - [13/Nov/2022:19:37:14 +0100] "GET /so-if-you-buy-the-most-traditional-one/feed/ HTTP/1.1" 200 411 "-" "Mozilla/5.0 (compatible; MJ12bot/v1.4.8; http://mj12bot.com/)"
213.136.92.207 - - [13/Nov/2022:19:37:26 +0100] "GET /some-friends-of-mine-had-a-sailboat-on-lake-powell/feed/ HTTP/1.1" 302 263 "-" "Mozilla/5.0 (compatible; MJ12bot/v1.4.8; http://mj12bot.com/)"
31.13.127.15 - - [13/Nov/2022:19:37:26 +0100] "GET /ljungsbro/bottle.png HTTP/1.1" 200 154489 "-" "facebookexternalhit/1.1 (+http://www.facebook.com/externalhit_uatext.php)"
31.13.127.16 - - [13/Nov/2022:19:37:26 +0100] "GET /ljungsbro/bottle.png HTTP/1.1" 200 154489 "-" "facebookexternalhit/1.1 (+http://www.facebook.com/externalhit_uatext.php)"
146.190.56.0 - - [13/Nov/2022:19:37:35 +0100] "CONNECT 188.214.129.95:4444 HTTP/1.1" 200 21 "-" "-"
5.45.207.144 - - [13/Nov/2022:19:37:36 +0100] "GET /robots.txt HTTP/1.1" 404 208 "-" "Mozilla/5.0 (compatible; YandexBot/3.0; +http://yandex.com/bots)"
5.45.207.144 - - [13/Nov/2022:19:37:40 +0100] "GET / HTTP/1.1" 200 4249 "-" "Mozilla/5.0 (compatible; YandexBot/3.0; +http://yandex.com/bots)"
114.119.134.148 - - [13/Nov/2022:19:37:40 +0100] "GET /mala?C=M%3BO%3DA HTTP/1.1" 301 256 "http://kulturdokumentation.com/mala" "Mozilla/5.0 (Linux; Android 7.0;) AppleWebKit/537.36 (KHTML, like Gecko) Mobile Safari/537.36 (compatible; PetalBot;+https://webmaster.petalsearch.com/site/petalbot)"
114.119.134.148 - - [13/Nov/2022:19:37:40 +0100] "GET /mala/?C=M%3BO%3DA HTTP/1.1" 200 435 "http://kulturdokumentation.com/mala" "Mozilla/5.0 (Linux; Android 7.0;) AppleWebKit/537.36 (KHTML, like Gecko) Mobile Safari/537.36 (compatible; PetalBot;+https://webmaster.petalsearch.com/site/petalbot)"
213.136.92.207 - - [13/Nov/2022:19:37:41 +0100] "GET /some-friends-of-mine-had-a-sailboat-on-lake-powell/feed/ HTTP/1.1" 200 419 "-" "Mozilla/5.0 (compatible; MJ12bot/v1.4.8; http://mj12bot.com/)"
5.45.207.144 - - [13/Nov/2022:19:37:43 +0100] "GET /robots.txt HTTP/1.1" 404 208 "-" "Mozilla/5.0 (compatible; YandexBot/3.0; +http://yandex.com/bots)"
5.45.207.144 - - [13/Nov/2022:19:37:46 +0100] "GET / HTTP/1.1" 200 4249 "-" "Mozilla/5.0 (compatible; YandexBot/3.0; +http://yandex.com/bots)"
213.136.92.207 - - [13/Nov/2022:19:37:51 +0100] "GET /some-friends-of-mine-had-a-sailboat-on-lake-powell/feed/ HTTP/1.1" 200 419 "-" "Mozilla/5.0 (compatible; MJ12bot/v1.4.8; http://mj12bot.com/)"
213.136.92.207 - - [13/Nov/2022:19:38:01 +0100] "GET /sometimes-you-no-sooner-get-the-bait-in-the-water-than-a-fish/feed/ HTTP/1.1" 302 274 "-" "Mozilla/5.0 (compatible; MJ12bot/v1.4.8; http://mj12bot.com/)"
213.136.92.207 - - [13/Nov/2022:19:38:18 +0100] "GET /sometimes-you-no-sooner-get-the-bait-in-the-water-than-a-fish/feed/ HTTP/1.1" 200 423 "-" "Mozilla/5.0 (compatible; MJ12bot/v1.4.8; http://mj12bot.com/)"
213.136.92.207 - - [13/Nov/2022:19:38:27 +0100] "GET /sometimes-you-no-sooner-get-the-bait-in-the-water-than-a-fish/feed/ HTTP/1.1" 200 423 "-" "Mozilla/5.0 (compatible; MJ12bot/v1.4.8; http://mj12bot.com/)"
213.136.92.207 - - [13/Nov/2022:19:38:36 +0100] "GET /sommige-zijn-uitzonderlijke-waarden/feed/ HTTP/1.1" 200 409 "-" "Mozilla/5.0 (compatible; MJ12bot/v1.4.8; http://mj12bot.com/)"
185.191.171.13 - - [13/Nov/2022:19:38:46 +0100] "GET /index.php?id=57&page=content HTTP/1.1" 200 4831 "-" "Mozilla/5.0 (compatible; SemrushBot/7~bl; +http://www.semrush.com/bot.html)"
213.136.92.207 - - [13/Nov/2022:19:38:50 +0100] "GET /soms-bestaat-het-in-de-vorm-van-de-grotten-die-ons-door-hun/feed/ HTTP/1.1" 302 272 "-" "Mozilla/5.0 (compatible; MJ12bot/v1.4.8; http://mj12bot.com/)"
213.136.92.207 - - [13/Nov/2022:19:38:58 +0100] "GET /soms-bestaat-het-in-de-vorm-van-de-grotten-die-ons-door-hun/feed/ HTTP/1.1" 200 422 "-" "Mozilla/5.0 (compatible; MJ12bot/v1.4.8; http://mj12bot.com/)"
185.191.171.45 - - [13/Nov/2022:19:39:08 +0100] "GET /index.php?id=54&page=content HTTP/1.1" 200 4817 "-" "Mozilla/5.0 (compatible; SemrushBot/7~bl; +http://www.semrush.com/bot.html)"
213.136.92.207 - - [13/Nov/2022:19:39:12 +0100] "GET /soms-bestaat-het-in-de-vorm-van-de-grotten-die-ons-door-hun/feed/ HTTP/1.1" 200 422 "-" "Mozilla/5.0 (compatible; MJ12bot/v1.4.8; http://mj12bot.com/)"
213.136.92.207 - - [13/Nov/2022:19:39:22 +0100] "GET /tandheelkundige-implantaten-zijn-nummer-n-in-het-herstellen/feed/ HTTP/1.1" 302 272 "-" "Mozilla/5.0 (compatible; MJ12bot/v1.4.8; http://mj12bot.com/)"
213.136.92.207 - - [13/Nov/2022:19:39:34 +0100] "GET /tandheelkundige-implantaten-zijn-nummer-n-in-het-herstellen/feed/ HTTP/1.1" 200 425 "-" "Mozilla/5.0 (compatible; MJ12bot/v1.4.8; http://mj12bot.com/)"
213.136.92.207 - - [13/Nov/2022:19:39:40 +0100] "GET /tandheelkundige-implantaten-zijn-nummer-n-in-het-herstellen/feed/ HTTP/1.1" 200 425 "-" "Mozilla/5.0 (compatible; MJ12bot/v1.4.8; http://mj12bot.com/)"
213.136.92.207 - - [13/Nov/2022:19:39:55 +0100] "GET /taylor-in-washington-and-kelly-p/feed/ HTTP/1.1" 302 245 "-" "Mozilla/5.0 (compatible; MJ12bot/v1.4.8; http://mj12bot.com/)"
114.119.133.125 - - [13/Nov/2022:19:39:55 +0100] "GET /robots.txt HTTP/1.1" 302 217 "-" "Mozilla/5.0 (compatible;PetalBot;+https://webmaster.petalsearch.com/site/petalbot)"
114.119.133.125 - - [13/Nov/2022:19:39:57 +0100] "GET /robots.txt HTTP/1.1" 200 67 "-" "Mozilla/5.0 (compatible;PetalBot;+https://webmaster.petalsearch.com/site/petalbot)"
213.136.92.207 - - [13/Nov/2022:19:40:01 +0100] "GET /taylor-in-washington-and-kelly-p/feed/ HTTP/1.1" 200 406 "-" "Mozilla/5.0 (compatible; MJ12bot/v1.4.8; http://mj12bot.com/)"
213.136.92.207 - - [13/Nov/2022:19:40:15 +0100] "GET /taylor-in-washington-and-kelly-p/feed/ HTTP/1.1" 200 406 "-" "Mozilla/5.0 (compatible; MJ12bot/v1.4.8; http://mj12bot.com/)"
213.136.92.207 - - [13/Nov/2022:19:40:23 +0100] "GET /teaching-the-structure-of-a-sport-at-this-age-should-be/feed/ HTTP/1.1" 302 268 "-" "Mozilla/5.0 (compatible; MJ12bot/v1.4.8; http://mj12bot.com/)"
213.136.92.207 - - [13/Nov/2022:19:40:29 +0100] "GET /teaching-the-structure-of-a-sport-at-this-age-should-be/feed/ HTTP/1.1" 200 420 "-" "Mozilla/5.0 (compatible; MJ12bot/v1.4.8; http://mj12bot.com/)"
146.190.56.0 - - [13/Nov/2022:19:40:32 +0100] "CONNECT 188.214.129.95:4444 HTTP/1.1" 200 21 "-" "-"
213.136.92.207 - - [13/Nov/2022:19:40:38 +0100] "GET /teaching-the-structure-of-a-sport-at-this-age-should-be/feed/ HTTP/1.1" 200 420 "-" "Mozilla/5.0 (compatible; MJ12bot/v1.4.8; http://mj12bot.com/)"
54.36.148.253 - - [13/Nov/2022:19:40:39 +0100] "GET /where-i-live-the-closest-store-is-miles-away-from-my-house-and/ HTTP/1.1" 302 270 "-" "Mozilla/5.0 (compatible; AhrefsBot/7.0; +http://ahrefs.com/robot/)"
213.136.92.207 - - [13/Nov/2022:19:40:47 +0100] "GET /very-quickly-after/feed/ HTTP/1.1" 302 231 "-" "Mozilla/5.0 (compatible; MJ12bot/v1.4.8; http://mj12bot.com/)"
213.136.92.207 - - [13/Nov/2022:19:40:59 +0100] "GET /very-quickly-after/feed/ HTTP/1.1" 200 398 "-" "Mozilla/5.0 (compatible; MJ12bot/v1.4.8; http://mj12bot.com/)"
51.91.253.126 - - [13/Nov/2022:19:41:05 +0100] "GET /apps/school/www_old6/img/LevelE/Category3/LevelECat3Lesson26/?C=D;O=A HTTP/1.1" 200 503 "-" "Mozilla/5.0 (compatible; MJ12bot/v1.4.8; http://mj12bot.com/)"
213.136.92.207 - - [13/Nov/2022:19:41:06 +0100] "GET /very-quickly-after/feed/ HTTP/1.1" 200 397 "-" "Mozilla/5.0 (compatible; MJ12bot/v1.4.8; http://mj12bot.com/)"
51.91.253.126 - - [13/Nov/2022:19:41:09 +0100] "GET /apps/school/www_old6/img/LevelE/Category3/LevelECat3Lesson26/?C=M;O=A HTTP/1.1" 200 503 "-" "Mozilla/5.0 (compatible; MJ12bot/v1.4.8; http://mj12bot.com/)"
213.136.92.207 - - [13/Nov/2022:19:41:12 +0100] "GET /visit-toronto-eye-doctor-to-learn-about-a-doctor-that-can/feed/ HTTP/1.1" 302 270 "-" "Mozilla/5.0 (compatible; MJ12bot/v1.4.8; http://mj12bot.com/)"
51.91.253.126 - - [13/Nov/2022:19:41:12 +0100] "GET /apps/school/www_old6/img/LevelE/Category3/LevelECat3Lesson26/?C=S;O=A HTTP/1.1" 200 502 "-" "Mozilla/5.0 (compatible; MJ12bot/v1.4.8; http://mj12bot.com/)"
40.77.167.41 - - [13/Nov/2022:19:41:17 +0100] "GET /arkiv_inloggning.php?companyId=1348 HTTP/1.1" 404 218 "-" "Mozilla/5.0 (compatible; bingbot/2.0; +http://www.bing.com/bingbot.htm)"
213.136.92.207 - - [13/Nov/2022:19:41:20 +0100] "GET /visit-toronto-eye-doctor-to-learn-about-a-doctor-that-can/feed/ HTTP/1.1" 200 417 "-" "Mozilla/5.0 (compatible; MJ12bot/v1.4.8; http://mj12bot.com/)"
213.136.92.207 - - [13/Nov/2022:19:41:26 +0100] "GET /visit-toronto-eye-doctor-to-learn-about-a-doctor-that-can/feed/ HTTP/1.1" 200 417 "-" "Mozilla/5.0 (compatible; MJ12bot/v1.4.8; http://mj12bot.com/)"
213.136.92.207 - - [13/Nov/2022:19:41:41 +0100] "GET /we-apologizewill-update-when-more-info/feed/ HTTP/1.1" 302 251 "-" "Mozilla/5.0 (compatible; MJ12bot/v1.4.8; http://mj12bot.com/)"
213.136.92.207 - - [13/Nov/2022:19:41:55 +0100] "GET /we-apologizewill-update-when-more-info/feed/ HTTP/1.1" 200 410 "-" "Mozilla/5.0 (compatible; MJ12bot/v1.4.8; http://mj12bot.com/)"
213.136.92.207 - - [13/Nov/2022:19:42:02 +0100] "GET /we-apologizewill-update-when-more-info/feed/ HTTP/1.1" 200 409 "-" "Mozilla/5.0 (compatible; MJ12bot/v1.4.8; http://mj12bot.com/)"
114.119.141.69 - - [13/Nov/2022:19:42:07 +0100] "GET /apps/school/www_old_temp/AutodeskForge/learn.forge.viewmodels-nodejs/node_modules/tunnel-agent/ HTTP/1.1" 200 528 "http://kulturdokumentation.se/apps/school/www_old_temp/AutodeskForge/learn.forge.viewmodels-nodejs/node_modules/" "Mozilla/5.0 (Linux; Android 7.0;) AppleWebKit/537.36 (KHTML, like Gecko) Mobile Safari/537.36 (compatible; PetalBot;+https://webmaster.petalsearch.com/site/petalbot)"
213.136.92.207 - - [13/Nov/2022:19:42:10 +0100] "GET /we-as-a-whole-have-limits-he-lets-me-know/feed/ HTTP/1.1" 302 254 "-" "Mozilla/5.0 (compatible; MJ12bot/v1.4.8; http://mj12bot.com/)"
213.136.92.207 - - [13/Nov/2022:19:42:22 +0100] "GET /we-as-a-whole-have-limits-he-lets-me-know/feed/ HTTP/1.1" 200 411 "-" "Mozilla/5.0 (compatible; MJ12bot/v1.4.8; http://mj12bot.com/)"
213.136.92.207 - - [13/Nov/2022:19:42:27 +0100] "GET /we-as-a-whole-have-limits-he-lets-me-know/feed/ HTTP/1.1" 200 412 "-" "Mozilla/5.0 (compatible; MJ12bot/v1.4.8; http://mj12bot.com/)"
213.136.92.207 - - [13/Nov/2022:19:42:41 +0100] "GET /we-have-allow-men-to-teach-us-how-to-worship-when-i-believe/feed/ HTTP/1.1" 302 272 "-" "Mozilla/5.0 (compatible; MJ12bot/v1.4.8; http://mj12bot.com/)"
114.119.134.155 - - [13/Nov/2022:19:42:47 +0100] "GET /apps/school/www_old9/img/LevelF/Category2/LevelFCat2Lesson26 HTTP/1.1" 301 300 "http://kulturdokumentation.com/apps/school/www_old9/img/LevelF/Category2?C=D%3BO%3DA" "Mozilla/5.0 (Linux; Android 7.0;) AppleWebKit/537.36 (KHTML, like Gecko) Mobile Safari/537.36 (compatible; PetalBot;+https://webmaster.petalsearch.com/site/petalbot)"
114.119.134.155 - - [13/Nov/2022:19:42:49 +0100] "GET /apps/school/www_old9/img/LevelF/Category2/LevelFCat2Lesson26/ HTTP/1.1" 200 539 "http://kulturdokumentation.com/apps/school/www_old9/img/LevelF/Category2?C=D%3BO%3DA" "Mozilla/5.0 (Linux; Android 7.0;) AppleWebKit/537.36 (KHTML, like Gecko) Mobile Safari/537.36 (compatible; PetalBot;+https://webmaster.petalsearch.com/site/petalbot)"
213.136.92.207 - - [13/Nov/2022:19:42:51 +0100] "GET /we-have-allow-men-to-teach-us-how-to-worship-when-i-believe/feed/ HTTP/1.1" 200 423 "-" "Mozilla/5.0 (compatible; MJ12bot/v1.4.8; http://mj12bot.com/)"
213.136.92.207 - - [13/Nov/2022:19:43:01 +0100] "GET /we-have-allow-men-to-teach-us-how-to-worship-when-i-believe/feed/ HTTP/1.1" 200 423 "-" "Mozilla/5.0 (compatible; MJ12bot/v1.4.8; http://mj12bot.com/)"
213.136.92.207 - - [13/Nov/2022:19:43:06 +0100] "GET /we-must-honor-and-respect-them/feed/ HTTP/1.1" 302 243 "-" "Mozilla/5.0 (compatible; MJ12bot/v1.4.8; http://mj12bot.com/)"
213.136.92.207 - - [13/Nov/2022:19:43:13 +0100] "GET /we-must-honor-and-respect-them/feed/ HTTP/1.1" 200 404 "-" "Mozilla/5.0 (compatible; MJ12bot/v1.4.8; http://mj12bot.com/)"
213.136.92.207 - - [13/Nov/2022:19:43:22 +0100] "GET /we-must-honor-and-respect-them/feed/ HTTP/1.1" 200 404 "-" "Mozilla/5.0 (compatible; MJ12bot/v1.4.8; http://mj12bot.com/)"
213.136.92.207 - - [13/Nov/2022:19:43:28 +0100] "GET /we-will-open-the-doors-to-the-nola-lab/feed/ HTTP/1.1" 302 251 "-" "Mozilla/5.0 (compatible; MJ12bot/v1.4.8; http://mj12bot.com/)"
213.136.92.207 - - [13/Nov/2022:19:43:33 +0100] "GET /we-will-open-the-doors-to-the-nola-lab/feed/ HTTP/1.1" 200 408 "-" "Mozilla/5.0 (compatible; MJ12bot/v1.4.8; http://mj12bot.com/)"
213.136.92.207 - - [13/Nov/2022:19:43:42 +0100] "GET /we-will-open-the-doors-to-the-nola-lab/feed/ HTTP/1.1" 200 408 "-" "Mozilla/5.0 (compatible; MJ12bot/v1.4.8; http://mj12bot.com/)"
213.136.92.207 - - [13/Nov/2022:19:43:47 +0100] "GET /wealthy-affiliate-is-an-affiliate-marketing-training-program/feed/ HTTP/1.1" 302 273 "-" "Mozilla/5.0 (compatible; MJ12bot/v1.4.8; http://mj12bot.com/)"
213.136.92.207 - - [13/Nov/2022:19:44:03 +0100] "GET /wealthy-affiliate-is-an-affiliate-marketing-training-program/feed/ HTTP/1.1" 200 418 "-" "Mozilla/5.0 (compatible; MJ12bot/v1.4.8; http://mj12bot.com/)"
213.136.92.207 - - [13/Nov/2022:19:44:10 +0100] "GET /wealthy-affiliate-is-an-affiliate-marketing-training-program/feed/ HTTP/1.1" 200 418 "-" "Mozilla/5.0 (compatible; MJ12bot/v1.4.8; http://mj12bot.com/)"
185.191.171.11 - - [13/Nov/2022:19:44:15 +0100] "GET /robots.txt HTTP/1.1" 404 208 "-" "Mozilla/5.0 (compatible; SemrushBot/7~bl; +http://www.semrush.com/bot.html)"
185.191.171.6 - - [13/Nov/2022:19:44:17 +0100] "GET /?keyword=N%C3%B6davst%C3%A4ngning&page=result HTTP/1.1" 200 3277 "-" "Mozilla/5.0 (compatible; SemrushBot/7~bl; +http://www.semrush.com/bot.html)"
51.91.253.126 - - [13/Nov/2022:19:44:20 +0100] "GET /apps/school/www_old6/img/LevelE/Category3/LevelECat3Lesson31/?C=D;O=D HTTP/1.1" 200 447 "-" "Mozilla/5.0 (compatible; MJ12bot/v1.4.8; http://mj12bot.com/)"
213.136.92.207 - - [13/Nov/2022:19:44:22 +0100] "GET /well-finding-out-is-easier-to-do-now-than-ever-before/feed/ HTTP/1.1" 302 266 "-" "Mozilla/5.0 (compatible; MJ12bot/v1.4.8; http://mj12bot.com/)"
51.91.253.126 - - [13/Nov/2022:19:44:23 +0100] "GET /apps/school/www_old6/img/LevelF/Category1/LevelFCat1Lesson13/?C=M;O=D HTTP/1.1" 200 474 "-" "Mozilla/5.0 (compatible; MJ12bot/v1.4.8; http://mj12bot.com/)"
51.91.253.126 - - [13/Nov/2022:19:44:27 +0100] "GET /apps/school/www_old6/img/LevelF/Category1/LevelFCat1Lesson13/?C=S;O=D HTTP/1.1" 200 474 "-" "Mozilla/5.0 (compatible; MJ12bot/v1.4.8; http://mj12bot.com/)"
51.91.253.126 - - [13/Nov/2022:19:44:30 +0100] "GET /sales/?week=-371 HTTP/1.1" 200 1597 "-" "Mozilla/5.0 (compatible; MJ12bot/v1.4.8; http://mj12bot.com/)"
213.136.92.207 - - [13/Nov/2022:19:44:30 +0100] "GET /well-finding-out-is-easier-to-do-now-than-ever-before/feed/ HTTP/1.1" 200 419 "-" "Mozilla/5.0 (compatible; MJ12bot/v1.4.8; http://mj12bot.com/)"
213.136.92.207 - - [13/Nov/2022:19:44:42 +0100] "GET /well-finding-out-is-easier-to-do-now-than-ever-before/feed/ HTTP/1.1" 200 418 "-" "Mozilla/5.0 (compatible; MJ12bot/v1.4.8; http://mj12bot.com/)"
213.136.92.207 - - [13/Nov/2022:19:44:48 +0100] "GET /when-visiting-our-greenville-dental-office/feed/ HTTP/1.1" 302 255 "-" "Mozilla/5.0 (compatible; MJ12bot/v1.4.8; http://mj12bot.com/)"
213.136.92.207 - - [13/Nov/2022:19:44:55 +0100] "GET /when-visiting-our-greenville-dental-office/feed/ HTTP/1.1" 200 412 "-" "Mozilla/5.0 (compatible; MJ12bot/v1.4.8; http://mj12bot.com/)"
213.136.92.207 - - [13/Nov/2022:19:45:03 +0100] "GET /when-visiting-our-greenville-dental-office/feed/ HTTP/1.1" 200 412 "-" "Mozilla/5.0 (compatible; MJ12bot/v1.4.8; http://mj12bot.com/)"
54.36.148.249 - - [13/Nov/2022:19:45:06 +0100] "GET /index.php?page=content&id=122 HTTP/1.1" 200 4659 "-" "Mozilla/5.0 (compatible; AhrefsBot/7.0; +http://ahrefs.com/robot/)"
213.136.92.207 - - [13/Nov/2022:19:45:15 +0100] "GET /when-you-make-your-ex-miss-you-it-will-give-you-the-upper-hand/feed/ HTTP/1.1" 302 275 "-" "Mozilla/5.0 (compatible; MJ12bot/v1.4.8; http://mj12bot.com/)"
213.136.92.207 - - [13/Nov/2022:19:45:23 +0100] "GET /when-you-make-your-ex-miss-you-it-will-give-you-the-upper-hand/feed/ HTTP/1.1" 200 423 "-" "Mozilla/5.0 (compatible; MJ12bot/v1.4.8; http://mj12bot.com/)"
213.136.92.207 - - [13/Nov/2022:19:45:35 +0100] "GET /when-you-make-your-ex-miss-you-it-will-give-you-the-upper-hand/feed/ HTTP/1.1" 200 423 "-" "Mozilla/5.0 (compatible; MJ12bot/v1.4.8; http://mj12bot.com/)"
213.136.92.207 - - [13/Nov/2022:19:45:41 +0100] "GET /whenever-we-garden-we-wear-stockings-socks-long-pants-long/feed/ HTTP/1.1" 302 271 "-" "Mozilla/5.0 (compatible; MJ12bot/v1.4.8; http://mj12bot.com/)"
213.136.92.207 - - [13/Nov/2022:19:45:47 +0100] "GET /whenever-we-garden-we-wear-stockings-socks-long-pants-long/feed/ HTTP/1.1" 200 421 "-" "Mozilla/5.0 (compatible; MJ12bot/v1.4.8; http://mj12bot.com/)"
213.136.92.207 - - [13/Nov/2022:19:45:50 +0100] "GET /whenever-we-garden-we-wear-stockings-socks-long-pants-long/feed/ HTTP/1.1" 200 420 "-" "Mozilla/5.0 (compatible; MJ12bot/v1.4.8; http://mj12bot.com/)"
213.136.92.207 - - [13/Nov/2022:19:45:54 +0100] "GET /which-lies-in-southwest-cambodia/feed/ HTTP/1.1" 302 245 "-" "Mozilla/5.0 (compatible; MJ12bot/v1.4.8; http://mj12bot.com/)"
213.136.92.207 - - [13/Nov/2022:19:46:01 +0100] "GET /which-lies-in-southwest-cambodia/feed/ HTTP/1.1" 200 407 "-" "Mozilla/5.0 (compatible; MJ12bot/v1.4.8; http://mj12bot.com/)"
216.244.66.239 - - [13/Nov/2022:19:46:02 +0100] "GET /apps/school/www_old3/img/LevelD/Category3/LevelDCat3Lesson10/trees.png HTTP/1.1" 200 191777 "-" "Mozilla/5.0 (compatible; DotBot/1.2; +https://opensiteexplorer.org/dotbot; help@moz.com)"
213.136.92.207 - - [13/Nov/2022:19:46:04 +0100] "GET /which-lies-in-southwest-cambodia/feed/ HTTP/1.1" 200 406 "-" "Mozilla/5.0 (compatible; MJ12bot/v1.4.8; http://mj12bot.com/)"
213.136.92.207 - - [13/Nov/2022:19:46:08 +0100] "GET /while-both-tea-and-coffee-have-different-wellbeing-benefits/feed/ HTTP/1.1" 302 272 "-" "Mozilla/5.0 (compatible; MJ12bot/v1.4.8; http://mj12bot.com/)"
216.244.66.239 - - [13/Nov/2022:19:46:12 +0100] "GET /apps/school/www_old4/img/LevelA/Category1/LevelACat1Lesson20/ipTable.png HTTP/1.1" 200 67652 "-" "Mozilla/5.0 (compatible; DotBot/1.2; +https://opensiteexplorer.org/dotbot; help@moz.com)"
213.136.92.207 - - [13/Nov/2022:19:46:15 +0100] "GET /while-both-tea-and-coffee-have-different-wellbeing-benefits/feed/ HTTP/1.1" 200 424 "-" "Mozilla/5.0 (compatible; MJ12bot/v1.4.8; http://mj12bot.com/)"
213.136.92.207 - - [13/Nov/2022:19:46:19 +0100] "GET /while-both-tea-and-coffee-have-different-wellbeing-benefits/feed/ HTTP/1.1" 200 424 "-" "Mozilla/5.0 (compatible; MJ12bot/v1.4.8; http://mj12bot.com/)"
216.244.66.239 - - [13/Nov/2022:19:46:21 +0100] "GET /apps/school/www_old4/img/LevelA/Category1/LevelACat1Lesson5/rPlusAm.png HTTP/1.1" 200 4492 "-" "Mozilla/5.0 (compatible; DotBot/1.2; +https://opensiteexplorer.org/dotbot; help@moz.com)"
213.136.92.207 - - [13/Nov/2022:19:46:25 +0100] "GET /while-every-monster/feed/ HTTP/1.1" 302 232 "-" "Mozilla/5.0 (compatible; MJ12bot/v1.4.8; http://mj12bot.com/)"
66.249.70.19 - - [13/Nov/2022:19:46:26 +0100] "GET /robots.txt HTTP/1.1" 404 208 "-" "Mozilla/5.0 (compatible; Googlebot/2.1; +http://www.google.com/bot.html)"
216.244.66.239 - - [13/Nov/2022:19:46:26 +0100] "GET /apps/school/www_old4/img/LevelD/Category3/LevelDCat3Lesson14/carrotTree.png HTTP/1.1" 200 42350 "-" "Mozilla/5.0 (compatible; DotBot/1.2; +https://opensiteexplorer.org/dotbot; help@moz.com)"
66.249.70.15 - - [13/Nov/2022:19:46:26 +0100] "GET /newpassword.php HTTP/1.1" 200 2553 "-" "Mozilla/5.0 (Linux; Android 6.0.1; Nexus 5X Build/MMB29P) AppleWebKit/537.36 (KHTML, like Gecko) Chrome/107.0.5304.110 Mobile Safari/537.36 (compatible; Googlebot/2.1; +http://www.google.com/bot.html)"
213.136.92.207 - - [13/Nov/2022:19:46:28 +0100] "GET /while-every-monster/feed/ HTTP/1.1" 200 398 "-" "Mozilla/5.0 (compatible; MJ12bot/v1.4.8; http://mj12bot.com/)"
216.244.66.239 - - [13/Nov/2022:19:46:31 +0100] "GET /apps/school/www_old5/img/LevelE/Category2/LevelECat2Lesson08/man.png HTTP/1.1" 200 8574 "-" "Mozilla/5.0 (compatible; DotBot/1.2; +https://opensiteexplorer.org/dotbot; help@moz.com)"
213.136.92.207 - - [13/Nov/2022:19:46:31 +0100] "GET /while-every-monster/feed/ HTTP/1.1" 200 398 "-" "Mozilla/5.0 (compatible; MJ12bot/v1.4.8; http://mj12bot.com/)"
146.190.56.0 - - [13/Nov/2022:19:46:34 +0100] "CONNECT 188.214.129.95:4444 HTTP/1.1" 200 21 "-" "-"
213.136.92.207 - - [13/Nov/2022:19:46:34 +0100] "GET /while-it-is-a-fact-that-heredity-is-a-cause-of-heart-disease/feed/ HTTP/1.1" 302 273 "-" "Mozilla/5.0 (compatible; MJ12bot/v1.4.8; http://mj12bot.com/)"
216.244.66.239 - - [13/Nov/2022:19:46:34 +0100] "GET /apps/school/www_old8/img/LevelA/Category1/LevelACat1Lesson02/rat.png HTTP/1.1" 200 12475 "-" "Mozilla/5.0 (compatible; DotBot/1.2; +https://opensiteexplorer.org/dotbot; help@moz.com)"
213.136.92.207 - - [13/Nov/2022:19:46:37 +0100] "GET /while-it-is-a-fact-that-heredity-is-a-cause-of-heart-disease/feed/ HTTP/1.1" 200 422 "-" "Mozilla/5.0 (compatible; MJ12bot/v1.4.8; http://mj12bot.com/)"
216.244.66.239 - - [13/Nov/2022:19:46:38 +0100] "GET /apps/school/www_old8/img/LevelF/Category1/LevelFCat1Lesson29/bubbles.png HTTP/1.1" 200 29603 "-" "Mozilla/5.0 (compatible; DotBot/1.2; +https://opensiteexplorer.org/dotbot; help@moz.com)"
213.136.92.207 - - [13/Nov/2022:19:46:41 +0100] "GET /while-it-is-a-fact-that-heredity-is-a-cause-of-heart-disease/feed/ HTTP/1.1" 200 421 "-" "Mozilla/5.0 (compatible; MJ12bot/v1.4.8; http://mj12bot.com/)"
216.244.66.239 - - [13/Nov/2022:19:46:41 +0100] "GET /apps/school/www_old8/img/LevelH/Category1/LevelHCat1Lesson05/newsPaper.png HTTP/1.1" 200 113336 "-" "Mozilla/5.0 (compatible; DotBot/1.2; +https://opensiteexplorer.org/dotbot; help@moz.com)"
216.244.66.239 - - [13/Nov/2022:19:46:44 +0100] "GET /apps/school/www_old9/Html/LevelD/Category2/?C=N;O=A HTTP/1.1" 200 6373 "-" "Mozilla/5.0 (compatible; DotBot/1.2; +https://opensiteexplorer.org/dotbot; help@moz.com)"
213.136.92.207 - - [13/Nov/2022:19:46:45 +0100] "GET /with-the-high-costs-of-healthcare-and-with-companies-competing/feed/ HTTP/1.1" 302 275 "-" "Mozilla/5.0 (compatible; MJ12bot/v1.4.8; http://mj12bot.com/)"
216.244.66.239 - - [13/Nov/2022:19:46:46 +0100] "GET /apps/school/www_old9/img/LevelB/Category1/LevelBCat1Lesson09/squareDish.png HTTP/1.1" 200 7272 "-" "Mozilla/5.0 (compatible; DotBot/1.2; +https://opensiteexplorer.org/dotbot; help@moz.com)"
213.136.92.207 - - [13/Nov/2022:19:46:50 +0100] "GET /with-the-high-costs-of-healthcare-and-with-companies-competing/feed/ HTTP/1.1" 200 423 "-" "Mozilla/5.0 (compatible; MJ12bot/v1.4.8; http://mj12bot.com/)"
213.136.92.207 - - [13/Nov/2022:19:46:52 +0100] "GET /with-the-high-costs-of-healthcare-and-with-companies-competing/feed/ HTTP/1.1" 200 423 "-" "Mozilla/5.0 (compatible; MJ12bot/v1.4.8; http://mj12bot.com/)"
213.136.92.207 - - [13/Nov/2022:19:46:56 +0100] "GET /witnesses-state-that-two-latino-men-in-a-black-lexus-pulled-up/feed/ HTTP/1.1" 302 275 "-" "Mozilla/5.0 (compatible; MJ12bot/v1.4.8; http://mj12bot.com/)"
213.136.92.207 - - [13/Nov/2022:19:47:01 +0100] "GET /witnesses-state-that-two-latino-men-in-a-black-lexus-pulled-up/feed/ HTTP/1.1" 200 426 "-" "Mozilla/5.0 (compatible; MJ12bot/v1.4.8; http://mj12bot.com/)"
213.136.92.207 - - [13/Nov/2022:19:47:06 +0100] "GET /witnesses-state-that-two-latino-men-in-a-black-lexus-pulled-up/feed/ HTTP/1.1" 200 427 "-" "Mozilla/5.0 (compatible; MJ12bot/v1.4.8; http://mj12bot.com/)"
213.136.92.207 - - [13/Nov/2022:19:47:09 +0100] "GET /you-can-improve-them-as-well-as-make-adjustments-to-your-taste/feed/ HTTP/1.1" 302 275 "-" "Mozilla/5.0 (compatible; MJ12bot/v1.4.8; http://mj12bot.com/)"
213.136.92.207 - - [13/Nov/2022:19:47:14 +0100] "GET /you-can-improve-them-as-well-as-make-adjustments-to-your-taste/feed/ HTTP/1.1" 200 424 "-" "Mozilla/5.0 (compatible; MJ12bot/v1.4.8; http://mj12bot.com/)"
114.119.141.51 - - [13/Nov/2022:19:47:16 +0100] "GET /apps/school/www_old3/img/LevelA/Category1/LevelACat1Lesson22/?C=S%3BO%3DA HTTP/1.1" 200 450 "http://kulturdokumentation.se/apps/school/www_old3/img/LevelA/Category1/LevelACat1Lesson22/" "Mozilla/5.0 (Linux; Android 7.0;) AppleWebKit/537.36 (KHTML, like Gecko) Mobile Safari/537.36 (compatible; PetalBot;+https://webmaster.petalsearch.com/site/petalbot)"
213.136.92.207 - - [13/Nov/2022:19:47:19 +0100] "GET /you-can-improve-them-as-well-as-make-adjustments-to-your-taste/feed/ HTTP/1.1" 200 424 "-" "Mozilla/5.0 (compatible; MJ12bot/v1.4.8; http://mj12bot.com/)"
207.46.13.191 - - [13/Nov/2022:19:47:22 +0100] "GET / HTTP/1.1" 302 207 "-" "Mozilla/5.0 (compatible; bingbot/2.0; +http://www.bing.com/bingbot.htm)"
213.136.92.207 - - [13/Nov/2022:19:47:23 +0100] "GET /you-can-learn-quite-a-lot-about-how-healthy-your-site-is-and/feed/ HTTP/1.1" 302 273 "-" "Mozilla/5.0 (compatible; MJ12bot/v1.4.8; http://mj12bot.com/)"
216.244.66.239 - - [13/Nov/2022:19:47:25 +0100] "GET /apps/school/www_old10/img/LevelB/Category1/LevelBCat1Lesson01/diagraphs_sh_ch_th.png HTTP/1.1" 200 124090 "-" "Mozilla/5.0 (compatible; DotBot/1.2; +https://opensiteexplorer.org/dotbot; help@moz.com)"
216.244.66.239 - - [13/Nov/2022:19:47:28 +0100] "GET /apps/school/www_old10/img/LevelD/Category2/LevelDCat2Lesson11/apartment2Set3.png HTTP/1.1" 200 36133 "-" "Mozilla/5.0 (compatible; DotBot/1.2; +https://opensiteexplorer.org/dotbot; help@moz.com)"
213.136.92.207 - - [13/Nov/2022:19:47:29 +0100] "GET /you-can-learn-quite-a-lot-about-how-healthy-your-site-is-and/feed/ HTTP/1.1" 200 424 "-" "Mozilla/5.0 (compatible; MJ12bot/v1.4.8; http://mj12bot.com/)"
216.244.66.239 - - [13/Nov/2022:19:47:30 +0100] "GET /apps/school/www_old3/img/LevelA/Category2/LevelACat2Lesson8/ImgBigJamBottleSet2.png HTTP/1.1" 200 19297 "-" "Mozilla/5.0 (compatible; DotBot/1.2; +https://opensiteexplorer.org/dotbot; help@moz.com)"
216.244.66.239 - - [13/Nov/2022:19:47:32 +0100] "GET /apps/school/www_old3/img/LevelD/Category3/LevelDCat3Lesson24/examinationTable.png HTTP/1.1" 200 8548 "-" "Mozilla/5.0 (compatible; DotBot/1.2; +https://opensiteexplorer.org/dotbot; help@moz.com)"
213.136.92.207 - - [13/Nov/2022:19:47:32 +0100] "GET /you-can-learn-quite-a-lot-about-how-healthy-your-site-is-and/feed/ HTTP/1.1" 200 424 "-" "Mozilla/5.0 (compatible; MJ12bot/v1.4.8; http://mj12bot.com/)"
216.244.66.239 - - [13/Nov/2022:19:47:33 +0100] "GET /apps/school/www_old4/img/LevelD/Category2/LevelDCat2Lesson2/earRingsPair10.png HTTP/1.1" 200 10794 "-" "Mozilla/5.0 (compatible; DotBot/1.2; +https://opensiteexplorer.org/dotbot; help@moz.com)"
216.244.66.239 - - [13/Nov/2022:19:47:35 +0100] "GET /apps/school/www_old4/img/LevelD/Category2/LevelDCat2Lesson4/footPrints12.png HTTP/1.1" 200 8825 "-" "Mozilla/5.0 (compatible; DotBot/1.2; +https://opensiteexplorer.org/dotbot; help@moz.com)"
216.244.66.239 - - [13/Nov/2022:19:47:36 +0100] "GET /apps/school/www_old8/img/LevelE/Category1/LevelECat1Lesson11/vocabularySkills.png HTTP/1.1" 200 128752 "-" "Mozilla/5.0 (compatible; DotBot/1.2; +https://opensiteexplorer.org/dotbot; help@moz.com)"
213.136.92.207 - - [13/Nov/2022:19:47:39 +0100] "GET /you-can-opt-for-villas-depending-on-your-basic-needs/feed/ HTTP/1.1" 302 265 "-" "Mozilla/5.0 (compatible; MJ12bot/v1.4.8; http://mj12bot.com/)"
216.244.66.239 - - [13/Nov/2022:19:47:40 +0100] "GET /apps/school/www_old8/img/LevelE/Category3/LevelECat3Lesson08/winterReading.png HTTP/1.1" 200 8014 "-" "Mozilla/5.0 (compatible; DotBot/1.2; +https://opensiteexplorer.org/dotbot; help@moz.com)"
213.136.92.207 - - [13/Nov/2022:19:47:42 +0100] "GET /you-can-opt-for-villas-depending-on-your-basic-needs/feed/ HTTP/1.1" 200 418 "-" "Mozilla/5.0 (compatible; MJ12bot/v1.4.8; http://mj12bot.com/)"
213.136.92.207 - - [13/Nov/2022:19:47:47 +0100] "GET /you-can-opt-for-villas-depending-on-your-basic-needs/feed/ HTTP/1.1" 200 417 "-" "Mozilla/5.0 (compatible; MJ12bot/v1.4.8; http://mj12bot.com/)"
194.110.203.38 - - [13/Nov/2022:19:47:47 +0100] "GET /backup_notes-online.sql.tar HTTP/1.1" 404 225 "-" "Firefox"
213.136.92.207 - - [13/Nov/2022:19:47:51 +0100] "GET /you-can-rush-it-and-you-can-just-guess/feed/ HTTP/1.1" 302 251 "-" "Mozilla/5.0 (compatible; MJ12bot/v1.4.8; http://mj12bot.com/)"
114.119.134.161 - - [13/Nov/2022:19:47:54 +0100] "GET /apps/school/www_old9/img/LevelA/Category2/LevelACat2Lesson10 HTTP/1.1" 301 300 "http://kulturdokumentation.com/apps/school/www_old9/img/LevelA/Category2?C=S%3BO%3DA" "Mozilla/5.0 (Linux; Android 7.0;) AppleWebKit/537.36 (KHTML, like Gecko) Mobile Safari/537.36 (compatible; PetalBot;+https://webmaster.petalsearch.com/site/petalbot)"
114.119.134.161 - - [13/Nov/2022:19:47:55 +0100] "GET /apps/school/www_old9/img/LevelA/Category2/LevelACat2Lesson10/ HTTP/1.1" 200 460 "http://kulturdokumentation.com/apps/school/www_old9/img/LevelA/Category2?C=S%3BO%3DA" "Mozilla/5.0 (Linux; Android 7.0;) AppleWebKit/537.36 (KHTML, like Gecko) Mobile Safari/537.36 (compatible; PetalBot;+https://webmaster.petalsearch.com/site/petalbot)"
213.136.92.207 - - [13/Nov/2022:19:47:55 +0100] "GET /you-can-rush-it-and-you-can-just-guess/feed/ HTTP/1.1" 200 408 "-" "Mozilla/5.0 (compatible; MJ12bot/v1.4.8; http://mj12bot.com/)"
213.136.92.207 - - [13/Nov/2022:19:47:59 +0100] "GET /you-can-rush-it-and-you-can-just-guess/feed/ HTTP/1.1" 200 409 "-" "Mozilla/5.0 (compatible; MJ12bot/v1.4.8; http://mj12bot.com/)"
213.136.92.207 - - [13/Nov/2022:19:48:04 +0100] "GET /you-just-have-to-make-choice-of-finding-out-the-best-way-of/feed/ HTTP/1.1" 302 272 "-" "Mozilla/5.0 (compatible; MJ12bot/v1.4.8; http://mj12bot.com/)"
213.136.92.207 - - [13/Nov/2022:19:48:08 +0100] "GET /you-just-have-to-make-choice-of-finding-out-the-best-way-of/feed/ HTTP/1.1" 200 424 "-" "Mozilla/5.0 (compatible; MJ12bot/v1.4.8; http://mj12bot.com/)"
213.136.92.207 - - [13/Nov/2022:19:48:10 +0100] "GET /you-just-have-to-make-choice-of-finding-out-the-best-way-of/feed/ HTTP/1.1" 200 424 "-" "Mozilla/5.0 (compatible; MJ12bot/v1.4.8; http://mj12bot.com/)"
213.136.92.207 - - [13/Nov/2022:19:48:13 +0100] "GET /you-will-feel-a-release-a-subtle-release-of-muscle-tension/feed/ HTTP/1.1" 302 271 "-" "Mozilla/5.0 (compatible; MJ12bot/v1.4.8; http://mj12bot.com/)"
213.136.92.207 - - [13/Nov/2022:19:48:17 +0100] "GET /you-will-feel-a-release-a-subtle-release-of-muscle-tension/feed/ HTTP/1.1" 200 416 "-" "Mozilla/5.0 (compatible; MJ12bot/v1.4.8; http://mj12bot.com/)"
213.136.92.207 - - [13/Nov/2022:19:48:22 +0100] "GET /you-will-feel-a-release-a-subtle-release-of-muscle-tension/feed/ HTTP/1.1" 200 416 "-" "Mozilla/5.0 (compatible; MJ12bot/v1.4.8; http://mj12bot.com/)"
::1 - - [13/Nov/2022:19:48:40 +0100] "OPTIONS * HTTP/1.0" 200 - "-" "Apache/2.4.7 (Ubuntu) PHP/5.5.9-1ubuntu4.29 OpenSSL/1.0.1f (internal dummy connection)"
216.244.66.239 - - [13/Nov/2022:19:48:59 +0100] "GET /apps/school/www_old10/img/LevelA/Category1/?C=M;O=A HTTP/1.1" 200 10801 "-" "Mozilla/5.0 (compatible; DotBot/1.2; +https://opensiteexplorer.org/dotbot; help@moz.com)"
216.244.66.239 - - [13/Nov/2022:19:49:01 +0100] "GET /apps/school/www_old6/Html/LevelF/Category2/?C=S;O=A HTTP/1.1" 200 11309 "-" "Mozilla/5.0 (compatible; DotBot/1.2; +https://opensiteexplorer.org/dotbot; help@moz.com)"
216.244.66.239 - - [13/Nov/2022:19:49:03 +0100] "GET /apps/school/www_old6/img/LevelD/Category2/?C=M;O=A HTTP/1.1" 200 6002 "-" "Mozilla/5.0 (compatible; DotBot/1.2; +https://opensiteexplorer.org/dotbot; help@moz.com)"
146.190.56.0 - - [13/Nov/2022:19:49:36 +0100] "CONNECT 188.214.129.95:4444 HTTP/1.1" 200 21 "-" "-"
157.55.39.232 - - [13/Nov/2022:19:50:06 +0100] "GET / HTTP/1.1" 200 3088 "-" "Mozilla/5.0 (compatible; bingbot/2.0; +http://www.bing.com/bingbot.htm)"
185.191.171.18 - - [13/Nov/2022:19:50:29 +0100] "GET /robots.txt HTTP/1.1" 404 208 "-" "Mozilla/5.0 (compatible; SemrushBot/7~bl; +http://www.semrush.com/bot.html)"
185.191.171.7 - - [13/Nov/2022:19:50:30 +0100] "GET /?page=start HTTP/1.1" 200 1772 "-" "Mozilla/5.0 (compatible; SemrushBot/7~bl; +http://www.semrush.com/bot.html)"
66.249.64.157 - - [13/Nov/2022:19:51:41 +0100] "GET /?page=result&keyword=sk%E4rmar HTTP/1.1" 200 3649 "-" "Mozilla/5.0 (Linux; Android 6.0.1; Nexus 5X Build/MMB29P) AppleWebKit/537.36 (KHTML, like Gecko) Chrome/107.0.5304.110 Mobile Safari/537.36 (compatible; Googlebot/2.1; +http://www.google.com/bot.html)"
209.141.49.253 - - [13/Nov/2022:19:52:12 +0100] "GET /wp-login.php HTTP/1.1" 200 2977 "-" "Mozilla/5.0 (Windows NT 6.3; WOW64; rv:30.0) Gecko/20100101 Firefox/30.0"
94.102.51.9 - - [13/Nov/2022:19:52:20 +0100] "GET / HTTP/1.1" 200 21 "-" "Mozilla/5.0 (Macintosh; Intel Mac OS X 10_12_2) AppleWebKit/537.36 (KHTML, like Gecko) Chrome/55.0.2883.95 Safari/537.36"
114.119.141.53 - - [13/Nov/2022:19:52:22 +0100] "GET /apps/school/www_old8/img/LevelF/Category2/LevelFCat2Lesson31/?C=D%3BO%3DA HTTP/1.1" 200 453 "http://kulturdokumentation.se/apps/school/www_old8/img/LevelF/Category2/LevelFCat2Lesson31/?C=N%3BO%3DD" "Mozilla/5.0 (Linux; Android 7.0;) AppleWebKit/537.36 (KHTML, like Gecko) Mobile Safari/537.36 (compatible; PetalBot;+https://webmaster.petalsearch.com/site/petalbot)"
146.190.56.0 - - [13/Nov/2022:19:52:31 +0100] "CONNECT 188.214.129.95:4444 HTTP/1.1" 200 21 "-" "-"
114.119.134.152 - - [13/Nov/2022:19:53:03 +0100] "GET /apps/school/www_old8/img/LevelC/Category3/LevelCCat3Lesson03?C=S%3BO%3DA HTTP/1.1" 301 312 "http://kulturdokumentation.com/apps/school/www_old8/img/LevelC/Category3/LevelCCat3Lesson03" "Mozilla/5.0 (Linux; Android 7.0;) AppleWebKit/537.36 (KHTML, like Gecko) Mobile Safari/537.36 (compatible; PetalBot;+https://webmaster.petalsearch.com/site/petalbot)"
114.119.134.152 - - [13/Nov/2022:19:53:04 +0100] "GET /apps/school/www_old8/img/LevelC/Category3/LevelCCat3Lesson03/?C=S%3BO%3DA HTTP/1.1" 200 541 "http://kulturdokumentation.com/apps/school/www_old8/img/LevelC/Category3/LevelCCat3Lesson03" "Mozilla/5.0 (Linux; Android 7.0;) AppleWebKit/537.36 (KHTML, like Gecko) Mobile Safari/537.36 (compatible; PetalBot;+https://webmaster.petalsearch.com/site/petalbot)"
40.77.167.13 - - [13/Nov/2022:19:53:18 +0100] "GET /forge/forge-api-nodejs-client/src/model/JobPayloadOutput.js HTTP/1.1" 200 1366 "-" "Mozilla/5.0 AppleWebKit/537.36 (KHTML, like Gecko; compatible; bingbot/2.0; +http://www.bing.com/bingbot.htm) Chrome/103.0.5060.134 Safari/537.36"
40.77.167.60 - - [13/Nov/2022:19:53:22 +0100] "GET /index.php?page=content&id=6 HTTP/1.1" 200 4729 "-" "Mozilla/5.0 (compatible; bingbot/2.0; +http://www.bing.com/bingbot.htm)"
89.246.241.14 - - [13/Nov/2022:19:54:58 +0100] "GET /2014/04/ HTTP/1.1" 200 9957 "-" "Mozilla/5.0 (Windows NT 10.0; Win64; x64; rv:84.0) Gecko/20100101 Firefox/84.0"
54.36.149.71 - - [13/Nov/2022:19:55:17 +0100] "GET /?page=result&keyword=hyllor HTTP/1.1" 200 3817 "-" "Mozilla/5.0 (compatible; AhrefsBot/7.0; +http://ahrefs.com/robot/)"
152.160.235.235 - - [13/Nov/2022:19:55:21 +0100] "GET /wp-login.php HTTP/1.1" 404 210 "-" "Mozilla/5.0 (Windows NT 10.0; Win64; x64; rv:96.0) Gecko/20100101 Firefox/96"
54.36.148.173 - - [13/Nov/2022:19:55:25 +0100] "GET /data/thumbs/BILLY%20Bookcase%20with%20Glass%20Door_40x202.jpg HTTP/1.1" 200 2275 "-" "Mozilla/5.0 (compatible; AhrefsBot/7.0; +http://ahrefs.com/robot/)"
54.36.148.153 - - [13/Nov/2022:19:55:29 +0100] "GET /images/arrow1.jpg HTTP/1.1" 200 3292 "-" "Mozilla/5.0 (compatible; AhrefsBot/7.0; +http://ahrefs.com/robot/)"
54.36.148.124 - - [13/Nov/2022:19:55:32 +0100] "GET /data/thumbs/BILLY%20Bookcase%20with%20Glass%20Door_80x202.jpg HTTP/1.1" 200 3659 "-" "Mozilla/5.0 (compatible; AhrefsBot/7.0; +http://ahrefs.com/robot/)"
54.36.148.204 - - [13/Nov/2022:19:55:35 +0100] "GET /data/thumbs/BILLY%20Bookcase%20system_200x202.jpg HTTP/1.1" 200 5127 "-" "Mozilla/5.0 (compatible; AhrefsBot/7.0; +http://ahrefs.com/robot/)"
54.36.148.114 - - [13/Nov/2022:19:55:39 +0100] "GET /data/thumbs/BILLY%20Bookcase%20system_280x237.jpg HTTP/1.1" 200 7551 "-" "Mozilla/5.0 (compatible; AhrefsBot/7.0; +http://ahrefs.com/robot/)"
54.36.149.92 - - [13/Nov/2022:19:55:40 +0100] "GET /data/thumbs/BILLY%20Bookcase%20with%20Glass%20Door_160x106.jpg HTTP/1.1" 200 3444 "-" "Mozilla/5.0 (compatible; AhrefsBot/7.0; +http://ahrefs.com/robot/)"
185.191.171.3 - - [13/Nov/2022:19:55:41 +0100] "GET /index.php?id=44&page=content HTTP/1.1" 200 4681 "-" "Mozilla/5.0 (compatible; SemrushBot/7~bl; +http://www.semrush.com/bot.html)"
60.217.75.70 - - [13/Nov/2022:19:56:39 +0100] "GET / HTTP/1.0" 400 362 "-" "-"
114.119.141.42 - - [13/Nov/2022:19:57:31 +0100] "GET /apps/school/www_old4/img/LevelB/Category1/LevelBCat1Lesson3/?C=N%3BO%3DD HTTP/1.1" 200 449 "http://kulturdokumentation.se/apps/school/www_old4/img/LevelB/Category1/LevelBCat1Lesson3/?C=S%3BO%3DA" "Mozilla/5.0 (Linux; Android 7.0;) AppleWebKit/537.36 (KHTML, like Gecko) Mobile Safari/537.36 (compatible; PetalBot;+https://webmaster.petalsearch.com/site/petalbot)"
185.191.171.40 - - [13/Nov/2022:19:57:41 +0100] "GET /index.php?id=35&page=content HTTP/1.1" 200 4817 "-" "Mozilla/5.0 (compatible; SemrushBot/7~bl; +http://www.semrush.com/bot.html)"
185.191.171.22 - - [13/Nov/2022:19:57:49 +0100] "GET /robots.txt HTTP/1.1" 200 67 "-" "Mozilla/5.0 (compatible; SemrushBot/7~bl; +http://www.semrush.com/bot.html)"
185.191.171.2 - - [13/Nov/2022:19:57:51 +0100] "GET /2013/04/ HTTP/1.1" 200 9531 "-" "Mozilla/5.0 (compatible; SemrushBot/7~bl; +http://www.semrush.com/bot.html)"
114.119.134.155 - - [13/Nov/2022:19:58:19 +0100] "GET /apps/school/www_old4/img/LevelD/Category2/LevelDCat2Lesson13?C=D%3BO%3DA HTTP/1.1" 301 312 "http://kulturdokumentation.com/apps/school/www_old4/img/LevelD/Category2/LevelDCat2Lesson13?C=N%3BO%3DD" "Mozilla/5.0 (Linux; Android 7.0;) AppleWebKit/537.36 (KHTML, like Gecko) Mobile Safari/537.36 (compatible; PetalBot;+https://webmaster.petalsearch.com/site/petalbot)"
114.119.134.155 - - [13/Nov/2022:19:58:20 +0100] "GET /apps/school/www_old4/img/LevelD/Category2/LevelDCat2Lesson13/?C=D%3BO%3DA HTTP/1.1" 200 473 "http://kulturdokumentation.com/apps/school/www_old4/img/LevelD/Category2/LevelDCat2Lesson13?C=N%3BO%3DD" "Mozilla/5.0 (Linux; Android 7.0;) AppleWebKit/537.36 (KHTML, like Gecko) Mobile Safari/537.36 (compatible; PetalBot;+https://webmaster.petalsearch.com/site/petalbot)"
198.235.24.25 - - [13/Nov/2022:19:58:24 +0100] "GET / HTTP/1.1" 200 6439 "-" "Expanse, a Palo Alto Networks company, searches across the global IPv4 space multiple times per day to identify customers' presences on the Internet. If you would like to be excluded from our scans, please send IP addresses/domains to: scaninfo@paloaltonetworks.com"
54.36.148.94 - - [13/Nov/2022:19:59:18 +0100] "GET /bijvoorbeeld-als-een-obligatie-jaarlijks-8-rente-rent-en-de/ HTTP/1.1" 302 267 "-" "Mozilla/5.0 (compatible; AhrefsBot/7.0; +http://ahrefs.com/robot/)"
146.190.56.0 - - [13/Nov/2022:19:59:26 +0100] "CONNECT 188.214.129.95:4444 HTTP/1.1" 200 21 "-" "-"
185.191.171.7 - - [13/Nov/2022:20:00:18 +0100] "GET /index.php?CompanyId=722&page=change HTTP/1.1" 200 1772 "-" "Mozilla/5.0 (compatible; SemrushBot/7~bl; +http://www.semrush.com/bot.html)"
185.191.171.3 - - [13/Nov/2022:20:00:24 +0100] "GET /robots.txt HTTP/1.1" 404 208 "-" "Mozilla/5.0 (compatible; SemrushBot/7~bl; +http://www.semrush.com/bot.html)"
185.191.171.17 - - [13/Nov/2022:20:00:24 +0100] "GET /tillampningar.php HTTP/1.1" 200 3981 "-" "Mozilla/5.0 (compatible; SemrushBot/7~bl; +http://www.semrush.com/bot.html)"
216.244.66.239 - - [13/Nov/2022:20:00:31 +0100] "GET /robots.txt HTTP/1.1" 404 208 "-" "Mozilla/5.0 (compatible; DotBot/1.2; +https://opensiteexplorer.org/dotbot; help@moz.com)"
134.209.222.89 - - [13/Nov/2022:20:00:35 +0100] "POST /xmlrpc.php HTTP/1.1" 200 412 "-" "Mozilla/5.0 (Windows NT 10.0; Win64; x64) AppleWebKit/537.36 (KHTML, like Gecko) Chrome/88.0.4324.104 Safari/537.36"
66.171.163.151 - - [13/Nov/2022:20:00:38 +0100] "POST /xmlrpc.php HTTP/1.1" 200 412 "-" "Mozilla/5.0 (Windows NT 10.0; Win64; x64) AppleWebKit/537.36 (KHTML, like Gecko) Chrome/63.0.3239.132 Safari/537.36"
222.165.190.236 - - [13/Nov/2022:20:00:43 +0100] "POST /xmlrpc.php HTTP/1.1" 200 412 "-" "Mozilla/5.0 (Windows NT 10.0; Win64; x64) AppleWebKit/537.36 (KHTML, like Gecko) Chrome/87.0.4280.141 Safari/537.36"
82.217.66.111 - - [13/Nov/2022:20:00:45 +0100] "POST /xmlrpc.php HTTP/1.1" 200 412 "-" "Mozilla/5.0 (Windows NT 10.0; Win64; x64) AppleWebKit/537.36 (KHTML, like Gecko) Chrome/89.0.4389.90 Safari/537.36"
103.180.120.234 - - [13/Nov/2022:20:00:46 +0100] "POST /xmlrpc.php HTTP/1.1" 200 412 "-" "Mozilla/5.0 (Windows NT 6.1; rv:17.0) Gecko/20100101 Firefox/20.6.14"
92.222.235.132 - - [13/Nov/2022:20:00:51 +0100] "POST /xmlrpc.php HTTP/1.1" 200 412 "-" "Mozilla/5.0 (Windows NT 10.0; Win64; x64; rv:66.0) Gecko/20100101 Firefox/66.0"
185.98.5.174 - - [13/Nov/2022:20:00:55 +0100] "POST /xmlrpc.php HTTP/1.1" 200 412 "-" "Mozilla/5.0 (Windows NT 10.0) AppleWebKit/537.36 (KHTML, like Gecko) Chrome/91.0.4472.114 Safari/537.36"
42.192.4.129 - - [13/Nov/2022:20:00:58 +0100] "POST /xmlrpc.php HTTP/1.1" 200 412 "-" "Mozilla/5.0 (Windows NT 10.0; Win64; x64) AppleWebKit/537.36 (KHTML, like Gecko) Chrome/84.0.4147.105 Safari/537.36"
130.211.137.150 - - [13/Nov/2022:20:01:02 +0100] "POST /xmlrpc.php HTTP/1.1" 200 412 "-" "Mozilla/5.0 (Windows NT 6.1; Win64; x64) AppleWebKit/537.36 (KHTML, like Gecko) Chrome/69.0.3497.100 Safari/537.36"
198.55.102.203 - - [13/Nov/2022:20:01:02 +0100] "POST /xmlrpc.php HTTP/1.1" 200 412 "-" "Mozilla/5.0 (Linux; Android 10) AppleWebKit/537.36 (KHTML, like Gecko) Chrome/91.0.4472.114 Mobile Safari/537.36"
185.191.171.10 - - [13/Nov/2022:20:01:05 +0100] "GET /index.php?id=97&page=content HTTP/1.1" 200 4670 "-" "Mozilla/5.0 (compatible; SemrushBot/7~bl; +http://www.semrush.com/bot.html)"
146.190.56.0 - - [13/Nov/2022:20:01:11 +0100] "CONNECT 188.214.129.95:4444 HTTP/1.1" 200 21 "-" "-"
114.119.141.71 - - [13/Nov/2022:20:02:37 +0100] "GET /apps/school/www_old8/img/LevelF/Category2/LevelFCat2Lesson10/?C=N%3BO%3DD HTTP/1.1" 200 577 "http://kulturdokumentation.se/apps/school/www_old8/img/LevelF/Category2/LevelFCat2Lesson10/" "Mozilla/5.0 (Linux; Android 7.0;) AppleWebKit/537.36 (KHTML, like Gecko) Mobile Safari/537.36 (compatible; PetalBot;+https://webmaster.petalsearch.com/site/petalbot)"
35.196.183.238 - - [13/Nov/2022:20:03:14 +0100] "GET / HTTP/1.1" 200 21 "-" "Mozilla/5.0"
114.119.134.165 - - [13/Nov/2022:20:03:21 +0100] "GET /apps/school/www_old5/img/LevelD/Category1/LevelDCat1Lesson04/?C=M%3BO%3DA HTTP/1.1" 200 450 "http://kulturdokumentation.com/apps/school/www_old5/img/LevelD/Category1/LevelDCat1Lesson04/" "Mozilla/5.0 (Linux; Android 7.0;) AppleWebKit/537.36 (KHTML, like Gecko) Mobile Safari/537.36 (compatible; PetalBot;+https://webmaster.petalsearch.com/site/petalbot)"
185.191.171.22 - - [13/Nov/2022:20:03:27 +0100] "GET /?keyword=AGA&page=result&presentation=true HTTP/1.1" 200 3899 "-" "Mozilla/5.0 (compatible; SemrushBot/7~bl; +http://www.semrush.com/bot.html)"
94.23.207.193 - - [13/Nov/2022:20:04:29 +0100] "GET /robots.txt HTTP/1.1" 404 208 "-" "Mozilla/5.0 (compatible; MJ12bot/v1.4.8; http://mj12bot.com/)"
94.23.207.193 - - [13/Nov/2022:20:04:31 +0100] "GET /apps/school/www_old10/img/LevelA/Category1/LevelACat1Lesson26/?C=N;O=D HTTP/1.1" 200 518 "-" "Mozilla/5.0 (compatible; MJ12bot/v1.4.8; http://mj12bot.com/)"
94.23.207.193 - - [13/Nov/2022:20:04:33 +0100] "GET /apps/school/www_old10/img/LevelA/Category1/LevelACat1Lesson28/?C=D;O=A HTTP/1.1" 200 496 "-" "Mozilla/5.0 (compatible; MJ12bot/v1.4.8; http://mj12bot.com/)"
146.190.56.0 - - [13/Nov/2022:20:04:36 +0100] "CONNECT 188.214.129.95:4444 HTTP/1.1" 200 21 "-" "-"
94.23.207.193 - - [13/Nov/2022:20:04:39 +0100] "GET /apps/school/www_old10/img/LevelA/Category1/LevelACat1Lesson28/?C=M;O=A HTTP/1.1" 200 496 "-" "Mozilla/5.0 (compatible; MJ12bot/v1.4.8; http://mj12bot.com/)"
94.23.207.193 - - [13/Nov/2022:20:04:41 +0100] "GET /apps/school/www_old10/img/LevelA/Category1/LevelACat1Lesson28/?C=N;O=D HTTP/1.1" 200 494 "-" "Mozilla/5.0 (compatible; MJ12bot/v1.4.8; http://mj12bot.com/)"
94.23.207.193 - - [13/Nov/2022:20:04:43 +0100] "GET /apps/school/www_old10/img/LevelA/Category1/LevelACat1Lesson28/?C=S;O=A HTTP/1.1" 200 494 "-" "Mozilla/5.0 (compatible; MJ12bot/v1.4.8; http://mj12bot.com/)"
94.23.207.193 - - [13/Nov/2022:20:04:45 +0100] "GET /apps/school/www_old10/img/LevelA/Category1/LevelACat1Lesson44/?C=N;O=D HTTP/1.1" 200 449 "-" "Mozilla/5.0 (compatible; MJ12bot/v1.4.8; http://mj12bot.com/)"
94.23.207.193 - - [13/Nov/2022:20:04:46 +0100] "GET /apps/school/www_old10/img/LevelA/Category1/LevelACat1Lesson67/?C=N;O=D HTTP/1.1" 200 450 "-" "Mozilla/5.0 (compatible; MJ12bot/v1.4.8; http://mj12bot.com/)"
94.23.207.193 - - [13/Nov/2022:20:04:49 +0100] "GET /apps/school/www_old10/img/LevelA/Category2/LevelACat2Lesson01/?C=D;O=A HTTP/1.1" 200 490 "-" "Mozilla/5.0 (compatible; MJ12bot/v1.4.8; http://mj12bot.com/)"
94.23.207.193 - - [13/Nov/2022:20:04:51 +0100] "GET /apps/school/www_old10/img/LevelA/Category2/LevelACat2Lesson01/?C=M;O=A HTTP/1.1" 200 490 "-" "Mozilla/5.0 (compatible; MJ12bot/v1.4.8; http://mj12bot.com/)"
94.23.207.193 - - [13/Nov/2022:20:04:55 +0100] "GET /apps/school/www_old10/img/LevelA/Category2/LevelACat2Lesson01/?C=N;O=D HTTP/1.1" 200 487 "-" "Mozilla/5.0 (compatible; MJ12bot/v1.4.8; http://mj12bot.com/)"
94.23.207.193 - - [13/Nov/2022:20:04:59 +0100] "GET /apps/school/www_old10/img/LevelA/Category2/LevelACat2Lesson01/?C=S;O=A HTTP/1.1" 200 489 "-" "Mozilla/5.0 (compatible; MJ12bot/v1.4.8; http://mj12bot.com/)"
94.23.207.193 - - [13/Nov/2022:20:05:05 +0100] "GET /apps/school/www_old10/img/LevelA/Category2/LevelACat2Lesson02/?C=D;O=A HTTP/1.1" 200 482 "-" "Mozilla/5.0 (compatible; MJ12bot/v1.4.8; http://mj12bot.com/)"
