54.36.148.155 - - [13/Nov/2022:23:24:58 +0100] "GET /apps/school/www_old6/img/LevelH/Category1/LevelHCat1Lesson05/ HTTP/1.1" 200 448 "-" "Mozilla/5.0 (compatible; AhrefsBot/7.0; +http://ahrefs.com/robot/)"
114.119.141.42 - - [13/Nov/2022:23:25:07 +0100] "GET /apps/school/www_old8/img/LevelC/Category3/LevelCCat3Lesson20/?C=D%3BO%3DA HTTP/1.1" 200 502 "http://kulturdokumentation.se/apps/school/www_old8/img/LevelC/Category3/LevelCCat3Lesson20/?C=D%3BO%3DA" "Mozilla/5.0 (Linux; Android 7.0;) AppleWebKit/537.36 (KHTML, like Gecko) Mobile Safari/537.36 (compatible; PetalBot;+https://webmaster.petalsearch.com/site/petalbot)"
216.244.66.239 - - [13/Nov/2022:23:25:21 +0100] "GET /robots.txt HTTP/1.1" 404 208 "-" "Mozilla/5.0 (compatible; DotBot/1.2; +https://opensiteexplorer.org/dotbot; help@moz.com)"
114.119.153.186 - - [13/Nov/2022:23:26:14 +0100] "GET /apps/school/www_old3/img/LevelB/Category2 HTTP/1.1" 301 275 "http://appsrv.astacus.se/apps/school/www_old3/img/LevelB/Category2/LevelBCat2Lesson9?C=S%3BO%3DA" "Mozilla/5.0 (Linux; Android 7.0;) AppleWebKit/537.36 (KHTML, like Gecko) Mobile Safari/537.36 (compatible; PetalBot;+https://webmaster.petalsearch.com/site/petalbot)"
114.119.153.186 - - [13/Nov/2022:23:26:15 +0100] "GET /apps/school/www_old3/img/LevelB/Category2/ HTTP/1.1" 200 540 "http://appsrv.astacus.se/apps/school/www_old3/img/LevelB/Category2/LevelBCat2Lesson9?C=S%3BO%3DA" "Mozilla/5.0 (Linux; Android 7.0;) AppleWebKit/537.36 (KHTML, like Gecko) Mobile Safari/537.36 (compatible; PetalBot;+https://webmaster.petalsearch.com/site/petalbot)"
54.36.148.204 - - [13/Nov/2022:23:26:42 +0100] "GET /apps/school/www_old5/img/LevelG/Category2/LevelGCat2Lesson04/?C=M;O=A HTTP/1.1" 200 448 "-" "Mozilla/5.0 (compatible; AhrefsBot/7.0; +http://ahrefs.com/robot/)"
5.45.207.103 - - [13/Nov/2022:23:26:45 +0100] "GET /robots.txt HTTP/1.1" 404 208 "-" "Mozilla/5.0 (compatible; YandexBot/3.0; +http://yandex.com/bots)"
5.45.207.144 - - [13/Nov/2022:23:26:49 +0100] "GET /apps/school/www_old8/Html/LevelB/Category2/LevelBCat2Lesson19.html HTTP/1.1" 200 2139 "-" "Mozilla/5.0 (compatible; YandexBot/3.0; +http://yandex.com/bots)"
107.189.3.40 - - [13/Nov/2022:23:27:14 +0100] "GET /wp-login.php HTTP/1.1" 200 2977 "-" "Mozilla/5.0 (Windows NT 6.1) AppleWebKit/537.36 (KHTML, like Gecko) Chrome/36.0.1985.125 Safari/537.36"
157.55.39.117 - - [13/Nov/2022:23:27:21 +0100] "GET / HTTP/1.1" 200 1772 "-" "Mozilla/5.0 (compatible; bingbot/2.0; +http://www.bing.com/bingbot.htm)"
54.90.72.92 - - [13/Nov/2022:23:27:26 +0100] "GET / HTTP/1.1" 200 13133 "-" "Mozilla/5.0 (Windows NT 10.0; Win64; x64) AppleWebKit/537.36 (KHTML, like Gecko) Chrome/101.0.4951.64 Safari/537.36 Edg/101.0.1210.53"
107.189.3.40 - - [13/Nov/2022:23:27:33 +0100] "POST /wp-login.php HTTP/1.1" 200 3988 "-" "Mozilla/5.0 (Windows NT 6.1) AppleWebKit/537.36 (KHTML, like Gecko) Chrome/36.0.1985.125 Safari/537.36"
114.119.153.188 - - [13/Nov/2022:23:27:42 +0100] "GET /apps/school/www_old4/img/LevelE/Category3/?C=D%3BO%3DA HTTP/1.1" 200 596 "http://www2.astacus.se/apps/school/www_old4/img/LevelE/Category3/?C=S%3BO%3DA" "Mozilla/5.0 (Linux; Android 7.0;) AppleWebKit/537.36 (KHTML, like Gecko) Mobile Safari/537.36 (compatible; PetalBot;+https://webmaster.petalsearch.com/site/petalbot)"
54.36.148.86 - - [13/Nov/2022:23:28:32 +0100] "GET /apps/school/www_old6/img/LevelD/Category2/LevelDCat2Lesson25/?C=D;O=A HTTP/1.1" 200 499 "-" "Mozilla/5.0 (compatible; AhrefsBot/7.0; +http://ahrefs.com/robot/)"
185.191.171.14 - - [13/Nov/2022:23:28:37 +0100] "GET /index.php?filename=Concorde_S.zip&id=94&page=download&path=data%2Fmodels%2FConcorde_S.zip HTTP/1.1" 200 4211 "-" "Mozilla/5.0 (compatible; SemrushBot/7~bl; +http://www.semrush.com/bot.html)"
66.102.9.163 - - [13/Nov/2022:23:29:05 +0100] "GET /data/thumbs/DALOM%20Pedestal%20table_49x57.jpg HTTP/1.1" 200 3915 "-" "Mozilla/5.0 (Windows NT 5.1; rv:11.0) Gecko Firefox/11.0 (via ggpht.com GoogleImageProxy)"
81.231.180.112 - - [13/Nov/2022:23:29:13 +0100] "GET /index.php?page=content&id=37 HTTP/1.1" 200 4674 "-" "Mozilla/5.0 (Linux; Android 11; motorola edge 20 lite) AppleWebKit/537.36 (KHTML, like Gecko) Chrome/107.0.0.0 Mobile Safari/537.36"
81.231.180.112 - - [13/Nov/2022:23:29:13 +0100] "GET /fadeslideshow.js HTTP/1.1" 200 4248 "http://www.biminfo.se/index.php?page=content&id=37" "Mozilla/5.0 (Linux; Android 11; motorola edge 20 lite) AppleWebKit/537.36 (KHTML, like Gecko) Chrome/107.0.0.0 Mobile Safari/537.36"
81.231.180.112 - - [13/Nov/2022:23:29:13 +0100] "GET /images/left.jpg HTTP/1.1" 200 2288 "http://www.biminfo.se/index.php?page=content&id=37" "Mozilla/5.0 (Linux; Android 11; motorola edge 20 lite) AppleWebKit/537.36 (KHTML, like Gecko) Chrome/107.0.0.0 Mobile Safari/537.36"
81.231.180.112 - - [13/Nov/2022:23:29:13 +0100] "GET /images/logga-biminfo.jpg HTTP/1.1" 200 5382 "http://www.biminfo.se/index.php?page=content&id=37" "Mozilla/5.0 (Linux; Android 11; motorola edge 20 lite) AppleWebKit/537.36 (KHTML, like Gecko) Chrome/107.0.0.0 Mobile Safari/537.36"
81.231.180.112 - - [13/Nov/2022:23:29:13 +0100] "GET /images/emp.png HTTP/1.1" 200 934 "http://www.biminfo.se/index.php?page=content&id=37" "Mozilla/5.0 (Linux; Android 11; motorola edge 20 lite) AppleWebKit/537.36 (KHTML, like Gecko) Chrome/107.0.0.0 Mobile Safari/537.36"
81.231.180.112 - - [13/Nov/2022:23:29:13 +0100] "GET /data/thumbs/DALOM%20Pedestal%20table_49x57.jpg HTTP/1.1" 200 3915 "http://www.biminfo.se/index.php?page=content&id=37" "Mozilla/5.0 (Linux; Android 11; motorola edge 20 lite) AppleWebKit/537.36 (KHTML, like Gecko) Chrome/107.0.0.0 Mobile Safari/537.36"
81.231.180.112 - - [13/Nov/2022:23:29:13 +0100] "GET /images/download_arrow.jpg HTTP/1.1" 200 1793 "http://www.biminfo.se/index.php?page=content&id=37" "Mozilla/5.0 (Linux; Android 11; motorola edge 20 lite) AppleWebKit/537.36 (KHTML, like Gecko) Chrome/107.0.0.0 Mobile Safari/537.36"
81.231.180.112 - - [13/Nov/2022:23:29:13 +0100] "GET /images/right.jpg HTTP/1.1" 200 2376 "http://www.biminfo.se/index.php?page=content&id=37" "Mozilla/5.0 (Linux; Android 11; motorola edge 20 lite) AppleWebKit/537.36 (KHTML, like Gecko) Chrome/107.0.0.0 Mobile Safari/537.36"
81.231.180.112 - - [13/Nov/2022:23:29:13 +0100] "GET /top_banner/logga.png HTTP/1.1" 302 227 "http://www.biminfo.se/" "Mozilla/5.0 (Linux; Android 11; motorola edge 20 lite) AppleWebKit/537.36 (KHTML, like Gecko) Chrome/107.0.0.0 Mobile Safari/537.36"
81.231.180.112 - - [13/Nov/2022:23:29:13 +0100] "GET /top_banner/background.png HTTP/1.1" 302 232 "http://www.biminfo.se/" "Mozilla/5.0 (Linux; Android 11; motorola edge 20 lite) AppleWebKit/537.36 (KHTML, like Gecko) Chrome/107.0.0.0 Mobile Safari/537.36"
81.231.180.112 - - [13/Nov/2022:23:29:13 +0100] "GET /images/banner1.jpg HTTP/1.1" 200 59617 "http://www.biminfo.se/index.php?page=content&id=37" "Mozilla/5.0 (Linux; Android 11; motorola edge 20 lite) AppleWebKit/537.36 (KHTML, like Gecko) Chrome/107.0.0.0 Mobile Safari/537.36"
81.231.180.112 - - [13/Nov/2022:23:29:13 +0100] "GET /images/bk_search.jpg HTTP/1.1" 200 703 "http://www.biminfo.se/index.php?page=content&id=37" "Mozilla/5.0 (Linux; Android 11; motorola edge 20 lite) AppleWebKit/537.36 (KHTML, like Gecko) Chrome/107.0.0.0 Mobile Safari/537.36"
81.231.180.112 - - [13/Nov/2022:23:29:13 +0100] "GET /images/banner3.jpg HTTP/1.1" 200 67363 "http://www.biminfo.se/index.php?page=content&id=37" "Mozilla/5.0 (Linux; Android 11; motorola edge 20 lite) AppleWebKit/537.36 (KHTML, like Gecko) Chrome/107.0.0.0 Mobile Safari/537.36"
81.231.180.112 - - [13/Nov/2022:23:29:13 +0100] "GET /images/banner2.jpg HTTP/1.1" 200 67638 "http://www.biminfo.se/index.php?page=content&id=37" "Mozilla/5.0 (Linux; Android 11; motorola edge 20 lite) AppleWebKit/537.36 (KHTML, like Gecko) Chrome/107.0.0.0 Mobile Safari/537.36"
81.231.180.112 - - [13/Nov/2022:23:29:13 +0100] "GET /images/banner4.jpg HTTP/1.1" 200 76703 "http://www.biminfo.se/index.php?page=content&id=37" "Mozilla/5.0 (Linux; Android 11; motorola edge 20 lite) AppleWebKit/537.36 (KHTML, like Gecko) Chrome/107.0.0.0 Mobile Safari/537.36"
81.231.180.112 - - [13/Nov/2022:23:29:13 +0100] "GET /top_banner/background.png HTTP/1.1" 200 6799 "http://www.biminfo.se/" "Mozilla/5.0 (Linux; Android 11; motorola edge 20 lite) AppleWebKit/537.36 (KHTML, like Gecko) Chrome/107.0.0.0 Mobile Safari/537.36"
81.231.180.112 - - [13/Nov/2022:23:29:13 +0100] "GET /top_banner/logga.png HTTP/1.1" 200 1675 "http://www.biminfo.se/" "Mozilla/5.0 (Linux; Android 11; motorola edge 20 lite) AppleWebKit/537.36 (KHTML, like Gecko) Chrome/107.0.0.0 Mobile Safari/537.36"
81.231.180.112 - - [13/Nov/2022:23:29:14 +0100] "GET /loading.gif HTTP/1.1" 404 209 "http://www.biminfo.se/index.php?page=content&id=37" "Mozilla/5.0 (Linux; Android 11; motorola edge 20 lite) AppleWebKit/537.36 (KHTML, like Gecko) Chrome/107.0.0.0 Mobile Safari/537.36"
81.231.180.112 - - [13/Nov/2022:23:29:14 +0100] "GET /images/1.gif HTTP/1.1" 200 631 "http://www.biminfo.se/index.php?page=content&id=37" "Mozilla/5.0 (Linux; Android 11; motorola edge 20 lite) AppleWebKit/537.36 (KHTML, like Gecko) Chrome/107.0.0.0 Mobile Safari/537.36"
81.231.180.112 - - [13/Nov/2022:23:29:14 +0100] "GET /images/3.gif HTTP/1.1" 200 631 "http://www.biminfo.se/index.php?page=content&id=37" "Mozilla/5.0 (Linux; Android 11; motorola edge 20 lite) AppleWebKit/537.36 (KHTML, like Gecko) Chrome/107.0.0.0 Mobile Safari/537.36"
81.231.180.112 - - [13/Nov/2022:23:29:14 +0100] "GET /images/5.gif HTTP/1.1" 200 631 "http://www.biminfo.se/index.php?page=content&id=37" "Mozilla/5.0 (Linux; Android 11; motorola edge 20 lite) AppleWebKit/537.36 (KHTML, like Gecko) Chrome/107.0.0.0 Mobile Safari/537.36"
81.231.180.112 - - [13/Nov/2022:23:29:14 +0100] "GET /images/2.gif HTTP/1.1" 200 628 "http://www.biminfo.se/index.php?page=content&id=37" "Mozilla/5.0 (Linux; Android 11; motorola edge 20 lite) AppleWebKit/537.36 (KHTML, like Gecko) Chrome/107.0.0.0 Mobile Safari/537.36"
81.231.180.112 - - [13/Nov/2022:23:29:14 +0100] "GET /favicon.ico HTTP/1.1" 404 209 "http://www.biminfo.se/index.php?page=content&id=37" "Mozilla/5.0 (Linux; Android 11; motorola edge 20 lite) AppleWebKit/537.36 (KHTML, like Gecko) Chrome/107.0.0.0 Mobile Safari/537.36"
114.119.134.152 - - [13/Nov/2022:23:29:16 +0100] "GET /apps/school/www_old2/Html/LevelA/Category1?C=S%3BO%3DA HTTP/1.1" 301 294 "http://kulturdokumentation.com/apps/school/www_old2/Html/LevelA/Category1" "Mozilla/5.0 (Linux; Android 7.0;) AppleWebKit/537.36 (KHTML, like Gecko) Mobile Safari/537.36 (compatible; PetalBot;+https://webmaster.petalsearch.com/site/petalbot)"
114.119.153.171 - - [13/Nov/2022:23:29:21 +0100] "GET /apps/school/www_old6/img/LevelA/Category2/LevelACat2Lesson20/?C=D%3BO%3DA HTTP/1.1" 200 480 "http://www2.astacus.se/apps/school/www_old6/img/LevelA/Category2/LevelACat2Lesson20/?C=N%3BO%3DD" "Mozilla/5.0 (Linux; Android 7.0;) AppleWebKit/537.36 (KHTML, like Gecko) Mobile Safari/537.36 (compatible; PetalBot;+https://webmaster.petalsearch.com/site/petalbot)"
114.119.134.152 - - [13/Nov/2022:23:29:22 +0100] "GET /apps/school/www_old2/Html/LevelA/Category1/?C=S%3BO%3DA HTTP/1.1" 200 757 "http://kulturdokumentation.com/apps/school/www_old2/Html/LevelA/Category1" "Mozilla/5.0 (Linux; Android 7.0;) AppleWebKit/537.36 (KHTML, like Gecko) Mobile Safari/537.36 (compatible; PetalBot;+https://webmaster.petalsearch.com/site/petalbot)"
::1 - - [13/Nov/2022:23:29:31 +0100] "OPTIONS * HTTP/1.0" 200 - "-" "Apache/2.4.7 (Ubuntu) PHP/5.5.9-1ubuntu4.29 OpenSSL/1.0.1f (internal dummy connection)"
::1 - - [13/Nov/2022:23:29:32 +0100] "OPTIONS * HTTP/1.0" 200 - "-" "Apache/2.4.7 (Ubuntu) PHP/5.5.9-1ubuntu4.29 OpenSSL/1.0.1f (internal dummy connection)"
::1 - - [13/Nov/2022:23:29:33 +0100] "OPTIONS * HTTP/1.0" 200 - "-" "Apache/2.4.7 (Ubuntu) PHP/5.5.9-1ubuntu4.29 OpenSSL/1.0.1f (internal dummy connection)"
::1 - - [13/Nov/2022:23:29:34 +0100] "OPTIONS * HTTP/1.0" 200 - "-" "Apache/2.4.7 (Ubuntu) PHP/5.5.9-1ubuntu4.29 OpenSSL/1.0.1f (internal dummy connection)"
::1 - - [13/Nov/2022:23:29:37 +0100] "OPTIONS * HTTP/1.0" 200 - "-" "Apache/2.4.7 (Ubuntu) PHP/5.5.9-1ubuntu4.29 OpenSSL/1.0.1f (internal dummy connection)"
::1 - - [13/Nov/2022:23:29:38 +0100] "OPTIONS * HTTP/1.0" 200 - "-" "Apache/2.4.7 (Ubuntu) PHP/5.5.9-1ubuntu4.29 OpenSSL/1.0.1f (internal dummy connection)"
81.231.180.112 - - [13/Nov/2022:23:29:57 +0100] "GET /index.php?page=content&id=37 HTTP/1.1" 200 4672 "-" "Mozilla/5.0 (Linux; Android 11; motorola edge 20 lite) AppleWebKit/537.36 (KHTML, like Gecko) Chrome/107.0.0.0 Mobile Safari/537.36"
81.231.180.112 - - [13/Nov/2022:23:29:57 +0100] "GET /top_banner/logga.png HTTP/1.1" 302 227 "http://www.biminfo.se/" "Mozilla/5.0 (Linux; Android 11; motorola edge 20 lite) AppleWebKit/537.36 (KHTML, like Gecko) Chrome/107.0.0.0 Mobile Safari/537.36"
81.231.180.112 - - [13/Nov/2022:23:29:57 +0100] "GET /top_banner/background.png HTTP/1.1" 302 232 "http://www.biminfo.se/" "Mozilla/5.0 (Linux; Android 11; motorola edge 20 lite) AppleWebKit/537.36 (KHTML, like Gecko) Chrome/107.0.0.0 Mobile Safari/537.36"
81.231.180.112 - - [13/Nov/2022:23:29:57 +0100] "GET /loading.gif HTTP/1.1" 404 209 "http://www.biminfo.se/index.php?page=content&id=37" "Mozilla/5.0 (Linux; Android 11; motorola edge 20 lite) AppleWebKit/537.36 (KHTML, like Gecko) Chrome/107.0.0.0 Mobile Safari/537.36"
54.36.148.93 - - [13/Nov/2022:23:30:15 +0100] "GET /apps/school/www_old6/img/LevelH/Category1/LevelHCat1Lesson13/ HTTP/1.1" 200 454 "-" "Mozilla/5.0 (compatible; AhrefsBot/7.0; +http://ahrefs.com/robot/)"
114.119.141.51 - - [13/Nov/2022:23:30:47 +0100] "GET /apps/school/www_old8/img/LevelD/Category2/LevelDCat2Lesson01/earRingsPair7Set1.png HTTP/1.1" 200 14700 "http://kulturdokumentation.se/apps/school/www_old8/Html/LevelD/Category2/LevelDCat2Lesson01.html" "Mozilla/5.0 (Linux; Android 7.0;) AppleWebKit/537.36 (KHTML, like Gecko) Mobile Safari/537.36 (compatible; PetalBot;+https://webmaster.petalsearch.com/site/petalbot)"
114.119.142.42 - - [13/Nov/2022:23:31:04 +0100] "GET /apps/school/www_old_temp/AutodeskForge/learn.forge.viewmodels-nodejs/node_modules/getpass/package.json HTTP/1.1" 200 1291 "http://appsrv.astacus.se/apps/school/www_old_temp/AutodeskForge/learn.forge.viewmodels-nodejs/node_modules/getpass/?C=N%3BO%3DD" "Mozilla/5.0 (Linux; Android 7.0;) AppleWebKit/537.36 (KHTML, like Gecko) Mobile Safari/537.36 (compatible; PetalBot;+https://webmaster.petalsearch.com/site/petalbot)"
::1 - - [13/Nov/2022:23:31:20 +0100] "OPTIONS * HTTP/1.0" 200 - "-" "Apache/2.4.7 (Ubuntu) PHP/5.5.9-1ubuntu4.29 OpenSSL/1.0.1f (internal dummy connection)"
207.46.13.189 - - [13/Nov/2022:23:31:36 +0100] "GET / HTTP/1.1" 200 21 "-" "Mozilla/5.0 AppleWebKit/537.36 (KHTML, like Gecko; compatible; bingbot/2.0; +http://www.bing.com/bingbot.htm) Chrome/103.0.5060.134 Safari/537.36"
95.163.255.39 - - [13/Nov/2022:23:31:42 +0100] "GET /robots.txt HTTP/1.0" 404 208 "-" "Mozilla/5.0 (compatible; Linux x86_64; Mail.RU_Bot/2.0; +https://help.mail.ru/webmaster/indexing/robots)"
95.163.255.35 - - [13/Nov/2022:23:31:44 +0100] "GET / HTTP/1.1" 200 2574 "-" "Mozilla/5.0 (compatible; Linux x86_64; Mail.RU_Bot/2.0; +https://help.mail.ru/webmaster/indexing/robots)"
54.36.149.92 - - [13/Nov/2022:23:31:58 +0100] "GET /apps/school/www_old6/Html/LevelG/Category2/LevelGCat2Lesson04.html HTTP/1.1" 200 797 "-" "Mozilla/5.0 (compatible; AhrefsBot/7.0; +http://ahrefs.com/robot/)"
185.191.171.43 - - [13/Nov/2022:23:32:17 +0100] "GET /index.php?filename=IKEAStockholmSidetable_36x62.zip&id=38&page=download&path=data%2Fmodels%2FIKEA%20Stockholm%20Side%20table_36x62.zip HTTP/1.1" 200 4233 "-" "Mozilla/5.0 (compatible; SemrushBot/7~bl; +http://www.semrush.com/bot.html)"
54.36.148.61 - - [13/Nov/2022:23:32:24 +0100] "GET /there-will-also-be-a-blood-drive/ HTTP/1.1" 302 240 "-" "Mozilla/5.0 (compatible; AhrefsBot/7.0; +http://ahrefs.com/robot/)"
114.119.153.186 - - [13/Nov/2022:23:32:44 +0100] "GET /apps/school/www_old4/Html/LevelE/LevelECat3Lesson12.html HTTP/1.1" 404 254 "http://appsrv.astacus.se/apps/school/www_old4/Html/LevelE/Category3?C=S%3BO%3DA" "Mozilla/5.0 (Linux; Android 7.0;) AppleWebKit/537.36 (KHTML, like Gecko) Mobile Safari/537.36 (compatible; PetalBot;+https://webmaster.petalsearch.com/site/petalbot)"
54.36.148.77 - - [13/Nov/2022:23:33:40 +0100] "GET /apps/school/www_old6/Html/LevelG/Category2/LevelGCat2Lesson18.html HTTP/1.1" 200 803 "-" "Mozilla/5.0 (compatible; AhrefsBot/7.0; +http://ahrefs.com/robot/)"
114.119.153.191 - - [13/Nov/2022:23:34:09 +0100] "GET /apps/school/www/img/LevelA/Category1/LevelACat1Lesson22/six.png HTTP/1.1" 200 2613 "http://appsrv.astacus.se/apps/school/www/Html/LevelA/Category1/LevelACat1Lesson23.html" "Mozilla/5.0 (Linux; Android 7.0;) AppleWebKit/537.36 (KHTML, like Gecko) Mobile Safari/537.36 (compatible; PetalBot;+https://webmaster.petalsearch.com/site/petalbot)"
54.36.148.75 - - [13/Nov/2022:23:34:54 +0100] "GET /ive-been-lucky-enough-to-work-with-ann-roth-on-three-movies/ HTTP/1.1" 302 267 "-" "Mozilla/5.0 (compatible; AhrefsBot/7.0; +http://ahrefs.com/robot/)"
114.119.134.165 - - [13/Nov/2022:23:34:56 +0100] "GET /apps/school/www_old9/img/LevelA/Category1/LevelACat1Lesson13?C=D%3BO%3DA HTTP/1.1" 301 312 "http://kulturdokumentation.com/apps/school/www_old9/img/LevelA/Category1/LevelACat1Lesson13" "Mozilla/5.0 (Linux; Android 7.0;) AppleWebKit/537.36 (KHTML, like Gecko) Mobile Safari/537.36 (compatible; PetalBot;+https://webmaster.petalsearch.com/site/petalbot)"
114.119.134.165 - - [13/Nov/2022:23:34:57 +0100] "GET /apps/school/www_old9/img/LevelA/Category1/LevelACat1Lesson13/?C=D%3BO%3DA HTTP/1.1" 200 495 "http://kulturdokumentation.com/apps/school/www_old9/img/LevelA/Category1/LevelACat1Lesson13" "Mozilla/5.0 (Linux; Android 7.0;) AppleWebKit/537.36 (KHTML, like Gecko) Mobile Safari/537.36 (compatible; PetalBot;+https://webmaster.petalsearch.com/site/petalbot)"
54.36.149.105 - - [13/Nov/2022:23:35:31 +0100] "GET /apps/school/www_old8/img/LevelF/Category2/LevelFCat2Lesson04/?C=M;O=D HTTP/1.1" 200 449 "-" "Mozilla/5.0 (compatible; AhrefsBot/7.0; +http://ahrefs.com/robot/)"
114.119.153.186 - - [13/Nov/2022:23:35:49 +0100] "GET /apps/school/www_old8/img/LevelC/Category3/LevelCCat3Lesson21/ HTTP/1.1" 200 558 "http://appsrv.astacus.se/apps/school/www_old8/img/LevelC/Category3" "Mozilla/5.0 (Linux; Android 7.0;) AppleWebKit/537.36 (KHTML, like Gecko) Mobile Safari/537.36 (compatible; PetalBot;+https://webmaster.petalsearch.com/site/petalbot)"
185.191.171.35 - - [13/Nov/2022:23:36:20 +0100] "GET /index.php?goto&message=error1&page=loggain HTTP/1.1" 200 1772 "-" "Mozilla/5.0 (compatible; SemrushBot/7~bl; +http://www.semrush.com/bot.html)"
54.36.149.44 - - [13/Nov/2022:23:36:21 +0100] "GET /arkivscanning HTTP/1.1" 302 220 "-" "Mozilla/5.0 (compatible; AhrefsBot/7.0; +http://ahrefs.com/robot/)"
114.119.141.52 - - [13/Nov/2022:23:36:28 +0100] "GET /apps/school/www_old2/img/LevelC/Category3/LevelCCat3Lesson22/ HTTP/1.1" 200 555 "http://kulturdokumentation.se/apps/school/www_old2/img/LevelC/Category3/?C=M%3BO%3DA" "Mozilla/5.0 (Linux; Android 7.0;) AppleWebKit/537.36 (KHTML, like Gecko) Mobile Safari/537.36 (compatible; PetalBot;+https://webmaster.petalsearch.com/site/petalbot)"
2.57.122.80 - - [13/Nov/2022:23:36:56 +0100] "GET /sendgrid.env HTTP/1.1" 404 210 "-" "Mozilla/5.0 (Macintosh; Intel Mac OS X 10.15; rv:77.0) Gecko/20100101 Firefox/77.0"
2.57.122.80 - - [13/Nov/2022:23:36:56 +0100] "GET /.env HTTP/1.1" 404 202 "-" "Mozilla/5.0 (Macintosh; Intel Mac OS X 10.15; rv:77.0) Gecko/20100101 Firefox/77.0"
2.57.122.80 - - [13/Nov/2022:23:36:56 +0100] "GET /.sendgrid HTTP/1.1" 404 207 "-" "Mozilla/5.0 (Macintosh; Intel Mac OS X 10.15; rv:77.0) Gecko/20100101 Firefox/77.0"
192.99.3.137 - - [13/Nov/2022:23:37:10 +0100] "GET /robots.txt HTTP/1.1" 404 208 "-" "Mozilla/5.0 (compatible; MJ12bot/v1.4.8; http://mj12bot.com/)"
192.99.3.137 - - [13/Nov/2022:23:37:12 +0100] "GET /apps/school/www_old8/img/LevelH/Category1/LevelHCat1Lesson22/ HTTP/1.1" 200 445 "-" "Mozilla/5.0 (compatible; MJ12bot/v1.4.8; http://mj12bot.com/)"
192.99.3.137 - - [13/Nov/2022:23:37:14 +0100] "GET /apps/school/www_old8/img/LevelH/Category1/LevelHCat1Lesson23/ HTTP/1.1" 200 445 "-" "Mozilla/5.0 (compatible; MJ12bot/v1.4.8; http://mj12bot.com/)"
192.99.3.137 - - [13/Nov/2022:23:37:15 +0100] "GET /apps/school/www_old8/img/LevelH/Category1/LevelHCat1Lesson24/ HTTP/1.1" 200 445 "-" "Mozilla/5.0 (compatible; MJ12bot/v1.4.8; http://mj12bot.com/)"
192.99.3.137 - - [13/Nov/2022:23:37:17 +0100] "GET /apps/school/www_old8/img/LevelH/Category1/LevelHCat1Lesson25/ HTTP/1.1" 200 445 "-" "Mozilla/5.0 (compatible; MJ12bot/v1.4.8; http://mj12bot.com/)"
54.36.148.140 - - [13/Nov/2022:23:37:18 +0100] "GET /apps/school/www_old6/Html/LevelG/Category2/LevelGCat2Lesson24.html HTTP/1.1" 200 2334 "-" "Mozilla/5.0 (compatible; AhrefsBot/7.0; +http://ahrefs.com/robot/)"
192.99.3.137 - - [13/Nov/2022:23:37:19 +0100] "GET /apps/school/www_old8/img/LevelH/Category1/LevelHCat1Lesson30/ HTTP/1.1" 200 447 "-" "Mozilla/5.0 (compatible; MJ12bot/v1.4.8; http://mj12bot.com/)"
192.99.3.137 - - [13/Nov/2022:23:37:21 +0100] "GET /apps/school/www_old8/img/LevelH/Category1/LevelHCat1Lesson35/ HTTP/1.1" 200 451 "-" "Mozilla/5.0 (compatible; MJ12bot/v1.4.8; http://mj12bot.com/)"
192.99.3.137 - - [13/Nov/2022:23:37:22 +0100] "GET /apps/school/www_old8/img/LevelH/Category1/LevelHCat1Lesson36/ HTTP/1.1" 200 450 "-" "Mozilla/5.0 (compatible; MJ12bot/v1.4.8; http://mj12bot.com/)"
192.99.3.137 - - [13/Nov/2022:23:37:24 +0100] "GET /apps/school/www_old8/img/LevelH/Category1/LevelHCat1Lesson37/ HTTP/1.1" 200 451 "-" "Mozilla/5.0 (compatible; MJ12bot/v1.4.8; http://mj12bot.com/)"
192.99.3.137 - - [13/Nov/2022:23:37:25 +0100] "GET /apps/school/www_old8/img/LevelH/Category1/LevelHCat1Lesson39/ HTTP/1.1" 200 451 "-" "Mozilla/5.0 (compatible; MJ12bot/v1.4.8; http://mj12bot.com/)"
192.99.3.137 - - [13/Nov/2022:23:37:27 +0100] "GET /apps/school/www_old8/img/LevelH/Category1/LevelHCat1Lesson41/ HTTP/1.1" 200 481 "-" "Mozilla/5.0 (compatible; MJ12bot/v1.4.8; http://mj12bot.com/)"
114.119.153.186 - - [13/Nov/2022:23:37:29 +0100] "GET /apps/school/www_old4/img/LevelA/Category2/LevelACat2Lesson14/?C=D%3BO%3DA HTTP/1.1" 200 548 "http://www2.astacus.se/apps/school/www_old4/img/LevelA/Category2/LevelACat2Lesson14/?C=M%3BO%3DA" "Mozilla/5.0 (Linux; Android 7.0;) AppleWebKit/537.36 (KHTML, like Gecko) Mobile Safari/537.36 (compatible; PetalBot;+https://webmaster.petalsearch.com/site/petalbot)"
192.99.3.137 - - [13/Nov/2022:23:37:29 +0100] "GET /apps/school/www_old8/img/LevelH/Category1/LevelHCat1Lesson42/ HTTP/1.1" 200 498 "-" "Mozilla/5.0 (compatible; MJ12bot/v1.4.8; http://mj12bot.com/)"
192.99.3.137 - - [13/Nov/2022:23:37:31 +0100] "GET /apps/school/www_old8/res/screen/ios/ HTTP/1.1" 200 370 "-" "Mozilla/5.0 (compatible; MJ12bot/v1.4.8; http://mj12bot.com/)"
192.99.3.137 - - [13/Nov/2022:23:37:32 +0100] "GET /apps/school/www_old9/ HTTP/1.1" 200 630 "-" "Mozilla/5.0 (compatible; MJ12bot/v1.4.8; http://mj12bot.com/)"
192.99.3.137 - - [13/Nov/2022:23:37:34 +0100] "GET /apps/school/www_old9/Html/LevelA/Category2/ HTTP/1.1" 200 659 "-" "Mozilla/5.0 (compatible; MJ12bot/v1.4.8; http://mj12bot.com/)"
192.99.3.137 - - [13/Nov/2022:23:37:36 +0100] "GET /apps/school/www_old9/Html/LevelB/Category1/ HTTP/1.1" 200 817 "-" "Mozilla/5.0 (compatible; MJ12bot/v1.4.8; http://mj12bot.com/)"
192.99.3.137 - - [13/Nov/2022:23:37:37 +0100] "GET /apps/school/www_old9/Html/LevelB/Category1/?C=N;O=A HTTP/1.1" 200 817 "-" "Mozilla/5.0 (compatible; MJ12bot/v1.4.8; http://mj12bot.com/)"
192.99.3.137 - - [13/Nov/2022:23:37:39 +0100] "GET /apps/school/www_old9/Html/LevelB/Category1/LevelBCat1Lesson09.html HTTP/1.1" 200 2356 "-" "Mozilla/5.0 (compatible; MJ12bot/v1.4.8; http://mj12bot.com/)"
192.99.3.137 - - [13/Nov/2022:23:37:41 +0100] "GET /apps/school/www_old9/Html/LevelB/Category1/LevelBCat1Lesson11.html HTTP/1.1" 200 2423 "-" "Mozilla/5.0 (compatible; MJ12bot/v1.4.8; http://mj12bot.com/)"
192.99.3.137 - - [13/Nov/2022:23:37:43 +0100] "GET /apps/school/www_old9/Html/LevelB/Category1/LevelBCat1Lesson12.html HTTP/1.1" 200 848 "-" "Mozilla/5.0 (compatible; MJ12bot/v1.4.8; http://mj12bot.com/)"
192.99.3.137 - - [13/Nov/2022:23:37:44 +0100] "GET /apps/school/www_old9/Html/LevelB/Category1/LevelBCat1Lesson13.html HTTP/1.1" 200 821 "-" "Mozilla/5.0 (compatible; MJ12bot/v1.4.8; http://mj12bot.com/)"
192.99.3.137 - - [13/Nov/2022:23:37:46 +0100] "GET /apps/school/www_old9/Html/LevelB/Category1/LevelBCat1Lesson14.html HTTP/1.1" 200 830 "-" "Mozilla/5.0 (compatible; MJ12bot/v1.4.8; http://mj12bot.com/)"
192.99.3.137 - - [13/Nov/2022:23:37:48 +0100] "GET /apps/school/www_old9/Html/LevelB/Category1/LevelBCat1Lesson15.html HTTP/1.1" 200 842 "-" "Mozilla/5.0 (compatible; MJ12bot/v1.4.8; http://mj12bot.com/)"
192.99.3.137 - - [13/Nov/2022:23:37:50 +0100] "GET /apps/school/www_old9/Html/LevelB/Category1/LevelBCat1Lesson16.html HTTP/1.1" 200 853 "-" "Mozilla/5.0 (compatible; MJ12bot/v1.4.8; http://mj12bot.com/)"
192.99.3.137 - - [13/Nov/2022:23:37:51 +0100] "GET /apps/school/www_old9/Html/LevelB/Category1/LevelBCat1Lesson17.html HTTP/1.1" 200 857 "-" "Mozilla/5.0 (compatible; MJ12bot/v1.4.8; http://mj12bot.com/)"
192.99.3.137 - - [13/Nov/2022:23:37:53 +0100] "GET /apps/school/www_old9/Html/LevelB/Category1/LevelBCat1Lesson18.html HTTP/1.1" 200 3329 "-" "Mozilla/5.0 (compatible; MJ12bot/v1.4.8; http://mj12bot.com/)"
192.99.3.137 - - [13/Nov/2022:23:37:54 +0100] "GET /apps/school/www_old9/Html/LevelB/Category1/LevelBCat1Lesson19.html HTTP/1.1" 200 2375 "-" "Mozilla/5.0 (compatible; MJ12bot/v1.4.8; http://mj12bot.com/)"
192.99.3.137 - - [13/Nov/2022:23:37:56 +0100] "GET /apps/school/www_old9/Html/LevelB/Category1/LevelBCat1Lesson29.html HTTP/1.1" 200 835 "-" "Mozilla/5.0 (compatible; MJ12bot/v1.4.8; http://mj12bot.com/)"
192.99.3.137 - - [13/Nov/2022:23:37:57 +0100] "GET /apps/school/www_old9/Html/LevelB/Category1/LevelBCat1Lesson30.html HTTP/1.1" 200 821 "-" "Mozilla/5.0 (compatible; MJ12bot/v1.4.8; http://mj12bot.com/)"
192.99.3.137 - - [13/Nov/2022:23:37:59 +0100] "GET /apps/school/www_old9/Html/LevelB/Category1/LevelBCat1Lesson31.html HTTP/1.1" 200 826 "-" "Mozilla/5.0 (compatible; MJ12bot/v1.4.8; http://mj12bot.com/)"
192.99.3.137 - - [13/Nov/2022:23:38:01 +0100] "GET /apps/school/www_old9/Html/LevelB/Category1/LevelBCat1Lesson32.html HTTP/1.1" 200 3250 "-" "Mozilla/5.0 (compatible; MJ12bot/v1.4.8; http://mj12bot.com/)"
192.99.3.137 - - [13/Nov/2022:23:38:02 +0100] "GET /apps/school/www_old9/Html/LevelB/Category1/LevelBCat1Lesson33.html HTTP/1.1" 200 3105 "-" "Mozilla/5.0 (compatible; MJ12bot/v1.4.8; http://mj12bot.com/)"
192.99.3.137 - - [13/Nov/2022:23:38:04 +0100] "GET /apps/school/www_old9/Html/LevelB/Category1/LevelBCat1Lesson34.html HTTP/1.1" 200 3164 "-" "Mozilla/5.0 (compatible; MJ12bot/v1.4.8; http://mj12bot.com/)"
192.99.3.137 - - [13/Nov/2022:23:38:06 +0100] "GET /apps/school/www_old9/Html/LevelB/Category1/LevelBCat1Lesson35.html HTTP/1.1" 200 2283 "-" "Mozilla/5.0 (compatible; MJ12bot/v1.4.8; http://mj12bot.com/)"
192.99.3.137 - - [13/Nov/2022:23:38:08 +0100] "GET /apps/school/www_old9/Html/LevelB/Category1/LevelBCat1Lesson36.html HTTP/1.1" 200 2040 "-" "Mozilla/5.0 (compatible; MJ12bot/v1.4.8; http://mj12bot.com/)"
192.99.3.137 - - [13/Nov/2022:23:38:09 +0100] "GET /apps/school/www_old9/Html/LevelB/Category1/LevelBCat1Lesson37.html HTTP/1.1" 200 2416 "-" "Mozilla/5.0 (compatible; MJ12bot/v1.4.8; http://mj12bot.com/)"
192.99.3.137 - - [13/Nov/2022:23:38:11 +0100] "GET /apps/school/www_old9/Html/LevelB/Category1/LevelBCat1Lesson38.html HTTP/1.1" 200 842 "-" "Mozilla/5.0 (compatible; MJ12bot/v1.4.8; http://mj12bot.com/)"
162.142.125.210 - - [13/Nov/2022:23:38:11 +0100] "GET / HTTP/1.1" 200 6439 "-" "-"
162.142.125.210 - - [13/Nov/2022:23:38:11 +0100] "GET / HTTP/1.1" 200 1772 "-" "Mozilla/5.0 (compatible; CensysInspect/1.1; +https://about.censys.io/)"
162.142.125.210 - - [13/Nov/2022:23:38:12 +0100] "PRI * HTTP/2.0" 400 226 "-" "-"
162.142.125.210 - - [13/Nov/2022:23:38:12 +0100] "GET /favicon.ico HTTP/1.1" 404 209 "-" "Mozilla/5.0 (compatible; CensysInspect/1.1; +https://about.censys.io/)"
192.99.3.137 - - [13/Nov/2022:23:38:12 +0100] "GET /apps/school/www_old9/Html/LevelB/Category1/LevelBCat2Lesson01.html HTTP/1.1" 200 2223 "-" "Mozilla/5.0 (compatible; MJ12bot/v1.4.8; http://mj12bot.com/)"
192.99.3.137 - - [13/Nov/2022:23:38:14 +0100] "GET /apps/school/www_old9/Html/LevelB/Category2/ HTTP/1.1" 200 631 "-" "Mozilla/5.0 (compatible; MJ12bot/v1.4.8; http://mj12bot.com/)"
192.99.3.137 - - [13/Nov/2022:23:38:16 +0100] "GET /apps/school/www_old9/Html/LevelC/Category1/ HTTP/1.1" 200 714 "-" "Mozilla/5.0 (compatible; MJ12bot/v1.4.8; http://mj12bot.com/)"
192.99.3.137 - - [13/Nov/2022:23:38:17 +0100] "GET /apps/school/www_old9/Html/LevelC/Category2/ HTTP/1.1" 200 618 "-" "Mozilla/5.0 (compatible; MJ12bot/v1.4.8; http://mj12bot.com/)"
192.99.3.137 - - [13/Nov/2022:23:38:19 +0100] "GET /apps/school/www_old9/Html/LevelC/Category3/ HTTP/1.1" 200 657 "-" "Mozilla/5.0 (compatible; MJ12bot/v1.4.8; http://mj12bot.com/)"
192.99.3.137 - - [13/Nov/2022:23:38:21 +0100] "GET /apps/school/www_old9/Html/LevelE/Category1/ HTTP/1.1" 200 936 "-" "Mozilla/5.0 (compatible; MJ12bot/v1.4.8; http://mj12bot.com/)"
192.99.3.137 - - [13/Nov/2022:23:38:22 +0100] "GET /apps/school/www_old9/Html/LevelE/Category2/ HTTP/1.1" 200 683 "-" "Mozilla/5.0 (compatible; MJ12bot/v1.4.8; http://mj12bot.com/)"
192.99.3.137 - - [13/Nov/2022:23:38:24 +0100] "GET /apps/school/www_old9/Html/LevelE/Category3/ HTTP/1.1" 200 744 "-" "Mozilla/5.0 (compatible; MJ12bot/v1.4.8; http://mj12bot.com/)"
192.99.3.137 - - [13/Nov/2022:23:38:25 +0100] "GET /apps/school/www_old9/Html/LevelF/Category1/ HTTP/1.1" 200 836 "-" "Mozilla/5.0 (compatible; MJ12bot/v1.4.8; http://mj12bot.com/)"
192.99.3.137 - - [13/Nov/2022:23:38:27 +0100] "GET /apps/school/www_old9/Html/LevelF/Category2/ HTTP/1.1" 200 870 "-" "Mozilla/5.0 (compatible; MJ12bot/v1.4.8; http://mj12bot.com/)"
192.99.3.137 - - [13/Nov/2022:23:38:28 +0100] "GET /apps/school/www_old9/Html/LevelG/?C=D;O=A HTTP/1.1" 200 468 "-" "Mozilla/5.0 (compatible; MJ12bot/v1.4.8; http://mj12bot.com/)"
192.99.3.137 - - [13/Nov/2022:23:38:30 +0100] "GET /apps/school/www_old9/Html/LevelG/?C=M;O=A HTTP/1.1" 200 472 "-" "Mozilla/5.0 (compatible; MJ12bot/v1.4.8; http://mj12bot.com/)"
192.99.3.137 - - [13/Nov/2022:23:38:33 +0100] "GET /apps/school/www_old9/Html/LevelG/?C=N;O=A HTTP/1.1" 200 468 "-" "Mozilla/5.0 (compatible; MJ12bot/v1.4.8; http://mj12bot.com/)"
192.99.3.137 - - [13/Nov/2022:23:38:35 +0100] "GET /apps/school/www_old9/Html/LevelG/Category1/ HTTP/1.1" 200 840 "-" "Mozilla/5.0 (compatible; MJ12bot/v1.4.8; http://mj12bot.com/)"
192.99.3.137 - - [13/Nov/2022:23:38:37 +0100] "GET /apps/school/www_old9/Html/LevelG/Category2/ HTTP/1.1" 200 863 "-" "Mozilla/5.0 (compatible; MJ12bot/v1.4.8; http://mj12bot.com/)"
192.99.3.137 - - [13/Nov/2022:23:38:38 +0100] "GET /apps/school/www_old9/Html/LevelH/Category1/ HTTP/1.1" 200 948 "-" "Mozilla/5.0 (compatible; MJ12bot/v1.4.8; http://mj12bot.com/)"
192.99.3.137 - - [13/Nov/2022:23:38:40 +0100] "GET /apps/school/www_old9/img/LevelA/Category1/LevelACat1Lesson01/ HTTP/1.1" 200 449 "-" "Mozilla/5.0 (compatible; MJ12bot/v1.4.8; http://mj12bot.com/)"
192.99.3.137 - - [13/Nov/2022:23:38:42 +0100] "GET /apps/school/www_old9/img/LevelA/Category1/LevelACat1Lesson02/ HTTP/1.1" 200 500 "-" "Mozilla/5.0 (compatible; MJ12bot/v1.4.8; http://mj12bot.com/)"
192.99.3.137 - - [13/Nov/2022:23:38:46 +0100] "GET /apps/school/www_old9/img/LevelA/Category1/LevelACat1Lesson03/ HTTP/1.1" 200 518 "-" "Mozilla/5.0 (compatible; MJ12bot/v1.4.8; http://mj12bot.com/)"
192.99.3.137 - - [13/Nov/2022:23:38:48 +0100] "GET /apps/school/www_old9/img/LevelA/Category1/LevelACat1Lesson04/ HTTP/1.1" 200 447 "-" "Mozilla/5.0 (compatible; MJ12bot/v1.4.8; http://mj12bot.com/)"
192.99.3.137 - - [13/Nov/2022:23:38:50 +0100] "GET /apps/school/www_old9/img/LevelA/Category1/LevelACat1Lesson05/ HTTP/1.1" 200 512 "-" "Mozilla/5.0 (compatible; MJ12bot/v1.4.8; http://mj12bot.com/)"
192.99.3.137 - - [13/Nov/2022:23:38:52 +0100] "GET /apps/school/www_old9/img/LevelA/Category1/LevelACat1Lesson06/ HTTP/1.1" 200 447 "-" "Mozilla/5.0 (compatible; MJ12bot/v1.4.8; http://mj12bot.com/)"
192.99.3.137 - - [13/Nov/2022:23:38:55 +0100] "GET /apps/school/www_old9/img/LevelA/Category1/LevelACat1Lesson07/ HTTP/1.1" 200 447 "-" "Mozilla/5.0 (compatible; MJ12bot/v1.4.8; http://mj12bot.com/)"
192.99.3.137 - - [13/Nov/2022:23:38:57 +0100] "GET /apps/school/www_old9/img/LevelA/Category1/LevelACat1Lesson08/ HTTP/1.1" 200 448 "-" "Mozilla/5.0 (compatible; MJ12bot/v1.4.8; http://mj12bot.com/)"
114.119.142.42 - - [13/Nov/2022:23:38:59 +0100] "GET /apps/school/www_old8/Html/LevelC/Category1/LevelCCat1Lesson04.html HTTP/1.1" 200 811 "http://www2.astacus.se/apps/school/www_old8/Html/LevelC/Category1/?C=D%3BO%3DA" "Mozilla/5.0 (Linux; Android 7.0;) AppleWebKit/537.36 (KHTML, like Gecko) Mobile Safari/537.36 (compatible; PetalBot;+https://webmaster.petalsearch.com/site/petalbot)"
192.99.3.137 - - [13/Nov/2022:23:38:59 +0100] "GET /apps/school/www_old9/img/LevelA/Category1/LevelACat1Lesson09/ HTTP/1.1" 200 450 "-" "Mozilla/5.0 (compatible; MJ12bot/v1.4.8; http://mj12bot.com/)"
192.99.3.137 - - [13/Nov/2022:23:39:01 +0100] "GET /apps/school/www_old9/img/LevelA/Category1/LevelACat1Lesson10/ HTTP/1.1" 200 489 "-" "Mozilla/5.0 (compatible; MJ12bot/v1.4.8; http://mj12bot.com/)"
192.99.3.137 - - [13/Nov/2022:23:39:07 +0100] "GET /apps/school/www_old9/img/LevelA/Category1/LevelACat1Lesson11/ HTTP/1.1" 200 487 "-" "Mozilla/5.0 (compatible; MJ12bot/v1.4.8; http://mj12bot.com/)"
192.99.3.137 - - [13/Nov/2022:23:39:09 +0100] "GET /apps/school/www_old9/img/LevelA/Category1/LevelACat1Lesson12/ HTTP/1.1" 200 485 "-" "Mozilla/5.0 (compatible; MJ12bot/v1.4.8; http://mj12bot.com/)"
192.99.3.137 - - [13/Nov/2022:23:39:10 +0100] "GET /apps/school/www_old9/img/LevelA/Category1/LevelACat1Lesson13/ HTTP/1.1" 200 495 "-" "Mozilla/5.0 (compatible; MJ12bot/v1.4.8; http://mj12bot.com/)"
192.99.3.137 - - [13/Nov/2022:23:39:13 +0100] "GET /apps/school/www_old9/img/LevelA/Category1/LevelACat1Lesson14/ HTTP/1.1" 200 447 "-" "Mozilla/5.0 (compatible; MJ12bot/v1.4.8; http://mj12bot.com/)"
192.99.3.137 - - [13/Nov/2022:23:39:18 +0100] "GET /apps/school/www_old9/img/LevelA/Category1/LevelACat1Lesson15/ HTTP/1.1" 200 450 "-" "Mozilla/5.0 (compatible; MJ12bot/v1.4.8; http://mj12bot.com/)"
192.99.3.137 - - [13/Nov/2022:23:39:21 +0100] "GET /apps/school/www_old9/img/LevelA/Category1/LevelACat1Lesson15/?C=M;O=D HTTP/1.1" 200 448 "-" "Mozilla/5.0 (compatible; MJ12bot/v1.4.8; http://mj12bot.com/)"
205.210.31.171 - - [13/Nov/2022:23:39:23 +0100] "GET / HTTP/1.1" 200 16481 "-" "Expanse, a Palo Alto Networks company, searches across the global IPv4 space multiple times per day to identify customers' presences on the Internet. If you would like to be excluded from our scans, please send IP addresses/domains to: scaninfo@paloaltonetworks.com"
192.99.3.137 - - [13/Nov/2022:23:39:25 +0100] "GET /apps/school/www_old9/img/LevelA/Category1/LevelACat1Lesson15/?C=S;O=D HTTP/1.1" 200 448 "-" "Mozilla/5.0 (compatible; MJ12bot/v1.4.8; http://mj12bot.com/)"
192.99.3.137 - - [13/Nov/2022:23:39:27 +0100] "GET /apps/school/www_old9/img/LevelA/Category1/LevelACat1Lesson16/ HTTP/1.1" 200 479 "-" "Mozilla/5.0 (compatible; MJ12bot/v1.4.8; http://mj12bot.com/)"
192.99.3.137 - - [13/Nov/2022:23:39:31 +0100] "GET /apps/school/www_old9/img/LevelA/Category1/LevelACat1Lesson17/ HTTP/1.1" 200 486 "-" "Mozilla/5.0 (compatible; MJ12bot/v1.4.8; http://mj12bot.com/)"
66.249.64.123 - - [13/Nov/2022:23:39:33 +0100] "GET /pdf/Alt2_bokmarken.pdf HTTP/1.1" 304 - "-" "Mozilla/5.0 (Linux; Android 6.0.1; Nexus 5X Build/MMB29P) AppleWebKit/537.36 (KHTML, like Gecko) Chrome/107.0.5304.110 Mobile Safari/537.36 (compatible; Googlebot/2.1; +http://www.google.com/bot.html)"
192.99.3.137 - - [13/Nov/2022:23:39:34 +0100] "GET /apps/school/www_old9/img/LevelA/Category1/LevelACat1Lesson18/ HTTP/1.1" 200 489 "-" "Mozilla/5.0 (compatible; MJ12bot/v1.4.8; http://mj12bot.com/)"
192.99.3.137 - - [13/Nov/2022:23:39:36 +0100] "GET /apps/school/www_old9/img/LevelA/Category1/LevelACat1Lesson19/ HTTP/1.1" 200 487 "-" "Mozilla/5.0 (compatible; MJ12bot/v1.4.8; http://mj12bot.com/)"
192.99.3.137 - - [13/Nov/2022:23:39:40 +0100] "GET /apps/school/www_old9/img/LevelA/Category1/LevelACat1Lesson20/ HTTP/1.1" 200 492 "-" "Mozilla/5.0 (compatible; MJ12bot/v1.4.8; http://mj12bot.com/)"
192.99.3.137 - - [13/Nov/2022:23:39:43 +0100] "GET /apps/school/www_old9/img/LevelA/Category1/LevelACat1Lesson21/ HTTP/1.1" 200 485 "-" "Mozilla/5.0 (compatible; MJ12bot/v1.4.8; http://mj12bot.com/)"
192.99.3.137 - - [13/Nov/2022:23:39:46 +0100] "GET /apps/school/www_old9/img/LevelA/Category1/LevelACat1Lesson22/ HTTP/1.1" 200 450 "-" "Mozilla/5.0 (compatible; MJ12bot/v1.4.8; http://mj12bot.com/)"
192.99.3.137 - - [13/Nov/2022:23:39:49 +0100] "GET /apps/school/www_old9/img/LevelA/Category1/LevelACat1Lesson23/ HTTP/1.1" 200 450 "-" "Mozilla/5.0 (compatible; MJ12bot/v1.4.8; http://mj12bot.com/)"
192.99.3.137 - - [13/Nov/2022:23:39:52 +0100] "GET /apps/school/www_old9/img/LevelA/Category1/LevelACat1Lesson23/?C=D;O=D HTTP/1.1" 200 448 "-" "Mozilla/5.0 (compatible; MJ12bot/v1.4.8; http://mj12bot.com/)"
95.91.76.32 - - [13/Nov/2022:23:39:54 +0100] "GET /robots.txt HTTP/1.1" 404 208 "-" "Mozilla/5.0 (compatible; MJ12bot/v1.4.8; http://mj12bot.com/)"
54.36.148.32 - - [13/Nov/2022:23:39:55 +0100] "GET /apps/school/www_old8/img/LevelF/Category2/LevelFCat2Lesson04/?C=S;O=D HTTP/1.1" 200 449 "-" "Mozilla/5.0 (compatible; AhrefsBot/7.0; +http://ahrefs.com/robot/)"
95.91.76.32 - - [13/Nov/2022:23:39:55 +0100] "GET /apps/school/www_old10/img/LevelG/Category2/LevelGCat2Lesson18/?C=M;O=A HTTP/1.1" 200 451 "-" "Mozilla/5.0 (compatible; MJ12bot/v1.4.8; http://mj12bot.com/)"
192.99.3.137 - - [13/Nov/2022:23:39:55 +0100] "GET /apps/school/www_old9/img/LevelA/Category1/LevelACat1Lesson23/?C=M;O=D HTTP/1.1" 200 448 "-" "Mozilla/5.0 (compatible; MJ12bot/v1.4.8; http://mj12bot.com/)"
95.91.76.32 - - [13/Nov/2022:23:39:57 +0100] "GET /apps/school/www_old4/Html/LevelC/Category3/LevelCCat3Lesson17.html HTTP/1.1" 200 2014 "-" "Mozilla/5.0 (compatible; MJ12bot/v1.4.8; http://mj12bot.com/)"
192.99.3.137 - - [13/Nov/2022:23:39:58 +0100] "GET /apps/school/www_old9/img/LevelA/Category1/LevelACat1Lesson24/ HTTP/1.1" 200 496 "-" "Mozilla/5.0 (compatible; MJ12bot/v1.4.8; http://mj12bot.com/)"
95.91.76.32 - - [13/Nov/2022:23:39:58 +0100] "GET /apps/school/www_old4/Html/LevelC/Category3/LevelCCat3Lesson18.html HTTP/1.1" 200 1998 "-" "Mozilla/5.0 (compatible; MJ12bot/v1.4.8; http://mj12bot.com/)"
95.91.76.32 - - [13/Nov/2022:23:40:00 +0100] "GET /apps/school/www_old4/Html/LevelC/Category3/LevelCCat3Lesson19.html HTTP/1.1" 200 2114 "-" "Mozilla/5.0 (compatible; MJ12bot/v1.4.8; http://mj12bot.com/)"
192.99.3.137 - - [13/Nov/2022:23:40:01 +0100] "GET /apps/school/www_old9/img/LevelA/Category1/LevelACat1Lesson25/ HTTP/1.1" 200 476 "-" "Mozilla/5.0 (compatible; MJ12bot/v1.4.8; http://mj12bot.com/)"
95.91.76.32 - - [13/Nov/2022:23:40:01 +0100] "GET /apps/school/www_old4/Html/LevelC/Category3/LevelCCat3Lesson2.html HTTP/1.1" 200 3749 "-" "Mozilla/5.0 (compatible; MJ12bot/v1.4.8; http://mj12bot.com/)"
95.91.76.32 - - [13/Nov/2022:23:40:03 +0100] "GET /apps/school/www_old4/Html/LevelC/Category3/LevelCCat3Lesson20.html HTTP/1.1" 200 2165 "-" "Mozilla/5.0 (compatible; MJ12bot/v1.4.8; http://mj12bot.com/)"
192.99.3.137 - - [13/Nov/2022:23:40:04 +0100] "GET /apps/school/www_old9/img/LevelA/Category1/LevelACat1Lesson26/ HTTP/1.1" 200 496 "-" "Mozilla/5.0 (compatible; MJ12bot/v1.4.8; http://mj12bot.com/)"
95.91.76.32 - - [13/Nov/2022:23:40:04 +0100] "GET /apps/school/www_old4/Html/LevelC/Category3/LevelCCat3Lesson21.html HTTP/1.1" 200 2085 "-" "Mozilla/5.0 (compatible; MJ12bot/v1.4.8; http://mj12bot.com/)"
95.91.76.32 - - [13/Nov/2022:23:40:06 +0100] "GET /apps/school/www_old4/Html/LevelC/Category3/LevelCCat3Lesson22.html HTTP/1.1" 200 2041 "-" "Mozilla/5.0 (compatible; MJ12bot/v1.4.8; http://mj12bot.com/)"
192.99.3.137 - - [13/Nov/2022:23:40:06 +0100] "GET /apps/school/www_old9/img/LevelA/Category1/LevelACat1Lesson26/?C=N;O=A HTTP/1.1" 200 496 "-" "Mozilla/5.0 (compatible; MJ12bot/v1.4.8; http://mj12bot.com/)"
95.91.76.32 - - [13/Nov/2022:23:40:07 +0100] "GET /apps/school/www_old4/Html/LevelC/Category3/LevelCCat3Lesson3.html HTTP/1.1" 200 3175 "-" "Mozilla/5.0 (compatible; MJ12bot/v1.4.8; http://mj12bot.com/)"
116.118.50.135 - - [13/Nov/2022:23:40:08 +0100] "GET /wp-login.php HTTP/1.1" 302 219 "" "Mozilla/5.0 (Windows NT 10.0; Win64; x64; rv:106.0) Gecko/20100101 Firefox/106.0"
95.91.76.32 - - [13/Nov/2022:23:40:09 +0100] "GET /apps/school/www_old4/Html/LevelC/Category3/LevelCCat3Lesson4.html HTTP/1.1" 200 2414 "-" "Mozilla/5.0 (compatible; MJ12bot/v1.4.8; http://mj12bot.com/)"
192.99.3.137 - - [13/Nov/2022:23:40:09 +0100] "GET /apps/school/www_old9/img/LevelA/Category1/LevelACat1Lesson27/ HTTP/1.1" 200 454 "-" "Mozilla/5.0 (compatible; MJ12bot/v1.4.8; http://mj12bot.com/)"
116.118.50.135 - - [13/Nov/2022:23:40:09 +0100] "GET /wp-login.php HTTP/1.1" 200 1274 "http://www.astacus.se/wp-login.php" "Mozilla/5.0 (Windows NT 10.0; Win64; x64; rv:106.0) Gecko/20100101 Firefox/106.0"
116.118.50.135 - - [13/Nov/2022:23:40:10 +0100] "GET /wp-json/wp/v2/users HTTP/1.1" 200 1174 "http://www.astacus.se/wp-login.php" "Mozilla/5.0 (Windows NT 10.0; Win64; x64; rv:106.0) Gecko/20100101 Firefox/106.0"
95.91.76.32 - - [13/Nov/2022:23:40:10 +0100] "GET /apps/school/www_old4/Html/LevelC/Category3/LevelCCat3Lesson5.html HTTP/1.1" 200 2265 "-" "Mozilla/5.0 (compatible; MJ12bot/v1.4.8; http://mj12bot.com/)"
116.118.50.135 - - [13/Nov/2022:23:40:11 +0100] "POST /wp-login.php HTTP/1.1" 200 1659 "https://www.astacus.se/wp-login.php?redirect_to=https%3A%2F%2Fwww.astacus.se%2Fwp-admin%2F" "Mozilla/5.0 (Windows NT 10.0; Win64; x64; rv:106.0) Gecko/20100101 Firefox/106.0"
192.99.3.137 - - [13/Nov/2022:23:40:11 +0100] "GET /apps/school/www_old9/img/LevelA/Category1/LevelACat1Lesson28/ HTTP/1.1" 200 451 "-" "Mozilla/5.0 (compatible; MJ12bot/v1.4.8; http://mj12bot.com/)"
95.91.76.32 - - [13/Nov/2022:23:40:12 +0100] "GET /apps/school/www_old4/Html/LevelC/Category3/LevelCCat3Lesson6.html HTTP/1.1" 200 2741 "-" "Mozilla/5.0 (compatible; MJ12bot/v1.4.8; http://mj12bot.com/)"
116.118.50.135 - - [13/Nov/2022:23:40:12 +0100] "POST /wp-login.php HTTP/1.1" 200 1653 "https://www.astacus.se/wp-login.php?redirect_to=https%3A%2F%2Fwww.astacus.se%2Fwp-admin%2F" "Mozilla/5.0 (Windows NT 10.0; Win64; x64; rv:106.0) Gecko/20100101 Firefox/106.0"
116.118.50.135 - - [13/Nov/2022:23:40:13 +0100] "POST /wp-login.php HTTP/1.1" 200 1634 "https://www.astacus.se/wp-login.php?redirect_to=https%3A%2F%2Fwww.astacus.se%2Fwp-admin%2F" "Mozilla/5.0 (Windows NT 10.0; Win64; x64; rv:106.0) Gecko/20100101 Firefox/106.0"
95.91.76.32 - - [13/Nov/2022:23:40:13 +0100] "GET /apps/school/www_old5/img/LevelE/Category3/LevelECat3Lesson13/?C=M;O=D HTTP/1.1" 200 455 "-" "Mozilla/5.0 (compatible; MJ12bot/v1.4.8; http://mj12bot.com/)"
192.99.3.137 - - [13/Nov/2022:23:40:13 +0100] "GET /apps/school/www_old9/img/LevelA/Category1/LevelACat1Lesson29/ HTTP/1.1" 200 450 "-" "Mozilla/5.0 (compatible; MJ12bot/v1.4.8; http://mj12bot.com/)"
95.91.76.32 - - [13/Nov/2022:23:40:15 +0100] "GET /apps/school/www_old5/img/LevelE/Category3/LevelECat3Lesson14/?C=S;O=D HTTP/1.1" 200 448 "-" "Mozilla/5.0 (compatible; MJ12bot/v1.4.8; http://mj12bot.com/)"
192.99.3.137 - - [13/Nov/2022:23:40:16 +0100] "GET /apps/school/www_old9/img/LevelA/Category1/LevelACat1Lesson30/ HTTP/1.1" 200 512 "-" "Mozilla/5.0 (compatible; MJ12bot/v1.4.8; http://mj12bot.com/)"
95.91.76.32 - - [13/Nov/2022:23:40:16 +0100] "GET /apps/school/www_old5/img/LevelF/Category1/LevelFCat1Lesson36/?C=S;O=A HTTP/1.1" 200 447 "-" "Mozilla/5.0 (compatible; MJ12bot/v1.4.8; http://mj12bot.com/)"
192.99.3.137 - - [13/Nov/2022:23:40:17 +0100] "GET /apps/school/www_old9/img/LevelA/Category1/LevelACat1Lesson31/ HTTP/1.1" 200 471 "-" "Mozilla/5.0 (compatible; MJ12bot/v1.4.8; http://mj12bot.com/)"
95.91.76.32 - - [13/Nov/2022:23:40:18 +0100] "GET /apps/school/www_old6/Html/LevelG/Category1/LevelGCat1Lesson01.html HTTP/1.1" 200 786 "-" "Mozilla/5.0 (compatible; MJ12bot/v1.4.8; http://mj12bot.com/)"
95.91.76.32 - - [13/Nov/2022:23:40:19 +0100] "GET /apps/school/www_old6/img/LevelE/Category1/?C=D;O=D HTTP/1.1" 200 734 "-" "Mozilla/5.0 (compatible; MJ12bot/v1.4.8; http://mj12bot.com/)"
192.99.3.137 - - [13/Nov/2022:23:40:21 +0100] "GET /apps/school/www_old9/img/LevelA/Category1/LevelACat1Lesson32/ HTTP/1.1" 200 484 "-" "Mozilla/5.0 (compatible; MJ12bot/v1.4.8; http://mj12bot.com/)"
95.91.76.32 - - [13/Nov/2022:23:40:21 +0100] "GET /apps/school/www_old6/img/LevelG/Category2/LevelGCat2Lesson20/?C=M;O=D HTTP/1.1" 200 450 "-" "Mozilla/5.0 (compatible; MJ12bot/v1.4.8; http://mj12bot.com/)"
192.99.3.137 - - [13/Nov/2022:23:40:22 +0100] "GET /apps/school/www_old9/img/LevelA/Category1/LevelACat1Lesson33/ HTTP/1.1" 200 482 "-" "Mozilla/5.0 (compatible; MJ12bot/v1.4.8; http://mj12bot.com/)"
95.91.76.32 - - [13/Nov/2022:23:40:22 +0100] "GET /apps/school/www_old_temp/AutodeskForge/learn.forge.viewmodels-nodejs/node_modules/uri-js/dist/esnext/schemes/ HTTP/1.1" 200 740 "-" "Mozilla/5.0 (compatible; MJ12bot/v1.4.8; http://mj12bot.com/)"
114.119.153.186 - - [13/Nov/2022:23:40:24 +0100] "GET /forge/node_modules/express/node_modules/safe-buffer/index.js HTTP/1.1" 200 528 "http://www2.astacus.se/forge/node_modules/express/node_modules/safe-buffer/?C=D%3BO%3DA" "Mozilla/5.0 (Linux; Android 7.0;) AppleWebKit/537.36 (KHTML, like Gecko) Mobile Safari/537.36 (compatible; PetalBot;+https://webmaster.petalsearch.com/site/petalbot)"
192.99.3.137 - - [13/Nov/2022:23:40:26 +0100] "GET /apps/school/www_old9/img/LevelA/Category1/LevelACat1Lesson34/ HTTP/1.1" 200 447 "-" "Mozilla/5.0 (compatible; MJ12bot/v1.4.8; http://mj12bot.com/)"
192.99.3.137 - - [13/Nov/2022:23:40:29 +0100] "GET /apps/school/www_old9/img/LevelA/Category1/LevelACat1Lesson35/ HTTP/1.1" 200 452 "-" "Mozilla/5.0 (compatible; MJ12bot/v1.4.8; http://mj12bot.com/)"
192.99.3.137 - - [13/Nov/2022:23:40:31 +0100] "GET /apps/school/www_old9/img/LevelA/Category2/LevelACat2Lesson01/ HTTP/1.1" 200 493 "-" "Mozilla/5.0 (compatible; MJ12bot/v1.4.8; http://mj12bot.com/)"
192.99.3.137 - - [13/Nov/2022:23:40:34 +0100] "GET /apps/school/www_old9/img/LevelA/Category2/LevelACat2Lesson02/ HTTP/1.1" 200 509 "-" "Mozilla/5.0 (compatible; MJ12bot/v1.4.8; http://mj12bot.com/)"
192.99.3.137 - - [13/Nov/2022:23:40:38 +0100] "GET /apps/school/www_old9/img/LevelA/Category2/LevelACat2Lesson04/ HTTP/1.1" 200 575 "-" "Mozilla/5.0 (compatible; MJ12bot/v1.4.8; http://mj12bot.com/)"
54.36.148.14 - - [13/Nov/2022:23:40:40 +0100] "GET /apps/school/www_old4/img/LevelC/Category2/LevelCCat2Lesson7/?C=M;O=D HTTP/1.1" 200 443 "-" "Mozilla/5.0 (compatible; AhrefsBot/7.0; +http://ahrefs.com/robot/)"
192.99.3.137 - - [13/Nov/2022:23:40:41 +0100] "GET /apps/school/www_old9/img/LevelA/Category2/LevelACat2Lesson05/ HTTP/1.1" 200 474 "-" "Mozilla/5.0 (compatible; MJ12bot/v1.4.8; http://mj12bot.com/)"
192.99.3.137 - - [13/Nov/2022:23:40:44 +0100] "GET /apps/school/www_old9/img/LevelA/Category2/LevelACat2Lesson06/ HTTP/1.1" 200 517 "-" "Mozilla/5.0 (compatible; MJ12bot/v1.4.8; http://mj12bot.com/)"
114.119.134.148 - - [13/Nov/2022:23:40:47 +0100] "GET /apps/school/www_old5/img/LevelD/Category2/LevelDCat2Lesson18?C=N%3BO%3DD HTTP/1.1" 301 312 "http://kulturdokumentation.com/apps/school/www_old5/img/LevelD/Category2/LevelDCat2Lesson18?C=M%3BO%3DA" "Mozilla/5.0 (Linux; Android 7.0;) AppleWebKit/537.36 (KHTML, like Gecko) Mobile Safari/537.36 (compatible; PetalBot;+https://webmaster.petalsearch.com/site/petalbot)"
192.99.3.137 - - [13/Nov/2022:23:40:47 +0100] "GET /apps/school/www_old9/img/LevelA/Category2/LevelACat2Lesson07/ HTTP/1.1" 200 495 "-" "Mozilla/5.0 (compatible; MJ12bot/v1.4.8; http://mj12bot.com/)"
114.119.134.148 - - [13/Nov/2022:23:40:48 +0100] "GET /apps/school/www_old5/img/LevelD/Category2/LevelDCat2Lesson18/?C=N%3BO%3DD HTTP/1.1" 200 522 "http://kulturdokumentation.com/apps/school/www_old5/img/LevelD/Category2/LevelDCat2Lesson18?C=M%3BO%3DA" "Mozilla/5.0 (Linux; Android 7.0;) AppleWebKit/537.36 (KHTML, like Gecko) Mobile Safari/537.36 (compatible; PetalBot;+https://webmaster.petalsearch.com/site/petalbot)"
192.99.3.137 - - [13/Nov/2022:23:40:50 +0100] "GET /apps/school/www_old9/img/LevelA/Category2/LevelACat2Lesson08/ HTTP/1.1" 200 540 "-" "Mozilla/5.0 (compatible; MJ12bot/v1.4.8; http://mj12bot.com/)"
192.99.3.137 - - [13/Nov/2022:23:40:52 +0100] "GET /apps/school/www_old9/img/LevelA/Category2/LevelACat2Lesson09/ HTTP/1.1" 200 477 "-" "Mozilla/5.0 (compatible; MJ12bot/v1.4.8; http://mj12bot.com/)"
192.99.3.137 - - [13/Nov/2022:23:40:56 +0100] "GET /apps/school/www_old9/img/LevelA/Category2/LevelACat2Lesson10/ HTTP/1.1" 200 460 "-" "Mozilla/5.0 (compatible; MJ12bot/v1.4.8; http://mj12bot.com/)"
192.99.3.137 - - [13/Nov/2022:23:40:59 +0100] "GET /apps/school/www_old9/img/LevelA/Category2/LevelACat2Lesson11/ HTTP/1.1" 200 487 "-" "Mozilla/5.0 (compatible; MJ12bot/v1.4.8; http://mj12bot.com/)"
192.99.3.137 - - [13/Nov/2022:23:41:02 +0100] "GET /apps/school/www_old9/img/LevelA/Category2/LevelACat2Lesson12/ HTTP/1.1" 200 534 "-" "Mozilla/5.0 (compatible; MJ12bot/v1.4.8; http://mj12bot.com/)"
192.99.3.137 - - [13/Nov/2022:23:41:04 +0100] "GET /apps/school/www_old9/img/LevelA/Category2/LevelACat2Lesson13/ HTTP/1.1" 200 509 "-" "Mozilla/5.0 (compatible; MJ12bot/v1.4.8; http://mj12bot.com/)"
192.99.3.137 - - [13/Nov/2022:23:41:08 +0100] "GET /apps/school/www_old9/img/LevelA/Category2/LevelACat2Lesson14/ HTTP/1.1" 200 494 "-" "Mozilla/5.0 (compatible; MJ12bot/v1.4.8; http://mj12bot.com/)"
