65.108.78.33 - - [13/Nov/2022:13:05:34 +0100] "GET /apps/school/www_old8/img/LevelC/Category1/LevelCCat1Lesson09/?C=M;O=D HTTP/1.1" 200 457 "-" "Mozilla/5.0 (compatible; MJ12bot/v1.4.8; http://mj12bot.com/)"
65.108.78.33 - - [13/Nov/2022:13:05:36 +0100] "GET /apps/school/www_old8/img/LevelC/Category1/LevelCCat1Lesson09/?C=S;O=D HTTP/1.1" 200 457 "-" "Mozilla/5.0 (compatible; MJ12bot/v1.4.8; http://mj12bot.com/)"
54.36.149.46 - - [13/Nov/2022:13:05:36 +0100] "GET /apps/school/www_old9/img/LevelF/Category1/LevelFCat1Lesson25/?C=S;O=A HTTP/1.1" 200 446 "-" "Mozilla/5.0 (compatible; AhrefsBot/7.0; +http://ahrefs.com/robot/)"
65.108.78.33 - - [13/Nov/2022:13:05:37 +0100] "GET /apps/school/www_old8/img/LevelC/Category1/LevelCCat1Lesson10/?C=D;O=D HTTP/1.1" 200 470 "-" "Mozilla/5.0 (compatible; MJ12bot/v1.4.8; http://mj12bot.com/)"
65.108.78.33 - - [13/Nov/2022:13:05:39 +0100] "GET /apps/school/www_old8/img/LevelC/Category1/LevelCCat1Lesson10/?C=M;O=D HTTP/1.1" 200 470 "-" "Mozilla/5.0 (compatible; MJ12bot/v1.4.8; http://mj12bot.com/)"
65.108.78.33 - - [13/Nov/2022:13:05:40 +0100] "GET /apps/school/www_old8/img/LevelC/Category1/LevelCCat1Lesson10/?C=N;O=A HTTP/1.1" 200 472 "-" "Mozilla/5.0 (compatible; MJ12bot/v1.4.8; http://mj12bot.com/)"
65.108.78.33 - - [13/Nov/2022:13:05:42 +0100] "GET /apps/school/www_old8/img/LevelC/Category1/LevelCCat1Lesson10/?C=S;O=D HTTP/1.1" 200 469 "-" "Mozilla/5.0 (compatible; MJ12bot/v1.4.8; http://mj12bot.com/)"
65.108.78.33 - - [13/Nov/2022:13:05:43 +0100] "GET /apps/school/www_old8/img/LevelC/Category1/LevelCCat1Lesson11/?C=M;O=D HTTP/1.1" 200 503 "-" "Mozilla/5.0 (compatible; MJ12bot/v1.4.8; http://mj12bot.com/)"
65.108.78.33 - - [13/Nov/2022:13:05:45 +0100] "GET /apps/school/www_old8/img/LevelC/Category1/LevelCCat1Lesson11/?C=S;O=D HTTP/1.1" 200 502 "-" "Mozilla/5.0 (compatible; MJ12bot/v1.4.8; http://mj12bot.com/)"
65.108.78.33 - - [13/Nov/2022:13:05:46 +0100] "GET /apps/school/www_old8/img/LevelC/Category1/LevelCCat1Lesson12/?C=D;O=D HTTP/1.1" 200 444 "-" "Mozilla/5.0 (compatible; MJ12bot/v1.4.8; http://mj12bot.com/)"
65.108.78.33 - - [13/Nov/2022:13:05:48 +0100] "GET /apps/school/www_old8/img/LevelC/Category1/LevelCCat1Lesson12/?C=M;O=D HTTP/1.1" 200 444 "-" "Mozilla/5.0 (compatible; MJ12bot/v1.4.8; http://mj12bot.com/)"
114.119.141.53 - - [13/Nov/2022:13:05:48 +0100] "GET /apps/school/www_old_temp/AutodeskForge/?C=D%3BO%3DA HTTP/1.1" 200 786 "http://kulturdokumentation.se/apps/school/www_old_temp/AutodeskForge/?C=M%3BO%3DA" "Mozilla/5.0 (Linux; Android 7.0;) AppleWebKit/537.36 (KHTML, like Gecko) Mobile Safari/537.36 (compatible; PetalBot;+https://webmaster.petalsearch.com/site/petalbot)"
65.108.78.33 - - [13/Nov/2022:13:05:49 +0100] "GET /apps/school/www_old8/img/LevelC/Category1/LevelCCat1Lesson12/?C=N;O=A HTTP/1.1" 200 446 "-" "Mozilla/5.0 (compatible; MJ12bot/v1.4.8; http://mj12bot.com/)"
65.108.78.33 - - [13/Nov/2022:13:05:51 +0100] "GET /apps/school/www_old8/img/LevelC/Category1/LevelCCat1Lesson12/?C=S;O=D HTTP/1.1" 200 444 "-" "Mozilla/5.0 (compatible; MJ12bot/v1.4.8; http://mj12bot.com/)"
65.108.78.33 - - [13/Nov/2022:13:05:52 +0100] "GET /apps/school/www_old8/img/LevelC/Category1/LevelCCat1Lesson13/?C=D;O=D HTTP/1.1" 200 447 "-" "Mozilla/5.0 (compatible; MJ12bot/v1.4.8; http://mj12bot.com/)"
198.199.95.173 - - [13/Nov/2022:13:05:53 +0100] "GET /owa/auth/x.js HTTP/1.1" 404 211 "-" "Mozilla/5.0 zgrab/0.x"
65.108.78.33 - - [13/Nov/2022:13:05:54 +0100] "GET /apps/school/www_old8/img/LevelC/Category1/LevelCCat1Lesson13/?C=S;O=D HTTP/1.1" 200 447 "-" "Mozilla/5.0 (compatible; MJ12bot/v1.4.8; http://mj12bot.com/)"
54.36.148.215 - - [13/Nov/2022:13:05:55 +0100] "GET /?action=support HTTP/1.1" 302 10866 "-" "Mozilla/5.0 (compatible; AhrefsBot/7.0; +http://ahrefs.com/robot/)"
65.108.78.33 - - [13/Nov/2022:13:05:55 +0100] "GET /apps/school/www_old8/img/LevelC/Category1/LevelCCat1Lesson14/?C=D;O=D HTTP/1.1" 200 465 "-" "Mozilla/5.0 (compatible; MJ12bot/v1.4.8; http://mj12bot.com/)"
65.108.78.33 - - [13/Nov/2022:13:05:57 +0100] "GET /apps/school/www_old8/img/LevelC/Category1/LevelCCat1Lesson14/?C=M;O=D HTTP/1.1" 200 465 "-" "Mozilla/5.0 (compatible; MJ12bot/v1.4.8; http://mj12bot.com/)"
65.108.78.33 - - [13/Nov/2022:13:05:58 +0100] "GET /apps/school/www_old8/img/LevelC/Category1/LevelCCat1Lesson15/?C=S;O=D HTTP/1.1" 200 445 "-" "Mozilla/5.0 (compatible; MJ12bot/v1.4.8; http://mj12bot.com/)"
65.108.78.33 - - [13/Nov/2022:13:06:00 +0100] "GET /apps/school/www_old8/img/LevelC/Category1/LevelCCat1Lesson18/?C=D;O=D HTTP/1.1" 200 452 "-" "Mozilla/5.0 (compatible; MJ12bot/v1.4.8; http://mj12bot.com/)"
65.108.78.33 - - [13/Nov/2022:13:06:01 +0100] "GET /apps/school/www_old8/img/LevelC/Category1/LevelCCat1Lesson19/?C=D;O=D HTTP/1.1" 200 474 "-" "Mozilla/5.0 (compatible; MJ12bot/v1.4.8; http://mj12bot.com/)"
65.108.78.33 - - [13/Nov/2022:13:06:03 +0100] "GET /apps/school/www_old8/img/LevelC/Category1/LevelCCat1Lesson19/?C=M;O=D HTTP/1.1" 200 474 "-" "Mozilla/5.0 (compatible; MJ12bot/v1.4.8; http://mj12bot.com/)"
65.108.78.33 - - [13/Nov/2022:13:06:04 +0100] "GET /apps/school/www_old8/img/LevelC/Category1/LevelCCat1Lesson19/?C=S;O=D HTTP/1.1" 200 473 "-" "Mozilla/5.0 (compatible; MJ12bot/v1.4.8; http://mj12bot.com/)"
65.108.78.33 - - [13/Nov/2022:13:06:06 +0100] "GET /apps/school/www_old8/img/LevelC/Category1/LevelCCat1Lesson20/?C=D;O=D HTTP/1.1" 200 476 "-" "Mozilla/5.0 (compatible; MJ12bot/v1.4.8; http://mj12bot.com/)"
65.108.78.33 - - [13/Nov/2022:13:06:07 +0100] "GET /apps/school/www_old8/img/LevelC/Category1/LevelCCat1Lesson20/?C=S;O=D HTTP/1.1" 200 476 "-" "Mozilla/5.0 (compatible; MJ12bot/v1.4.8; http://mj12bot.com/)"
65.108.78.33 - - [13/Nov/2022:13:06:09 +0100] "GET /apps/school/www_old8/img/LevelC/Category1/LevelCCat1Lesson24/?C=D;O=D HTTP/1.1" 200 451 "-" "Mozilla/5.0 (compatible; MJ12bot/v1.4.8; http://mj12bot.com/)"
65.108.78.33 - - [13/Nov/2022:13:06:10 +0100] "GET /apps/school/www_old8/img/LevelC/Category1/LevelCCat1Lesson24/?C=M;O=D HTTP/1.1" 200 451 "-" "Mozilla/5.0 (compatible; MJ12bot/v1.4.8; http://mj12bot.com/)"
65.108.78.33 - - [13/Nov/2022:13:06:12 +0100] "GET /apps/school/www_old8/img/LevelC/Category1/LevelCCat1Lesson24/?C=N;O=A HTTP/1.1" 200 453 "-" "Mozilla/5.0 (compatible; MJ12bot/v1.4.8; http://mj12bot.com/)"
65.108.78.33 - - [13/Nov/2022:13:06:13 +0100] "GET /apps/school/www_old8/img/LevelC/Category1/LevelCCat1Lesson24/?C=S;O=D HTTP/1.1" 200 451 "-" "Mozilla/5.0 (compatible; MJ12bot/v1.4.8; http://mj12bot.com/)"
65.108.78.33 - - [13/Nov/2022:13:06:15 +0100] "GET /apps/school/www_old8/img/LevelC/Category1/LevelCCat1Lesson25/?C=D;O=D HTTP/1.1" 200 452 "-" "Mozilla/5.0 (compatible; MJ12bot/v1.4.8; http://mj12bot.com/)"
65.108.78.33 - - [13/Nov/2022:13:06:16 +0100] "GET /apps/school/www_old8/img/LevelC/Category1/LevelCCat1Lesson25/?C=M;O=D HTTP/1.1" 200 452 "-" "Mozilla/5.0 (compatible; MJ12bot/v1.4.8; http://mj12bot.com/)"
65.108.78.33 - - [13/Nov/2022:13:06:18 +0100] "GET /apps/school/www_old8/img/LevelC/Category1/LevelCCat1Lesson25/?C=S;O=D HTTP/1.1" 200 452 "-" "Mozilla/5.0 (compatible; MJ12bot/v1.4.8; http://mj12bot.com/)"
65.108.78.33 - - [13/Nov/2022:13:06:19 +0100] "GET /apps/school/www_old8/img/LevelC/Category1/LevelCCat1Lesson27/?C=D;O=D HTTP/1.1" 200 448 "-" "Mozilla/5.0 (compatible; MJ12bot/v1.4.8; http://mj12bot.com/)"
65.108.78.33 - - [13/Nov/2022:13:06:21 +0100] "GET /apps/school/www_old8/img/LevelC/Category1/LevelCCat1Lesson27/?C=M;O=D HTTP/1.1" 200 448 "-" "Mozilla/5.0 (compatible; MJ12bot/v1.4.8; http://mj12bot.com/)"
65.108.78.33 - - [13/Nov/2022:13:06:22 +0100] "GET /apps/school/www_old8/img/LevelC/Category1/LevelCCat1Lesson28/?C=D;O=D HTTP/1.1" 200 546 "-" "Mozilla/5.0 (compatible; MJ12bot/v1.4.8; http://mj12bot.com/)"
65.108.78.33 - - [13/Nov/2022:13:06:24 +0100] "GET /apps/school/www_old8/img/LevelC/Category1/LevelCCat1Lesson28/?C=M;O=D HTTP/1.1" 200 547 "-" "Mozilla/5.0 (compatible; MJ12bot/v1.4.8; http://mj12bot.com/)"
65.108.78.33 - - [13/Nov/2022:13:06:26 +0100] "GET /apps/school/www_old8/img/LevelC/Category1/LevelCCat1Lesson28/?C=S;O=D HTTP/1.1" 200 550 "-" "Mozilla/5.0 (compatible; MJ12bot/v1.4.8; http://mj12bot.com/)"
5.45.207.144 - - [13/Nov/2022:13:06:26 +0100] "GET /robots.txt HTTP/1.1" 404 208 "-" "Mozilla/5.0 (compatible; YandexBot/3.0; +http://yandex.com/bots)"
65.108.78.33 - - [13/Nov/2022:13:06:27 +0100] "GET /apps/school/www_old8/img/LevelC/Category1/LevelCCat1Lesson29/?C=D;O=D HTTP/1.1" 200 483 "-" "Mozilla/5.0 (compatible; MJ12bot/v1.4.8; http://mj12bot.com/)"
114.119.134.155 - - [13/Nov/2022:13:06:28 +0100] "GET /apps/school/www_old8/img/LevelD?C=D%3BO%3DA HTTP/1.1" 301 283 "http://kulturdokumentation.com/apps/school/www_old8/img/LevelD?C=S%3BO%3DA" "Mozilla/5.0 (Linux; Android 7.0;) AppleWebKit/537.36 (KHTML, like Gecko) Mobile Safari/537.36 (compatible; PetalBot;+https://webmaster.petalsearch.com/site/petalbot)"
65.108.78.33 - - [13/Nov/2022:13:06:29 +0100] "GET /apps/school/www_old8/img/LevelC/Category1/LevelCCat1Lesson30/?C=D;O=D HTTP/1.1" 200 443 "-" "Mozilla/5.0 (compatible; MJ12bot/v1.4.8; http://mj12bot.com/)"
5.45.207.144 - - [13/Nov/2022:13:06:30 +0100] "GET /pointclouds.php HTTP/1.1" 404 213 "-" "Mozilla/5.0 (compatible; YandexBot/3.0; +http://yandex.com/bots)"
65.108.78.33 - - [13/Nov/2022:13:06:30 +0100] "GET /apps/school/www_old8/img/LevelC/Category1/LevelCCat1Lesson30/?C=M;O=D HTTP/1.1" 200 443 "-" "Mozilla/5.0 (compatible; MJ12bot/v1.4.8; http://mj12bot.com/)"
65.108.78.33 - - [13/Nov/2022:13:06:32 +0100] "GET /apps/school/www_old8/img/LevelC/Category2/LevelCCat2Lesson01/?C=D;O=D HTTP/1.1" 200 470 "-" "Mozilla/5.0 (compatible; MJ12bot/v1.4.8; http://mj12bot.com/)"
114.119.134.155 - - [13/Nov/2022:13:06:33 +0100] "GET /apps/school/www_old8/img/LevelD/?C=D%3BO%3DA HTTP/1.1" 200 440 "http://kulturdokumentation.com/apps/school/www_old8/img/LevelD?C=S%3BO%3DA" "Mozilla/5.0 (Linux; Android 7.0;) AppleWebKit/537.36 (KHTML, like Gecko) Mobile Safari/537.36 (compatible; PetalBot;+https://webmaster.petalsearch.com/site/petalbot)"
65.108.78.33 - - [13/Nov/2022:13:06:33 +0100] "GET /apps/school/www_old8/img/LevelC/Category2/LevelCCat2Lesson01/?C=M;O=D HTTP/1.1" 200 470 "-" "Mozilla/5.0 (compatible; MJ12bot/v1.4.8; http://mj12bot.com/)"
65.108.78.33 - - [13/Nov/2022:13:06:35 +0100] "GET /apps/school/www_old8/img/LevelC/Category2/LevelCCat2Lesson01/?C=N;O=A HTTP/1.1" 200 471 "-" "Mozilla/5.0 (compatible; MJ12bot/v1.4.8; http://mj12bot.com/)"
65.108.78.33 - - [13/Nov/2022:13:06:36 +0100] "GET /apps/school/www_old8/img/LevelC/Category2/LevelCCat2Lesson01/?C=S;O=D HTTP/1.1" 200 470 "-" "Mozilla/5.0 (compatible; MJ12bot/v1.4.8; http://mj12bot.com/)"
65.108.78.33 - - [13/Nov/2022:13:06:38 +0100] "GET /apps/school/www_old8/img/LevelC/Category2/LevelCCat2Lesson02/?C=D;O=D HTTP/1.1" 200 459 "-" "Mozilla/5.0 (compatible; MJ12bot/v1.4.8; http://mj12bot.com/)"
65.108.78.33 - - [13/Nov/2022:13:06:39 +0100] "GET /apps/school/www_old8/img/LevelC/Category2/LevelCCat2Lesson02/?C=M;O=D HTTP/1.1" 200 459 "-" "Mozilla/5.0 (compatible; MJ12bot/v1.4.8; http://mj12bot.com/)"
65.108.78.33 - - [13/Nov/2022:13:06:41 +0100] "GET /apps/school/www_old8/img/LevelC/Category2/LevelCCat2Lesson02/?C=N;O=A HTTP/1.1" 200 460 "-" "Mozilla/5.0 (compatible; MJ12bot/v1.4.8; http://mj12bot.com/)"
65.108.78.33 - - [13/Nov/2022:13:06:42 +0100] "GET /apps/school/www_old8/img/LevelC/Category2/LevelCCat2Lesson02/?C=S;O=D HTTP/1.1" 200 459 "-" "Mozilla/5.0 (compatible; MJ12bot/v1.4.8; http://mj12bot.com/)"
65.108.78.33 - - [13/Nov/2022:13:06:44 +0100] "GET /apps/school/www_old8/img/LevelC/Category2/LevelCCat2Lesson03/?C=M;O=D HTTP/1.1" 200 442 "-" "Mozilla/5.0 (compatible; MJ12bot/v1.4.8; http://mj12bot.com/)"
65.108.78.33 - - [13/Nov/2022:13:06:45 +0100] "GET /apps/school/www_old8/img/LevelC/Category2/LevelCCat2Lesson03/?C=N;O=A HTTP/1.1" 200 444 "-" "Mozilla/5.0 (compatible; MJ12bot/v1.4.8; http://mj12bot.com/)"
65.108.78.33 - - [13/Nov/2022:13:06:47 +0100] "GET /apps/school/www_old8/img/LevelC/Category2/LevelCCat2Lesson03/?C=S;O=D HTTP/1.1" 200 442 "-" "Mozilla/5.0 (compatible; MJ12bot/v1.4.8; http://mj12bot.com/)"
65.108.78.33 - - [13/Nov/2022:13:06:48 +0100] "GET /apps/school/www_old8/img/LevelC/Category2/LevelCCat2Lesson04/?C=D;O=D HTTP/1.1" 200 465 "-" "Mozilla/5.0 (compatible; MJ12bot/v1.4.8; http://mj12bot.com/)"
65.108.78.33 - - [13/Nov/2022:13:06:50 +0100] "GET /apps/school/www_old8/img/LevelC/Category2/LevelCCat2Lesson04/?C=M;O=D HTTP/1.1" 200 465 "-" "Mozilla/5.0 (compatible; MJ12bot/v1.4.8; http://mj12bot.com/)"
65.108.78.33 - - [13/Nov/2022:13:06:52 +0100] "GET /apps/school/www_old8/img/LevelC/Category2/LevelCCat2Lesson04/?C=N;O=A HTTP/1.1" 200 466 "-" "Mozilla/5.0 (compatible; MJ12bot/v1.4.8; http://mj12bot.com/)"
65.108.78.33 - - [13/Nov/2022:13:06:53 +0100] "GET /apps/school/www_old8/img/LevelC/Category2/LevelCCat2Lesson04/?C=S;O=D HTTP/1.1" 200 465 "-" "Mozilla/5.0 (compatible; MJ12bot/v1.4.8; http://mj12bot.com/)"
65.108.78.33 - - [13/Nov/2022:13:06:55 +0100] "GET /apps/school/www_old8/img/LevelC/Category2/LevelCCat2Lesson05/?C=D;O=D HTTP/1.1" 200 539 "-" "Mozilla/5.0 (compatible; MJ12bot/v1.4.8; http://mj12bot.com/)"
65.108.78.33 - - [13/Nov/2022:13:06:56 +0100] "GET /apps/school/www_old8/img/LevelC/Category2/LevelCCat2Lesson05/?C=M;O=D HTTP/1.1" 200 539 "-" "Mozilla/5.0 (compatible; MJ12bot/v1.4.8; http://mj12bot.com/)"
65.108.78.33 - - [13/Nov/2022:13:06:58 +0100] "GET /apps/school/www_old8/img/LevelC/Category2/LevelCCat2Lesson05/?C=N;O=A HTTP/1.1" 200 541 "-" "Mozilla/5.0 (compatible; MJ12bot/v1.4.8; http://mj12bot.com/)"
65.108.78.33 - - [13/Nov/2022:13:06:59 +0100] "GET /apps/school/www_old8/img/LevelC/Category2/LevelCCat2Lesson05/?C=S;O=D HTTP/1.1" 200 542 "-" "Mozilla/5.0 (compatible; MJ12bot/v1.4.8; http://mj12bot.com/)"
65.108.78.33 - - [13/Nov/2022:13:07:01 +0100] "GET /apps/school/www_old8/img/LevelC/Category2/LevelCCat2Lesson06/?C=D;O=D HTTP/1.1" 200 499 "-" "Mozilla/5.0 (compatible; MJ12bot/v1.4.8; http://mj12bot.com/)"
65.108.78.33 - - [13/Nov/2022:13:07:02 +0100] "GET /apps/school/www_old8/img/LevelC/Category2/LevelCCat2Lesson06/?C=M;O=D HTTP/1.1" 200 499 "-" "Mozilla/5.0 (compatible; MJ12bot/v1.4.8; http://mj12bot.com/)"
65.108.78.33 - - [13/Nov/2022:13:07:04 +0100] "GET /apps/school/www_old8/img/LevelC/Category2/LevelCCat2Lesson06/?C=N;O=A HTTP/1.1" 200 501 "-" "Mozilla/5.0 (compatible; MJ12bot/v1.4.8; http://mj12bot.com/)"
65.108.78.33 - - [13/Nov/2022:13:07:05 +0100] "GET /apps/school/www_old8/img/LevelC/Category2/LevelCCat2Lesson06/?C=S;O=D HTTP/1.1" 200 499 "-" "Mozilla/5.0 (compatible; MJ12bot/v1.4.8; http://mj12bot.com/)"
65.108.78.33 - - [13/Nov/2022:13:07:07 +0100] "GET /apps/school/www_old8/img/LevelC/Category2/LevelCCat2Lesson07/?C=D;O=D HTTP/1.1" 200 444 "-" "Mozilla/5.0 (compatible; MJ12bot/v1.4.8; http://mj12bot.com/)"
65.108.78.33 - - [13/Nov/2022:13:07:08 +0100] "GET /apps/school/www_old8/img/LevelC/Category2/LevelCCat2Lesson07/?C=M;O=D HTTP/1.1" 200 444 "-" "Mozilla/5.0 (compatible; MJ12bot/v1.4.8; http://mj12bot.com/)"
65.108.78.33 - - [13/Nov/2022:13:07:10 +0100] "GET /apps/school/www_old8/img/LevelC/Category2/LevelCCat2Lesson07/?C=N;O=A HTTP/1.1" 200 446 "-" "Mozilla/5.0 (compatible; MJ12bot/v1.4.8; http://mj12bot.com/)"
65.108.78.33 - - [13/Nov/2022:13:07:11 +0100] "GET /apps/school/www_old8/img/LevelC/Category2/LevelCCat2Lesson07/?C=S;O=D HTTP/1.1" 200 444 "-" "Mozilla/5.0 (compatible; MJ12bot/v1.4.8; http://mj12bot.com/)"
65.108.78.33 - - [13/Nov/2022:13:07:13 +0100] "GET /apps/school/www_old8/img/LevelC/Category2/LevelCCat2Lesson10/?C=D;O=D HTTP/1.1" 200 551 "-" "Mozilla/5.0 (compatible; MJ12bot/v1.4.8; http://mj12bot.com/)"
65.108.78.33 - - [13/Nov/2022:13:07:14 +0100] "GET /apps/school/www_old8/img/LevelC/Category2/LevelCCat2Lesson10/?C=M;O=D HTTP/1.1" 200 550 "-" "Mozilla/5.0 (compatible; MJ12bot/v1.4.8; http://mj12bot.com/)"
65.108.78.33 - - [13/Nov/2022:13:07:16 +0100] "GET /apps/school/www_old8/img/LevelC/Category2/LevelCCat2Lesson10/?C=N;O=A HTTP/1.1" 200 557 "-" "Mozilla/5.0 (compatible; MJ12bot/v1.4.8; http://mj12bot.com/)"
65.108.78.33 - - [13/Nov/2022:13:07:17 +0100] "GET /apps/school/www_old8/img/LevelC/Category2/LevelCCat2Lesson10/?C=S;O=D HTTP/1.1" 200 554 "-" "Mozilla/5.0 (compatible; MJ12bot/v1.4.8; http://mj12bot.com/)"
65.108.78.33 - - [13/Nov/2022:13:07:19 +0100] "GET /apps/school/www_old8/img/LevelC/Category2/LevelCCat2Lesson11/?C=D;O=D HTTP/1.1" 200 474 "-" "Mozilla/5.0 (compatible; MJ12bot/v1.4.8; http://mj12bot.com/)"
65.108.78.33 - - [13/Nov/2022:13:07:20 +0100] "GET /apps/school/www_old8/img/LevelC/Category2/LevelCCat2Lesson11/?C=M;O=D HTTP/1.1" 200 474 "-" "Mozilla/5.0 (compatible; MJ12bot/v1.4.8; http://mj12bot.com/)"
65.108.78.33 - - [13/Nov/2022:13:07:22 +0100] "GET /apps/school/www_old8/img/LevelC/Category2/LevelCCat2Lesson11/?C=N;O=A HTTP/1.1" 200 476 "-" "Mozilla/5.0 (compatible; MJ12bot/v1.4.8; http://mj12bot.com/)"
65.108.78.33 - - [13/Nov/2022:13:07:23 +0100] "GET /apps/school/www_old8/img/LevelC/Category2/LevelCCat2Lesson11/?C=S;O=D HTTP/1.1" 200 474 "-" "Mozilla/5.0 (compatible; MJ12bot/v1.4.8; http://mj12bot.com/)"
65.108.78.33 - - [13/Nov/2022:13:07:25 +0100] "GET /apps/school/www_old8/img/LevelC/Category2/LevelCCat2Lesson12/?C=D;O=D HTTP/1.1" 200 568 "-" "Mozilla/5.0 (compatible; MJ12bot/v1.4.8; http://mj12bot.com/)"
65.108.78.33 - - [13/Nov/2022:13:07:26 +0100] "GET /apps/school/www_old8/img/LevelC/Category2/LevelCCat2Lesson12/?C=M;O=D HTTP/1.1" 200 568 "-" "Mozilla/5.0 (compatible; MJ12bot/v1.4.8; http://mj12bot.com/)"
65.108.78.33 - - [13/Nov/2022:13:07:28 +0100] "GET /apps/school/www_old8/img/LevelC/Category2/LevelCCat2Lesson12/?C=N;O=A HTTP/1.1" 200 563 "-" "Mozilla/5.0 (compatible; MJ12bot/v1.4.8; http://mj12bot.com/)"
65.108.78.33 - - [13/Nov/2022:13:07:29 +0100] "GET /apps/school/www_old8/img/LevelC/Category2/LevelCCat2Lesson12/?C=N;O=D HTTP/1.1" 200 568 "-" "Mozilla/5.0 (compatible; MJ12bot/v1.4.8; http://mj12bot.com/)"
65.108.78.33 - - [13/Nov/2022:13:07:31 +0100] "GET /apps/school/www_old8/img/LevelC/Category2/LevelCCat2Lesson13/?C=S;O=D HTTP/1.1" 200 580 "-" "Mozilla/5.0 (compatible; MJ12bot/v1.4.8; http://mj12bot.com/)"
65.108.78.33 - - [13/Nov/2022:13:07:32 +0100] "GET /apps/school/www_old8/img/LevelC/Category2/LevelCCat2Lesson14/?C=D;O=D HTTP/1.1" 200 516 "-" "Mozilla/5.0 (compatible; MJ12bot/v1.4.8; http://mj12bot.com/)"
65.108.78.33 - - [13/Nov/2022:13:07:34 +0100] "GET /apps/school/www_old8/img/LevelC/Category2/LevelCCat2Lesson14/?C=M;O=D HTTP/1.1" 200 516 "-" "Mozilla/5.0 (compatible; MJ12bot/v1.4.8; http://mj12bot.com/)"
65.108.78.33 - - [13/Nov/2022:13:07:35 +0100] "GET /apps/school/www_old8/img/LevelC/Category2/LevelCCat2Lesson15/?C=D;O=D HTTP/1.1" 200 494 "-" "Mozilla/5.0 (compatible; MJ12bot/v1.4.8; http://mj12bot.com/)"
65.108.78.33 - - [13/Nov/2022:13:07:37 +0100] "GET /apps/school/www_old8/img/LevelC/Category2/LevelCCat2Lesson15/?C=M;O=D HTTP/1.1" 200 497 "-" "Mozilla/5.0 (compatible; MJ12bot/v1.4.8; http://mj12bot.com/)"
65.108.78.33 - - [13/Nov/2022:13:07:38 +0100] "GET /apps/school/www_old8/img/LevelC/Category2/LevelCCat2Lesson15/?C=N;O=A HTTP/1.1" 200 494 "-" "Mozilla/5.0 (compatible; MJ12bot/v1.4.8; http://mj12bot.com/)"
65.108.78.33 - - [13/Nov/2022:13:07:40 +0100] "GET /apps/school/www_old8/img/LevelC/Category2/LevelCCat2Lesson15/?C=S;O=D HTTP/1.1" 200 493 "-" "Mozilla/5.0 (compatible; MJ12bot/v1.4.8; http://mj12bot.com/)"
65.108.78.33 - - [13/Nov/2022:13:07:41 +0100] "GET /apps/school/www_old8/img/LevelC/Category2/LevelCCat2Lesson16/?C=D;O=D HTTP/1.1" 200 512 "-" "Mozilla/5.0 (compatible; MJ12bot/v1.4.8; http://mj12bot.com/)"
65.108.78.33 - - [13/Nov/2022:13:07:43 +0100] "GET /apps/school/www_old8/img/LevelC/Category2/LevelCCat2Lesson16/?C=M;O=D HTTP/1.1" 200 513 "-" "Mozilla/5.0 (compatible; MJ12bot/v1.4.8; http://mj12bot.com/)"
65.108.78.33 - - [13/Nov/2022:13:07:44 +0100] "GET /apps/school/www_old8/img/LevelC/Category2/LevelCCat2Lesson16/?C=N;O=A HTTP/1.1" 200 516 "-" "Mozilla/5.0 (compatible; MJ12bot/v1.4.8; http://mj12bot.com/)"
65.108.78.33 - - [13/Nov/2022:13:07:46 +0100] "GET /apps/school/www_old8/img/LevelC/Category2/LevelCCat2Lesson16/?C=S;O=D HTTP/1.1" 200 517 "-" "Mozilla/5.0 (compatible; MJ12bot/v1.4.8; http://mj12bot.com/)"
65.108.78.33 - - [13/Nov/2022:13:07:47 +0100] "GET /apps/school/www_old8/img/LevelC/Category2/LevelCCat2Lesson17/?C=D;O=D HTTP/1.1" 200 483 "-" "Mozilla/5.0 (compatible; MJ12bot/v1.4.8; http://mj12bot.com/)"
54.36.149.19 - - [13/Nov/2022:13:07:48 +0100] "GET / HTTP/1.1" 200 13133 "-" "Mozilla/5.0 (compatible; AhrefsBot/7.0; +http://ahrefs.com/robot/)"
65.108.78.33 - - [13/Nov/2022:13:07:49 +0100] "GET /apps/school/www_old8/img/LevelC/Category2/LevelCCat2Lesson17/?C=M;O=D HTTP/1.1" 200 483 "-" "Mozilla/5.0 (compatible; MJ12bot/v1.4.8; http://mj12bot.com/)"
65.108.78.33 - - [13/Nov/2022:13:07:50 +0100] "GET /apps/school/www_old8/img/LevelC/Category2/LevelCCat2Lesson17/?C=N;O=A HTTP/1.1" 200 485 "-" "Mozilla/5.0 (compatible; MJ12bot/v1.4.8; http://mj12bot.com/)"
65.108.78.33 - - [13/Nov/2022:13:07:52 +0100] "GET /apps/school/www_old8/img/LevelC/Category2/LevelCCat2Lesson17/?C=S;O=D HTTP/1.1" 200 485 "-" "Mozilla/5.0 (compatible; MJ12bot/v1.4.8; http://mj12bot.com/)"
65.108.78.33 - - [13/Nov/2022:13:07:53 +0100] "GET /apps/school/www_old8/img/LevelC/Category2/LevelCCat2Lesson18/?C=D;O=D HTTP/1.1" 200 522 "-" "Mozilla/5.0 (compatible; MJ12bot/v1.4.8; http://mj12bot.com/)"
65.108.78.33 - - [13/Nov/2022:13:07:55 +0100] "GET /apps/school/www_old8/img/LevelC/Category2/LevelCCat2Lesson18/?C=M;O=D HTTP/1.1" 200 525 "-" "Mozilla/5.0 (compatible; MJ12bot/v1.4.8; http://mj12bot.com/)"
65.108.78.33 - - [13/Nov/2022:13:07:57 +0100] "GET /apps/school/www_old8/img/LevelC/Category2/LevelCCat2Lesson18/?C=N;O=A HTTP/1.1" 200 525 "-" "Mozilla/5.0 (compatible; MJ12bot/v1.4.8; http://mj12bot.com/)"
65.108.78.33 - - [13/Nov/2022:13:07:58 +0100] "GET /apps/school/www_old8/img/LevelC/Category2/LevelCCat2Lesson18/?C=S;O=D HTTP/1.1" 200 523 "-" "Mozilla/5.0 (compatible; MJ12bot/v1.4.8; http://mj12bot.com/)"
65.108.78.33 - - [13/Nov/2022:13:08:00 +0100] "GET /apps/school/www_old8/img/LevelC/Category3/?C=N;O=D HTTP/1.1" 200 598 "-" "Mozilla/5.0 (compatible; MJ12bot/v1.4.8; http://mj12bot.com/)"
65.108.78.33 - - [13/Nov/2022:13:08:01 +0100] "GET /apps/school/www_old8/img/LevelC/Category3/LevelCCat3Lesson01/?C=D;O=D HTTP/1.1" 200 513 "-" "Mozilla/5.0 (compatible; MJ12bot/v1.4.8; http://mj12bot.com/)"
65.108.78.33 - - [13/Nov/2022:13:08:02 +0100] "GET /apps/school/www_old8/img/LevelC/Category3/LevelCCat3Lesson01/?C=M;O=D HTTP/1.1" 200 513 "-" "Mozilla/5.0 (compatible; MJ12bot/v1.4.8; http://mj12bot.com/)"
192.241.210.196 - - [13/Nov/2022:13:08:04 +0100] "GET /ecp/Current/exporttool/microsoft.exchange.ediscovery.exporttool.application HTTP/1.1" 404 273 "-" "Mozilla/5.0 zgrab/0.x"
65.108.78.33 - - [13/Nov/2022:13:08:04 +0100] "GET /apps/school/www_old8/img/LevelC/Category3/LevelCCat3Lesson04/?C=S;O=D HTTP/1.1" 200 501 "-" "Mozilla/5.0 (compatible; MJ12bot/v1.4.8; http://mj12bot.com/)"
65.108.78.33 - - [13/Nov/2022:13:08:05 +0100] "GET /apps/school/www_old8/img/LevelC/Category3/LevelCCat3Lesson05/?C=D;O=D HTTP/1.1" 200 486 "-" "Mozilla/5.0 (compatible; MJ12bot/v1.4.8; http://mj12bot.com/)"
65.108.78.33 - - [13/Nov/2022:13:08:07 +0100] "GET /apps/school/www_old8/img/LevelC/Category3/LevelCCat3Lesson05/?C=M;O=D HTTP/1.1" 200 486 "-" "Mozilla/5.0 (compatible; MJ12bot/v1.4.8; http://mj12bot.com/)"
65.108.78.33 - - [13/Nov/2022:13:08:09 +0100] "GET /apps/school/www_old8/img/LevelC/Category3/LevelCCat3Lesson06/?C=D;O=D HTTP/1.1" 200 472 "-" "Mozilla/5.0 (compatible; MJ12bot/v1.4.8; http://mj12bot.com/)"
65.108.78.33 - - [13/Nov/2022:13:08:10 +0100] "GET /apps/school/www_old8/img/LevelC/Category3/LevelCCat3Lesson06/?C=M;O=A HTTP/1.1" 200 474 "-" "Mozilla/5.0 (compatible; MJ12bot/v1.4.8; http://mj12bot.com/)"
65.108.78.33 - - [13/Nov/2022:13:08:11 +0100] "GET /apps/school/www_old8/img/LevelC/Category3/LevelCCat3Lesson06/?C=S;O=A HTTP/1.1" 200 474 "-" "Mozilla/5.0 (compatible; MJ12bot/v1.4.8; http://mj12bot.com/)"
198.55.102.203 - - [13/Nov/2022:13:08:12 +0100] "POST /xmlrpc.php HTTP/1.1" 200 412 "-" "Mozilla/5.0 (Windows NT 10.0) AppleWebKit/537.36 (KHTML, like Gecko) Chrome/72.0.3626.121 Safari/537.36"
91.134.248.249 - - [13/Nov/2022:13:08:12 +0100] "POST /xmlrpc.php HTTP/1.1" 200 412 "-" "Mozilla/5.0 (Windows NT 5.1; rv:52.0) Gecko/20100101 Firefox/52.0"
65.108.78.33 - - [13/Nov/2022:13:08:13 +0100] "GET /apps/school/www_old8/img/LevelC/Category3/LevelCCat3Lesson07/?C=D;O=D HTTP/1.1" 200 567 "-" "Mozilla/5.0 (compatible; MJ12bot/v1.4.8; http://mj12bot.com/)"
65.108.78.33 - - [13/Nov/2022:13:08:15 +0100] "GET /apps/school/www_old8/img/LevelC/Category3/LevelCCat3Lesson07/?C=M;O=D HTTP/1.1" 200 566 "-" "Mozilla/5.0 (compatible; MJ12bot/v1.4.8; http://mj12bot.com/)"
65.108.78.33 - - [13/Nov/2022:13:08:16 +0100] "GET /apps/school/www_old8/img/LevelC/Category3/LevelCCat3Lesson07/?C=N;O=A HTTP/1.1" 200 570 "-" "Mozilla/5.0 (compatible; MJ12bot/v1.4.8; http://mj12bot.com/)"
65.108.78.33 - - [13/Nov/2022:13:08:18 +0100] "GET /apps/school/www_old8/img/LevelC/Category3/LevelCCat3Lesson07/?C=S;O=D HTTP/1.1" 200 569 "-" "Mozilla/5.0 (compatible; MJ12bot/v1.4.8; http://mj12bot.com/)"
170.187.138.210 - - [13/Nov/2022:13:08:18 +0100] "POST /xmlrpc.php HTTP/1.1" 200 412 "-" "Mozilla/5.0 (Windows NT 10.0; Win64; x64; rv:58.0) Gecko/20100101 Firefox/58.0"
65.108.78.33 - - [13/Nov/2022:13:08:19 +0100] "GET /apps/school/www_old8/img/LevelC/Category3/LevelCCat3Lesson08/?C=D;O=D HTTP/1.1" 200 559 "-" "Mozilla/5.0 (compatible; MJ12bot/v1.4.8; http://mj12bot.com/)"
65.108.78.33 - - [13/Nov/2022:13:08:21 +0100] "GET /apps/school/www_old8/img/LevelC/Category3/LevelCCat3Lesson12/?C=S;O=D HTTP/1.1" 200 487 "-" "Mozilla/5.0 (compatible; MJ12bot/v1.4.8; http://mj12bot.com/)"
193.202.110.28 - - [13/Nov/2022:13:08:21 +0100] "POST /xmlrpc.php HTTP/1.1" 200 412 "-" "Mozilla/5.0 (Windows NT 5.1; rv:52.0) Gecko/20100101 Firefox/52.0"
65.108.78.33 - - [13/Nov/2022:13:08:22 +0100] "GET /apps/school/www_old8/img/LevelC/Category3/LevelCCat3Lesson13/?C=M;O=D HTTP/1.1" 200 509 "-" "Mozilla/5.0 (compatible; MJ12bot/v1.4.8; http://mj12bot.com/)"
65.108.78.33 - - [13/Nov/2022:13:08:24 +0100] "GET /apps/school/www_old8/img/LevelC/Category3/LevelCCat3Lesson15/?C=D;O=D HTTP/1.1" 200 615 "-" "Mozilla/5.0 (compatible; MJ12bot/v1.4.8; http://mj12bot.com/)"
65.108.78.33 - - [13/Nov/2022:13:08:25 +0100] "GET /apps/school/www_old8/img/LevelC/Category3/LevelCCat3Lesson15/?C=M;O=D HTTP/1.1" 200 615 "-" "Mozilla/5.0 (compatible; MJ12bot/v1.4.8; http://mj12bot.com/)"
65.108.78.33 - - [13/Nov/2022:13:08:27 +0100] "GET /apps/school/www_old8/img/LevelC/Category3/LevelCCat3Lesson15/?C=S;O=D HTTP/1.1" 200 612 "-" "Mozilla/5.0 (compatible; MJ12bot/v1.4.8; http://mj12bot.com/)"
65.108.78.33 - - [13/Nov/2022:13:08:28 +0100] "GET /apps/school/www_old8/img/LevelC/Category3/LevelCCat3Lesson16/?C=D;O=D HTTP/1.1" 200 525 "-" "Mozilla/5.0 (compatible; MJ12bot/v1.4.8; http://mj12bot.com/)"
65.108.78.33 - - [13/Nov/2022:13:08:30 +0100] "GET /apps/school/www_old8/img/LevelC/Category3/LevelCCat3Lesson16/?C=M;O=D HTTP/1.1" 200 525 "-" "Mozilla/5.0 (compatible; MJ12bot/v1.4.8; http://mj12bot.com/)"
62.171.183.101 - - [13/Nov/2022:13:08:31 +0100] "POST /xmlrpc.php HTTP/1.1" 200 412 "-" "Mozilla/5.0 (Windows NT 6.1; Win64; x64) AppleWebKit/537.36 (KHTML, like Gecko) Chrome/63.0.3239.132 Safari/537.36"
65.108.78.33 - - [13/Nov/2022:13:08:31 +0100] "GET /apps/school/www_old8/img/LevelC/Category3/LevelCCat3Lesson16/?C=N;O=A HTTP/1.1" 200 526 "-" "Mozilla/5.0 (compatible; MJ12bot/v1.4.8; http://mj12bot.com/)"
65.108.78.33 - - [13/Nov/2022:13:08:33 +0100] "GET /apps/school/www_old8/img/LevelC/Category3/LevelCCat3Lesson16/?C=S;O=D HTTP/1.1" 200 523 "-" "Mozilla/5.0 (compatible; MJ12bot/v1.4.8; http://mj12bot.com/)"
185.2.4.130 - - [13/Nov/2022:13:08:33 +0100] "POST /xmlrpc.php HTTP/1.1" 200 412 "-" "Mozilla/5.0 (Windows NT 6.1; WOW64; rv:38.0) Gecko/20100101 Firefox/38.0"
65.108.78.33 - - [13/Nov/2022:13:08:34 +0100] "GET /apps/school/www_old8/img/LevelC/Category3/LevelCCat3Lesson17/?C=D;O=D HTTP/1.1" 200 564 "-" "Mozilla/5.0 (compatible; MJ12bot/v1.4.8; http://mj12bot.com/)"
198.55.102.203 - - [13/Nov/2022:13:08:35 +0100] "POST /xmlrpc.php HTTP/1.1" 200 412 "-" "Mozilla/5.0 (Windows NT 6.1; Win64; x64) AppleWebKit/537.36 (KHTML, like Gecko) Chrome/79.0.3945.88 Safari/537.36"
65.108.78.33 - - [13/Nov/2022:13:08:36 +0100] "GET /apps/school/www_old8/img/LevelC/Category3/LevelCCat3Lesson17/?C=M;O=D HTTP/1.1" 200 563 "-" "Mozilla/5.0 (compatible; MJ12bot/v1.4.8; http://mj12bot.com/)"
65.108.78.33 - - [13/Nov/2022:13:08:38 +0100] "GET /apps/school/www_old8/img/LevelC/Category3/LevelCCat3Lesson17/?C=N;O=A HTTP/1.1" 200 569 "-" "Mozilla/5.0 (compatible; MJ12bot/v1.4.8; http://mj12bot.com/)"
65.108.78.33 - - [13/Nov/2022:13:08:39 +0100] "GET /apps/school/www_old8/img/LevelC/Category3/LevelCCat3Lesson17/?C=S;O=D HTTP/1.1" 200 566 "-" "Mozilla/5.0 (compatible; MJ12bot/v1.4.8; http://mj12bot.com/)"
65.108.78.33 - - [13/Nov/2022:13:08:40 +0100] "GET /apps/school/www_old8/img/LevelC/Category3/LevelCCat3Lesson18/?C=D;O=D HTTP/1.1" 200 491 "-" "Mozilla/5.0 (compatible; MJ12bot/v1.4.8; http://mj12bot.com/)"
65.108.78.33 - - [13/Nov/2022:13:08:42 +0100] "GET /apps/school/www_old8/img/LevelC/Category3/LevelCCat3Lesson18/?C=M;O=D HTTP/1.1" 200 491 "-" "Mozilla/5.0 (compatible; MJ12bot/v1.4.8; http://mj12bot.com/)"
65.108.78.33 - - [13/Nov/2022:13:08:44 +0100] "GET /apps/school/www_old8/img/LevelC/Category3/LevelCCat3Lesson18/?C=N;O=A HTTP/1.1" 200 493 "-" "Mozilla/5.0 (compatible; MJ12bot/v1.4.8; http://mj12bot.com/)"
65.108.78.33 - - [13/Nov/2022:13:08:45 +0100] "GET /apps/school/www_old8/img/LevelC/Category3/LevelCCat3Lesson18/?C=S;O=A HTTP/1.1" 200 493 "-" "Mozilla/5.0 (compatible; MJ12bot/v1.4.8; http://mj12bot.com/)"
62.171.183.101 - - [13/Nov/2022:13:08:46 +0100] "POST /xmlrpc.php HTTP/1.1" 200 412 "-" "Mozilla/5.0 (Windows NT 10.0; Win64; x64) AppleWebKit/537.36 (KHTML, like Gecko) Chrome/88.0.4324.190 Safari/537.36"
65.108.78.33 - - [13/Nov/2022:13:08:47 +0100] "GET /apps/school/www_old8/img/LevelC/Category3/LevelCCat3Lesson19/?C=D;O=D HTTP/1.1" 200 521 "-" "Mozilla/5.0 (compatible; MJ12bot/v1.4.8; http://mj12bot.com/)"
67.225.222.5 - - [13/Nov/2022:13:08:47 +0100] "POST /xmlrpc.php HTTP/1.1" 200 412 "-" "Mozilla/5.0 (Windows NT 10.0; Win64; x64) AppleWebKit/537.36 (KHTML, like Gecko) Chrome/89.0.4389.90 Safari/537.36"
65.108.78.33 - - [13/Nov/2022:13:08:48 +0100] "GET /apps/school/www_old8/img/LevelC/Category3/LevelCCat3Lesson19/?C=M;O=D HTTP/1.1" 200 521 "-" "Mozilla/5.0 (compatible; MJ12bot/v1.4.8; http://mj12bot.com/)"
65.108.78.33 - - [13/Nov/2022:13:08:49 +0100] "GET /apps/school/www_old8/img/LevelC/Category3/LevelCCat3Lesson19/?C=N;O=A HTTP/1.1" 200 524 "-" "Mozilla/5.0 (compatible; MJ12bot/v1.4.8; http://mj12bot.com/)"
65.108.78.33 - - [13/Nov/2022:13:08:51 +0100] "GET /apps/school/www_old8/img/LevelC/Category3/LevelCCat3Lesson19/?C=S;O=D HTTP/1.1" 200 520 "-" "Mozilla/5.0 (compatible; MJ12bot/v1.4.8; http://mj12bot.com/)"
135.181.7.93 - - [13/Nov/2022:13:08:52 +0100] "POST /xmlrpc.php HTTP/1.1" 200 412 "-" "Mozilla/5.0 (Windows NT 6.3; Win64; x64; rv:73.0) Gecko/20100101 Firefox/73.0"
65.108.78.33 - - [13/Nov/2022:13:08:53 +0100] "GET /apps/school/www_old8/img/LevelC/Category3/LevelCCat3Lesson20/?C=M;O=D HTTP/1.1" 200 501 "-" "Mozilla/5.0 (compatible; MJ12bot/v1.4.8; http://mj12bot.com/)"
65.108.78.33 - - [13/Nov/2022:13:08:54 +0100] "GET /apps/school/www_old8/img/LevelC/Category3/LevelCCat3Lesson20/?C=S;O=D HTTP/1.1" 200 500 "-" "Mozilla/5.0 (compatible; MJ12bot/v1.4.8; http://mj12bot.com/)"
65.108.78.33 - - [13/Nov/2022:13:08:56 +0100] "GET /apps/school/www_old8/img/LevelC/Category3/LevelCCat3Lesson21/?C=D;O=D HTTP/1.1" 200 556 "-" "Mozilla/5.0 (compatible; MJ12bot/v1.4.8; http://mj12bot.com/)"
65.108.78.33 - - [13/Nov/2022:13:08:57 +0100] "GET /apps/school/www_old8/img/LevelC/Category3/LevelCCat3Lesson21/?C=M;O=D HTTP/1.1" 200 556 "-" "Mozilla/5.0 (compatible; MJ12bot/v1.4.8; http://mj12bot.com/)"
65.108.78.33 - - [13/Nov/2022:13:08:59 +0100] "GET /apps/school/www_old8/img/LevelD/?C=D;O=D HTTP/1.1" 200 434 "-" "Mozilla/5.0 (compatible; MJ12bot/v1.4.8; http://mj12bot.com/)"
65.108.78.33 - - [13/Nov/2022:13:09:00 +0100] "GET /apps/school/www_old8/img/LevelD/?C=S;O=D HTTP/1.1" 200 434 "-" "Mozilla/5.0 (compatible; MJ12bot/v1.4.8; http://mj12bot.com/)"
65.108.78.33 - - [13/Nov/2022:13:09:02 +0100] "GET /apps/school/www_old8/img/LevelD/Category1/?C=N;O=D HTTP/1.1" 200 672 "-" "Mozilla/5.0 (compatible; MJ12bot/v1.4.8; http://mj12bot.com/)"
65.108.78.33 - - [13/Nov/2022:13:09:03 +0100] "GET /apps/school/www_old8/img/LevelD/Category1/LevelDCat1Lesson17/?C=S;O=A HTTP/1.1" 200 448 "-" "Mozilla/5.0 (compatible; MJ12bot/v1.4.8; http://mj12bot.com/)"
65.108.78.33 - - [13/Nov/2022:13:09:05 +0100] "GET /apps/school/www_old8/img/LevelD/Category1/LevelDCat1Lesson26/?C=M;O=D HTTP/1.1" 200 451 "-" "Mozilla/5.0 (compatible; MJ12bot/v1.4.8; http://mj12bot.com/)"
65.108.78.33 - - [13/Nov/2022:13:09:06 +0100] "GET /apps/school/www_old8/img/LevelD/Category1/LevelDCat1Lesson26/?C=N;O=D HTTP/1.1" 200 451 "-" "Mozilla/5.0 (compatible; MJ12bot/v1.4.8; http://mj12bot.com/)"
65.108.78.33 - - [13/Nov/2022:13:09:08 +0100] "GET /apps/school/www_old8/img/LevelD/Category1/LevelDCat1Lesson26/?C=S;O=D HTTP/1.1" 200 451 "-" "Mozilla/5.0 (compatible; MJ12bot/v1.4.8; http://mj12bot.com/)"
157.55.39.81 - - [13/Nov/2022:13:09:09 +0100] "GET / HTTP/1.1" 200 1772 "-" "Mozilla/5.0 AppleWebKit/537.36 (KHTML, like Gecko; compatible; bingbot/2.0; +http://www.bing.com/bingbot.htm) Chrome/103.0.5060.134 Safari/537.36"
65.108.78.33 - - [13/Nov/2022:13:09:09 +0100] "GET /apps/school/www_old8/img/LevelD/Category1/LevelDCat1Lesson27/?C=D;O=A HTTP/1.1" 200 456 "-" "Mozilla/5.0 (compatible; MJ12bot/v1.4.8; http://mj12bot.com/)"
65.108.78.33 - - [13/Nov/2022:13:09:11 +0100] "GET /apps/school/www_old8/img/LevelD/Category1/LevelDCat1Lesson27/?C=D;O=D HTTP/1.1" 200 454 "-" "Mozilla/5.0 (compatible; MJ12bot/v1.4.8; http://mj12bot.com/)"
65.108.78.33 - - [13/Nov/2022:13:09:12 +0100] "GET /apps/school/www_old8/img/LevelD/Category1/LevelDCat1Lesson27/?C=M;O=A HTTP/1.1" 200 456 "-" "Mozilla/5.0 (compatible; MJ12bot/v1.4.8; http://mj12bot.com/)"
104.236.60.16 - - [13/Nov/2022:13:09:14 +0100] "POST /xmlrpc.php HTTP/1.1" 200 412 "-" "Mozilla/5.0 (Linux; Android 10; LM-Q710(FGN)) AppleWebKit/537.36 (KHTML, like Gecko) Chrome/91.0.4472.114 Mobile Safari/537.36"
65.108.78.33 - - [13/Nov/2022:13:09:14 +0100] "GET /apps/school/www_old8/img/LevelD/Category1/LevelDCat1Lesson27/?C=M;O=D HTTP/1.1" 200 454 "-" "Mozilla/5.0 (compatible; MJ12bot/v1.4.8; http://mj12bot.com/)"
65.108.78.33 - - [13/Nov/2022:13:09:16 +0100] "GET /apps/school/www_old8/img/LevelD/Category1/LevelDCat1Lesson27/?C=N;O=A HTTP/1.1" 200 456 "-" "Mozilla/5.0 (compatible; MJ12bot/v1.4.8; http://mj12bot.com/)"
65.108.78.33 - - [13/Nov/2022:13:09:17 +0100] "GET /apps/school/www_old8/img/LevelD/Category1/LevelDCat1Lesson27/?C=N;O=D HTTP/1.1" 200 454 "-" "Mozilla/5.0 (compatible; MJ12bot/v1.4.8; http://mj12bot.com/)"
65.108.78.33 - - [13/Nov/2022:13:09:19 +0100] "GET /apps/school/www_old8/img/LevelD/Category1/LevelDCat1Lesson27/?C=S;O=A HTTP/1.1" 200 456 "-" "Mozilla/5.0 (compatible; MJ12bot/v1.4.8; http://mj12bot.com/)"
65.108.78.33 - - [13/Nov/2022:13:09:20 +0100] "GET /apps/school/www_old8/img/LevelD/Category1/LevelDCat1Lesson27/?C=S;O=D HTTP/1.1" 200 454 "-" "Mozilla/5.0 (compatible; MJ12bot/v1.4.8; http://mj12bot.com/)"
65.108.78.33 - - [13/Nov/2022:13:09:22 +0100] "GET /apps/school/www_old8/img/LevelD/Category1/LevelDCat1Lesson28/?C=D;O=A HTTP/1.1" 200 448 "-" "Mozilla/5.0 (compatible; MJ12bot/v1.4.8; http://mj12bot.com/)"
65.108.78.33 - - [13/Nov/2022:13:09:23 +0100] "GET /apps/school/www_old8/img/LevelD/Category1/LevelDCat1Lesson28/?C=D;O=D HTTP/1.1" 200 446 "-" "Mozilla/5.0 (compatible; MJ12bot/v1.4.8; http://mj12bot.com/)"
65.108.78.33 - - [13/Nov/2022:13:09:25 +0100] "GET /apps/school/www_old8/img/LevelD/Category1/LevelDCat1Lesson28/?C=M;O=A HTTP/1.1" 200 446 "-" "Mozilla/5.0 (compatible; MJ12bot/v1.4.8; http://mj12bot.com/)"
65.108.78.33 - - [13/Nov/2022:13:09:26 +0100] "GET /apps/school/www_old8/img/LevelD/Category1/LevelDCat1Lesson28/?C=M;O=D HTTP/1.1" 200 446 "-" "Mozilla/5.0 (compatible; MJ12bot/v1.4.8; http://mj12bot.com/)"
65.108.78.33 - - [13/Nov/2022:13:09:28 +0100] "GET /apps/school/www_old8/img/LevelD/Category1/LevelDCat1Lesson28/?C=N;O=A HTTP/1.1" 200 448 "-" "Mozilla/5.0 (compatible; MJ12bot/v1.4.8; http://mj12bot.com/)"
65.108.78.33 - - [13/Nov/2022:13:09:29 +0100] "GET /apps/school/www_old8/img/LevelD/Category1/LevelDCat1Lesson28/?C=N;O=D HTTP/1.1" 200 446 "-" "Mozilla/5.0 (compatible; MJ12bot/v1.4.8; http://mj12bot.com/)"
65.108.78.33 - - [13/Nov/2022:13:09:31 +0100] "GET /apps/school/www_old8/img/LevelD/Category1/LevelDCat1Lesson28/?C=S;O=A HTTP/1.1" 200 446 "-" "Mozilla/5.0 (compatible; MJ12bot/v1.4.8; http://mj12bot.com/)"
65.108.78.33 - - [13/Nov/2022:13:09:32 +0100] "GET /apps/school/www_old8/img/LevelD/Category1/LevelDCat1Lesson28/?C=S;O=D HTTP/1.1" 200 446 "-" "Mozilla/5.0 (compatible; MJ12bot/v1.4.8; http://mj12bot.com/)"
65.108.78.33 - - [13/Nov/2022:13:09:34 +0100] "GET /apps/school/www_old8/img/LevelD/Category1/LevelDCat1Lesson29/?C=D;O=A HTTP/1.1" 200 447 "-" "Mozilla/5.0 (compatible; MJ12bot/v1.4.8; http://mj12bot.com/)"
65.108.78.33 - - [13/Nov/2022:13:09:35 +0100] "GET /apps/school/www_old8/img/LevelD/Category1/LevelDCat1Lesson29/?C=D;O=D HTTP/1.1" 200 445 "-" "Mozilla/5.0 (compatible; MJ12bot/v1.4.8; http://mj12bot.com/)"
65.108.78.33 - - [13/Nov/2022:13:09:37 +0100] "GET /apps/school/www_old8/img/LevelD/Category1/LevelDCat1Lesson29/?C=M;O=A HTTP/1.1" 200 447 "-" "Mozilla/5.0 (compatible; MJ12bot/v1.4.8; http://mj12bot.com/)"
65.108.78.33 - - [13/Nov/2022:13:09:38 +0100] "GET /apps/school/www_old8/img/LevelD/Category1/LevelDCat1Lesson29/?C=M;O=D HTTP/1.1" 200 445 "-" "Mozilla/5.0 (compatible; MJ12bot/v1.4.8; http://mj12bot.com/)"
65.108.78.33 - - [13/Nov/2022:13:09:40 +0100] "GET /apps/school/www_old8/img/LevelD/Category1/LevelDCat1Lesson29/?C=N;O=A HTTP/1.1" 200 447 "-" "Mozilla/5.0 (compatible; MJ12bot/v1.4.8; http://mj12bot.com/)"
65.108.78.33 - - [13/Nov/2022:13:09:41 +0100] "GET /apps/school/www_old8/img/LevelD/Category1/LevelDCat1Lesson29/?C=N;O=D HTTP/1.1" 200 445 "-" "Mozilla/5.0 (compatible; MJ12bot/v1.4.8; http://mj12bot.com/)"
65.108.78.33 - - [13/Nov/2022:13:09:42 +0100] "GET /apps/school/www_old8/img/LevelD/Category1/LevelDCat1Lesson29/?C=S;O=A HTTP/1.1" 200 447 "-" "Mozilla/5.0 (compatible; MJ12bot/v1.4.8; http://mj12bot.com/)"
65.108.78.33 - - [13/Nov/2022:13:09:44 +0100] "GET /apps/school/www_old8/img/LevelD/Category1/LevelDCat1Lesson29/?C=S;O=D HTTP/1.1" 200 445 "-" "Mozilla/5.0 (compatible; MJ12bot/v1.4.8; http://mj12bot.com/)"
65.108.78.33 - - [13/Nov/2022:13:09:45 +0100] "GET /apps/school/www_old8/img/LevelD/Category1/LevelDCat1Lesson30/?C=D;O=A HTTP/1.1" 200 474 "-" "Mozilla/5.0 (compatible; MJ12bot/v1.4.8; http://mj12bot.com/)"
65.108.78.33 - - [13/Nov/2022:13:09:47 +0100] "GET /apps/school/www_old8/img/LevelD/Category1/LevelDCat1Lesson30/?C=D;O=D HTTP/1.1" 200 473 "-" "Mozilla/5.0 (compatible; MJ12bot/v1.4.8; http://mj12bot.com/)"
65.108.78.33 - - [13/Nov/2022:13:09:49 +0100] "GET /apps/school/www_old8/img/LevelD/Category1/LevelDCat1Lesson30/?C=M;O=A HTTP/1.1" 200 475 "-" "Mozilla/5.0 (compatible; MJ12bot/v1.4.8; http://mj12bot.com/)"
65.108.78.33 - - [13/Nov/2022:13:09:50 +0100] "GET /apps/school/www_old8/img/LevelD/Category1/LevelDCat1Lesson30/?C=M;O=D HTTP/1.1" 200 473 "-" "Mozilla/5.0 (compatible; MJ12bot/v1.4.8; http://mj12bot.com/)"
65.108.78.33 - - [13/Nov/2022:13:09:51 +0100] "GET /apps/school/www_old8/img/LevelD/Category1/LevelDCat1Lesson30/?C=N;O=A HTTP/1.1" 200 474 "-" "Mozilla/5.0 (compatible; MJ12bot/v1.4.8; http://mj12bot.com/)"
65.108.78.33 - - [13/Nov/2022:13:09:53 +0100] "GET /apps/school/www_old8/img/LevelD/Category1/LevelDCat1Lesson30/?C=N;O=D HTTP/1.1" 200 473 "-" "Mozilla/5.0 (compatible; MJ12bot/v1.4.8; http://mj12bot.com/)"
65.108.78.33 - - [13/Nov/2022:13:09:55 +0100] "GET /apps/school/www_old8/img/LevelD/Category1/LevelDCat1Lesson30/?C=S;O=A HTTP/1.1" 200 475 "-" "Mozilla/5.0 (compatible; MJ12bot/v1.4.8; http://mj12bot.com/)"
65.108.78.33 - - [13/Nov/2022:13:09:56 +0100] "GET /apps/school/www_old8/img/LevelD/Category1/LevelDCat1Lesson30/?C=S;O=D HTTP/1.1" 200 473 "-" "Mozilla/5.0 (compatible; MJ12bot/v1.4.8; http://mj12bot.com/)"
65.108.78.33 - - [13/Nov/2022:13:09:58 +0100] "GET /apps/school/www_old8/img/LevelD/Category1/LevelDCat1Lesson31/?C=D;O=A HTTP/1.1" 200 454 "-" "Mozilla/5.0 (compatible; MJ12bot/v1.4.8; http://mj12bot.com/)"
65.108.78.33 - - [13/Nov/2022:13:09:59 +0100] "GET /apps/school/www_old8/img/LevelD/Category1/LevelDCat1Lesson31/?C=D;O=D HTTP/1.1" 200 452 "-" "Mozilla/5.0 (compatible; MJ12bot/v1.4.8; http://mj12bot.com/)"
65.108.78.33 - - [13/Nov/2022:13:10:01 +0100] "GET /apps/school/www_old8/img/LevelD/Category1/LevelDCat1Lesson31/?C=M;O=A HTTP/1.1" 200 454 "-" "Mozilla/5.0 (compatible; MJ12bot/v1.4.8; http://mj12bot.com/)"
65.108.78.33 - - [13/Nov/2022:13:10:02 +0100] "GET /apps/school/www_old8/img/LevelD/Category1/LevelDCat1Lesson31/?C=M;O=D HTTP/1.1" 200 452 "-" "Mozilla/5.0 (compatible; MJ12bot/v1.4.8; http://mj12bot.com/)"
194.110.203.42 - - [13/Nov/2022:13:10:04 +0100] "GET /notes-online-backup.sql.tar HTTP/1.1" 404 225 "-" "Firefox"
65.108.78.33 - - [13/Nov/2022:13:10:04 +0100] "GET /apps/school/www_old8/img/LevelD/Category1/LevelDCat1Lesson31/?C=N;O=A HTTP/1.1" 200 454 "-" "Mozilla/5.0 (compatible; MJ12bot/v1.4.8; http://mj12bot.com/)"
54.36.149.92 - - [13/Nov/2022:13:10:05 +0100] "GET /apps/school/www_old6/Html/LevelD/Category1/?C=N;O=D HTTP/1.1" 200 758 "-" "Mozilla/5.0 (compatible; AhrefsBot/7.0; +http://ahrefs.com/robot/)"
65.108.78.33 - - [13/Nov/2022:13:10:05 +0100] "GET /apps/school/www_old8/img/LevelD/Category1/LevelDCat1Lesson31/?C=N;O=D HTTP/1.1" 200 452 "-" "Mozilla/5.0 (compatible; MJ12bot/v1.4.8; http://mj12bot.com/)"
65.108.78.33 - - [13/Nov/2022:13:10:07 +0100] "GET /apps/school/www_old8/img/LevelD/Category1/LevelDCat1Lesson31/?C=S;O=A HTTP/1.1" 200 454 "-" "Mozilla/5.0 (compatible; MJ12bot/v1.4.8; http://mj12bot.com/)"
65.108.78.33 - - [13/Nov/2022:13:10:09 +0100] "GET /apps/school/www_old8/img/LevelD/Category1/LevelDCat1Lesson31/?C=S;O=D HTTP/1.1" 200 452 "-" "Mozilla/5.0 (compatible; MJ12bot/v1.4.8; http://mj12bot.com/)"
65.108.78.33 - - [13/Nov/2022:13:10:10 +0100] "GET /apps/school/www_old8/img/LevelD/Category1/LevelDCat1Lesson32/?C=D;O=A HTTP/1.1" 200 446 "-" "Mozilla/5.0 (compatible; MJ12bot/v1.4.8; http://mj12bot.com/)"
65.108.78.33 - - [13/Nov/2022:13:10:12 +0100] "GET /apps/school/www_old8/img/LevelD/Category1/LevelDCat1Lesson32/?C=D;O=D HTTP/1.1" 200 444 "-" "Mozilla/5.0 (compatible; MJ12bot/v1.4.8; http://mj12bot.com/)"
65.108.78.33 - - [13/Nov/2022:13:10:13 +0100] "GET /apps/school/www_old8/img/LevelD/Category1/LevelDCat1Lesson32/?C=M;O=A HTTP/1.1" 200 446 "-" "Mozilla/5.0 (compatible; MJ12bot/v1.4.8; http://mj12bot.com/)"
65.108.78.33 - - [13/Nov/2022:13:10:15 +0100] "GET /apps/school/www_old8/img/LevelD/Category1/LevelDCat1Lesson32/?C=M;O=D HTTP/1.1" 200 444 "-" "Mozilla/5.0 (compatible; MJ12bot/v1.4.8; http://mj12bot.com/)"
65.108.78.33 - - [13/Nov/2022:13:10:16 +0100] "GET /apps/school/www_old8/img/LevelD/Category1/LevelDCat1Lesson32/?C=N;O=A HTTP/1.1" 200 446 "-" "Mozilla/5.0 (compatible; MJ12bot/v1.4.8; http://mj12bot.com/)"
65.108.78.33 - - [13/Nov/2022:13:10:18 +0100] "GET /apps/school/www_old8/img/LevelD/Category1/LevelDCat1Lesson32/?C=N;O=D HTTP/1.1" 200 444 "-" "Mozilla/5.0 (compatible; MJ12bot/v1.4.8; http://mj12bot.com/)"
65.108.78.33 - - [13/Nov/2022:13:10:19 +0100] "GET /apps/school/www_old8/img/LevelD/Category1/LevelDCat1Lesson32/?C=S;O=A HTTP/1.1" 200 446 "-" "Mozilla/5.0 (compatible; MJ12bot/v1.4.8; http://mj12bot.com/)"
65.108.78.33 - - [13/Nov/2022:13:10:21 +0100] "GET /apps/school/www_old8/img/LevelD/Category1/LevelDCat1Lesson32/?C=S;O=D HTTP/1.1" 200 444 "-" "Mozilla/5.0 (compatible; MJ12bot/v1.4.8; http://mj12bot.com/)"
216.244.66.203 - - [13/Nov/2022:13:10:21 +0100] "GET /sales/?week=-35 HTTP/1.1" 200 13713 "-" "Mozilla/5.0 (compatible; DotBot/1.2; +https://opensiteexplorer.org/dotbot; help@moz.com)"
65.108.78.33 - - [13/Nov/2022:13:10:22 +0100] "GET /apps/school/www_old8/img/LevelD/Category1/LevelDCat1Lesson33/?C=D;O=A HTTP/1.1" 200 505 "-" "Mozilla/5.0 (compatible; MJ12bot/v1.4.8; http://mj12bot.com/)"
65.108.78.33 - - [13/Nov/2022:13:10:23 +0100] "GET /apps/school/www_old8/img/LevelD/Category1/LevelDCat1Lesson33/?C=D;O=D HTTP/1.1" 200 505 "-" "Mozilla/5.0 (compatible; MJ12bot/v1.4.8; http://mj12bot.com/)"
65.108.78.33 - - [13/Nov/2022:13:10:25 +0100] "GET /apps/school/www_old8/img/LevelD/Category1/LevelDCat1Lesson33/?C=M;O=A HTTP/1.1" 200 505 "-" "Mozilla/5.0 (compatible; MJ12bot/v1.4.8; http://mj12bot.com/)"
65.108.78.33 - - [13/Nov/2022:13:10:26 +0100] "GET /apps/school/www_old8/img/LevelD/Category1/LevelDCat1Lesson33/?C=M;O=D HTTP/1.1" 200 505 "-" "Mozilla/5.0 (compatible; MJ12bot/v1.4.8; http://mj12bot.com/)"
65.108.78.33 - - [13/Nov/2022:13:10:28 +0100] "GET /apps/school/www_old8/img/LevelD/Category1/LevelDCat1Lesson33/?C=N;O=A HTTP/1.1" 200 505 "-" "Mozilla/5.0 (compatible; MJ12bot/v1.4.8; http://mj12bot.com/)"
65.108.78.33 - - [13/Nov/2022:13:10:30 +0100] "GET /apps/school/www_old8/img/LevelD/Category1/LevelDCat1Lesson33/?C=N;O=D HTTP/1.1" 200 505 "-" "Mozilla/5.0 (compatible; MJ12bot/v1.4.8; http://mj12bot.com/)"
65.108.78.33 - - [13/Nov/2022:13:10:31 +0100] "GET /apps/school/www_old8/img/LevelD/Category1/LevelDCat1Lesson33/?C=S;O=A HTTP/1.1" 200 503 "-" "Mozilla/5.0 (compatible; MJ12bot/v1.4.8; http://mj12bot.com/)"
65.108.78.33 - - [13/Nov/2022:13:10:33 +0100] "GET /apps/school/www_old8/img/LevelD/Category1/LevelDCat1Lesson33/?C=S;O=D HTTP/1.1" 200 502 "-" "Mozilla/5.0 (compatible; MJ12bot/v1.4.8; http://mj12bot.com/)"
65.108.78.33 - - [13/Nov/2022:13:10:34 +0100] "GET /apps/school/www_old8/img/LevelD/Category1/LevelDCat1Lesson35/?C=D;O=A HTTP/1.1" 200 538 "-" "Mozilla/5.0 (compatible; MJ12bot/v1.4.8; http://mj12bot.com/)"
65.108.78.33 - - [13/Nov/2022:13:10:36 +0100] "GET /apps/school/www_old8/img/LevelD/Category1/LevelDCat1Lesson35/?C=D;O=D HTTP/1.1" 200 537 "-" "Mozilla/5.0 (compatible; MJ12bot/v1.4.8; http://mj12bot.com/)"
65.108.78.33 - - [13/Nov/2022:13:10:37 +0100] "GET /apps/school/www_old8/img/LevelD/Category1/LevelDCat1Lesson35/?C=M;O=A HTTP/1.1" 200 538 "-" "Mozilla/5.0 (compatible; MJ12bot/v1.4.8; http://mj12bot.com/)"
65.108.78.33 - - [13/Nov/2022:13:10:39 +0100] "GET /apps/school/www_old8/img/LevelD/Category1/LevelDCat1Lesson35/?C=M;O=D HTTP/1.1" 200 537 "-" "Mozilla/5.0 (compatible; MJ12bot/v1.4.8; http://mj12bot.com/)"
65.108.78.33 - - [13/Nov/2022:13:10:40 +0100] "GET /apps/school/www_old8/img/LevelD/Category1/LevelDCat1Lesson35/?C=N;O=A HTTP/1.1" 200 538 "-" "Mozilla/5.0 (compatible; MJ12bot/v1.4.8; http://mj12bot.com/)"
65.108.78.33 - - [13/Nov/2022:13:10:42 +0100] "GET /apps/school/www_old8/img/LevelD/Category1/LevelDCat1Lesson35/?C=N;O=D HTTP/1.1" 200 537 "-" "Mozilla/5.0 (compatible; MJ12bot/v1.4.8; http://mj12bot.com/)"
65.108.78.33 - - [13/Nov/2022:13:10:43 +0100] "GET /apps/school/www_old8/img/LevelD/Category1/LevelDCat1Lesson35/?C=S;O=A HTTP/1.1" 200 537 "-" "Mozilla/5.0 (compatible; MJ12bot/v1.4.8; http://mj12bot.com/)"
65.108.78.33 - - [13/Nov/2022:13:10:45 +0100] "GET /apps/school/www_old8/img/LevelD/Category1/LevelDCat1Lesson36/?C=M;O=D HTTP/1.1" 200 497 "-" "Mozilla/5.0 (compatible; MJ12bot/v1.4.8; http://mj12bot.com/)"
65.108.78.33 - - [13/Nov/2022:13:10:47 +0100] "GET /apps/school/www_old8/img/LevelD/Category1/LevelDCat1Lesson36/?C=N;O=A HTTP/1.1" 200 499 "-" "Mozilla/5.0 (compatible; MJ12bot/v1.4.8; http://mj12bot.com/)"
65.108.78.33 - - [13/Nov/2022:13:10:48 +0100] "GET /apps/school/www_old8/img/LevelD/Category1/LevelDCat1Lesson37/?C=D;O=A HTTP/1.1" 200 451 "-" "Mozilla/5.0 (compatible; MJ12bot/v1.4.8; http://mj12bot.com/)"
65.108.78.33 - - [13/Nov/2022:13:10:50 +0100] "GET /apps/school/www_old8/img/LevelD/Category1/LevelDCat1Lesson37/?C=M;O=A HTTP/1.1" 200 451 "-" "Mozilla/5.0 (compatible; MJ12bot/v1.4.8; http://mj12bot.com/)"
65.108.78.33 - - [13/Nov/2022:13:10:51 +0100] "GET /apps/school/www_old8/img/LevelD/Category1/LevelDCat1Lesson37/?C=N;O=A HTTP/1.1" 200 451 "-" "Mozilla/5.0 (compatible; MJ12bot/v1.4.8; http://mj12bot.com/)"
65.108.78.33 - - [13/Nov/2022:13:10:52 +0100] "GET /apps/school/www_old8/img/LevelD/Category2/?C=D;O=A HTTP/1.1" 200 621 "-" "Mozilla/5.0 (compatible; MJ12bot/v1.4.8; http://mj12bot.com/)"
65.108.78.33 - - [13/Nov/2022:13:10:54 +0100] "GET /apps/school/www_old8/img/LevelD/Category2/?C=M;O=A HTTP/1.1" 200 621 "-" "Mozilla/5.0 (compatible; MJ12bot/v1.4.8; http://mj12bot.com/)"
65.108.78.33 - - [13/Nov/2022:13:10:56 +0100] "GET /apps/school/www_old8/img/LevelD/Category2/?C=N;O=D HTTP/1.1" 200 619 "-" "Mozilla/5.0 (compatible; MJ12bot/v1.4.8; http://mj12bot.com/)"
65.108.78.33 - - [13/Nov/2022:13:10:57 +0100] "GET /apps/school/www_old8/img/LevelD/Category2/?C=S;O=A HTTP/1.1" 200 621 "-" "Mozilla/5.0 (compatible; MJ12bot/v1.4.8; http://mj12bot.com/)"
65.108.78.33 - - [13/Nov/2022:13:10:59 +0100] "GET /apps/school/www_old8/img/LevelD/Category2/LevelDCat2Lesson04/?C=S;O=D HTTP/1.1" 200 518 "-" "Mozilla/5.0 (compatible; MJ12bot/v1.4.8; http://mj12bot.com/)"
114.119.141.42 - - [13/Nov/2022:13:10:58 +0100] "GET /apps/school/www_old9/img/LevelE/Category2/LevelECat2Lesson09/ HTTP/1.1" 200 448 "http://kulturdokumentation.se/apps/school/www_old9/img/LevelE/Category2/?C=S%3BO%3DA" "Mozilla/5.0 (Linux; Android 7.0;) AppleWebKit/537.36 (KHTML, like Gecko) Mobile Safari/537.36 (compatible; PetalBot;+https://webmaster.petalsearch.com/site/petalbot)"
