54.36.148.185 - - [13/Nov/2022:10:12:36 +0100] "GET /apps/gps2xml/ HTTP/1.1" 200 409 "-" "Mozilla/5.0 (compatible; AhrefsBot/7.0; +http://ahrefs.com/robot/)"
216.244.66.203 - - [13/Nov/2022:10:13:33 +0100] "GET /robots.txt HTTP/1.1" 404 208 "-" "Mozilla/5.0 (compatible; DotBot/1.2; +https://opensiteexplorer.org/dotbot; help@moz.com)"
216.244.66.203 - - [13/Nov/2022:10:13:33 +0100] "GET /robots.txt HTTP/1.1" 404 208 "-" "Mozilla/5.0 (compatible; DotBot/1.2; +https://opensiteexplorer.org/dotbot; help@moz.com)"
216.244.66.203 - - [13/Nov/2022:10:13:33 +0100] "GET /robots.txt HTTP/1.1" 404 208 "-" "Mozilla/5.0 (compatible; DotBot/1.2; +https://opensiteexplorer.org/dotbot; help@moz.com)"
79.136.114.73 - - [13/Nov/2022:10:13:34 +0100] "POST /wp-cron.php?doing_wp_cron=1668330814.3796761035919189453125 HTTP/1.1" 200 - "https://www.astacus.se/wp-cron.php?doing_wp_cron=1668330814.3796761035919189453125" "WordPress/4.8.1; https://www.astacus.se"
107.189.6.203 - - [13/Nov/2022:10:13:34 +0100] "GET /wp-login.php HTTP/1.1" 200 2977 "-" "Mozilla/5.0 (X11; Linux x86_64) AppleWebKit/537.36 (KHTML, like Gecko) Chrome/35.0.1916.153 Safari/537.36"
107.189.6.203 - - [13/Nov/2022:10:13:35 +0100] "POST /wp-login.php HTTP/1.1" 200 3982 "-" "Mozilla/5.0 (X11; Linux x86_64) AppleWebKit/537.36 (KHTML, like Gecko) Chrome/35.0.1916.153 Safari/537.36"
54.36.149.78 - - [13/Nov/2022:10:14:08 +0100] "GET /apps/school/www_old6/Html/LevelG/Category2/LevelGCat2Lesson28.html HTTP/1.1" 200 799 "-" "Mozilla/5.0 (compatible; AhrefsBot/7.0; +http://ahrefs.com/robot/)"
143.244.136.39 - - [13/Nov/2022:10:14:11 +0100] "GET /ab2g HTTP/1.1" 404 202 "-" "cyberwarcon"
185.191.171.11 - - [13/Nov/2022:10:14:54 +0100] "GET /robots.txt HTTP/1.1" 404 208 "-" "Mozilla/5.0 (compatible; SemrushBot/7~bl; +http://www.semrush.com/bot.html)"
185.191.171.22 - - [13/Nov/2022:10:14:54 +0100] "GET /index.php?CompanyId=406&page=change HTTP/1.1" 200 1772 "-" "Mozilla/5.0 (compatible; SemrushBot/7~bl; +http://www.semrush.com/bot.html)"
54.36.148.145 - - [13/Nov/2022:10:15:31 +0100] "GET /apps/school/www_old6/Html/LevelG/Category2/LevelGCat2Lesson14.html HTTP/1.1" 200 2166 "-" "Mozilla/5.0 (compatible; AhrefsBot/7.0; +http://ahrefs.com/robot/)"
209.141.43.56 - - [13/Nov/2022:10:15:46 +0100] "POST //wp-login.php HTTP/1.1" 200 3965 "-" "Mozilla/5.0 (X11; Linux x86_64) AppleWebKit/537.36 (KHTML, like Gecko) Chrome/36.0.1985.125 Safari/537.36"
54.36.149.92 - - [13/Nov/2022:10:16:23 +0100] "GET /wealthy-affiliate-is-an-affiliate-marketing-training-program/ HTTP/1.1" 302 268 "-" "Mozilla/5.0 (compatible; AhrefsBot/7.0; +http://ahrefs.com/robot/)"
114.119.132.76 - - [13/Nov/2022:10:16:32 +0100] "GET /apps/school/www_old8/img/LevelB/Category1/LevelBCat1Lesson08/?C=S%3BO%3DA HTTP/1.1" 200 530 "http://kulturdokumentation.se/apps/school/www_old8/img/LevelB/Category1/LevelBCat1Lesson08/?C=D%3BO%3DA" "Mozilla/5.0 (Linux; Android 7.0;) AppleWebKit/537.36 (KHTML, like Gecko) Mobile Safari/537.36 (compatible; PetalBot;+https://webmaster.petalsearch.com/site/petalbot)"
114.119.134.148 - - [13/Nov/2022:10:16:53 +0100] "GET /apps/school/www_old9/img/LevelE/Category1/LevelECat1Lesson06/ HTTP/1.1" 200 454 "http://kulturdokumentation.com/apps/school/www_old9/img/LevelE/Category1" "Mozilla/5.0 (Linux; Android 7.0;) AppleWebKit/537.36 (KHTML, like Gecko) Mobile Safari/537.36 (compatible; PetalBot;+https://webmaster.petalsearch.com/site/petalbot)"
54.36.148.28 - - [13/Nov/2022:10:16:56 +0100] "GET /apps/school/www_old5/img/LevelA/Category2/LevelACat2Lesson12/?C=M;O=D HTTP/1.1" 200 535 "-" "Mozilla/5.0 (compatible; AhrefsBot/7.0; +http://ahrefs.com/robot/)"
54.36.148.33 - - [13/Nov/2022:10:18:21 +0100] "GET /apps/school/www_old6/Html/LevelG/Category2/LevelGCat2Lesson02.html HTTP/1.1" 200 795 "-" "Mozilla/5.0 (compatible; AhrefsBot/7.0; +http://ahrefs.com/robot/)"
54.36.148.115 - - [13/Nov/2022:10:18:22 +0100] "GET /index.php?page=nyheter&newsid=20 HTTP/1.1" 302 243 "-" "Mozilla/5.0 (compatible; AhrefsBot/7.0; +http://ahrefs.com/robot/)"
54.36.148.32 - - [13/Nov/2022:10:18:24 +0100] "GET /index.php?page=bestall&subject=Alla%20har%20hört%20talats%20om%20BIM%20-%20Vi%20berättar%20vad%20det%20är HTTP/1.1" 302 343 "-" "Mozilla/5.0 (compatible; AhrefsBot/7.0; +http://ahrefs.com/robot/)"
54.36.149.12 - - [13/Nov/2022:10:18:28 +0100] "GET /apps/school/www_old6/img/LevelG/Category2/LevelGCat2Lesson02/materials.png HTTP/1.1" 200 270286 "-" "Mozilla/5.0 (compatible; AhrefsBot/7.0; +http://ahrefs.com/robot/)"
5.45.207.144 - - [13/Nov/2022:10:18:36 +0100] "GET /robots.txt HTTP/1.1" 404 208 "-" "Mozilla/5.0 (compatible; YandexBot/3.0; +http://yandex.com/bots)"
5.45.207.144 - - [13/Nov/2022:10:18:40 +0100] "GET /apps/school/www_old5/Html/LevelD/Category2/ HTTP/1.1" 200 760 "-" "Mozilla/5.0 (compatible; YandexBot/3.0; +http://yandex.com/bots)"
54.36.148.130 - - [13/Nov/2022:10:19:51 +0100] "GET /apps/school/www_old8/img/LevelG/Category1/LevelGCat1Lesson02/?C=N;O=A HTTP/1.1" 200 449 "-" "Mozilla/5.0 (compatible; AhrefsBot/7.0; +http://ahrefs.com/robot/)"
185.191.171.38 - - [13/Nov/2022:10:20:05 +0100] "GET /robots.txt HTTP/1.1" 404 208 "-" "Mozilla/5.0 (compatible; SemrushBot/7~bl; +http://www.semrush.com/bot.html)"
185.191.171.19 - - [13/Nov/2022:10:20:06 +0100] "GET /?CompanyId=722&page=change HTTP/1.1" 200 1772 "-" "Mozilla/5.0 (compatible; SemrushBot/7~bl; +http://www.semrush.com/bot.html)"
54.36.148.38 - - [13/Nov/2022:10:21:18 +0100] "GET /apps/school/www_old8/img/LevelD/Category2/LevelDCat2Lesson09/?C=N;O=A HTTP/1.1" 200 518 "-" "Mozilla/5.0 (compatible; AhrefsBot/7.0; +http://ahrefs.com/robot/)"
114.119.141.71 - - [13/Nov/2022:10:21:39 +0100] "GET /apps/school/www_old3/img/LevelB/Category1/LevelBCat1Lesson10/actionPush.png HTTP/1.1" 200 9512 "http://kulturdokumentation.se/apps/school/www_old3/Html/LevelB/Category1/LevelBCat1Lesson10.html" "Mozilla/5.0 (Linux; Android 7.0;) AppleWebKit/537.36 (KHTML, like Gecko) Mobile Safari/537.36 (compatible; PetalBot;+https://webmaster.petalsearch.com/site/petalbot)"
114.119.134.155 - - [13/Nov/2022:10:21:57 +0100] "GET /apps/school/www_old3/img/LevelC/Category2/LevelCCat2Lesson1/?C=D%3BO%3DA HTTP/1.1" 200 473 "http://kulturdokumentation.com/apps/school/www_old3/img/LevelC/Category2/LevelCCat2Lesson1/?C=S%3BO%3DA" "Mozilla/5.0 (Linux; Android 7.0;) AppleWebKit/537.36 (KHTML, like Gecko) Mobile Safari/537.36 (compatible; PetalBot;+https://webmaster.petalsearch.com/site/petalbot)"
152.89.196.211 - - [13/Nov/2022:10:22:17 +0100] "GET /actuator/gateway/routes HTTP/1.1" 404 221 "-" "Mozilla/5.0 (Windows NT 10.0; Win64; x64) AppleWebKit/537.36 (KHTML, like Gecko) Chrome/78.0.3904.108 Safari/537.36"
54.36.148.201 - - [13/Nov/2022:10:22:41 +0100] "GET /apps/school/www_old9/img/LevelG/Category2/LevelGCat2Lesson21/?C=N;O=D HTTP/1.1" 200 469 "-" "Mozilla/5.0 (compatible; AhrefsBot/7.0; +http://ahrefs.com/robot/)"
89.246.241.14 - - [13/Nov/2022:10:23:51 +0100] "GET /laserscanning HTTP/1.1" 301 - "-" "Mozilla/5.0 (Windows NT 10.0; Win64; x64; rv:84.0) Gecko/20100101 Firefox/84.0"
54.36.149.14 - - [13/Nov/2022:10:24:04 +0100] "GET /apps/school/www_old2/addUser.php HTTP/1.1" 500 - "-" "Mozilla/5.0 (compatible; AhrefsBot/7.0; +http://ahrefs.com/robot/)"
178.128.110.44 - - [13/Nov/2022:10:24:12 +0100] "GET /.env HTTP/1.1" 404 202 "-" "python-requests/2.27.1"
178.128.110.44 - - [13/Nov/2022:10:24:13 +0100] "GET /core/.env HTTP/1.1" 404 207 "-" "python-requests/2.27.1"
178.128.110.44 - - [13/Nov/2022:10:24:13 +0100] "GET /web/.env HTTP/1.1" 404 206 "-" "python-requests/2.27.1"
178.128.110.44 - - [13/Nov/2022:10:24:14 +0100] "GET /app/.env HTTP/1.1" 404 206 "-" "python-requests/2.27.1"
178.128.110.44 - - [13/Nov/2022:10:24:15 +0100] "GET /laravel/.env HTTP/1.1" 404 210 "-" "python-requests/2.27.1"
178.128.110.44 - - [13/Nov/2022:10:24:16 +0100] "GET /crm/.env HTTP/1.1" 404 206 "-" "python-requests/2.27.1"
92.220.10.100 - - [13/Nov/2022:10:24:16 +0100] "GET /robots.txt HTTP/1.1" 404 208 "-" "Mozilla/5.0 (compatible; MJ12bot/v1.4.8; http://mj12bot.com/)"
178.128.110.44 - - [13/Nov/2022:10:24:16 +0100] "GET /backend/.env HTTP/1.1" 404 210 "-" "python-requests/2.27.1"
178.128.110.44 - - [13/Nov/2022:10:24:17 +0100] "GET /local/.env HTTP/1.1" 404 208 "-" "python-requests/2.27.1"
92.220.10.100 - - [13/Nov/2022:10:24:17 +0100] "GET /apps/school/www_old_temp/AutodeskForge/TEMP.rvt HTTP/1.1" 200 71176192 "-" "Mozilla/5.0 (compatible; MJ12bot/v1.4.8; http://mj12bot.com/)"
178.128.110.44 - - [13/Nov/2022:10:24:18 +0100] "GET /application/.env HTTP/1.1" 404 214 "-" "python-requests/2.27.1"
178.128.110.44 - - [13/Nov/2022:10:24:19 +0100] "GET /admin/.env HTTP/1.1" 404 208 "-" "python-requests/2.27.1"
178.128.110.44 - - [13/Nov/2022:10:24:20 +0100] "GET /prod/.env HTTP/1.1" 404 207 "-" "python-requests/2.27.1"
178.128.110.44 - - [13/Nov/2022:10:24:20 +0100] "GET /api/.env HTTP/1.1" 404 206 "-" "python-requests/2.27.1"
178.128.110.44 - - [13/Nov/2022:10:24:21 +0100] "GET /.aws/credentials HTTP/1.1" 404 214 "-" "python-requests/2.27.1"
178.128.110.44 - - [13/Nov/2022:10:24:22 +0100] "GET /phpinfo HTTP/1.1" 404 205 "-" "python-requests/2.27.1"
178.128.110.44 - - [13/Nov/2022:10:24:23 +0100] "GET /_profiler/phpinfo HTTP/1.1" 404 215 "-" "python-requests/2.27.1"
178.128.110.44 - - [13/Nov/2022:10:24:24 +0100] "GET /phpinfo.php HTTP/1.1" 404 209 "-" "python-requests/2.27.1"
178.128.110.44 - - [13/Nov/2022:10:24:24 +0100] "GET /info.php HTTP/1.1" 404 206 "-" "python-requests/2.27.1"
178.128.110.44 - - [13/Nov/2022:10:24:25 +0100] "POST / HTTP/1.1" 200 1772 "-" "python-requests/2.27.1"
5.255.253.166 - - [13/Nov/2022:10:24:37 +0100] "GET /apps/school/www_old4/Html/LevelC/Category2/LevelCCat2Lesson1.html HTTP/1.1" 200 4219 "-" "Mozilla/5.0 (compatible; YandexBot/3.0; +http://yandex.com/bots)"
65.109.26.42 - - [13/Nov/2022:10:24:59 +0100] "GET /robots.txt HTTP/1.1" 404 208 "-" "Mozilla/5.0 (compatible; MJ12bot/v1.4.8; http://mj12bot.com/)"
185.191.171.7 - - [13/Nov/2022:10:25:02 +0100] "GET /laser/?page=affars_projektering HTTP/1.1" 200 4299 "-" "Mozilla/5.0 (compatible; SemrushBot/7~bl; +http://www.semrush.com/bot.html)"
65.109.26.42 - - [13/Nov/2022:10:25:03 +0100] "GET /apps/school/www_old5/img/LevelB/Category1/LevelBCat1Lesson08/?C=D;O=D HTTP/1.1" 200 540 "-" "Mozilla/5.0 (compatible; MJ12bot/v1.4.8; http://mj12bot.com/)"
65.109.26.42 - - [13/Nov/2022:10:25:05 +0100] "GET /apps/school/www_old5/img/LevelB/Category1/LevelBCat1Lesson17/?C=N;O=A HTTP/1.1" 200 450 "-" "Mozilla/5.0 (compatible; MJ12bot/v1.4.8; http://mj12bot.com/)"
65.109.26.42 - - [13/Nov/2022:10:25:10 +0100] "GET /apps/school/www_old5/img/LevelB/Category2/?C=D;O=A HTTP/1.1" 200 541 "-" "Mozilla/5.0 (compatible; MJ12bot/v1.4.8; http://mj12bot.com/)"
65.109.26.42 - - [13/Nov/2022:10:25:15 +0100] "GET /apps/school/www_old5/img/LevelB/Category2/LevelBCat2Lesson02/?C=N;O=A HTTP/1.1" 200 560 "-" "Mozilla/5.0 (compatible; MJ12bot/v1.4.8; http://mj12bot.com/)"
40.77.167.13 - - [13/Nov/2022:10:25:25 +0100] "GET /fi2/valuelists/ HTTP/1.1" 200 1326 "-" "Mozilla/5.0 (compatible; bingbot/2.0; +http://www.bing.com/bingbot.htm)"
65.109.26.42 - - [13/Nov/2022:10:25:26 +0100] "GET /apps/school/www_old5/img/LevelC/Category1/LevelCCat1Lesson09/?C=N;O=A HTTP/1.1" 200 467 "-" "Mozilla/5.0 (compatible; MJ12bot/v1.4.8; http://mj12bot.com/)"
114.119.153.160 - - [13/Nov/2022:10:25:34 +0100] "GET /apps/school/www_old4/img/LevelD/LevelDCat1Lesson27/ HTTP/1.1" 404 249 "http://appsrv.astacus.se/apps/school/www_old4/img/LevelD/Category1?C=D%3BO%3DA" "Mozilla/5.0 (Linux; Android 7.0;) AppleWebKit/537.36 (KHTML, like Gecko) Mobile Safari/537.36 (compatible; PetalBot;+https://webmaster.petalsearch.com/site/petalbot)"
54.36.148.220 - - [13/Nov/2022:10:25:35 +0100] "GET /apps/school/www_old2/Html/LevelC/Category3/LevelCCat3Lesson1.html HTTP/1.1" 200 2531 "-" "Mozilla/5.0 (compatible; AhrefsBot/7.0; +http://ahrefs.com/robot/)"
65.109.26.42 - - [13/Nov/2022:10:25:39 +0100] "GET /apps/school/www_old5/img/LevelC/Category1/LevelCCat1Lesson16/?C=N;O=A HTTP/1.1" 200 448 "-" "Mozilla/5.0 (compatible; MJ12bot/v1.4.8; http://mj12bot.com/)"
65.109.26.42 - - [13/Nov/2022:10:25:54 +0100] "GET /apps/school/www_old5/img/LevelC/Category1/LevelCCat1Lesson24/?C=N;O=A HTTP/1.1" 200 452 "-" "Mozilla/5.0 (compatible; MJ12bot/v1.4.8; http://mj12bot.com/)"
65.109.26.42 - - [13/Nov/2022:10:26:04 +0100] "GET /apps/school/www_old5/img/LevelC/Category1/LevelCCat1Lesson28/?C=N;O=A HTTP/1.1" 200 554 "-" "Mozilla/5.0 (compatible; MJ12bot/v1.4.8; http://mj12bot.com/)"
65.109.26.42 - - [13/Nov/2022:10:26:14 +0100] "GET /apps/school/www_old5/img/LevelC/Category2/LevelCCat2Lesson01/?C=S;O=D HTTP/1.1" 200 473 "-" "Mozilla/5.0 (compatible; MJ12bot/v1.4.8; http://mj12bot.com/)"
114.119.141.52 - - [13/Nov/2022:10:26:46 +0100] "GET /apps/school/www_old3/img/LevelC/Category1/LevelCCat1Lesson8/frame.png HTTP/1.1" 200 7215 "http://kulturdokumentation.se/apps/school/www_old3/Html/LevelC/Category1/LevelCCat1Lesson8.html" "Mozilla/5.0 (Linux; Android 7.0;) AppleWebKit/537.36 (KHTML, like Gecko) Mobile Safari/537.36 (compatible; PetalBot;+https://webmaster.petalsearch.com/site/petalbot)"
65.109.26.42 - - [13/Nov/2022:10:26:51 +0100] "GET /apps/school/www_old5/img/LevelC/Category2/LevelCCat2Lesson15/?C=N;O=A HTTP/1.1" 200 504 "-" "Mozilla/5.0 (compatible; MJ12bot/v1.4.8; http://mj12bot.com/)"
216.244.66.203 - - [13/Nov/2022:10:26:58 +0100] "GET /apps/school/www_old10/Html/LevelE/Category3/?C=S;O=A HTTP/1.1" 200 8620 "-" "Mozilla/5.0 (compatible; DotBot/1.2; +https://opensiteexplorer.org/dotbot; help@moz.com)"
114.119.134.161 - - [13/Nov/2022:10:27:05 +0100] "GET /apps/school/www_old4/img/LevelA/Category2/LevelACat2Lesson6/?C=N%3BO%3DD HTTP/1.1" 200 543 "http://kulturdokumentation.com/apps/school/www_old4/img/LevelA/Category2/LevelACat2Lesson6?C=D%3BO%3DA" "Mozilla/5.0 (Linux; Android 7.0;) AppleWebKit/537.36 (KHTML, like Gecko) Mobile Safari/537.36 (compatible; PetalBot;+https://webmaster.petalsearch.com/site/petalbot)"
65.109.26.42 - - [13/Nov/2022:10:27:06 +0100] "GET /apps/school/www_old5/img/LevelC/Category3/LevelCCat3Lesson16/?C=S;O=A HTTP/1.1" 200 545 "-" "Mozilla/5.0 (compatible; MJ12bot/v1.4.8; http://mj12bot.com/)"
65.109.26.42 - - [13/Nov/2022:10:27:18 +0100] "GET /apps/school/www_old5/img/LevelC/Category3/LevelCCat3Lesson16/Thumbs.db HTTP/1.1" 200 64000 "-" "Mozilla/5.0 (compatible; MJ12bot/v1.4.8; http://mj12bot.com/)"
40.77.167.41 - - [13/Nov/2022:10:27:24 +0100] "GET /mala/?C=M;O=A HTTP/1.1" 200 436 "-" "Mozilla/5.0 (compatible; bingbot/2.0; +http://www.bing.com/bingbot.htm)"
65.109.26.42 - - [13/Nov/2022:10:27:38 +0100] "GET /apps/school/www_old5/img/LevelC/Category3/LevelCCat3Lesson17/?C=D;O=D HTTP/1.1" 200 590 "-" "Mozilla/5.0 (compatible; MJ12bot/v1.4.8; http://mj12bot.com/)"
65.109.26.42 - - [13/Nov/2022:10:27:53 +0100] "GET /apps/school/www_old5/img/LevelC/Category3/LevelCCat3Lesson18/?C=N;O=A HTTP/1.1" 200 507 "-" "Mozilla/5.0 (compatible; MJ12bot/v1.4.8; http://mj12bot.com/)"
65.109.26.42 - - [13/Nov/2022:10:28:12 +0100] "GET /apps/school/www_old5/img/LevelC/Category3/LevelCCat3Lesson19/?C=M;O=D HTTP/1.1" 200 537 "-" "Mozilla/5.0 (compatible; MJ12bot/v1.4.8; http://mj12bot.com/)"
37.139.53.50 - - [13/Nov/2022:10:28:17 +0100] "GET /grundvattenprospektering/ HTTP/1.0" 200 41708 "https://www.astacus.se/grundvattenprospektering/" "Mozilla/5.0 (Windows NT 6.1; Win64; x64) AppleWebKit/537.36 (KHTML, like Gecko) Chrome/90.0.4430.93 Safari/537.36"
65.109.26.42 - - [13/Nov/2022:10:28:34 +0100] "GET /apps/school/www_old5/img/LevelC/Category3/LevelCCat3Lesson20/?C=N;O=D HTTP/1.1" 200 515 "-" "Mozilla/5.0 (compatible; MJ12bot/v1.4.8; http://mj12bot.com/)"
54.36.148.230 - - [13/Nov/2022:10:28:49 +0100] "GET /apps/school/www/?C=N;O=D HTTP/1.1" 200 620 "-" "Mozilla/5.0 (compatible; AhrefsBot/7.0; +http://ahrefs.com/robot/)"
65.109.26.42 - - [13/Nov/2022:10:28:49 +0100] "GET /apps/school/www_old5/img/LevelC/Category3/LevelCCat3Lesson21/?C=D;O=A HTTP/1.1" 200 573 "-" "Mozilla/5.0 (compatible; MJ12bot/v1.4.8; http://mj12bot.com/)"
128.14.134.134 - - [13/Nov/2022:10:28:50 +0100] "GET / HTTP/1.1" 200 1772 "-" "Mozilla/5.0 (Windows NT 10.0; Win64; x64) AppleWebKit/537.36 (KHTML, like Gecko) Chrome/60.0.3112.113 Safari/537.36"
65.109.26.42 - - [13/Nov/2022:10:29:03 +0100] "GET /apps/school/www_old5/img/LevelD/Category1/LevelDCat1Lesson02/?C=M;O=D HTTP/1.1" 200 448 "-" "Mozilla/5.0 (compatible; MJ12bot/v1.4.8; http://mj12bot.com/)"
94.23.209.55 - - [13/Nov/2022:10:29:06 +0100] "GET /robots.txt HTTP/1.1" 404 208 "-" "Mozilla/5.0 (compatible; MJ12bot/v1.4.8; http://mj12bot.com/)"
94.23.209.55 - - [13/Nov/2022:10:29:08 +0100] "GET /apps/school/www_old6/img/LevelB/Category1/LevelBCat1Lesson31/?C=M;O=D HTTP/1.1" 200 450 "-" "Mozilla/5.0 (compatible; MJ12bot/v1.4.8; http://mj12bot.com/)"
94.23.209.55 - - [13/Nov/2022:10:29:11 +0100] "GET /apps/school/www_old6/img/LevelB/Category1/LevelBCat1Lesson33/?C=N;O=A HTTP/1.1" 200 542 "-" "Mozilla/5.0 (compatible; MJ12bot/v1.4.8; http://mj12bot.com/)"
66.249.64.96 - - [13/Nov/2022:10:29:13 +0100] "GET /apps/school/www_old9/img/LevelA/Category1/LevelACat1Lesson11/ten.png HTTP/1.1" 200 15279 "-" "Googlebot-Image/1.0"
94.23.209.55 - - [13/Nov/2022:10:29:13 +0100] "GET /apps/school/www_old6/img/LevelB/Category1/LevelBCat1Lesson35/?C=S;O=D HTTP/1.1" 200 493 "-" "Mozilla/5.0 (compatible; MJ12bot/v1.4.8; http://mj12bot.com/)"
66.249.64.151 - - [13/Nov/2022:10:29:14 +0100] "GET /?page=result&keyword=IKEA HTTP/1.1" 200 5401 "-" "Mozilla/5.0 (compatible; Googlebot/2.1; +http://www.google.com/bot.html)"
65.109.26.42 - - [13/Nov/2022:10:29:14 +0100] "GET /apps/school/www_old5/img/LevelD/Category1/LevelDCat1Lesson35/?C=D;O=D HTTP/1.1" 200 541 "-" "Mozilla/5.0 (compatible; MJ12bot/v1.4.8; http://mj12bot.com/)"
94.23.209.55 - - [13/Nov/2022:10:29:16 +0100] "GET /apps/school/www_old6/img/LevelB/Category1/LevelBCat1Lesson36/?C=D;O=A HTTP/1.1" 200 548 "-" "Mozilla/5.0 (compatible; MJ12bot/v1.4.8; http://mj12bot.com/)"
94.23.209.55 - - [13/Nov/2022:10:29:18 +0100] "GET /apps/school/www_old6/img/LevelB/Category1/LevelBCat1Lesson36/?C=M;O=A HTTP/1.1" 200 548 "-" "Mozilla/5.0 (compatible; MJ12bot/v1.4.8; http://mj12bot.com/)"
94.23.209.55 - - [13/Nov/2022:10:29:21 +0100] "GET /apps/school/www_old6/img/LevelB/Category1/LevelBCat1Lesson36/?C=N;O=D HTTP/1.1" 200 547 "-" "Mozilla/5.0 (compatible; MJ12bot/v1.4.8; http://mj12bot.com/)"
65.109.26.42 - - [13/Nov/2022:10:29:21 +0100] "GET /apps/school/www_old5/img/LevelD/Category2/LevelDCat2Lesson04/?C=M;O=A HTTP/1.1" 200 531 "-" "Mozilla/5.0 (compatible; MJ12bot/v1.4.8; http://mj12bot.com/)"
94.23.209.55 - - [13/Nov/2022:10:29:24 +0100] "GET /apps/school/www_old6/img/LevelB/Category1/LevelBCat1Lesson36/?C=S;O=A HTTP/1.1" 200 547 "-" "Mozilla/5.0 (compatible; MJ12bot/v1.4.8; http://mj12bot.com/)"
94.23.209.55 - - [13/Nov/2022:10:29:26 +0100] "GET /apps/school/www_old6/img/LevelB/Category1/LevelBCat1Lesson37/?C=D;O=A HTTP/1.1" 200 477 "-" "Mozilla/5.0 (compatible; MJ12bot/v1.4.8; http://mj12bot.com/)"
94.23.209.55 - - [13/Nov/2022:10:29:29 +0100] "GET /apps/school/www_old6/img/LevelB/Category1/LevelBCat1Lesson37/?C=M;O=A HTTP/1.1" 200 477 "-" "Mozilla/5.0 (compatible; MJ12bot/v1.4.8; http://mj12bot.com/)"
65.109.26.42 - - [13/Nov/2022:10:29:30 +0100] "GET /apps/school/www_old5/img/LevelD/Category2/LevelDCat2Lesson10/?C=M;O=A HTTP/1.1" 200 617 "-" "Mozilla/5.0 (compatible; MJ12bot/v1.4.8; http://mj12bot.com/)"
94.23.209.55 - - [13/Nov/2022:10:29:32 +0100] "GET /apps/school/www_old6/img/LevelB/Category1/LevelBCat1Lesson37/?C=N;O=D HTTP/1.1" 200 474 "-" "Mozilla/5.0 (compatible; MJ12bot/v1.4.8; http://mj12bot.com/)"
94.23.209.55 - - [13/Nov/2022:10:29:34 +0100] "GET /apps/school/www_old6/img/LevelB/Category1/LevelBCat1Lesson37/?C=S;O=A HTTP/1.1" 200 476 "-" "Mozilla/5.0 (compatible; MJ12bot/v1.4.8; http://mj12bot.com/)"
94.23.209.55 - - [13/Nov/2022:10:29:36 +0100] "GET /apps/school/www_old6/img/LevelB/Category1/LevelBCat1Lesson38/?C=D;O=D HTTP/1.1" 200 451 "-" "Mozilla/5.0 (compatible; MJ12bot/v1.4.8; http://mj12bot.com/)"
94.23.209.55 - - [13/Nov/2022:10:29:40 +0100] "GET /apps/school/www_old6/img/LevelB/Category1/LevelBCat1Lesson38/?C=M;O=D HTTP/1.1" 200 451 "-" "Mozilla/5.0 (compatible; MJ12bot/v1.4.8; http://mj12bot.com/)"
65.109.26.42 - - [13/Nov/2022:10:29:40 +0100] "GET /apps/school/www_old5/img/LevelD/Category2/LevelDCat2Lesson11/?C=D;O=D HTTP/1.1" 200 556 "-" "Mozilla/5.0 (compatible; MJ12bot/v1.4.8; http://mj12bot.com/)"
94.23.209.55 - - [13/Nov/2022:10:29:42 +0100] "GET /apps/school/www_old6/img/LevelB/Category1/LevelBCat1Lesson38/?C=N;O=A HTTP/1.1" 200 453 "-" "Mozilla/5.0 (compatible; MJ12bot/v1.4.8; http://mj12bot.com/)"
94.23.209.55 - - [13/Nov/2022:10:29:44 +0100] "GET /apps/school/www_old6/img/LevelB/Category1/LevelBCat1Lesson38/?C=S;O=D HTTP/1.1" 200 451 "-" "Mozilla/5.0 (compatible; MJ12bot/v1.4.8; http://mj12bot.com/)"
65.109.26.42 - - [13/Nov/2022:10:29:46 +0100] "GET /apps/school/www_old5/img/LevelD/Category2/LevelDCat2Lesson11/?C=S;O=D HTTP/1.1" 200 556 "-" "Mozilla/5.0 (compatible; MJ12bot/v1.4.8; http://mj12bot.com/)"
94.23.209.55 - - [13/Nov/2022:10:29:46 +0100] "GET /apps/school/www_old6/img/LevelB/Category2/?C=N;O=A HTTP/1.1" 200 558 "-" "Mozilla/5.0 (compatible; MJ12bot/v1.4.8; http://mj12bot.com/)"
94.23.209.55 - - [13/Nov/2022:10:29:48 +0100] "GET /apps/school/www_old6/img/LevelB/Category2/LevelBCat2Lesson01/?C=D;O=D HTTP/1.1" 200 609 "-" "Mozilla/5.0 (compatible; MJ12bot/v1.4.8; http://mj12bot.com/)"
94.23.209.55 - - [13/Nov/2022:10:29:52 +0100] "GET /apps/school/www_old6/img/LevelB/Category2/LevelBCat2Lesson01/?C=M;O=D HTTP/1.1" 200 615 "-" "Mozilla/5.0 (compatible; MJ12bot/v1.4.8; http://mj12bot.com/)"
65.109.26.42 - - [13/Nov/2022:10:29:54 +0100] "GET /apps/school/www_old5/img/LevelD/Category2/LevelDCat2Lesson19/?C=D;O=D HTTP/1.1" 200 560 "-" "Mozilla/5.0 (compatible; MJ12bot/v1.4.8; http://mj12bot.com/)"
94.23.209.55 - - [13/Nov/2022:10:29:55 +0100] "GET /apps/school/www_old6/img/LevelB/Category2/LevelBCat2Lesson01/?C=N;O=A HTTP/1.1" 200 613 "-" "Mozilla/5.0 (compatible; MJ12bot/v1.4.8; http://mj12bot.com/)"
94.23.209.55 - - [13/Nov/2022:10:29:57 +0100] "GET /apps/school/www_old6/img/LevelB/Category2/LevelBCat2Lesson01/?C=S;O=D HTTP/1.1" 200 610 "-" "Mozilla/5.0 (compatible; MJ12bot/v1.4.8; http://mj12bot.com/)"
94.23.209.55 - - [13/Nov/2022:10:29:59 +0100] "GET /apps/school/www_old6/img/LevelB/Category2/LevelBCat2Lesson02/?C=D;O=A HTTP/1.1" 200 540 "-" "Mozilla/5.0 (compatible; MJ12bot/v1.4.8; http://mj12bot.com/)"
94.23.209.55 - - [13/Nov/2022:10:30:02 +0100] "GET /apps/school/www_old6/img/LevelB/Category2/LevelBCat2Lesson02/?C=D;O=D HTTP/1.1" 200 537 "-" "Mozilla/5.0 (compatible; MJ12bot/v1.4.8; http://mj12bot.com/)"
65.109.26.42 - - [13/Nov/2022:10:30:02 +0100] "GET /apps/school/www_old5/img/LevelD/Category2/LevelDCat2Lesson19/?C=M;O=D HTTP/1.1" 200 559 "-" "Mozilla/5.0 (compatible; MJ12bot/v1.4.8; http://mj12bot.com/)"
94.23.209.55 - - [13/Nov/2022:10:30:04 +0100] "GET /apps/school/www_old6/img/LevelB/Category2/LevelBCat2Lesson02/?C=M;O=A HTTP/1.1" 200 540 "-" "Mozilla/5.0 (compatible; MJ12bot/v1.4.8; http://mj12bot.com/)"
94.23.209.55 - - [13/Nov/2022:10:30:06 +0100] "GET /apps/school/www_old6/img/LevelB/Category2/LevelBCat2Lesson02/?C=M;O=D HTTP/1.1" 200 537 "-" "Mozilla/5.0 (compatible; MJ12bot/v1.4.8; http://mj12bot.com/)"
94.23.209.55 - - [13/Nov/2022:10:30:08 +0100] "GET /apps/school/www_old6/img/LevelB/Category2/LevelBCat2Lesson02/?C=S;O=D HTTP/1.1" 200 533 "-" "Mozilla/5.0 (compatible; MJ12bot/v1.4.8; http://mj12bot.com/)"
65.109.26.42 - - [13/Nov/2022:10:30:10 +0100] "GET /apps/school/www_old5/img/LevelD/Category2/LevelDCat2Lesson20/?C=S;O=D HTTP/1.1" 200 480 "-" "Mozilla/5.0 (compatible; MJ12bot/v1.4.8; http://mj12bot.com/)"
94.23.209.55 - - [13/Nov/2022:10:30:11 +0100] "GET /apps/school/www_old6/img/LevelB/Category2/LevelBCat2Lesson03/?C=D;O=D HTTP/1.1" 200 482 "-" "Mozilla/5.0 (compatible; MJ12bot/v1.4.8; http://mj12bot.com/)"
94.23.209.55 - - [13/Nov/2022:10:30:13 +0100] "GET /apps/school/www_old6/img/LevelB/Category2/LevelBCat2Lesson03/?C=N;O=A HTTP/1.1" 200 484 "-" "Mozilla/5.0 (compatible; MJ12bot/v1.4.8; http://mj12bot.com/)"
94.23.209.55 - - [13/Nov/2022:10:30:15 +0100] "GET /apps/school/www_old6/img/LevelB/Category2/LevelBCat2Lesson09/?C=D;O=A HTTP/1.1" 200 517 "-" "Mozilla/5.0 (compatible; MJ12bot/v1.4.8; http://mj12bot.com/)"
65.109.26.42 - - [13/Nov/2022:10:30:16 +0100] "GET /apps/school/www_old5/img/LevelD/Category3/LevelDCat3Lesson03/?C=N;O=D HTTP/1.1" 200 508 "-" "Mozilla/5.0 (compatible; MJ12bot/v1.4.8; http://mj12bot.com/)"
94.23.209.55 - - [13/Nov/2022:10:30:17 +0100] "GET /apps/school/www_old6/img/LevelB/Category2/LevelBCat2Lesson09/?C=M;O=A HTTP/1.1" 200 517 "-" "Mozilla/5.0 (compatible; MJ12bot/v1.4.8; http://mj12bot.com/)"
94.23.209.55 - - [13/Nov/2022:10:30:20 +0100] "GET /apps/school/www_old6/img/LevelB/Category2/LevelBCat2Lesson09/?C=N;O=D HTTP/1.1" 200 511 "-" "Mozilla/5.0 (compatible; MJ12bot/v1.4.8; http://mj12bot.com/)"
209.141.47.94 - - [13/Nov/2022:10:30:22 +0100] "GET /wp-login.php HTTP/1.1" 200 2977 "-" "Mozilla/5.0 (Macintosh; Intel Mac OS X 10_9_3) AppleWebKit/537.36 (KHTML, like Gecko) Chrome/36.0.1985.125 Safari/537.36"
65.109.26.42 - - [13/Nov/2022:10:30:23 +0100] "GET /apps/school/www_old5/img/LevelD/Category3/LevelDCat3Lesson11/?C=M;O=A HTTP/1.1" 200 545 "-" "Mozilla/5.0 (compatible; MJ12bot/v1.4.8; http://mj12bot.com/)"
94.23.209.55 - - [13/Nov/2022:10:30:24 +0100] "GET /apps/school/www_old6/img/LevelB/Category2/LevelBCat2Lesson09/?C=S;O=A HTTP/1.1" 200 512 "-" "Mozilla/5.0 (compatible; MJ12bot/v1.4.8; http://mj12bot.com/)"
94.23.209.55 - - [13/Nov/2022:10:30:26 +0100] "GET /apps/school/www_old6/img/LevelB/Category2/LevelBCat2Lesson10/?C=D;O=A HTTP/1.1" 200 589 "-" "Mozilla/5.0 (compatible; MJ12bot/v1.4.8; http://mj12bot.com/)"
94.23.209.55 - - [13/Nov/2022:10:30:28 +0100] "GET /apps/school/www_old6/img/LevelB/Category2/LevelBCat2Lesson10/?C=M;O=A HTTP/1.1" 200 589 "-" "Mozilla/5.0 (compatible; MJ12bot/v1.4.8; http://mj12bot.com/)"
65.109.26.42 - - [13/Nov/2022:10:30:29 +0100] "GET /apps/school/www_old5/img/LevelD/Category3/LevelDCat3Lesson19/?C=N;O=D HTTP/1.1" 200 451 "-" "Mozilla/5.0 (compatible; MJ12bot/v1.4.8; http://mj12bot.com/)"
94.23.209.55 - - [13/Nov/2022:10:30:30 +0100] "GET /apps/school/www_old6/img/LevelB/Category2/LevelBCat2Lesson10/?C=N;O=D HTTP/1.1" 200 595 "-" "Mozilla/5.0 (compatible; MJ12bot/v1.4.8; http://mj12bot.com/)"
94.23.209.55 - - [13/Nov/2022:10:30:32 +0100] "GET /apps/school/www_old6/img/LevelB/Category2/LevelBCat2Lesson10/?C=S;O=A HTTP/1.1" 200 607 "-" "Mozilla/5.0 (compatible; MJ12bot/v1.4.8; http://mj12bot.com/)"
65.109.26.42 - - [13/Nov/2022:10:30:34 +0100] "GET /apps/school/www_old5/img/LevelE/Category1/LevelECat1Lesson04/?C=M;O=A HTTP/1.1" 200 455 "-" "Mozilla/5.0 (compatible; MJ12bot/v1.4.8; http://mj12bot.com/)"
94.23.209.55 - - [13/Nov/2022:10:30:35 +0100] "GET /apps/school/www_old6/img/LevelB/Category2/LevelBCat2Lesson11/?C=D;O=A HTTP/1.1" 200 623 "-" "Mozilla/5.0 (compatible; MJ12bot/v1.4.8; http://mj12bot.com/)"
209.141.47.94 - - [13/Nov/2022:10:30:36 +0100] "POST /wp-login.php HTTP/1.1" 200 3996 "-" "Mozilla/5.0 (Macintosh; Intel Mac OS X 10_9_3) AppleWebKit/537.36 (KHTML, like Gecko) Chrome/36.0.1985.125 Safari/537.36"
94.23.209.55 - - [13/Nov/2022:10:30:37 +0100] "GET /apps/school/www_old6/img/LevelB/Category2/LevelBCat2Lesson11/?C=M;O=A HTTP/1.1" 200 623 "-" "Mozilla/5.0 (compatible; MJ12bot/v1.4.8; http://mj12bot.com/)"
65.109.26.42 - - [13/Nov/2022:10:30:40 +0100] "GET /apps/school/www_old5/img/LevelE/Category1/LevelECat1Lesson04/?C=N;O=D HTTP/1.1" 200 453 "-" "Mozilla/5.0 (compatible; MJ12bot/v1.4.8; http://mj12bot.com/)"
94.23.209.55 - - [13/Nov/2022:10:30:40 +0100] "GET /apps/school/www_old6/img/LevelB/Category2/LevelBCat2Lesson11/?C=N;O=D HTTP/1.1" 200 606 "-" "Mozilla/5.0 (compatible; MJ12bot/v1.4.8; http://mj12bot.com/)"
54.36.148.113 - - [13/Nov/2022:10:30:41 +0100] "GET /gregory-keck/ HTTP/1.1" 302 220 "-" "Mozilla/5.0 (compatible; AhrefsBot/7.0; +http://ahrefs.com/robot/)"
94.23.209.55 - - [13/Nov/2022:10:30:42 +0100] "GET /apps/school/www_old6/img/LevelB/Category2/LevelBCat2Lesson11/?C=S;O=A HTTP/1.1" 200 622 "-" "Mozilla/5.0 (compatible; MJ12bot/v1.4.8; http://mj12bot.com/)"
94.23.209.55 - - [13/Nov/2022:10:30:44 +0100] "GET /apps/school/www_old6/img/LevelB/Category2/LevelBCat2Lesson12/?C=D;O=A HTTP/1.1" 200 489 "-" "Mozilla/5.0 (compatible; MJ12bot/v1.4.8; http://mj12bot.com/)"
65.109.26.42 - - [13/Nov/2022:10:30:46 +0100] "GET /apps/school/www_old5/img/LevelE/Category1/LevelECat1Lesson04/?C=S;O=A HTTP/1.1" 200 455 "-" "Mozilla/5.0 (compatible; MJ12bot/v1.4.8; http://mj12bot.com/)"
94.23.209.55 - - [13/Nov/2022:10:30:46 +0100] "GET /apps/school/www_old6/img/LevelB/Category2/LevelBCat2Lesson12/?C=M;O=A HTTP/1.1" 200 489 "-" "Mozilla/5.0 (compatible; MJ12bot/v1.4.8; http://mj12bot.com/)"
94.23.209.55 - - [13/Nov/2022:10:30:49 +0100] "GET /apps/school/www_old6/img/LevelB/Category2/LevelBCat2Lesson12/?C=N;O=D HTTP/1.1" 200 489 "-" "Mozilla/5.0 (compatible; MJ12bot/v1.4.8; http://mj12bot.com/)"
94.23.209.55 - - [13/Nov/2022:10:30:50 +0100] "GET /apps/school/www_old6/img/LevelB/Category2/LevelBCat2Lesson12/?C=S;O=A HTTP/1.1" 200 491 "-" "Mozilla/5.0 (compatible; MJ12bot/v1.4.8; http://mj12bot.com/)"
65.109.26.42 - - [13/Nov/2022:10:30:51 +0100] "GET /apps/school/www_old5/img/LevelE/Category1/LevelECat1Lesson05/?C=N;O=D HTTP/1.1" 200 453 "-" "Mozilla/5.0 (compatible; MJ12bot/v1.4.8; http://mj12bot.com/)"
94.23.209.55 - - [13/Nov/2022:10:30:53 +0100] "GET /apps/school/www_old6/img/LevelB/Category2/LevelBCat2Lesson13/?C=N;O=D HTTP/1.1" 200 541 "-" "Mozilla/5.0 (compatible; MJ12bot/v1.4.8; http://mj12bot.com/)"
65.109.26.42 - - [13/Nov/2022:10:30:56 +0100] "GET /apps/school/www_old5/img/LevelE/Category1/LevelECat1Lesson06/?C=D;O=A HTTP/1.1" 200 455 "-" "Mozilla/5.0 (compatible; MJ12bot/v1.4.8; http://mj12bot.com/)"
94.23.209.55 - - [13/Nov/2022:10:30:56 +0100] "GET /apps/school/www_old6/img/LevelB/Category2/LevelBCat2Lesson14/?C=D;O=A HTTP/1.1" 200 446 "-" "Mozilla/5.0 (compatible; MJ12bot/v1.4.8; http://mj12bot.com/)"
94.23.209.55 - - [13/Nov/2022:10:30:58 +0100] "GET /apps/school/www_old6/img/LevelB/Category2/LevelBCat2Lesson14/?C=M;O=A HTTP/1.1" 200 446 "-" "Mozilla/5.0 (compatible; MJ12bot/v1.4.8; http://mj12bot.com/)"
65.109.26.42 - - [13/Nov/2022:10:30:59 +0100] "GET /apps/school/www_old5/img/LevelE/Category1/LevelECat1Lesson06/?C=M;O=A HTTP/1.1" 200 455 "-" "Mozilla/5.0 (compatible; MJ12bot/v1.4.8; http://mj12bot.com/)"
94.23.209.55 - - [13/Nov/2022:10:31:01 +0100] "GET /apps/school/www_old6/img/LevelB/Category2/LevelBCat2Lesson14/?C=N;O=D HTTP/1.1" 200 444 "-" "Mozilla/5.0 (compatible; MJ12bot/v1.4.8; http://mj12bot.com/)"
65.109.26.42 - - [13/Nov/2022:10:31:02 +0100] "GET /apps/school/www_old5/img/LevelE/Category1/LevelECat1Lesson06/?C=N;O=D HTTP/1.1" 200 453 "-" "Mozilla/5.0 (compatible; MJ12bot/v1.4.8; http://mj12bot.com/)"
94.23.209.55 - - [13/Nov/2022:10:31:03 +0100] "GET /apps/school/www_old6/img/LevelB/Category2/LevelBCat2Lesson14/?C=S;O=A HTTP/1.1" 200 446 "-" "Mozilla/5.0 (compatible; MJ12bot/v1.4.8; http://mj12bot.com/)"
94.23.209.55 - - [13/Nov/2022:10:31:05 +0100] "GET /apps/school/www_old6/img/LevelB/Category2/LevelBCat2Lesson17/?C=D;O=A HTTP/1.1" 200 484 "-" "Mozilla/5.0 (compatible; MJ12bot/v1.4.8; http://mj12bot.com/)"
65.109.26.42 - - [13/Nov/2022:10:31:06 +0100] "GET /apps/school/www_old5/img/LevelE/Category1/LevelECat1Lesson06/?C=S;O=A HTTP/1.1" 200 455 "-" "Mozilla/5.0 (compatible; MJ12bot/v1.4.8; http://mj12bot.com/)"
94.23.209.55 - - [13/Nov/2022:10:31:07 +0100] "GET /apps/school/www_old6/img/LevelB/Category2/LevelBCat2Lesson17/?C=M;O=A HTTP/1.1" 200 484 "-" "Mozilla/5.0 (compatible; MJ12bot/v1.4.8; http://mj12bot.com/)"
94.23.209.55 - - [13/Nov/2022:10:31:09 +0100] "GET /apps/school/www_old6/img/LevelB/Category2/LevelBCat2Lesson17/?C=N;O=D HTTP/1.1" 200 482 "-" "Mozilla/5.0 (compatible; MJ12bot/v1.4.8; http://mj12bot.com/)"
65.109.26.42 - - [13/Nov/2022:10:31:09 +0100] "GET /apps/school/www_old5/img/LevelE/Category1/LevelECat1Lesson07/?C=N;O=D HTTP/1.1" 200 452 "-" "Mozilla/5.0 (compatible; MJ12bot/v1.4.8; http://mj12bot.com/)"
94.23.209.55 - - [13/Nov/2022:10:31:11 +0100] "GET /apps/school/www_old6/img/LevelB/Category2/LevelBCat2Lesson17/?C=S;O=A HTTP/1.1" 200 484 "-" "Mozilla/5.0 (compatible; MJ12bot/v1.4.8; http://mj12bot.com/)"
65.109.26.42 - - [13/Nov/2022:10:31:13 +0100] "GET /apps/school/www_old5/img/LevelE/Category1/LevelECat1Lesson08/?C=D;O=A HTTP/1.1" 200 507 "-" "Mozilla/5.0 (compatible; MJ12bot/v1.4.8; http://mj12bot.com/)"
94.23.209.55 - - [13/Nov/2022:10:31:14 +0100] "GET /apps/school/www_old6/img/LevelB/Category2/LevelBCat2Lesson19/?C=M;O=A HTTP/1.1" 200 448 "-" "Mozilla/5.0 (compatible; MJ12bot/v1.4.8; http://mj12bot.com/)"
65.109.26.42 - - [13/Nov/2022:10:31:15 +0100] "GET /apps/school/www_old5/img/LevelE/Category1/LevelECat1Lesson08/?C=M;O=A HTTP/1.1" 200 507 "-" "Mozilla/5.0 (compatible; MJ12bot/v1.4.8; http://mj12bot.com/)"
94.23.209.55 - - [13/Nov/2022:10:31:16 +0100] "GET /apps/school/www_old6/img/LevelB/Category2/LevelBCat2Lesson19/?C=N;O=D HTTP/1.1" 200 446 "-" "Mozilla/5.0 (compatible; MJ12bot/v1.4.8; http://mj12bot.com/)"
65.109.26.42 - - [13/Nov/2022:10:31:18 +0100] "GET /apps/school/www_old5/img/LevelE/Category1/LevelECat1Lesson08/?C=N;O=D HTTP/1.1" 200 505 "-" "Mozilla/5.0 (compatible; MJ12bot/v1.4.8; http://mj12bot.com/)"
94.23.209.55 - - [13/Nov/2022:10:31:20 +0100] "GET /apps/school/www_old6/img/LevelB/Category2/LevelBCat2Lesson19/?C=S;O=A HTTP/1.1" 200 448 "-" "Mozilla/5.0 (compatible; MJ12bot/v1.4.8; http://mj12bot.com/)"
65.109.26.42 - - [13/Nov/2022:10:31:20 +0100] "GET /apps/school/www_old5/img/LevelE/Category1/LevelECat1Lesson08/?C=S;O=A HTTP/1.1" 200 507 "-" "Mozilla/5.0 (compatible; MJ12bot/v1.4.8; http://mj12bot.com/)"
94.23.209.55 - - [13/Nov/2022:10:31:23 +0100] "GET /apps/school/www_old6/img/LevelC/Category1/?C=N;O=A HTTP/1.1" 200 639 "-" "Mozilla/5.0 (compatible; MJ12bot/v1.4.8; http://mj12bot.com/)"
65.109.26.42 - - [13/Nov/2022:10:31:23 +0100] "GET /apps/school/www_old5/img/LevelE/Category1/LevelECat1Lesson11/?C=M;O=D HTTP/1.1" 200 453 "-" "Mozilla/5.0 (compatible; MJ12bot/v1.4.8; http://mj12bot.com/)"
94.23.209.55 - - [13/Nov/2022:10:31:25 +0100] "GET /apps/school/www_old6/img/LevelC/Category1/LevelCCat1Lesson01/?C=D;O=A HTTP/1.1" 200 450 "-" "Mozilla/5.0 (compatible; MJ12bot/v1.4.8; http://mj12bot.com/)"
65.109.26.42 - - [13/Nov/2022:10:31:26 +0100] "GET /apps/school/www_old5/img/LevelE/Category1/LevelECat1Lesson12/?C=D;O=A HTTP/1.1" 200 504 "-" "Mozilla/5.0 (compatible; MJ12bot/v1.4.8; http://mj12bot.com/)"
94.23.209.55 - - [13/Nov/2022:10:31:28 +0100] "GET /apps/school/www_old6/img/LevelC/Category1/LevelCCat1Lesson01/?C=M;O=A HTTP/1.1" 200 450 "-" "Mozilla/5.0 (compatible; MJ12bot/v1.4.8; http://mj12bot.com/)"
65.109.26.42 - - [13/Nov/2022:10:31:29 +0100] "GET /apps/school/www_old5/img/LevelE/Category1/LevelECat1Lesson12/?C=M;O=A HTTP/1.1" 200 501 "-" "Mozilla/5.0 (compatible; MJ12bot/v1.4.8; http://mj12bot.com/)"
94.23.209.55 - - [13/Nov/2022:10:31:31 +0100] "GET /apps/school/www_old6/img/LevelC/Category1/LevelCCat1Lesson01/?C=N;O=A HTTP/1.1" 200 450 "-" "Mozilla/5.0 (compatible; MJ12bot/v1.4.8; http://mj12bot.com/)"
65.109.26.42 - - [13/Nov/2022:10:31:32 +0100] "GET /apps/school/www_old5/img/LevelE/Category1/LevelECat1Lesson12/?C=N;O=D HTTP/1.1" 200 502 "-" "Mozilla/5.0 (compatible; MJ12bot/v1.4.8; http://mj12bot.com/)"
94.23.209.55 - - [13/Nov/2022:10:31:33 +0100] "GET /apps/school/www_old6/img/LevelC/Category1/LevelCCat1Lesson02/?C=M;O=A HTTP/1.1" 200 452 "-" "Mozilla/5.0 (compatible; MJ12bot/v1.4.8; http://mj12bot.com/)"
65.109.26.42 - - [13/Nov/2022:10:31:35 +0100] "GET /apps/school/www_old5/img/LevelE/Category1/LevelECat1Lesson12/?C=S;O=A HTTP/1.1" 200 503 "-" "Mozilla/5.0 (compatible; MJ12bot/v1.4.8; http://mj12bot.com/)"
94.23.209.55 - - [13/Nov/2022:10:31:36 +0100] "GET /apps/school/www_old6/img/LevelC/Category1/LevelCCat1Lesson02/?C=N;O=A HTTP/1.1" 200 451 "-" "Mozilla/5.0 (compatible; MJ12bot/v1.4.8; http://mj12bot.com/)"
65.109.26.42 - - [13/Nov/2022:10:31:37 +0100] "GET /apps/school/www_old5/img/LevelE/Category1/LevelECat1Lesson13/?C=D;O=A HTTP/1.1" 200 561 "-" "Mozilla/5.0 (compatible; MJ12bot/v1.4.8; http://mj12bot.com/)"
94.23.209.55 - - [13/Nov/2022:10:31:38 +0100] "GET /apps/school/www_old6/img/LevelC/Category1/LevelCCat1Lesson02/?C=S;O=A HTTP/1.1" 200 452 "-" "Mozilla/5.0 (compatible; MJ12bot/v1.4.8; http://mj12bot.com/)"
65.109.26.42 - - [13/Nov/2022:10:31:39 +0100] "GET /apps/school/www_old5/img/LevelE/Category1/LevelECat1Lesson13/?C=M;O=A HTTP/1.1" 200 553 "-" "Mozilla/5.0 (compatible; MJ12bot/v1.4.8; http://mj12bot.com/)"
94.23.209.55 - - [13/Nov/2022:10:31:40 +0100] "GET /apps/school/www_old6/img/LevelC/Category1/LevelCCat1Lesson03/?C=D;O=A HTTP/1.1" 200 449 "-" "Mozilla/5.0 (compatible; MJ12bot/v1.4.8; http://mj12bot.com/)"
65.109.26.42 - - [13/Nov/2022:10:31:41 +0100] "GET /apps/school/www_old5/img/LevelE/Category1/LevelECat1Lesson13/?C=N;O=D HTTP/1.1" 200 555 "-" "Mozilla/5.0 (compatible; MJ12bot/v1.4.8; http://mj12bot.com/)"
65.109.26.42 - - [13/Nov/2022:10:31:43 +0100] "GET /apps/school/www_old5/img/LevelE/Category1/LevelECat1Lesson13/?C=S;O=A HTTP/1.1" 200 560 "-" "Mozilla/5.0 (compatible; MJ12bot/v1.4.8; http://mj12bot.com/)"
94.23.209.55 - - [13/Nov/2022:10:31:44 +0100] "GET /apps/school/www_old6/img/LevelC/Category1/LevelCCat1Lesson03/?C=M;O=A HTTP/1.1" 200 449 "-" "Mozilla/5.0 (compatible; MJ12bot/v1.4.8; http://mj12bot.com/)"
65.109.26.42 - - [13/Nov/2022:10:31:45 +0100] "GET /apps/school/www_old5/img/LevelE/Category1/LevelECat1Lesson14/?C=D;O=A HTTP/1.1" 200 453 "-" "Mozilla/5.0 (compatible; MJ12bot/v1.4.8; http://mj12bot.com/)"
94.23.209.55 - - [13/Nov/2022:10:31:46 +0100] "GET /apps/school/www_old6/img/LevelC/Category1/LevelCCat1Lesson03/?C=N;O=D HTTP/1.1" 200 447 "-" "Mozilla/5.0 (compatible; MJ12bot/v1.4.8; http://mj12bot.com/)"
65.109.26.42 - - [13/Nov/2022:10:31:47 +0100] "GET /apps/school/www_old5/img/LevelE/Category1/LevelECat1Lesson14/?C=M;O=A HTTP/1.1" 200 452 "-" "Mozilla/5.0 (compatible; MJ12bot/v1.4.8; http://mj12bot.com/)"
94.23.209.55 - - [13/Nov/2022:10:31:48 +0100] "GET /apps/school/www_old6/img/LevelC/Category1/LevelCCat1Lesson03/?C=S;O=A HTTP/1.1" 200 449 "-" "Mozilla/5.0 (compatible; MJ12bot/v1.4.8; http://mj12bot.com/)"
65.109.26.42 - - [13/Nov/2022:10:31:49 +0100] "GET /apps/school/www_old5/img/LevelE/Category1/LevelECat1Lesson14/?C=N;O=A HTTP/1.1" 200 453 "-" "Mozilla/5.0 (compatible; MJ12bot/v1.4.8; http://mj12bot.com/)"
94.23.209.55 - - [13/Nov/2022:10:31:50 +0100] "GET /apps/school/www_old6/img/LevelC/Category1/LevelCCat1Lesson04/?C=D;O=A HTTP/1.1" 200 450 "-" "Mozilla/5.0 (compatible; MJ12bot/v1.4.8; http://mj12bot.com/)"
65.109.26.42 - - [13/Nov/2022:10:31:51 +0100] "GET /apps/school/www_old5/img/LevelE/Category1/LevelECat1Lesson14/?C=S;O=A HTTP/1.1" 200 452 "-" "Mozilla/5.0 (compatible; MJ12bot/v1.4.8; http://mj12bot.com/)"
94.23.209.55 - - [13/Nov/2022:10:31:53 +0100] "GET /apps/school/www_old6/img/LevelC/Category1/LevelCCat1Lesson04/?C=M;O=A HTTP/1.1" 200 451 "-" "Mozilla/5.0 (compatible; MJ12bot/v1.4.8; http://mj12bot.com/)"
65.109.26.42 - - [13/Nov/2022:10:31:53 +0100] "GET /apps/school/www_old5/img/LevelE/Category1/LevelECat1Lesson15/?C=D;O=A HTTP/1.1" 200 449 "-" "Mozilla/5.0 (compatible; MJ12bot/v1.4.8; http://mj12bot.com/)"
114.119.132.76 - - [13/Nov/2022:10:31:54 +0100] "GET /apps/school/www_old8/Html/LevelG/Category2/?C=M%3BO%3DA HTTP/1.1" 200 851 "http://kulturdokumentation.se/apps/school/www_old8/Html/LevelG/Category2/?C=S%3BO%3DA" "Mozilla/5.0 (Linux; Android 7.0;) AppleWebKit/537.36 (KHTML, like Gecko) Mobile Safari/537.36 (compatible; PetalBot;+https://webmaster.petalsearch.com/site/petalbot)"
65.109.26.42 - - [13/Nov/2022:10:31:55 +0100] "GET /apps/school/www_old5/img/LevelE/Category1/LevelECat1Lesson15/?C=M;O=A HTTP/1.1" 200 450 "-" "Mozilla/5.0 (compatible; MJ12bot/v1.4.8; http://mj12bot.com/)"
94.23.209.55 - - [13/Nov/2022:10:31:55 +0100] "GET /apps/school/www_old6/img/LevelC/Category1/LevelCCat1Lesson04/?C=N;O=D HTTP/1.1" 200 448 "-" "Mozilla/5.0 (compatible; MJ12bot/v1.4.8; http://mj12bot.com/)"
65.109.26.42 - - [13/Nov/2022:10:31:56 +0100] "GET /apps/school/www_old5/img/LevelE/Category1/LevelECat1Lesson15/?C=N;O=D HTTP/1.1" 200 448 "-" "Mozilla/5.0 (compatible; MJ12bot/v1.4.8; http://mj12bot.com/)"
94.23.209.55 - - [13/Nov/2022:10:31:57 +0100] "GET /apps/school/www_old6/img/LevelC/Category1/LevelCCat1Lesson04/?C=S;O=A HTTP/1.1" 200 451 "-" "Mozilla/5.0 (compatible; MJ12bot/v1.4.8; http://mj12bot.com/)"
65.109.26.42 - - [13/Nov/2022:10:31:58 +0100] "GET /apps/school/www_old5/img/LevelE/Category1/LevelECat1Lesson15/?C=S;O=A HTTP/1.1" 200 450 "-" "Mozilla/5.0 (compatible; MJ12bot/v1.4.8; http://mj12bot.com/)"
94.23.209.55 - - [13/Nov/2022:10:31:59 +0100] "GET /apps/school/www_old6/img/LevelC/Category1/LevelCCat1Lesson05/?C=M;O=A HTTP/1.1" 200 450 "-" "Mozilla/5.0 (compatible; MJ12bot/v1.4.8; http://mj12bot.com/)"
65.109.26.42 - - [13/Nov/2022:10:32:00 +0100] "GET /apps/school/www_old5/img/LevelE/Category1/LevelECat1Lesson16/?C=D;O=A HTTP/1.1" 200 450 "-" "Mozilla/5.0 (compatible; MJ12bot/v1.4.8; http://mj12bot.com/)"
94.23.209.55 - - [13/Nov/2022:10:32:01 +0100] "GET /apps/school/www_old6/img/LevelC/Category1/LevelCCat1Lesson05/?C=N;O=D HTTP/1.1" 200 448 "-" "Mozilla/5.0 (compatible; MJ12bot/v1.4.8; http://mj12bot.com/)"
65.109.26.42 - - [13/Nov/2022:10:32:01 +0100] "GET /apps/school/www_old5/img/LevelE/Category1/LevelECat1Lesson16/?C=M;O=A HTTP/1.1" 200 450 "-" "Mozilla/5.0 (compatible; MJ12bot/v1.4.8; http://mj12bot.com/)"
94.23.209.55 - - [13/Nov/2022:10:32:03 +0100] "GET /apps/school/www_old6/img/LevelC/Category1/LevelCCat1Lesson05/?C=S;O=A HTTP/1.1" 200 450 "-" "Mozilla/5.0 (compatible; MJ12bot/v1.4.8; http://mj12bot.com/)"
65.109.26.42 - - [13/Nov/2022:10:32:03 +0100] "GET /apps/school/www_old5/img/LevelE/Category1/LevelECat1Lesson16/?C=N;O=D HTTP/1.1" 200 448 "-" "Mozilla/5.0 (compatible; MJ12bot/v1.4.8; http://mj12bot.com/)"
54.36.148.107 - - [13/Nov/2022:10:32:04 +0100] "GET /apps/school/www_old9/img/LevelF/Category1/LevelFCat1Lesson26/?C=S;O=A HTTP/1.1" 200 447 "-" "Mozilla/5.0 (compatible; AhrefsBot/7.0; +http://ahrefs.com/robot/)"
65.109.26.42 - - [13/Nov/2022:10:32:05 +0100] "GET /apps/school/www_old5/img/LevelE/Category1/LevelECat1Lesson16/?C=S;O=A HTTP/1.1" 200 450 "-" "Mozilla/5.0 (compatible; MJ12bot/v1.4.8; http://mj12bot.com/)"
94.23.209.55 - - [13/Nov/2022:10:32:05 +0100] "GET /apps/school/www_old6/img/LevelC/Category1/LevelCCat1Lesson06/?C=M;O=A HTTP/1.1" 200 515 "-" "Mozilla/5.0 (compatible; MJ12bot/v1.4.8; http://mj12bot.com/)"
65.109.26.42 - - [13/Nov/2022:10:32:06 +0100] "GET /apps/school/www_old5/img/LevelE/Category1/LevelECat1Lesson17/?C=N;O=D HTTP/1.1" 200 448 "-" "Mozilla/5.0 (compatible; MJ12bot/v1.4.8; http://mj12bot.com/)"
94.23.209.55 - - [13/Nov/2022:10:32:07 +0100] "GET /apps/school/www_old6/img/LevelC/Category1/LevelCCat1Lesson06/?C=N;O=D HTTP/1.1" 200 513 "-" "Mozilla/5.0 (compatible; MJ12bot/v1.4.8; http://mj12bot.com/)"
65.109.26.42 - - [13/Nov/2022:10:32:08 +0100] "GET /apps/school/www_old5/img/LevelE/Category1/LevelECat1Lesson22/?C=N;O=D HTTP/1.1" 200 448 "-" "Mozilla/5.0 (compatible; MJ12bot/v1.4.8; http://mj12bot.com/)"
94.23.209.55 - - [13/Nov/2022:10:32:09 +0100] "GET /apps/school/www_old6/img/LevelC/Category1/LevelCCat1Lesson06/?C=S;O=A HTTP/1.1" 200 514 "-" "Mozilla/5.0 (compatible; MJ12bot/v1.4.8; http://mj12bot.com/)"
65.109.26.42 - - [13/Nov/2022:10:32:09 +0100] "GET /apps/school/www_old5/img/LevelE/Category1/LevelECat1Lesson25/?C=D;O=A HTTP/1.1" 200 499 "-" "Mozilla/5.0 (compatible; MJ12bot/v1.4.8; http://mj12bot.com/)"
65.109.26.42 - - [13/Nov/2022:10:32:11 +0100] "GET /apps/school/www_old5/img/LevelE/Category1/LevelECat1Lesson25/?C=M;O=A HTTP/1.1" 200 495 "-" "Mozilla/5.0 (compatible; MJ12bot/v1.4.8; http://mj12bot.com/)"
94.23.209.55 - - [13/Nov/2022:10:32:12 +0100] "GET /apps/school/www_old6/img/LevelC/Category1/LevelCCat1Lesson07/?C=D;O=A HTTP/1.1" 200 450 "-" "Mozilla/5.0 (compatible; MJ12bot/v1.4.8; http://mj12bot.com/)"
65.109.26.42 - - [13/Nov/2022:10:32:12 +0100] "GET /apps/school/www_old5/img/LevelE/Category1/LevelECat1Lesson25/?C=N;O=D HTTP/1.1" 200 495 "-" "Mozilla/5.0 (compatible; MJ12bot/v1.4.8; http://mj12bot.com/)"
114.119.134.165 - - [13/Nov/2022:10:32:12 +0100] "GET /apps/school/www_old5/img/LevelD/Category1/LevelDCat1Lesson05?C=M%3BO%3DA HTTP/1.1" 301 312 "http://kulturdokumentation.com/apps/school/www_old5/img/LevelD/Category1/LevelDCat1Lesson05?C=S%3BO%3DA" "Mozilla/5.0 (Linux; Android 7.0;) AppleWebKit/537.36 (KHTML, like Gecko) Mobile Safari/537.36 (compatible; PetalBot;+https://webmaster.petalsearch.com/site/petalbot)"
114.119.134.165 - - [13/Nov/2022:10:32:13 +0100] "GET /apps/school/www_old5/img/LevelD/Category1/LevelDCat1Lesson05/?C=M%3BO%3DA HTTP/1.1" 200 447 "http://kulturdokumentation.com/apps/school/www_old5/img/LevelD/Category1/LevelDCat1Lesson05?C=S%3BO%3DA" "Mozilla/5.0 (Linux; Android 7.0;) AppleWebKit/537.36 (KHTML, like Gecko) Mobile Safari/537.36 (compatible; PetalBot;+https://webmaster.petalsearch.com/site/petalbot)"
65.109.26.42 - - [13/Nov/2022:10:32:14 +0100] "GET /apps/school/www_old5/img/LevelE/Category1/LevelECat1Lesson25/?C=S;O=A HTTP/1.1" 200 498 "-" "Mozilla/5.0 (compatible; MJ12bot/v1.4.8; http://mj12bot.com/)"
94.23.209.55 - - [13/Nov/2022:10:32:14 +0100] "GET /apps/school/www_old6/img/LevelC/Category1/LevelCCat1Lesson07/?C=M;O=A HTTP/1.1" 200 450 "-" "Mozilla/5.0 (compatible; MJ12bot/v1.4.8; http://mj12bot.com/)"
65.109.26.42 - - [13/Nov/2022:10:32:15 +0100] "GET /apps/school/www_old5/img/LevelE/Category1/LevelECat1Lesson28/?C=D;O=D HTTP/1.1" 200 449 "-" "Mozilla/5.0 (compatible; MJ12bot/v1.4.8; http://mj12bot.com/)"
94.23.209.55 - - [13/Nov/2022:10:32:16 +0100] "GET /apps/school/www_old6/img/LevelC/Category1/LevelCCat1Lesson07/?C=N;O=D HTTP/1.1" 200 448 "-" "Mozilla/5.0 (compatible; MJ12bot/v1.4.8; http://mj12bot.com/)"
65.109.26.42 - - [13/Nov/2022:10:32:17 +0100] "GET /apps/school/www_old5/img/LevelE/Category1/LevelECat1Lesson30/?C=D;O=D HTTP/1.1" 200 451 "-" "Mozilla/5.0 (compatible; MJ12bot/v1.4.8; http://mj12bot.com/)"
94.23.209.55 - - [13/Nov/2022:10:32:18 +0100] "GET /apps/school/www_old6/img/LevelC/Category1/LevelCCat1Lesson07/?C=S;O=A HTTP/1.1" 200 450 "-" "Mozilla/5.0 (compatible; MJ12bot/v1.4.8; http://mj12bot.com/)"
65.109.26.42 - - [13/Nov/2022:10:32:19 +0100] "GET /apps/school/www_old5/img/LevelE/Category1/LevelECat1Lesson30/?C=S;O=D HTTP/1.1" 200 451 "-" "Mozilla/5.0 (compatible; MJ12bot/v1.4.8; http://mj12bot.com/)"
65.109.26.42 - - [13/Nov/2022:10:32:20 +0100] "GET /apps/school/www_old5/img/LevelE/Category1/LevelECat1Lesson38/?C=D;O=D HTTP/1.1" 200 460 "-" "Mozilla/5.0 (compatible; MJ12bot/v1.4.8; http://mj12bot.com/)"
94.23.209.55 - - [13/Nov/2022:10:32:20 +0100] "GET /apps/school/www_old6/img/LevelC/Category1/LevelCCat1Lesson08/?C=D;O=A HTTP/1.1" 200 506 "-" "Mozilla/5.0 (compatible; MJ12bot/v1.4.8; http://mj12bot.com/)"
65.109.26.42 - - [13/Nov/2022:10:32:22 +0100] "GET /apps/school/www_old5/img/LevelE/Category1/LevelECat1Lesson40/?C=S;O=D HTTP/1.1" 200 452 "-" "Mozilla/5.0 (compatible; MJ12bot/v1.4.8; http://mj12bot.com/)"
94.23.209.55 - - [13/Nov/2022:10:32:23 +0100] "GET /apps/school/www_old6/img/LevelC/Category1/LevelCCat1Lesson08/?C=N;O=D HTTP/1.1" 200 504 "-" "Mozilla/5.0 (compatible; MJ12bot/v1.4.8; http://mj12bot.com/)"
65.109.26.42 - - [13/Nov/2022:10:32:23 +0100] "GET /apps/school/www_old5/img/LevelE/Category1/LevelECat1Lesson41/?C=D;O=D HTTP/1.1" 200 452 "-" "Mozilla/5.0 (compatible; MJ12bot/v1.4.8; http://mj12bot.com/)"
94.23.209.55 - - [13/Nov/2022:10:32:25 +0100] "GET /apps/school/www_old6/img/LevelC/Category1/LevelCCat1Lesson09/?C=D;O=A HTTP/1.1" 200 460 "-" "Mozilla/5.0 (compatible; MJ12bot/v1.4.8; http://mj12bot.com/)"
65.109.26.42 - - [13/Nov/2022:10:32:25 +0100] "GET /apps/school/www_old5/img/LevelE/Category1/LevelECat1Lesson41/?C=M;O=D HTTP/1.1" 200 452 "-" "Mozilla/5.0 (compatible; MJ12bot/v1.4.8; http://mj12bot.com/)"
65.109.26.42 - - [13/Nov/2022:10:32:26 +0100] "GET /apps/school/www_old5/img/LevelE/Category1/LevelECat1Lesson41/?C=N;O=A HTTP/1.1" 200 454 "-" "Mozilla/5.0 (compatible; MJ12bot/v1.4.8; http://mj12bot.com/)"
94.23.209.55 - - [13/Nov/2022:10:32:27 +0100] "GET /apps/school/www_old6/img/LevelC/Category1/LevelCCat1Lesson09/?C=M;O=A HTTP/1.1" 200 460 "-" "Mozilla/5.0 (compatible; MJ12bot/v1.4.8; http://mj12bot.com/)"
65.109.26.42 - - [13/Nov/2022:10:32:28 +0100] "GET /apps/school/www_old5/img/LevelE/Category1/LevelECat1Lesson41/?C=S;O=D HTTP/1.1" 200 452 "-" "Mozilla/5.0 (compatible; MJ12bot/v1.4.8; http://mj12bot.com/)"
65.109.26.42 - - [13/Nov/2022:10:32:29 +0100] "GET /apps/school/www_old5/img/LevelE/Category1/LevelECat1Lesson42/?C=D;O=D HTTP/1.1" 200 452 "-" "Mozilla/5.0 (compatible; MJ12bot/v1.4.8; http://mj12bot.com/)"
94.23.209.55 - - [13/Nov/2022:10:32:30 +0100] "GET /apps/school/www_old6/img/LevelC/Category1/LevelCCat1Lesson09/?C=N;O=A HTTP/1.1" 200 460 "-" "Mozilla/5.0 (compatible; MJ12bot/v1.4.8; http://mj12bot.com/)"
65.109.26.42 - - [13/Nov/2022:10:32:31 +0100] "GET /apps/school/www_old5/img/LevelE/Category1/LevelECat1Lesson42/?C=M;O=D HTTP/1.1" 200 452 "-" "Mozilla/5.0 (compatible; MJ12bot/v1.4.8; http://mj12bot.com/)"
65.109.26.42 - - [13/Nov/2022:10:32:32 +0100] "GET /apps/school/www_old5/img/LevelE/Category1/LevelECat1Lesson42/?C=N;O=A HTTP/1.1" 200 454 "-" "Mozilla/5.0 (compatible; MJ12bot/v1.4.8; http://mj12bot.com/)"
94.23.209.55 - - [13/Nov/2022:10:32:33 +0100] "GET /apps/school/www_old6/img/LevelC/Category1/LevelCCat1Lesson11/?C=D;O=D HTTP/1.1" 200 503 "-" "Mozilla/5.0 (compatible; MJ12bot/v1.4.8; http://mj12bot.com/)"
