192.99.3.137 - - [13/Nov/2022:23:41:10 +0100] "GET /apps/school/www_old9/img/LevelA/Category2/LevelACat2Lesson16/ HTTP/1.1" 200 510 "-" "Mozilla/5.0 (compatible; MJ12bot/v1.4.8; http://mj12bot.com/)"
192.99.3.137 - - [13/Nov/2022:23:41:13 +0100] "GET /apps/school/www_old9/img/LevelA/Category2/LevelACat2Lesson17/ HTTP/1.1" 200 493 "-" "Mozilla/5.0 (compatible; MJ12bot/v1.4.8; http://mj12bot.com/)"
192.99.3.137 - - [13/Nov/2022:23:41:17 +0100] "GET /apps/school/www_old9/img/LevelA/Category2/LevelACat2Lesson19/ HTTP/1.1" 200 499 "-" "Mozilla/5.0 (compatible; MJ12bot/v1.4.8; http://mj12bot.com/)"
192.99.3.137 - - [13/Nov/2022:23:41:19 +0100] "GET /apps/school/www_old9/img/LevelB/Category1/LevelBCat1Lesson27/?C=N;O=A HTTP/1.1" 200 450 "-" "Mozilla/5.0 (compatible; MJ12bot/v1.4.8; http://mj12bot.com/)"
192.99.3.137 - - [13/Nov/2022:23:41:22 +0100] "GET /apps/school/www_old9/img/LevelB/Category1/LevelBCat1Lesson28/?C=N;O=A HTTP/1.1" 200 450 "-" "Mozilla/5.0 (compatible; MJ12bot/v1.4.8; http://mj12bot.com/)"
192.99.3.137 - - [13/Nov/2022:23:41:24 +0100] "GET /apps/school/www_old9/img/LevelB/Category1/LevelBCat1Lesson30/ HTTP/1.1" 200 451 "-" "Mozilla/5.0 (compatible; MJ12bot/v1.4.8; http://mj12bot.com/)"
192.99.3.137 - - [13/Nov/2022:23:41:30 +0100] "GET /apps/school/www_old9/img/LevelB/Category1/LevelBCat1Lesson31/ HTTP/1.1" 200 450 "-" "Mozilla/5.0 (compatible; MJ12bot/v1.4.8; http://mj12bot.com/)"
192.99.3.137 - - [13/Nov/2022:23:41:32 +0100] "GET /apps/school/www_old9/img/LevelB/Category1/LevelBCat1Lesson33/ HTTP/1.1" 200 541 "-" "Mozilla/5.0 (compatible; MJ12bot/v1.4.8; http://mj12bot.com/)"
54.36.148.198 - - [13/Nov/2022:23:41:35 +0100] "GET /apps/school/www_old8/img/LevelF/Category2/LevelFCat2Lesson09/?C=M;O=D HTTP/1.1" 200 448 "-" "Mozilla/5.0 (compatible; AhrefsBot/7.0; +http://ahrefs.com/robot/)"
192.99.3.137 - - [13/Nov/2022:23:41:36 +0100] "GET /apps/school/www_old9/img/LevelB/Category1/LevelBCat1Lesson33/?C=N;O=A HTTP/1.1" 200 541 "-" "Mozilla/5.0 (compatible; MJ12bot/v1.4.8; http://mj12bot.com/)"
192.99.3.137 - - [13/Nov/2022:23:41:39 +0100] "GET /apps/school/www_old9/img/LevelB/Category1/LevelBCat1Lesson35/ HTTP/1.1" 200 494 "-" "Mozilla/5.0 (compatible; MJ12bot/v1.4.8; http://mj12bot.com/)"
192.99.3.137 - - [13/Nov/2022:23:41:43 +0100] "GET /apps/school/www_old9/img/LevelB/Category1/LevelBCat1Lesson36/ HTTP/1.1" 200 547 "-" "Mozilla/5.0 (compatible; MJ12bot/v1.4.8; http://mj12bot.com/)"
207.46.13.191 - - [13/Nov/2022:23:41:43 +0100] "GET /fi2/classlists/756/Fi2list_transform.xslt HTTP/1.1" 200 12134 "-" "Mozilla/5.0 (compatible; bingbot/2.0; +http://www.bing.com/bingbot.htm)"
192.99.3.137 - - [13/Nov/2022:23:41:45 +0100] "GET /apps/school/www_old9/img/LevelB/Category1/LevelBCat1Lesson37/ HTTP/1.1" 200 479 "-" "Mozilla/5.0 (compatible; MJ12bot/v1.4.8; http://mj12bot.com/)"
192.99.3.137 - - [13/Nov/2022:23:41:48 +0100] "GET /apps/school/www_old9/img/LevelB/Category1/LevelBCat1Lesson38/ HTTP/1.1" 200 451 "-" "Mozilla/5.0 (compatible; MJ12bot/v1.4.8; http://mj12bot.com/)"
192.99.3.137 - - [13/Nov/2022:23:41:51 +0100] "GET /apps/school/www_old9/img/LevelB/Category2/LevelBCat2Lesson01/ HTTP/1.1" 200 613 "-" "Mozilla/5.0 (compatible; MJ12bot/v1.4.8; http://mj12bot.com/)"
192.99.3.137 - - [13/Nov/2022:23:41:55 +0100] "GET /apps/school/www_old9/img/LevelB/Category2/LevelBCat2Lesson02/ HTTP/1.1" 200 539 "-" "Mozilla/5.0 (compatible; MJ12bot/v1.4.8; http://mj12bot.com/)"
54.36.148.217 - - [13/Nov/2022:23:41:56 +0100] "GET /index.php?page=content&id=60 HTTP/1.1" 200 4764 "-" "Mozilla/5.0 (compatible; AhrefsBot/7.0; +http://ahrefs.com/robot/)"
192.99.3.137 - - [13/Nov/2022:23:41:58 +0100] "GET /apps/school/www_old9/img/LevelC/Category2/LevelCCat2Lesson05/?C=M;O=D HTTP/1.1" 200 539 "-" "Mozilla/5.0 (compatible; MJ12bot/v1.4.8; http://mj12bot.com/)"
40.77.167.41 - - [13/Nov/2022:23:41:59 +0100] "GET /astacusproject/ProjectSelected.do?projectId=25593 HTTP/1.1" 404 231 "-" "Mozilla/5.0 (compatible; bingbot/2.0; +http://www.bing.com/bingbot.htm)"
192.99.3.137 - - [13/Nov/2022:23:42:00 +0100] "GET /apps/school/www_old9/img/LevelC/Category3/LevelCCat3Lesson01/?C=D;O=A HTTP/1.1" 200 512 "-" "Mozilla/5.0 (compatible; MJ12bot/v1.4.8; http://mj12bot.com/)"
114.119.141.69 - - [13/Nov/2022:23:42:01 +0100] "GET /apps/school/www_old8/img/LevelG/Category1/LevelGCat1Lesson35/?C=N%3BO%3DD HTTP/1.1" 200 446 "http://kulturdokumentation.se/apps/school/www_old8/img/LevelG/Category1/LevelGCat1Lesson35/?C=N%3BO%3DD" "Mozilla/5.0 (Linux; Android 7.0;) AppleWebKit/537.36 (KHTML, like Gecko) Mobile Safari/537.36 (compatible; PetalBot;+https://webmaster.petalsearch.com/site/petalbot)"
114.119.142.42 - - [13/Nov/2022:23:42:03 +0100] "GET /apps/school/www_old3/img/LevelB/Category2/LevelBCat2Lesson10/?C=D%3BO%3DA HTTP/1.1" 200 583 "http://www2.astacus.se/apps/school/www_old3/img/LevelB/Category2/LevelBCat2Lesson10/?C=S%3BO%3DA" "Mozilla/5.0 (Linux; Android 7.0;) AppleWebKit/537.36 (KHTML, like Gecko) Mobile Safari/537.36 (compatible; PetalBot;+https://webmaster.petalsearch.com/site/petalbot)"
192.99.3.137 - - [13/Nov/2022:23:42:03 +0100] "GET /apps/school/www_old9/img/LevelC/Category3/LevelCCat3Lesson01/?C=M;O=A HTTP/1.1" 200 512 "-" "Mozilla/5.0 (compatible; MJ12bot/v1.4.8; http://mj12bot.com/)"
192.99.3.137 - - [13/Nov/2022:23:42:06 +0100] "GET /apps/school/www_old9/img/LevelC/Category3/LevelCCat3Lesson01/?C=N;O=D HTTP/1.1" 200 510 "-" "Mozilla/5.0 (compatible; MJ12bot/v1.4.8; http://mj12bot.com/)"
192.99.3.137 - - [13/Nov/2022:23:42:09 +0100] "GET /apps/school/www_old9/img/LevelC/Category3/LevelCCat3Lesson01/?C=S;O=A HTTP/1.1" 200 511 "-" "Mozilla/5.0 (compatible; MJ12bot/v1.4.8; http://mj12bot.com/)"
192.99.3.137 - - [13/Nov/2022:23:42:12 +0100] "GET /apps/school/www_old9/img/LevelC/Category3/LevelCCat3Lesson20/?C=D;O=D HTTP/1.1" 200 501 "-" "Mozilla/5.0 (compatible; MJ12bot/v1.4.8; http://mj12bot.com/)"
192.99.3.137 - - [13/Nov/2022:23:42:14 +0100] "GET /apps/school/www_old9/img/LevelC/Category3/LevelCCat3Lesson22/?C=N;O=A HTTP/1.1" 200 543 "-" "Mozilla/5.0 (compatible; MJ12bot/v1.4.8; http://mj12bot.com/)"
192.99.3.137 - - [13/Nov/2022:23:42:16 +0100] "GET /apps/school/www_old9/img/LevelD/Category1/LevelDCat1Lesson20/ HTTP/1.1" 200 453 "-" "Mozilla/5.0 (compatible; MJ12bot/v1.4.8; http://mj12bot.com/)"
192.99.3.137 - - [13/Nov/2022:23:42:20 +0100] "GET /apps/school/www_old9/img/LevelD/Category1/LevelDCat1Lesson21/ HTTP/1.1" 200 489 "-" "Mozilla/5.0 (compatible; MJ12bot/v1.4.8; http://mj12bot.com/)"
192.99.3.137 - - [13/Nov/2022:23:42:23 +0100] "GET /apps/school/www_old9/img/LevelD/Category1/LevelDCat1Lesson23/ HTTP/1.1" 200 452 "-" "Mozilla/5.0 (compatible; MJ12bot/v1.4.8; http://mj12bot.com/)"
192.99.3.137 - - [13/Nov/2022:23:42:27 +0100] "GET /apps/school/www_old9/img/LevelD/Category1/LevelDCat1Lesson24/ HTTP/1.1" 200 451 "-" "Mozilla/5.0 (compatible; MJ12bot/v1.4.8; http://mj12bot.com/)"
192.99.3.137 - - [13/Nov/2022:23:42:30 +0100] "GET /apps/school/www_old9/img/LevelD/Category1/LevelDCat1Lesson25/ HTTP/1.1" 200 445 "-" "Mozilla/5.0 (compatible; MJ12bot/v1.4.8; http://mj12bot.com/)"
192.99.3.137 - - [13/Nov/2022:23:42:33 +0100] "GET /apps/school/www_old9/img/LevelD/Category1/LevelDCat1Lesson26/ HTTP/1.1" 200 453 "-" "Mozilla/5.0 (compatible; MJ12bot/v1.4.8; http://mj12bot.com/)"
54.36.148.40 - - [13/Nov/2022:23:42:35 +0100] "GET /robots.txt HTTP/1.1" 404 208 "-" "Mozilla/5.0 (compatible; AhrefsBot/7.0; +http://ahrefs.com/robot/)"
67.225.222.5 - - [13/Nov/2022:23:42:35 +0100] "POST /xmlrpc.php HTTP/1.1" 200 412 "-" "Mozilla/5.0 (Windows NT 10.0; Win64; x64) AppleWebKit/537.36 (KHTML, like Gecko) Chrome/83.0.4103.116 Safari/537.36"
54.36.149.107 - - [13/Nov/2022:23:42:36 +0100] "GET / HTTP/1.1" 200 1772 "-" "Mozilla/5.0 (compatible; AhrefsBot/7.0; +http://ahrefs.com/robot/)"
66.171.163.151 - - [13/Nov/2022:23:42:36 +0100] "POST /xmlrpc.php HTTP/1.1" 200 412 "-" "Mozilla/5.0 (Windows NT 10.0; Win64; x64) AppleWebKit/537.36 (KHTML, like Gecko) Chrome/89.0.4389.90 Safari/537.36"
192.99.3.137 - - [13/Nov/2022:23:42:37 +0100] "GET /apps/school/www_old9/img/LevelD/Category1/LevelDCat1Lesson27/ HTTP/1.1" 200 455 "-" "Mozilla/5.0 (compatible; MJ12bot/v1.4.8; http://mj12bot.com/)"
217.182.196.20 - - [13/Nov/2022:23:42:38 +0100] "POST /xmlrpc.php HTTP/1.1" 200 403 "-" "Mozilla/5.0 (Windows; U; Windows NT 5.1; en-US; rv:1.7.12) Gecko/20050915 Firefox/1.0.7"
192.99.3.137 - - [13/Nov/2022:23:42:39 +0100] "GET /apps/school/www_old9/img/LevelD/Category1/LevelDCat1Lesson28/ HTTP/1.1" 200 448 "-" "Mozilla/5.0 (compatible; MJ12bot/v1.4.8; http://mj12bot.com/)"
91.134.248.245 - - [13/Nov/2022:23:42:39 +0100] "POST /xmlrpc.php HTTP/1.1" 200 412 "-" "Mozilla/5.0 (Windows NT 6.1; WOW64) AppleWebKit/537.1 (KHTML, like Gecko) Chrome/21.0.1180.83 Safari/537.1"
192.99.3.137 - - [13/Nov/2022:23:42:43 +0100] "GET /apps/school/www_old9/img/LevelD/Category1/LevelDCat1Lesson29/ HTTP/1.1" 200 446 "-" "Mozilla/5.0 (compatible; MJ12bot/v1.4.8; http://mj12bot.com/)"
192.99.3.137 - - [13/Nov/2022:23:42:45 +0100] "GET /apps/school/www_old9/img/LevelD/Category1/LevelDCat1Lesson30/ HTTP/1.1" 200 474 "-" "Mozilla/5.0 (compatible; MJ12bot/v1.4.8; http://mj12bot.com/)"
67.225.222.5 - - [13/Nov/2022:23:42:45 +0100] "POST /xmlrpc.php HTTP/1.1" 200 412 "-" "Mozilla/5.0 (Windows NT 6.1; Win64; x64; rv:25.0) Gecko/20100101 Firefox/29.0"
89.252.169.172 - - [13/Nov/2022:23:42:45 +0100] "POST /xmlrpc.php HTTP/1.1" 200 412 "-" "Mozilla/5.0 (Windows NT 10.0) AppleWebKit/537.36 (KHTML, like Gecko) Chrome/72.0.3626.121 Safari/537.36"
54.36.148.84 - - [13/Nov/2022:23:42:46 +0100] "GET /main.css HTTP/1.1" 200 415 "-" "Mozilla/5.0 (compatible; AhrefsBot/7.0; +http://ahrefs.com/robot/)"
54.36.149.76 - - [13/Nov/2022:23:42:47 +0100] "GET /images/icadloggo.gif HTTP/1.1" 200 2516 "-" "Mozilla/5.0 (compatible; AhrefsBot/7.0; +http://ahrefs.com/robot/)"
192.99.3.137 - - [13/Nov/2022:23:42:49 +0100] "GET /apps/school/www_old9/img/LevelD/Category1/LevelDCat1Lesson31/ HTTP/1.1" 200 453 "-" "Mozilla/5.0 (compatible; MJ12bot/v1.4.8; http://mj12bot.com/)"
54.36.149.69 - - [13/Nov/2022:23:42:50 +0100] "GET /images/start_arkiv.jpg HTTP/1.1" 200 13974 "-" "Mozilla/5.0 (compatible; AhrefsBot/7.0; +http://ahrefs.com/robot/)"
54.36.148.126 - - [13/Nov/2022:23:42:50 +0100] "GET /apps/school/www_old2/img/LevelB/Category1/LevelBCat1Lesson26/?C=M;O=D HTTP/1.1" 200 447 "-" "Mozilla/5.0 (compatible; AhrefsBot/7.0; +http://ahrefs.com/robot/)"
120.77.136.72 - - [13/Nov/2022:23:42:51 +0100] "POST /xmlrpc.php HTTP/1.1" 200 412 "-" "Mozilla/5.0 (Windows NT 10.0; WOW64) AppleWebKit/537.36 (KHTML, like Gecko) Chrome/72.0.3626.121 Safari/537.36"
52.251.60.34 - - [13/Nov/2022:23:42:51 +0100] "POST /xmlrpc.php HTTP/1.1" 200 412 "-" "Mozilla/5.0 (Windows NT 6.1; Win64; x64) AppleWebKit/537.36 (KHTML, like Gecko) Chrome/69.0.3497.100 Safari/537.36"
192.99.3.137 - - [13/Nov/2022:23:42:51 +0100] "GET /apps/school/www_old9/img/LevelD/Category1/LevelDCat1Lesson32/ HTTP/1.1" 200 445 "-" "Mozilla/5.0 (compatible; MJ12bot/v1.4.8; http://mj12bot.com/)"
54.36.148.180 - - [13/Nov/2022:23:42:53 +0100] "GET /images/login.png HTTP/1.1" 200 65869 "-" "Mozilla/5.0 (compatible; AhrefsBot/7.0; +http://ahrefs.com/robot/)"
192.99.3.137 - - [13/Nov/2022:23:42:55 +0100] "GET /apps/school/www_old9/img/LevelD/Category1/LevelDCat1Lesson33/ HTTP/1.1" 200 505 "-" "Mozilla/5.0 (compatible; MJ12bot/v1.4.8; http://mj12bot.com/)"
185.98.5.174 - - [13/Nov/2022:23:42:56 +0100] "POST /xmlrpc.php HTTP/1.1" 200 412 "-" "Mozilla/5.0 (Windows NT 10.0; Win64; x64) AppleWebKit/537.36 (KHTML, like Gecko) Chrome/88.0.4324.190 Safari/537.36"
52.251.60.34 - - [13/Nov/2022:23:42:57 +0100] "POST /xmlrpc.php HTTP/1.1" 200 412 "-" "Mozilla/5.0 (Windows NT 10.0) AppleWebKit/537.36 (KHTML, like Gecko) Chrome/72.0.3626.121 Safari/537.36"
192.99.3.137 - - [13/Nov/2022:23:42:58 +0100] "GET /apps/school/www_old9/img/LevelD/Category1/LevelDCat1Lesson35/ HTTP/1.1" 200 538 "-" "Mozilla/5.0 (compatible; MJ12bot/v1.4.8; http://mj12bot.com/)"
114.119.141.191 - - [13/Nov/2022:23:42:59 +0100] "GET /robots.txt HTTP/1.1" 404 208 "-" "Mozilla/5.0 (compatible;PetalBot;+https://webmaster.petalsearch.com/site/petalbot)"
192.99.3.137 - - [13/Nov/2022:23:43:01 +0100] "GET /apps/school/www_old9/img/LevelD/Category1/LevelDCat1Lesson36/ HTTP/1.1" 200 499 "-" "Mozilla/5.0 (compatible; MJ12bot/v1.4.8; http://mj12bot.com/)"
62.171.183.101 - - [13/Nov/2022:23:43:02 +0100] "POST /xmlrpc.php HTTP/1.1" 200 412 "-" "Mozilla/5.0 (Windows NT 10.0; Win64; x64; rv:88.0) Gecko/20100101 Firefox/88.0"
192.99.3.137 - - [13/Nov/2022:23:43:03 +0100] "GET /apps/school/www_old9/img/LevelD/Category1/LevelDCat1Lesson37/ HTTP/1.1" 200 452 "-" "Mozilla/5.0 (compatible; MJ12bot/v1.4.8; http://mj12bot.com/)"
192.99.3.137 - - [13/Nov/2022:23:43:06 +0100] "GET /apps/school/www_old9/img/LevelD/Category2/LevelDCat2Lesson01/ HTTP/1.1" 200 667 "-" "Mozilla/5.0 (compatible; MJ12bot/v1.4.8; http://mj12bot.com/)"
111.231.72.87 - - [13/Nov/2022:23:43:06 +0100] "POST /xmlrpc.php HTTP/1.1" 200 412 "-" "Mozilla/5.0 (Windows NT 10.0; Win64; x64) AppleWebKit/537.36 (KHTML, like Gecko) Chrome/81.0.4044.138 Safari/537.36"
170.187.138.210 - - [13/Nov/2022:23:43:07 +0100] "POST /xmlrpc.php HTTP/1.1" 200 412 "-" "Mozilla/5.0 (Windows NT 10.0; Win64; x64; rv:67.0) Gecko/20100101 Firefox/67.0"
192.99.3.137 - - [13/Nov/2022:23:43:08 +0100] "GET /apps/school/www_old9/img/LevelD/Category2/LevelDCat2Lesson02/ HTTP/1.1" 200 581 "-" "Mozilla/5.0 (compatible; MJ12bot/v1.4.8; http://mj12bot.com/)"
192.99.3.137 - - [13/Nov/2022:23:43:11 +0100] "GET /apps/school/www_old9/img/LevelD/Category2/LevelDCat2Lesson03/ HTTP/1.1" 200 486 "-" "Mozilla/5.0 (compatible; MJ12bot/v1.4.8; http://mj12bot.com/)"
40.77.167.18 - - [13/Nov/2022:23:43:13 +0100] "GET /fi2/valuelists/2432/ HTTP/1.1" 200 462 "-" "Mozilla/5.0 AppleWebKit/537.36 (KHTML, like Gecko; compatible; bingbot/2.0; +http://www.bing.com/bingbot.htm) Chrome/103.0.5060.134 Safari/537.36"
192.99.3.137 - - [13/Nov/2022:23:43:15 +0100] "GET /apps/school/www_old9/img/LevelD/Category2/LevelDCat2Lesson04/ HTTP/1.1" 200 519 "-" "Mozilla/5.0 (compatible; MJ12bot/v1.4.8; http://mj12bot.com/)"
192.99.3.137 - - [13/Nov/2022:23:43:19 +0100] "GET /apps/school/www_old9/img/LevelD/Category2/LevelDCat2Lesson05/ HTTP/1.1" 200 494 "-" "Mozilla/5.0 (compatible; MJ12bot/v1.4.8; http://mj12bot.com/)"
192.99.3.137 - - [13/Nov/2022:23:43:21 +0100] "GET /apps/school/www_old9/img/LevelD/Category2/LevelDCat2Lesson06/ HTTP/1.1" 200 462 "-" "Mozilla/5.0 (compatible; MJ12bot/v1.4.8; http://mj12bot.com/)"
192.99.3.137 - - [13/Nov/2022:23:43:23 +0100] "GET /apps/school/www_old9/img/LevelD/Category2/LevelDCat2Lesson07/ HTTP/1.1" 200 484 "-" "Mozilla/5.0 (compatible; MJ12bot/v1.4.8; http://mj12bot.com/)"
192.99.3.137 - - [13/Nov/2022:23:43:26 +0100] "GET /apps/school/www_old9/img/LevelD/Category2/LevelDCat2Lesson08/ HTTP/1.1" 200 495 "-" "Mozilla/5.0 (compatible; MJ12bot/v1.4.8; http://mj12bot.com/)"
192.99.3.137 - - [13/Nov/2022:23:43:29 +0100] "GET /apps/school/www_old9/img/LevelD/Category2/LevelDCat2Lesson09/ HTTP/1.1" 200 518 "-" "Mozilla/5.0 (compatible; MJ12bot/v1.4.8; http://mj12bot.com/)"
192.99.3.137 - - [13/Nov/2022:23:43:31 +0100] "GET /apps/school/www_old9/img/LevelD/Category2/LevelDCat2Lesson10/ HTTP/1.1" 200 585 "-" "Mozilla/5.0 (compatible; MJ12bot/v1.4.8; http://mj12bot.com/)"
40.77.167.60 - - [13/Nov/2022:23:43:32 +0100] "GET /index.php?page=download&id=4&filename=CONTURA_450.zip&path=data/models/CONTURA_450.zip HTTP/1.1" 200 4215 "-" "Mozilla/5.0 (compatible; bingbot/2.0; +http://www.bing.com/bingbot.htm)"
192.99.3.137 - - [13/Nov/2022:23:43:34 +0100] "GET /apps/school/www_old9/img/LevelD/Category2/LevelDCat2Lesson11/ HTTP/1.1" 200 553 "-" "Mozilla/5.0 (compatible; MJ12bot/v1.4.8; http://mj12bot.com/)"
192.99.3.137 - - [13/Nov/2022:23:43:37 +0100] "GET /apps/school/www_old9/img/LevelD/Category2/LevelDCat2Lesson12/ HTTP/1.1" 200 502 "-" "Mozilla/5.0 (compatible; MJ12bot/v1.4.8; http://mj12bot.com/)"
192.99.3.137 - - [13/Nov/2022:23:43:39 +0100] "GET /apps/school/www_old9/img/LevelD/Category2/LevelDCat2Lesson13/ HTTP/1.1" 200 470 "-" "Mozilla/5.0 (compatible; MJ12bot/v1.4.8; http://mj12bot.com/)"
192.99.3.137 - - [13/Nov/2022:23:43:41 +0100] "GET /apps/school/www_old9/img/LevelD/Category2/LevelDCat2Lesson14/ HTTP/1.1" 200 507 "-" "Mozilla/5.0 (compatible; MJ12bot/v1.4.8; http://mj12bot.com/)"
114.119.153.160 - - [13/Nov/2022:23:43:44 +0100] "GET /apps/school/www_old_temp/AutodeskForge/learn.forge.viewmodels-nodejs/node_modules/fast-deep-equal/README.md HTTP/1.1" 200 3323 "http://appsrv.astacus.se/apps/school/www_old_temp/AutodeskForge/learn.forge.viewmodels-nodejs/node_modules/fast-deep-equal/?C=D%3BO%3DA" "Mozilla/5.0 (Linux; Android 7.0;) AppleWebKit/537.36 (KHTML, like Gecko) Mobile Safari/537.36 (compatible; PetalBot;+https://webmaster.petalsearch.com/site/petalbot)"
192.99.3.137 - - [13/Nov/2022:23:43:44 +0100] "GET /apps/school/www_old9/img/LevelD/Category2/LevelDCat2Lesson16/ HTTP/1.1" 200 540 "-" "Mozilla/5.0 (compatible; MJ12bot/v1.4.8; http://mj12bot.com/)"
192.99.3.137 - - [13/Nov/2022:23:43:48 +0100] "GET /apps/school/www_old9/img/LevelD/Category2/LevelDCat2Lesson17/ HTTP/1.1" 200 513 "-" "Mozilla/5.0 (compatible; MJ12bot/v1.4.8; http://mj12bot.com/)"
192.99.3.137 - - [13/Nov/2022:23:43:50 +0100] "GET /apps/school/www_old9/img/LevelD/Category2/LevelDCat2Lesson18/ HTTP/1.1" 200 511 "-" "Mozilla/5.0 (compatible; MJ12bot/v1.4.8; http://mj12bot.com/)"
192.99.3.137 - - [13/Nov/2022:23:43:52 +0100] "GET /apps/school/www_old9/img/LevelD/Category2/LevelDCat2Lesson19/ HTTP/1.1" 200 543 "-" "Mozilla/5.0 (compatible; MJ12bot/v1.4.8; http://mj12bot.com/)"
192.99.3.137 - - [13/Nov/2022:23:43:55 +0100] "GET /apps/school/www_old9/img/LevelD/Category2/LevelDCat2Lesson20/ HTTP/1.1" 200 480 "-" "Mozilla/5.0 (compatible; MJ12bot/v1.4.8; http://mj12bot.com/)"
192.99.3.137 - - [13/Nov/2022:23:43:58 +0100] "GET /apps/school/www_old9/img/LevelD/Category2/LevelDCat2Lesson21/ HTTP/1.1" 200 494 "-" "Mozilla/5.0 (compatible; MJ12bot/v1.4.8; http://mj12bot.com/)"
192.99.3.137 - - [13/Nov/2022:23:44:01 +0100] "GET /apps/school/www_old9/img/LevelD/Category2/LevelDCat2Lesson22/ HTTP/1.1" 200 554 "-" "Mozilla/5.0 (compatible; MJ12bot/v1.4.8; http://mj12bot.com/)"
192.99.3.137 - - [13/Nov/2022:23:44:04 +0100] "GET /apps/school/www_old9/img/LevelD/Category2/LevelDCat2Lesson23/ HTTP/1.1" 200 542 "-" "Mozilla/5.0 (compatible; MJ12bot/v1.4.8; http://mj12bot.com/)"
192.99.3.137 - - [13/Nov/2022:23:44:08 +0100] "GET /apps/school/www_old9/img/LevelD/Category2/LevelDCat2Lesson24/ HTTP/1.1" 200 505 "-" "Mozilla/5.0 (compatible; MJ12bot/v1.4.8; http://mj12bot.com/)"
192.99.3.137 - - [13/Nov/2022:23:44:10 +0100] "GET /apps/school/www_old9/img/LevelD/Category2/LevelDCat2Lesson25/ HTTP/1.1" 200 499 "-" "Mozilla/5.0 (compatible; MJ12bot/v1.4.8; http://mj12bot.com/)"
192.99.3.137 - - [13/Nov/2022:23:44:13 +0100] "GET /apps/school/www_old9/img/LevelD/Category3/LevelDCat3Lesson01/ HTTP/1.1" 200 453 "-" "Mozilla/5.0 (compatible; MJ12bot/v1.4.8; http://mj12bot.com/)"
192.99.3.137 - - [13/Nov/2022:23:44:15 +0100] "GET /apps/school/www_old9/img/LevelD/Category3/LevelDCat3Lesson02/ HTTP/1.1" 200 566 "-" "Mozilla/5.0 (compatible; MJ12bot/v1.4.8; http://mj12bot.com/)"
192.99.3.137 - - [13/Nov/2022:23:44:17 +0100] "GET /apps/school/www_old9/img/LevelD/Category3/LevelDCat3Lesson03/ HTTP/1.1" 200 507 "-" "Mozilla/5.0 (compatible; MJ12bot/v1.4.8; http://mj12bot.com/)"
40.77.167.26 - - [13/Nov/2022:23:44:19 +0100] "GET /medarbetare/ HTTP/1.1" 200 9571 "-" "Mozilla/5.0 AppleWebKit/537.36 (KHTML, like Gecko; compatible; bingbot/2.0; +http://www.bing.com/bingbot.htm) Chrome/103.0.5060.134 Safari/537.36"
192.99.3.137 - - [13/Nov/2022:23:44:20 +0100] "GET /apps/school/www_old9/img/LevelD/Category3/LevelDCat3Lesson04/ HTTP/1.1" 200 496 "-" "Mozilla/5.0 (compatible; MJ12bot/v1.4.8; http://mj12bot.com/)"
192.99.3.137 - - [13/Nov/2022:23:44:22 +0100] "GET /apps/school/www_old9/img/LevelD/Category3/LevelDCat3Lesson05/ HTTP/1.1" 200 524 "-" "Mozilla/5.0 (compatible; MJ12bot/v1.4.8; http://mj12bot.com/)"
192.99.3.137 - - [13/Nov/2022:23:44:25 +0100] "GET /apps/school/www_old9/img/LevelD/Category3/LevelDCat3Lesson06/ HTTP/1.1" 200 576 "-" "Mozilla/5.0 (compatible; MJ12bot/v1.4.8; http://mj12bot.com/)"
192.99.3.137 - - [13/Nov/2022:23:44:29 +0100] "GET /apps/school/www_old9/img/LevelD/Category3/LevelDCat3Lesson07/ HTTP/1.1" 200 447 "-" "Mozilla/5.0 (compatible; MJ12bot/v1.4.8; http://mj12bot.com/)"
192.99.3.137 - - [13/Nov/2022:23:44:32 +0100] "GET /apps/school/www_old9/img/LevelD/Category3/LevelDCat3Lesson08/ HTTP/1.1" 200 564 "-" "Mozilla/5.0 (compatible; MJ12bot/v1.4.8; http://mj12bot.com/)"
192.99.3.137 - - [13/Nov/2022:23:44:34 +0100] "GET /apps/school/www_old9/img/LevelD/Category3/LevelDCat3Lesson09/ HTTP/1.1" 200 445 "-" "Mozilla/5.0 (compatible; MJ12bot/v1.4.8; http://mj12bot.com/)"
192.99.3.137 - - [13/Nov/2022:23:44:37 +0100] "GET /apps/school/www_old9/img/LevelD/Category3/LevelDCat3Lesson10/ HTTP/1.1" 200 445 "-" "Mozilla/5.0 (compatible; MJ12bot/v1.4.8; http://mj12bot.com/)"
192.99.3.137 - - [13/Nov/2022:23:44:39 +0100] "GET /apps/school/www_old9/img/LevelD/Category3/LevelDCat3Lesson11/ HTTP/1.1" 200 534 "-" "Mozilla/5.0 (compatible; MJ12bot/v1.4.8; http://mj12bot.com/)"
185.191.171.5 - - [13/Nov/2022:23:44:40 +0100] "GET /robots.txt HTTP/1.1" 404 208 "-" "Mozilla/5.0 (compatible; SemrushBot/7~bl; +http://www.semrush.com/bot.html)"
185.191.171.4 - - [13/Nov/2022:23:44:41 +0100] "GET /index.php?newsid=87&page=nyheter HTTP/1.1" 200 4586 "-" "Mozilla/5.0 (compatible; SemrushBot/7~bl; +http://www.semrush.com/bot.html)"
192.99.3.137 - - [13/Nov/2022:23:44:42 +0100] "GET /apps/school/www_old9/img/LevelD/Category3/LevelDCat3Lesson12/ HTTP/1.1" 200 570 "-" "Mozilla/5.0 (compatible; MJ12bot/v1.4.8; http://mj12bot.com/)"
192.99.3.137 - - [13/Nov/2022:23:44:46 +0100] "GET /apps/school/www_old9/img/LevelD/Category3/LevelDCat3Lesson13/ HTTP/1.1" 200 587 "-" "Mozilla/5.0 (compatible; MJ12bot/v1.4.8; http://mj12bot.com/)"
192.99.3.137 - - [13/Nov/2022:23:44:48 +0100] "GET /apps/school/www_old9/img/LevelD/Category3/LevelDCat3Lesson14/ HTTP/1.1" 200 559 "-" "Mozilla/5.0 (compatible; MJ12bot/v1.4.8; http://mj12bot.com/)"
192.99.3.137 - - [13/Nov/2022:23:44:50 +0100] "GET /apps/school/www_old9/img/LevelD/Category3/LevelDCat3Lesson15/ HTTP/1.1" 200 510 "-" "Mozilla/5.0 (compatible; MJ12bot/v1.4.8; http://mj12bot.com/)"
216.244.66.239 - - [13/Nov/2022:23:44:51 +0100] "GET /apps/school/www_old2/Html/LevelA/Category2/?C=D;O=A HTTP/1.1" 200 5907 "-" "Mozilla/5.0 (compatible; DotBot/1.2; +https://opensiteexplorer.org/dotbot; help@moz.com)"
54.36.149.14 - - [13/Nov/2022:23:44:54 +0100] "GET /apps/school/www_old9/img/LevelG/Category1/LevelGCat1Lesson37/?C=M;O=D HTTP/1.1" 200 443 "-" "Mozilla/5.0 (compatible; AhrefsBot/7.0; +http://ahrefs.com/robot/)"
192.99.3.137 - - [13/Nov/2022:23:44:55 +0100] "GET /apps/school/www_old9/img/LevelD/Category3/LevelDCat3Lesson16/ HTTP/1.1" 200 612 "-" "Mozilla/5.0 (compatible; MJ12bot/v1.4.8; http://mj12bot.com/)"
192.99.3.137 - - [13/Nov/2022:23:44:56 +0100] "GET /apps/school/www_old9/img/LevelD/Category3/LevelDCat3Lesson17/ HTTP/1.1" 200 636 "-" "Mozilla/5.0 (compatible; MJ12bot/v1.4.8; http://mj12bot.com/)"
216.244.66.239 - - [13/Nov/2022:23:44:58 +0100] "GET /apps/school/www_old8/img/LevelG/Category2/LevelGCat2Lesson29/?C=D;O=A HTTP/1.1" 200 1026 "-" "Mozilla/5.0 (compatible; DotBot/1.2; +https://opensiteexplorer.org/dotbot; help@moz.com)"
192.99.3.137 - - [13/Nov/2022:23:44:59 +0100] "GET /apps/school/www_old9/img/LevelE/Category1/LevelECat1Lesson14/?C=N;O=A HTTP/1.1" 200 452 "-" "Mozilla/5.0 (compatible; MJ12bot/v1.4.8; http://mj12bot.com/)"
40.77.167.13 - - [13/Nov/2022:23:44:59 +0100] "GET /wp-content/themes/x/framework/css/dist/site/stacks/ethos.css?ver=4.6.4 HTTP/1.1" 200 23966 "-" "Mozilla/5.0 AppleWebKit/537.36 (KHTML, like Gecko; compatible; bingbot/2.0; +http://www.bing.com/bingbot.htm) Chrome/103.0.5060.134 Safari/537.36"
192.99.3.137 - - [13/Nov/2022:23:45:02 +0100] "GET /apps/school/www_old9/img/LevelE/Category1/LevelECat1Lesson29/?C=S;O=D HTTP/1.1" 200 447 "-" "Mozilla/5.0 (compatible; MJ12bot/v1.4.8; http://mj12bot.com/)"
216.244.66.239 - - [13/Nov/2022:23:45:02 +0100] "GET /apps/school/www_old9/Html/LevelF/Category1/?C=M;O=A HTTP/1.1" 200 10633 "-" "Mozilla/5.0 (compatible; DotBot/1.2; +https://opensiteexplorer.org/dotbot; help@moz.com)"
192.99.3.137 - - [13/Nov/2022:23:45:04 +0100] "GET /apps/school/www_old9/img/LevelE/Category1/LevelECat1Lesson40/?C=M;O=D HTTP/1.1" 200 451 "-" "Mozilla/5.0 (compatible; MJ12bot/v1.4.8; http://mj12bot.com/)"
216.244.66.239 - - [13/Nov/2022:23:45:06 +0100] "GET /apps/school/www_old9/img/LevelG/Category2/LevelGCat2Lesson26/?C=N;O=A HTTP/1.1" 200 1028 "-" "Mozilla/5.0 (compatible; DotBot/1.2; +https://opensiteexplorer.org/dotbot; help@moz.com)"
192.99.3.137 - - [13/Nov/2022:23:45:08 +0100] "GET /apps/school/www_old9/img/LevelE/Category1/LevelECat1Lesson40/?C=S;O=D HTTP/1.1" 200 451 "-" "Mozilla/5.0 (compatible; MJ12bot/v1.4.8; http://mj12bot.com/)"
216.244.66.239 - - [13/Nov/2022:23:45:10 +0100] "GET /apps/school/www_old9/img/LevelG/Category2/LevelGCat2Lesson38/?C=D;O=A HTTP/1.1" 200 1014 "-" "Mozilla/5.0 (compatible; DotBot/1.2; +https://opensiteexplorer.org/dotbot; help@moz.com)"
192.99.3.137 - - [13/Nov/2022:23:45:10 +0100] "GET /apps/school/www_old9/img/LevelE/Category1/LevelECat1Lesson42/?C=D;O=D HTTP/1.1" 200 451 "-" "Mozilla/5.0 (compatible; MJ12bot/v1.4.8; http://mj12bot.com/)"
192.99.3.137 - - [13/Nov/2022:23:45:13 +0100] "GET /apps/school/www_old9/img/LevelE/Category1/LevelECat1Lesson42/?C=M;O=D HTTP/1.1" 200 451 "-" "Mozilla/5.0 (compatible; MJ12bot/v1.4.8; http://mj12bot.com/)"
114.119.153.160 - - [13/Nov/2022:23:45:15 +0100] "GET /apps/school/www_old10/img/LevelA/Category1/LevelACat1Lesson02/?C=M%3BO%3DA HTTP/1.1" 200 449 "http://appsrv.astacus.se/apps/school/www_old10/img/LevelA/Category1/LevelACat1Lesson02/?C=D%3BO%3DA" "Mozilla/5.0 (Linux; Android 7.0;) AppleWebKit/537.36 (KHTML, like Gecko) Mobile Safari/537.36 (compatible; PetalBot;+https://webmaster.petalsearch.com/site/petalbot)"
52.169.66.33 - - [13/Nov/2022:23:45:16 +0100] "GET /simplebim.sedb.sql.tar HTTP/1.1" 404 220 "-" "Firefox"
192.99.3.137 - - [13/Nov/2022:23:45:17 +0100] "GET /apps/school/www_old9/img/LevelE/Category2/LevelECat2Lesson01/ HTTP/1.1" 200 478 "-" "Mozilla/5.0 (compatible; MJ12bot/v1.4.8; http://mj12bot.com/)"
192.99.3.137 - - [13/Nov/2022:23:45:20 +0100] "GET /apps/school/www_old9/img/LevelE/Category2/LevelECat2Lesson02/ HTTP/1.1" 200 486 "-" "Mozilla/5.0 (compatible; MJ12bot/v1.4.8; http://mj12bot.com/)"
192.99.3.137 - - [13/Nov/2022:23:45:22 +0100] "GET /apps/school/www_old9/img/LevelE/Category2/LevelECat2Lesson03/ HTTP/1.1" 200 626 "-" "Mozilla/5.0 (compatible; MJ12bot/v1.4.8; http://mj12bot.com/)"
192.99.3.137 - - [13/Nov/2022:23:45:25 +0100] "GET /apps/school/www_old9/img/LevelE/Category2/LevelECat2Lesson04/ HTTP/1.1" 200 445 "-" "Mozilla/5.0 (compatible; MJ12bot/v1.4.8; http://mj12bot.com/)"
207.46.13.113 - - [13/Nov/2022:23:45:27 +0100] "GET / HTTP/1.1" 200 2537 "-" "Mozilla/5.0 AppleWebKit/537.36 (KHTML, like Gecko; compatible; bingbot/2.0; +http://www.bing.com/bingbot.htm) Chrome/103.0.5060.134 Safari/537.36"
192.99.3.137 - - [13/Nov/2022:23:45:27 +0100] "GET /apps/school/www_old9/img/LevelE/Category2/LevelECat2Lesson05/ HTTP/1.1" 200 507 "-" "Mozilla/5.0 (compatible; MJ12bot/v1.4.8; http://mj12bot.com/)"
192.99.3.137 - - [13/Nov/2022:23:45:30 +0100] "GET /apps/school/www_old9/img/LevelE/Category2/LevelECat2Lesson06/ HTTP/1.1" 200 447 "-" "Mozilla/5.0 (compatible; MJ12bot/v1.4.8; http://mj12bot.com/)"
192.99.3.137 - - [13/Nov/2022:23:45:32 +0100] "GET /apps/school/www_old9/img/LevelE/Category2/LevelECat2Lesson08/ HTTP/1.1" 200 586 "-" "Mozilla/5.0 (compatible; MJ12bot/v1.4.8; http://mj12bot.com/)"
192.99.3.137 - - [13/Nov/2022:23:45:37 +0100] "GET /apps/school/www_old9/img/LevelE/Category2/LevelECat2Lesson09/ HTTP/1.1" 200 448 "-" "Mozilla/5.0 (compatible; MJ12bot/v1.4.8; http://mj12bot.com/)"
192.99.3.137 - - [13/Nov/2022:23:45:39 +0100] "GET /apps/school/www_old9/img/LevelE/Category2/LevelECat2Lesson11/ HTTP/1.1" 200 476 "-" "Mozilla/5.0 (compatible; MJ12bot/v1.4.8; http://mj12bot.com/)"
192.99.3.137 - - [13/Nov/2022:23:45:42 +0100] "GET /apps/school/www_old9/img/LevelE/Category2/LevelECat2Lesson12/ HTTP/1.1" 200 530 "-" "Mozilla/5.0 (compatible; MJ12bot/v1.4.8; http://mj12bot.com/)"
192.99.3.137 - - [13/Nov/2022:23:45:46 +0100] "GET /apps/school/www_old9/img/LevelE/Category2/LevelECat2Lesson13/ HTTP/1.1" 200 448 "-" "Mozilla/5.0 (compatible; MJ12bot/v1.4.8; http://mj12bot.com/)"
192.99.3.137 - - [13/Nov/2022:23:45:49 +0100] "GET /apps/school/www_old9/img/LevelE/Category2/LevelECat2Lesson14/ HTTP/1.1" 200 758 "-" "Mozilla/5.0 (compatible; MJ12bot/v1.4.8; http://mj12bot.com/)"
192.99.3.137 - - [13/Nov/2022:23:45:51 +0100] "GET /apps/school/www_old9/img/LevelE/Category2/LevelECat2Lesson18/ HTTP/1.1" 200 557 "-" "Mozilla/5.0 (compatible; MJ12bot/v1.4.8; http://mj12bot.com/)"
192.99.3.137 - - [13/Nov/2022:23:45:54 +0100] "GET /apps/school/www_old9/img/LevelE/Category2/LevelECat2Lesson19/ HTTP/1.1" 200 445 "-" "Mozilla/5.0 (compatible; MJ12bot/v1.4.8; http://mj12bot.com/)"
192.99.3.137 - - [13/Nov/2022:23:45:58 +0100] "GET /apps/school/www_old9/img/LevelE/Category2/LevelECat2Lesson19/?C=D;O=D HTTP/1.1" 200 443 "-" "Mozilla/5.0 (compatible; MJ12bot/v1.4.8; http://mj12bot.com/)"
192.99.3.137 - - [13/Nov/2022:23:46:01 +0100] "GET /apps/school/www_old9/img/LevelE/Category2/LevelECat2Lesson20/ HTTP/1.1" 200 707 "-" "Mozilla/5.0 (compatible; MJ12bot/v1.4.8; http://mj12bot.com/)"
192.99.3.137 - - [13/Nov/2022:23:46:04 +0100] "GET /apps/school/www_old9/img/LevelE/Category2/LevelECat2Lesson21/ HTTP/1.1" 200 444 "-" "Mozilla/5.0 (compatible; MJ12bot/v1.4.8; http://mj12bot.com/)"
185.191.171.15 - - [13/Nov/2022:23:46:06 +0100] "GET /index.php?id=89&page=content HTTP/1.1" 200 4660 "-" "Mozilla/5.0 (compatible; SemrushBot/7~bl; +http://www.semrush.com/bot.html)"
192.99.3.137 - - [13/Nov/2022:23:46:07 +0100] "GET /apps/school/www_old9/img/LevelE/Category2/LevelECat2Lesson24/ HTTP/1.1" 200 489 "-" "Mozilla/5.0 (compatible; MJ12bot/v1.4.8; http://mj12bot.com/)"
114.119.144.51 - - [13/Nov/2022:23:46:08 +0100] "GET /?page=result&keyword=stolar HTTP/1.1" 200 4455 "http://biminfo.se?page=result&keyword=Bord" "Mozilla/5.0 (Linux; Android 7.0;) AppleWebKit/537.36 (KHTML, like Gecko) Mobile Safari/537.36 (compatible; PetalBot;+https://webmaster.petalsearch.com/site/petalbot)"
192.99.3.137 - - [13/Nov/2022:23:46:11 +0100] "GET /apps/school/www_old9/img/LevelE/Category2/LevelECat2Lesson24/?C=S;O=A HTTP/1.1" 200 487 "-" "Mozilla/5.0 (compatible; MJ12bot/v1.4.8; http://mj12bot.com/)"
192.99.3.137 - - [13/Nov/2022:23:46:13 +0100] "GET /apps/school/www_old9/img/LevelE/Category2/LevelECat2Lesson25/ HTTP/1.1" 200 531 "-" "Mozilla/5.0 (compatible; MJ12bot/v1.4.8; http://mj12bot.com/)"
192.99.3.137 - - [13/Nov/2022:23:46:17 +0100] "GET /apps/school/www_old9/img/LevelE/Category3/LevelECat3Lesson01/ HTTP/1.1" 200 447 "-" "Mozilla/5.0 (compatible; MJ12bot/v1.4.8; http://mj12bot.com/)"
192.99.3.137 - - [13/Nov/2022:23:46:19 +0100] "GET /apps/school/www_old9/img/LevelE/Category3/LevelECat3Lesson02/ HTTP/1.1" 200 447 "-" "Mozilla/5.0 (compatible; MJ12bot/v1.4.8; http://mj12bot.com/)"
192.99.3.137 - - [13/Nov/2022:23:46:22 +0100] "GET /apps/school/www_old9/img/LevelE/Category3/LevelECat3Lesson03/ HTTP/1.1" 200 447 "-" "Mozilla/5.0 (compatible; MJ12bot/v1.4.8; http://mj12bot.com/)"
192.99.3.137 - - [13/Nov/2022:23:46:26 +0100] "GET /apps/school/www_old9/img/LevelE/Category3/LevelECat3Lesson04/ HTTP/1.1" 200 451 "-" "Mozilla/5.0 (compatible; MJ12bot/v1.4.8; http://mj12bot.com/)"
192.99.3.137 - - [13/Nov/2022:23:46:28 +0100] "GET /apps/school/www_old9/img/LevelE/Category3/LevelECat3Lesson06/ HTTP/1.1" 200 577 "-" "Mozilla/5.0 (compatible; MJ12bot/v1.4.8; http://mj12bot.com/)"
192.99.3.137 - - [13/Nov/2022:23:46:31 +0100] "GET /apps/school/www_old9/img/LevelE/Category3/LevelECat3Lesson07/ HTTP/1.1" 200 553 "-" "Mozilla/5.0 (compatible; MJ12bot/v1.4.8; http://mj12bot.com/)"
192.99.3.137 - - [13/Nov/2022:23:46:35 +0100] "GET /apps/school/www_old9/img/LevelE/Category3/LevelECat3Lesson08/ HTTP/1.1" 200 575 "-" "Mozilla/5.0 (compatible; MJ12bot/v1.4.8; http://mj12bot.com/)"
114.119.134.148 - - [13/Nov/2022:23:46:36 +0100] "GET /apps/school/www_old9/Html/LevelB/Category2/LevelBCat2Lesson19.html HTTP/1.1" 200 2136 "http://kulturdokumentation.com/apps/school/www_old9/Html/LevelB/Category2/?C=N%3BO%3DD" "Mozilla/5.0 (Linux; Android 7.0;) AppleWebKit/537.36 (KHTML, like Gecko) Mobile Safari/537.36 (compatible; PetalBot;+https://webmaster.petalsearch.com/site/petalbot)"
192.99.3.137 - - [13/Nov/2022:23:46:38 +0100] "GET /apps/school/www_old9/img/LevelE/Category3/LevelECat3Lesson09/ HTTP/1.1" 200 488 "-" "Mozilla/5.0 (compatible; MJ12bot/v1.4.8; http://mj12bot.com/)"
114.119.142.42 - - [13/Nov/2022:23:46:40 +0100] "GET /apps/school/www_old5/img/LevelC/Category3/LevelCCat3Lesson15/rhino.png HTTP/1.1" 200 19008 "http://www2.astacus.se/apps/school/www_old5/Html/LevelC/Category3/LevelCCat3Lesson17.html" "Mozilla/5.0 (Linux; Android 7.0;) AppleWebKit/537.36 (KHTML, like Gecko) Mobile Safari/537.36 (compatible; PetalBot;+https://webmaster.petalsearch.com/site/petalbot)"
192.99.3.137 - - [13/Nov/2022:23:46:42 +0100] "GET /apps/school/www_old9/img/LevelE/Category3/LevelECat3Lesson10/ HTTP/1.1" 200 448 "-" "Mozilla/5.0 (compatible; MJ12bot/v1.4.8; http://mj12bot.com/)"
192.99.3.137 - - [13/Nov/2022:23:46:45 +0100] "GET /apps/school/www_old9/img/LevelE/Category3/LevelECat3Lesson11/ HTTP/1.1" 200 445 "-" "Mozilla/5.0 (compatible; MJ12bot/v1.4.8; http://mj12bot.com/)"
192.99.3.137 - - [13/Nov/2022:23:46:51 +0100] "GET /apps/school/www_old9/img/LevelE/Category3/LevelECat3Lesson12/ HTTP/1.1" 200 446 "-" "Mozilla/5.0 (compatible; MJ12bot/v1.4.8; http://mj12bot.com/)"
192.99.3.137 - - [13/Nov/2022:23:46:53 +0100] "GET /apps/school/www_old9/img/LevelE/Category3/LevelECat3Lesson13/ HTTP/1.1" 200 457 "-" "Mozilla/5.0 (compatible; MJ12bot/v1.4.8; http://mj12bot.com/)"
192.99.3.137 - - [13/Nov/2022:23:46:56 +0100] "GET /apps/school/www_old9/img/LevelE/Category3/LevelECat3Lesson14/ HTTP/1.1" 200 449 "-" "Mozilla/5.0 (compatible; MJ12bot/v1.4.8; http://mj12bot.com/)"
192.99.3.137 - - [13/Nov/2022:23:47:00 +0100] "GET /apps/school/www_old9/img/LevelE/Category3/LevelECat3Lesson15/ HTTP/1.1" 200 443 "-" "Mozilla/5.0 (compatible; MJ12bot/v1.4.8; http://mj12bot.com/)"
192.99.3.137 - - [13/Nov/2022:23:47:04 +0100] "GET /apps/school/www_old9/img/LevelE/Category3/LevelECat3Lesson19/ HTTP/1.1" 200 529 "-" "Mozilla/5.0 (compatible; MJ12bot/v1.4.8; http://mj12bot.com/)"
192.99.3.137 - - [13/Nov/2022:23:47:06 +0100] "GET /apps/school/www_old9/img/LevelE/Category3/LevelECat3Lesson20/ HTTP/1.1" 200 442 "-" "Mozilla/5.0 (compatible; MJ12bot/v1.4.8; http://mj12bot.com/)"
192.99.3.137 - - [13/Nov/2022:23:47:10 +0100] "GET /apps/school/www_old9/img/LevelE/Category3/LevelECat3Lesson21/ HTTP/1.1" 200 445 "-" "Mozilla/5.0 (compatible; MJ12bot/v1.4.8; http://mj12bot.com/)"
192.99.3.137 - - [13/Nov/2022:23:47:13 +0100] "GET /apps/school/www_old9/img/LevelE/Category3/LevelECat3Lesson22/ HTTP/1.1" 200 445 "-" "Mozilla/5.0 (compatible; MJ12bot/v1.4.8; http://mj12bot.com/)"
192.99.3.137 - - [13/Nov/2022:23:47:16 +0100] "GET /apps/school/www_old9/img/LevelE/Category3/LevelECat3Lesson23/ HTTP/1.1" 200 444 "-" "Mozilla/5.0 (compatible; MJ12bot/v1.4.8; http://mj12bot.com/)"
192.99.3.137 - - [13/Nov/2022:23:47:19 +0100] "GET /apps/school/www_old9/img/LevelE/Category3/LevelECat3Lesson24/ HTTP/1.1" 200 444 "-" "Mozilla/5.0 (compatible; MJ12bot/v1.4.8; http://mj12bot.com/)"
192.99.3.137 - - [13/Nov/2022:23:47:21 +0100] "GET /apps/school/www_old9/img/LevelE/Category3/LevelECat3Lesson26/ HTTP/1.1" 200 502 "-" "Mozilla/5.0 (compatible; MJ12bot/v1.4.8; http://mj12bot.com/)"
192.99.3.137 - - [13/Nov/2022:23:47:24 +0100] "GET /apps/school/www_old9/img/LevelE/Category3/LevelECat3Lesson27/ HTTP/1.1" 200 628 "-" "Mozilla/5.0 (compatible; MJ12bot/v1.4.8; http://mj12bot.com/)"
192.99.3.137 - - [13/Nov/2022:23:47:28 +0100] "GET /apps/school/www_old9/img/LevelE/Category3/LevelECat3Lesson28/ HTTP/1.1" 200 613 "-" "Mozilla/5.0 (compatible; MJ12bot/v1.4.8; http://mj12bot.com/)"
192.99.3.137 - - [13/Nov/2022:23:47:31 +0100] "GET /apps/school/www_old9/img/LevelE/Category3/LevelECat3Lesson30/ HTTP/1.1" 200 449 "-" "Mozilla/5.0 (compatible; MJ12bot/v1.4.8; http://mj12bot.com/)"
192.99.3.137 - - [13/Nov/2022:23:47:34 +0100] "GET /apps/school/www_old9/img/LevelE/Category3/LevelECat3Lesson31/ HTTP/1.1" 200 447 "-" "Mozilla/5.0 (compatible; MJ12bot/v1.4.8; http://mj12bot.com/)"
192.99.3.137 - - [13/Nov/2022:23:47:38 +0100] "GET /apps/school/www_old9/img/LevelF/Category1/LevelFCat1Lesson34/?C=D;O=D HTTP/1.1" 200 446 "-" "Mozilla/5.0 (compatible; MJ12bot/v1.4.8; http://mj12bot.com/)"
192.99.3.137 - - [13/Nov/2022:23:47:40 +0100] "GET /apps/school/www_old9/img/LevelF/Category1/LevelFCat1Lesson34/?C=M;O=D HTTP/1.1" 200 446 "-" "Mozilla/5.0 (compatible; MJ12bot/v1.4.8; http://mj12bot.com/)"
192.99.3.137 - - [13/Nov/2022:23:47:42 +0100] "GET /apps/school/www_old9/img/LevelF/Category1/LevelFCat1Lesson34/?C=S;O=D HTTP/1.1" 200 446 "-" "Mozilla/5.0 (compatible; MJ12bot/v1.4.8; http://mj12bot.com/)"
114.119.141.51 - - [13/Nov/2022:23:47:44 +0100] "GET /apps/school/www_old4/img/LevelB/Category2/LevelBCat2Lesson19/?C=D%3BO%3DA HTTP/1.1" 200 447 "http://kulturdokumentation.se/apps/school/www_old4/img/LevelB/Category2/LevelBCat2Lesson19/" "Mozilla/5.0 (Linux; Android 7.0;) AppleWebKit/537.36 (KHTML, like Gecko) Mobile Safari/537.36 (compatible; PetalBot;+https://webmaster.petalsearch.com/site/petalbot)"
192.99.3.137 - - [13/Nov/2022:23:47:44 +0100] "GET /apps/school/www_old9/img/LevelF/Category1/LevelFCat1Lesson39/?C=D;O=D HTTP/1.1" 200 522 "-" "Mozilla/5.0 (compatible; MJ12bot/v1.4.8; http://mj12bot.com/)"
192.99.3.137 - - [13/Nov/2022:23:47:49 +0100] "GET /apps/school/www_old9/img/LevelF/Category2/LevelFCat2Lesson31/?C=D;O=D HTTP/1.1" 200 450 "-" "Mozilla/5.0 (compatible; MJ12bot/v1.4.8; http://mj12bot.com/)"
192.99.3.137 - - [13/Nov/2022:23:47:52 +0100] "GET /apps/school/www_old9/img/LevelF/Category2/LevelFCat2Lesson43/?C=M;O=D HTTP/1.1" 200 546 "-" "Mozilla/5.0 (compatible; MJ12bot/v1.4.8; http://mj12bot.com/)"
192.99.3.137 - - [13/Nov/2022:23:47:54 +0100] "GET /apps/school/www_old9/img/LevelF/Category2/LevelFCat2Lesson43/?C=N;O=D HTTP/1.1" 200 546 "-" "Mozilla/5.0 (compatible; MJ12bot/v1.4.8; http://mj12bot.com/)"
192.99.3.137 - - [13/Nov/2022:23:47:57 +0100] "GET /apps/school/www_old9/img/LevelF/Category2/LevelFCat2Lesson43/?C=S;O=D HTTP/1.1" 200 543 "-" "Mozilla/5.0 (compatible; MJ12bot/v1.4.8; http://mj12bot.com/)"
192.99.3.137 - - [13/Nov/2022:23:48:00 +0100] "GET /apps/school/www_old9/img/LevelF/Category2/LevelFCat2Lesson44/?C=D;O=D HTTP/1.1" 200 634 "-" "Mozilla/5.0 (compatible; MJ12bot/v1.4.8; http://mj12bot.com/)"
192.99.3.137 - - [13/Nov/2022:23:48:02 +0100] "GET /apps/school/www_old9/img/LevelF/Category2/LevelFCat2Lesson44/?C=M;O=D HTTP/1.1" 200 634 "-" "Mozilla/5.0 (compatible; MJ12bot/v1.4.8; http://mj12bot.com/)"
192.99.3.137 - - [13/Nov/2022:23:48:05 +0100] "GET /apps/school/www_old9/img/LevelF/Category2/LevelFCat2Lesson44/?C=N;O=D HTTP/1.1" 200 634 "-" "Mozilla/5.0 (compatible; MJ12bot/v1.4.8; http://mj12bot.com/)"
192.99.3.137 - - [13/Nov/2022:23:48:09 +0100] "GET /apps/school/www_old9/img/LevelG/Category1/LevelGCat1Lesson01/?C=N;O=A HTTP/1.1" 200 449 "-" "Mozilla/5.0 (compatible; MJ12bot/v1.4.8; http://mj12bot.com/)"
192.99.3.137 - - [13/Nov/2022:23:48:13 +0100] "GET /apps/school/www_old9/img/LevelG/Category2/LevelGCat2Lesson02/ HTTP/1.1" 200 447 "-" "Mozilla/5.0 (compatible; MJ12bot/v1.4.8; http://mj12bot.com/)"
216.244.66.239 - - [13/Nov/2022:23:48:13 +0100] "GET /apps/school/www_old10/img/LevelG/Category1/LevelGCat1Lesson12/?C=M;O=A HTTP/1.1" 200 1023 "-" "Mozilla/5.0 (compatible; DotBot/1.2; +https://opensiteexplorer.org/dotbot; help@moz.com)"
192.99.3.137 - - [13/Nov/2022:23:48:15 +0100] "GET /apps/school/www_old9/img/LevelG/Category2/LevelGCat2Lesson04/ HTTP/1.1" 200 448 "-" "Mozilla/5.0 (compatible; MJ12bot/v1.4.8; http://mj12bot.com/)"
216.244.66.239 - - [13/Nov/2022:23:48:15 +0100] "GET /apps/school/www_old10/img/LevelG/Category1/LevelGCat1Lesson14/?C=M;O=A HTTP/1.1" 200 1023 "-" "Mozilla/5.0 (compatible; DotBot/1.2; +https://opensiteexplorer.org/dotbot; help@moz.com)"
192.99.3.137 - - [13/Nov/2022:23:48:17 +0100] "GET /apps/school/www_old9/img/LevelG/Category2/LevelGCat2Lesson05/ HTTP/1.1" 200 447 "-" "Mozilla/5.0 (compatible; MJ12bot/v1.4.8; http://mj12bot.com/)"
216.244.66.239 - - [13/Nov/2022:23:48:18 +0100] "GET /apps/school/www_old2/img/LevelA/Category1/LevelACat1Lesson15/?C=D;O=A HTTP/1.1" 200 1028 "-" "Mozilla/5.0 (compatible; DotBot/1.2; +https://opensiteexplorer.org/dotbot; help@moz.com)"
216.244.66.239 - - [13/Nov/2022:23:48:20 +0100] "GET /apps/school/www_old2/img/LevelA/Category2/LevelACat2Lesson14/?C=D;O=A HTTP/1.1" 200 2586 "-" "Mozilla/5.0 (compatible; DotBot/1.2; +https://opensiteexplorer.org/dotbot; help@moz.com)"
192.99.3.137 - - [13/Nov/2022:23:48:21 +0100] "GET /apps/school/www_old9/img/LevelG/Category2/LevelGCat2Lesson06/ HTTP/1.1" 200 464 "-" "Mozilla/5.0 (compatible; MJ12bot/v1.4.8; http://mj12bot.com/)"
216.244.66.239 - - [13/Nov/2022:23:48:21 +0100] "GET /apps/school/www_old3/img/LevelA/Category1/LevelACat1Lesson27/?C=D;O=A HTTP/1.1" 200 1040 "-" "Mozilla/5.0 (compatible; DotBot/1.2; +https://opensiteexplorer.org/dotbot; help@moz.com)"
216.244.66.239 - - [13/Nov/2022:23:48:23 +0100] "GET /apps/school/www_old4/img/LevelE/Category3/LevelECat3Lesson9/?C=D;O=A HTTP/1.1" 200 1440 "-" "Mozilla/5.0 (compatible; DotBot/1.2; +https://opensiteexplorer.org/dotbot; help@moz.com)"
192.99.3.137 - - [13/Nov/2022:23:48:24 +0100] "GET /apps/school/www_old9/img/LevelG/Category2/LevelGCat2Lesson07/ HTTP/1.1" 200 464 "-" "Mozilla/5.0 (compatible; MJ12bot/v1.4.8; http://mj12bot.com/)"
216.244.66.239 - - [13/Nov/2022:23:48:24 +0100] "GET /apps/school/www_old5/img/LevelB/Category1/LevelBCat1Lesson26/?C=D;O=A HTTP/1.1" 200 1022 "-" "Mozilla/5.0 (compatible; DotBot/1.2; +https://opensiteexplorer.org/dotbot; help@moz.com)"
216.244.66.239 - - [13/Nov/2022:23:48:25 +0100] "GET /apps/school/www_old5/img/LevelD/Category1/LevelDCat1Lesson10/?C=S;O=A HTTP/1.1" 200 1798 "-" "Mozilla/5.0 (compatible; DotBot/1.2; +https://opensiteexplorer.org/dotbot; help@moz.com)"
216.244.66.239 - - [13/Nov/2022:23:48:26 +0100] "GET /apps/school/www_old5/img/LevelE/Category3/LevelECat3Lesson04/?C=D;O=A HTTP/1.1" 200 1032 "-" "Mozilla/5.0 (compatible; DotBot/1.2; +https://opensiteexplorer.org/dotbot; help@moz.com)"
216.244.66.239 - - [13/Nov/2022:23:48:27 +0100] "GET /apps/school/www_old5/img/LevelH/Category1/LevelHCat1Lesson02/?C=M;O=A HTTP/1.1" 200 1024 "-" "Mozilla/5.0 (compatible; DotBot/1.2; +https://opensiteexplorer.org/dotbot; help@moz.com)"
192.99.3.137 - - [13/Nov/2022:23:48:28 +0100] "GET /apps/school/www_old9/img/LevelG/Category2/LevelGCat2Lesson08/ HTTP/1.1" 200 461 "-" "Mozilla/5.0 (compatible; MJ12bot/v1.4.8; http://mj12bot.com/)"
216.244.66.239 - - [13/Nov/2022:23:48:28 +0100] "GET /apps/school/www_old6/img/LevelB/Category2/LevelBCat2Lesson09/?C=D;O=A HTTP/1.1" 200 2056 "-" "Mozilla/5.0 (compatible; DotBot/1.2; +https://opensiteexplorer.org/dotbot; help@moz.com)"
114.119.153.188 - - [13/Nov/2022:23:48:29 +0100] "GET /apps/school/www_old2/plugins/org.apache.cordova.file/FileWriter.js HTTP/1.1" 404 264 "http://appsrv.astacus.se/apps/school/www_old2/plugins/org.apache.cordova.file/www?C=N%3BO%3DD" "Mozilla/5.0 (Linux; Android 7.0;) AppleWebKit/537.36 (KHTML, like Gecko) Mobile Safari/537.36 (compatible; PetalBot;+https://webmaster.petalsearch.com/site/petalbot)"
216.244.66.239 - - [13/Nov/2022:23:48:29 +0100] "GET /apps/school/www_old6/img/LevelE/Category1/LevelECat1Lesson31/?C=M;O=A HTTP/1.1" 200 1028 "-" "Mozilla/5.0 (compatible; DotBot/1.2; +https://opensiteexplorer.org/dotbot; help@moz.com)"
192.99.3.137 - - [13/Nov/2022:23:48:30 +0100] "GET /apps/school/www_old9/img/LevelG/Category2/LevelGCat2Lesson10/ HTTP/1.1" 200 475 "-" "Mozilla/5.0 (compatible; MJ12bot/v1.4.8; http://mj12bot.com/)"
216.244.66.239 - - [13/Nov/2022:23:48:31 +0100] "GET /apps/school/www_old6/img/LevelF/Category1/LevelFCat1Lesson22/?C=M;O=A HTTP/1.1" 200 1032 "-" "Mozilla/5.0 (compatible; DotBot/1.2; +https://opensiteexplorer.org/dotbot; help@moz.com)"
192.99.3.137 - - [13/Nov/2022:23:48:32 +0100] "GET /apps/school/www_old9/img/LevelG/Category2/LevelGCat2Lesson11/ HTTP/1.1" 200 533 "-" "Mozilla/5.0 (compatible; MJ12bot/v1.4.8; http://mj12bot.com/)"
216.244.66.239 - - [13/Nov/2022:23:48:32 +0100] "GET /apps/school/www_old6/img/LevelG/Category1/LevelGCat1Lesson04/?C=S;O=A HTTP/1.1" 200 1026 "-" "Mozilla/5.0 (compatible; DotBot/1.2; +https://opensiteexplorer.org/dotbot; help@moz.com)"
216.244.66.239 - - [13/Nov/2022:23:48:33 +0100] "GET /apps/school/www_old8/img/LevelE/Category3/LevelECat3Lesson19/?C=D;O=A HTTP/1.1" 200 2056 "-" "Mozilla/5.0 (compatible; DotBot/1.2; +https://opensiteexplorer.org/dotbot; help@moz.com)"
216.244.66.239 - - [13/Nov/2022:23:48:34 +0100] "GET /apps/school/www_old8/img/LevelF/Category1/LevelFCat1Lesson24/?C=D;O=A HTTP/1.1" 200 1020 "-" "Mozilla/5.0 (compatible; DotBot/1.2; +https://opensiteexplorer.org/dotbot; help@moz.com)"
192.99.3.137 - - [13/Nov/2022:23:48:35 +0100] "GET /apps/school/www_old9/img/LevelG/Category2/LevelGCat2Lesson12/ HTTP/1.1" 200 498 "-" "Mozilla/5.0 (compatible; MJ12bot/v1.4.8; http://mj12bot.com/)"
216.244.66.239 - - [13/Nov/2022:23:48:35 +0100] "GET /apps/school/www_old8/img/LevelG/Category1/LevelGCat1Lesson38/?C=S;O=A HTTP/1.1" 200 1016 "-" "Mozilla/5.0 (compatible; DotBot/1.2; +https://opensiteexplorer.org/dotbot; help@moz.com)"
216.244.66.239 - - [13/Nov/2022:23:48:36 +0100] "GET /apps/school/www_old8/img/LevelG/Category2/LevelGCat2Lesson17/?C=D;O=A HTTP/1.1" 200 1028 "-" "Mozilla/5.0 (compatible; DotBot/1.2; +https://opensiteexplorer.org/dotbot; help@moz.com)"
192.99.3.137 - - [13/Nov/2022:23:48:38 +0100] "GET /apps/school/www_old9/img/LevelG/Category2/LevelGCat2Lesson15/ HTTP/1.1" 200 493 "-" "Mozilla/5.0 (compatible; MJ12bot/v1.4.8; http://mj12bot.com/)"
216.244.66.239 - - [13/Nov/2022:23:48:38 +0100] "GET /apps/school/www_old8/img/LevelG/Category2/LevelGCat2Lesson20/?C=D;O=A HTTP/1.1" 200 1028 "-" "Mozilla/5.0 (compatible; DotBot/1.2; +https://opensiteexplorer.org/dotbot; help@moz.com)"
216.244.66.239 - - [13/Nov/2022:23:48:40 +0100] "GET /apps/school/www_old_temp/img/LevelA/Category1/LevelACat1Lesson03/?C=M;O=A HTTP/1.1" 200 2598 "-" "Mozilla/5.0 (compatible; DotBot/1.2; +https://opensiteexplorer.org/dotbot; help@moz.com)"
192.99.3.137 - - [13/Nov/2022:23:48:41 +0100] "GET /apps/school/www_old9/img/LevelG/Category2/LevelGCat2Lesson17/ HTTP/1.1" 200 451 "-" "Mozilla/5.0 (compatible; MJ12bot/v1.4.8; http://mj12bot.com/)"
20.232.136.223 - - [13/Nov/2022:23:48:44 +0100] "POST /wp-plain.php HTTP/1.1" 404 210 "www.google.com" "Mozilla/5.0 (Linux; Android 7.0; SM-G892A Bulid/NRD90M; wv) AppleWebKit/537.36 (KHTML, like Gecko) Version/4.0 Chrome/60.0.3112.107 Moblie Safari/537.36"
20.232.136.223 - - [13/Nov/2022:23:48:44 +0100] "POST /ALFA_DATA/alfacgiapi/perl.alfa HTTP/1.1" 404 228 "www.google.com" "Mozlila/5.0 (Linux; Android 7.0; SM-G892A Bulid/NRD90M; wv) AppleWebKit/537.36 (KHTML, like Gecko) Version/4.0 Chrome/60.0.3112.107 Moblie Safari/537.36"
20.232.136.223 - - [13/Nov/2022:23:48:44 +0100] "GET / HTTP/1.1" 200 10866 "-" "Mozlila/5.0 (Linux; Android 7.0; SM-G892A Bulid/NRD90M; wv) AppleWebKit/537.36 (KHTML, like Gecko) Version/4.0 Chrome/60.0.3112.107 Moblie Safari/537.36"
20.232.136.223 - - [13/Nov/2022:23:48:45 +0100] "GET /ayifkrrw.php?Fox=d3wL7 HTTP/1.1" 404 210 "www.google.com" "Mozilla/5.0 (Linux; Android 7.0; SM-G892A Bulid/NRD90M; wv) AppleWebKit/537.36 (KHTML, like Gecko) Version/4.0 Chrome/60.0.3112.107 Moblie Safari/537.36"
20.232.136.223 - - [13/Nov/2022:23:48:45 +0100] "POST /alfacgiapi/perl.alfa HTTP/1.1" 404 218 "www.google.com" "Mozlila/5.0 (Linux; Android 7.0; SM-G892A Bulid/NRD90M; wv) AppleWebKit/537.36 (KHTML, like Gecko) Version/4.0 Chrome/60.0.3112.107 Moblie Safari/537.36"
20.232.136.223 - - [13/Nov/2022:23:48:45 +0100] "POST /wp-plain.php HTTP/1.1" 404 210 "www.google.com" "Mozilla/5.0 (Linux; Android 7.0; SM-G892A Bulid/NRD90M; wv) AppleWebKit/537.36 (KHTML, like Gecko) Version/4.0 Chrome/60.0.3112.107 Moblie Safari/537.36"
20.232.136.223 - - [13/Nov/2022:23:48:45 +0100] "GET /fmqjweye.php?Fox=d3wL7 HTTP/1.1" 404 210 "www.google.com" "Mozilla/5.0 (Linux; Android 7.0; SM-G892A Bulid/NRD90M; wv) AppleWebKit/537.36 (KHTML, like Gecko) Version/4.0 Chrome/60.0.3112.107 Moblie Safari/537.36"
192.99.3.137 - - [13/Nov/2022:23:48:45 +0100] "GET /apps/school/www_old9/img/LevelG/Category2/LevelGCat2Lesson18/ HTTP/1.1" 200 451 "-" "Mozilla/5.0 (compatible; MJ12bot/v1.4.8; http://mj12bot.com/)"
192.99.3.137 - - [13/Nov/2022:23:48:49 +0100] "GET /apps/school/www_old9/img/LevelG/Category2/LevelGCat2Lesson19/ HTTP/1.1" 200 451 "-" "Mozilla/5.0 (compatible; MJ12bot/v1.4.8; http://mj12bot.com/)"
192.99.3.137 - - [13/Nov/2022:23:48:51 +0100] "GET /apps/school/www_old9/img/LevelG/Category2/LevelGCat2Lesson20/ HTTP/1.1" 200 451 "-" "Mozilla/5.0 (compatible; MJ12bot/v1.4.8; http://mj12bot.com/)"
192.99.3.137 - - [13/Nov/2022:23:48:54 +0100] "GET /apps/school/www_old9/img/LevelG/Category2/LevelGCat2Lesson21/ HTTP/1.1" 200 471 "-" "Mozilla/5.0 (compatible; MJ12bot/v1.4.8; http://mj12bot.com/)"
192.99.3.137 - - [13/Nov/2022:23:48:58 +0100] "GET /apps/school/www_old_temp/AutodeskForge/learn.forge.viewmodels-nodejs/node_modules/typedarray/test/ HTTP/1.1" 200 496 "-" "Mozilla/5.0 (compatible; MJ12bot/v1.4.8; http://mj12bot.com/)"
