101.200.153.4 - - [13/Nov/2022:18:51:14 +0100] "POST /xmlrpc.php HTTP/1.1" 200 412 "-" "Mozilla/5.0 (Windows NT 10.0; Win64; x64) AppleWebKit/537.36 (KHTML, like Gecko) Chrome/65.0.3325.181 Safari/537.36"
202.66.173.3 - - [13/Nov/2022:18:51:15 +0100] "POST /xmlrpc.php HTTP/1.1" 200 412 "-" "Mozilla/5.0 (Windows NT 6.1; WOW64) AppleWebKit/537.1 (KHTML, like Gecko) Chrome/21.0.1180.83 Safari/537.1"
35.238.66.238 - - [13/Nov/2022:18:51:16 +0100] "POST /xmlrpc.php HTTP/1.1" 200 412 "-" "Mozilla/5.0 (Windows NT 10.0; Win64; x64) AppleWebKit/537.36 (KHTML, like Gecko) Chrome/83.0.4103.116 Safari/537.36"
202.66.173.3 - - [13/Nov/2022:18:51:22 +0100] "POST /xmlrpc.php HTTP/1.1" 200 412 "-" "Mozilla/5.0 (Windows NT 6.1; WOW64; rv:17.0) Gecko/20100101 Firefox/17.0"
62.210.185.4 - - [13/Nov/2022:18:51:25 +0100] "POST /xmlrpc.php HTTP/1.1" 200 412 "-" "Mozilla/5.0 (Windows NT 6.3; Win64; x64) AppleWebKit/537.36 (KHTML, like Gecko) Chrome/60.0.3112.113 Safari/537.36"
35.238.66.238 - - [13/Nov/2022:18:51:30 +0100] "POST /xmlrpc.php HTTP/1.1" 200 412 "-" "Mozilla/5.0 (Windows NT 10.0; Win64; x64; rv:84.0) Gecko/20100101 Firefox/84.0"
111.231.72.87 - - [13/Nov/2022:18:51:30 +0100] "POST /xmlrpc.php HTTP/1.1" 200 412 "-" "Mozilla/5.0 (X11; Ubuntu; Linux i686; rv:24.0) Gecko/20100101 Firefox/24.0"
62.109.150.204 - - [13/Nov/2022:18:51:35 +0100] "POST /xmlrpc.php HTTP/1.1" 200 412 "-" "Mozilla/5.0 (Windows; U; Windows NT 5.1; en-US; rv:1.7.5) Gecko/20041107 Firefox/1.0"
78.135.87.230 - - [13/Nov/2022:18:51:36 +0100] "POST /xmlrpc.php HTTP/1.1" 200 412 "-" "Mozilla/5.0 (Windows NT 10.0; Win64; x64) AppleWebKit/537.36 (KHTML, like Gecko) Chrome/60.0.3112.113 Safari/537.36"
103.108.220.203 - - [13/Nov/2022:18:51:38 +0100] "POST /xmlrpc.php HTTP/1.1" 200 412 "-" "Mozilla/5.0 (Windows NT 10.0; Win64; x64) AppleWebKit/537.36 (KHTML, like Gecko) Chrome/70.0.3538.102 Safari/537.36"
114.119.134.161 - - [13/Nov/2022:18:51:39 +0100] "GET /apps/school/www_old5/img/LevelD/Category3/LevelDCat3Lesson21/?C=S%3BO%3DA HTTP/1.1" 200 448 "http://kulturdokumentation.com/apps/school/www_old5/img/LevelD/Category3/LevelDCat3Lesson21/?C=S%3BO%3DA" "Mozilla/5.0 (Linux; Android 7.0;) AppleWebKit/537.36 (KHTML, like Gecko) Mobile Safari/537.36 (compatible; PetalBot;+https://webmaster.petalsearch.com/site/petalbot)"
111.231.72.87 - - [13/Nov/2022:18:51:46 +0100] "POST /xmlrpc.php HTTP/1.1" 200 412 "-" "Mozilla/5.0 (Macintosh; Intel Mac OS X 11_4) AppleWebKit/537.36 (KHTML, like Gecko) Chrome/91.0.4472.114 Safari/537.36"
185.191.171.43 - - [13/Nov/2022:18:52:35 +0100] "GET /robots.txt HTTP/1.1" 404 208 "-" "Mozilla/5.0 (compatible; SemrushBot/7~bl; +http://www.semrush.com/bot.html)"
185.191.171.23 - - [13/Nov/2022:18:52:36 +0100] "GET /privacypolicy.php HTTP/1.1" 200 4220 "-" "Mozilla/5.0 (compatible; SemrushBot/7~bl; +http://www.semrush.com/bot.html)"
146.190.56.0 - - [13/Nov/2022:18:52:40 +0100] "CONNECT 188.214.129.95:4444 HTTP/1.1" 200 21 "-" "-"
216.244.66.239 - - [13/Nov/2022:18:53:31 +0100] "GET /apps/school/www_old10/Html/LevelF/?C=S;O=A HTTP/1.1" 200 1369 "-" "Mozilla/5.0 (compatible; DotBot/1.2; +https://opensiteexplorer.org/dotbot; help@moz.com)"
216.244.66.239 - - [13/Nov/2022:18:53:37 +0100] "GET /apps/school/www_old3/img/LevelD/Category2/LevelDCat2Lesson16/flaskFor7CupsTea.png HTTP/1.1" 200 12177 "-" "Mozilla/5.0 (compatible; DotBot/1.2; +https://opensiteexplorer.org/dotbot; help@moz.com)"
216.244.66.239 - - [13/Nov/2022:18:53:44 +0100] "GET /apps/school/www_old5/img/LevelD/Category2/LevelDCat2Lesson24/brassBells1Set1.png HTTP/1.1" 200 22280 "-" "Mozilla/5.0 (compatible; DotBot/1.2; +https://opensiteexplorer.org/dotbot; help@moz.com)"
216.244.66.239 - - [13/Nov/2022:18:54:40 +0100] "GET /apps/school/www_old9/Html/LevelG/Category1/?C=N;O=A HTTP/1.1" 200 10629 "-" "Mozilla/5.0 (compatible; DotBot/1.2; +https://opensiteexplorer.org/dotbot; help@moz.com)"
128.199.108.205 - - [13/Nov/2022:18:54:46 +0100] "GET /wp-login.php HTTP/1.1" 404 210 "-" "Mozilla/5.0 (Windows NT 10.0; Win64; x64; rv:96.0) Gecko/20100101 Firefox/96"
146.190.56.0 - - [13/Nov/2022:18:55:39 +0100] "CONNECT 188.214.129.95:4444 HTTP/1.1" 200 21 "-" "-"
216.244.66.239 - - [13/Nov/2022:18:56:06 +0100] "GET /apps/school/www_old10/Html/LevelA/Category3/?C=S;O=A HTTP/1.1" 200 3240 "-" "Mozilla/5.0 (compatible; DotBot/1.2; +https://opensiteexplorer.org/dotbot; help@moz.com)"
114.119.141.69 - - [13/Nov/2022:18:56:07 +0100] "GET /apps/school/www_old4/img/LevelD/Category1/LevelDCat1Lesson29/ HTTP/1.1" 200 447 "http://kulturdokumentation.se/apps/school/www_old4/img/LevelD/Category1/?C=N%3BO%3DD" "Mozilla/5.0 (Linux; Android 7.0;) AppleWebKit/537.36 (KHTML, like Gecko) Mobile Safari/537.36 (compatible; PetalBot;+https://webmaster.petalsearch.com/site/petalbot)"
216.244.66.239 - - [13/Nov/2022:18:56:09 +0100] "GET /apps/school/www_old10/Html/LevelD/Category3/?C=S;O=A HTTP/1.1" 200 7272 "-" "Mozilla/5.0 (compatible; DotBot/1.2; +https://opensiteexplorer.org/dotbot; help@moz.com)"
216.244.66.239 - - [13/Nov/2022:18:56:11 +0100] "GET /apps/school/www_old3/img/LevelC/Category1/?C=N;O=A HTTP/1.1" 200 6856 "-" "Mozilla/5.0 (compatible; DotBot/1.2; +https://opensiteexplorer.org/dotbot; help@moz.com)"
216.244.66.239 - - [13/Nov/2022:18:56:13 +0100] "GET /apps/school/www_old5/Html/LevelA/Category1/?C=M;O=A HTTP/1.1" 200 8613 "-" "Mozilla/5.0 (compatible; DotBot/1.2; +https://opensiteexplorer.org/dotbot; help@moz.com)"
216.244.66.239 - - [13/Nov/2022:18:56:15 +0100] "GET /apps/school/www_old6/img/LevelC/Category1/?C=D;O=A HTTP/1.1" 200 6874 "-" "Mozilla/5.0 (compatible; DotBot/1.2; +https://opensiteexplorer.org/dotbot; help@moz.com)"
216.244.66.239 - - [13/Nov/2022:18:56:17 +0100] "GET /apps/school/www_old8/Html/LevelG/Category2/?C=D;O=A HTTP/1.1" 200 10867 "-" "Mozilla/5.0 (compatible; DotBot/1.2; +https://opensiteexplorer.org/dotbot; help@moz.com)"
216.244.66.239 - - [13/Nov/2022:18:56:18 +0100] "GET /apps/school/www_old9/Html/LevelD/Category1/?C=S;O=A HTTP/1.1" 200 9061 "-" "Mozilla/5.0 (compatible; DotBot/1.2; +https://opensiteexplorer.org/dotbot; help@moz.com)"
216.244.66.239 - - [13/Nov/2022:18:56:19 +0100] "GET /apps/school/www_old9/img/LevelA/Category2/?C=D;O=A HTTP/1.1" 200 5566 "-" "Mozilla/5.0 (compatible; DotBot/1.2; +https://opensiteexplorer.org/dotbot; help@moz.com)"
114.119.134.155 - - [13/Nov/2022:18:56:43 +0100] "GET /apps/school/www_old9/img/LevelA/Category1/LevelACat1Lesson23/ HTTP/1.1" 200 450 "http://kulturdokumentation.com/apps/school/www_old9/img/LevelA/Category1/?C=N%3BO%3DD" "Mozilla/5.0 (Linux; Android 7.0;) AppleWebKit/537.36 (KHTML, like Gecko) Mobile Safari/537.36 (compatible; PetalBot;+https://webmaster.petalsearch.com/site/petalbot)"
146.190.56.0 - - [13/Nov/2022:18:58:41 +0100] "CONNECT 188.214.129.95:4444 HTTP/1.1" 200 21 "-" "-"
52.50.132.132 - - [13/Nov/2022:18:59:22 +0100] "GET /robots.txt HTTP/1.1" 404 208 "-" "webprosbot/2.0 (+mailto:abuse-6337@webpros.com)"
66.249.64.210 - - [13/Nov/2022:18:59:49 +0100] "GET /apps/school/www_old3/img/LevelC/Category2/LevelCCat2Lesson12/glassesCat1Set3.png HTTP/1.1" 200 10600 "-" "Googlebot-Image/1.0"
114.119.141.51 - - [13/Nov/2022:19:01:10 +0100] "GET /apps/school/www_old8/img/LevelB/Category1/LevelBCat1Lesson28/?C=S%3BO%3DA HTTP/1.1" 200 450 "http://kulturdokumentation.se/apps/school/www_old8/img/LevelB/Category1/LevelBCat1Lesson28/?C=M%3BO%3DA" "Mozilla/5.0 (Linux; Android 7.0;) AppleWebKit/537.36 (KHTML, like Gecko) Mobile Safari/537.36 (compatible; PetalBot;+https://webmaster.petalsearch.com/site/petalbot)"
146.190.56.0 - - [13/Nov/2022:19:01:39 +0100] "CONNECT 188.214.129.95:4444 HTTP/1.1" 200 21 "-" "-"
114.119.134.161 - - [13/Nov/2022:19:01:54 +0100] "GET /apps/school/www_old6/img/LevelE/Category1/LevelECat1Lesson01?C=N%3BO%3DD HTTP/1.1" 301 312 "http://kulturdokumentation.com/apps/school/www_old6/img/LevelE/Category1/LevelECat1Lesson01" "Mozilla/5.0 (Linux; Android 7.0;) AppleWebKit/537.36 (KHTML, like Gecko) Mobile Safari/537.36 (compatible; PetalBot;+https://webmaster.petalsearch.com/site/petalbot)"
114.119.134.161 - - [13/Nov/2022:19:01:54 +0100] "GET /apps/school/www_old6/img/LevelE/Category1/LevelECat1Lesson01/?C=N%3BO%3DD HTTP/1.1" 200 449 "http://kulturdokumentation.com/apps/school/www_old6/img/LevelE/Category1/LevelECat1Lesson01" "Mozilla/5.0 (Linux; Android 7.0;) AppleWebKit/537.36 (KHTML, like Gecko) Mobile Safari/537.36 (compatible; PetalBot;+https://webmaster.petalsearch.com/site/petalbot)"
107.189.6.184 - - [13/Nov/2022:19:03:01 +0100] "GET /wp-login.php HTTP/1.1" 200 2977 "-" "Mozilla/5.0 (Windows NT 6.2; WOW64; rv:31.0) Gecko/20100101 Firefox/31.0"
40.77.167.60 - - [13/Nov/2022:19:03:15 +0100] "GET /index.php?page=change&CompanyId=928 HTTP/1.1" 200 1772 "-" "Mozilla/5.0 AppleWebKit/537.36 (KHTML, like Gecko; compatible; bingbot/2.0; +http://www.bing.com/bingbot.htm) Chrome/103.0.5060.134 Safari/537.36"
107.189.6.184 - - [13/Nov/2022:19:03:16 +0100] "POST /wp-login.php HTTP/1.1" 200 3988 "-" "Mozilla/5.0 (Windows NT 6.2; WOW64; rv:31.0) Gecko/20100101 Firefox/31.0"
20.172.198.103 - - [13/Nov/2022:19:04:07 +0100] "GET / HTTP/1.1" 302 207 "-" "Mozilla/5.0 (Windows NT 10.0; Win64; x64) AppleWebKit/537.36 (KHTML, like Gecko) Chrome/86.0.4240.75 Safari/537.36"
20.172.198.103 - - [13/Nov/2022:19:04:07 +0100] "GET / HTTP/1.1" 200 13133 "-" "Mozilla/5.0 (Windows NT 10.0; Win64; x64) AppleWebKit/537.36 (KHTML, like Gecko) Chrome/86.0.4240.75 Safari/537.36"
89.246.241.14 - - [13/Nov/2022:19:04:22 +0100] "GET /2011/03/ HTTP/1.1" 200 9612 "-" "Mozilla/5.0 (Windows NT 10.0; Win64; x64; rv:84.0) Gecko/20100101 Firefox/84.0"
85.31.44.178 - - [13/Nov/2022:19:05:40 +0100] "GET / HTTP/1.1" 200 21 "-" "-"
114.119.141.69 - - [13/Nov/2022:19:06:19 +0100] "GET /apps/school/www_old9/Html/LevelD/Category2/?C=S%3BO%3DA HTTP/1.1" 200 684 "http://kulturdokumentation.se/apps/school/www_old9/Html/LevelD/Category2/" "Mozilla/5.0 (Linux; Android 7.0;) AppleWebKit/537.36 (KHTML, like Gecko) Mobile Safari/537.36 (compatible; PetalBot;+https://webmaster.petalsearch.com/site/petalbot)"
40.77.167.26 - - [13/Nov/2022:19:06:44 +0100] "GET /forge/forge-api-nodejs-client/docs/VersionsApi.md HTTP/1.1" 200 6546 "-" "Mozilla/5.0 (compatible; bingbot/2.0; +http://www.bing.com/bingbot.htm)"
216.244.66.239 - - [13/Nov/2022:19:06:53 +0100] "GET /robots.txt HTTP/1.1" 404 208 "-" "Mozilla/5.0 (compatible; DotBot/1.2; +https://opensiteexplorer.org/dotbot; help@moz.com)"
114.119.134.161 - - [13/Nov/2022:19:06:59 +0100] "GET /apps/school/www_old6/img/LevelF/Category2/LevelFCat2Lesson36?C=M%3BO%3DA HTTP/1.1" 301 312 "http://kulturdokumentation.com/apps/school/www_old6/img/LevelF/Category2/LevelFCat2Lesson36?C=S%3BO%3DA" "Mozilla/5.0 (Linux; Android 7.0;) AppleWebKit/537.36 (KHTML, like Gecko) Mobile Safari/537.36 (compatible; PetalBot;+https://webmaster.petalsearch.com/site/petalbot)"
114.119.134.161 - - [13/Nov/2022:19:06:59 +0100] "GET /apps/school/www_old6/img/LevelF/Category2/LevelFCat2Lesson36/?C=M%3BO%3DA HTTP/1.1" 200 500 "http://kulturdokumentation.com/apps/school/www_old6/img/LevelF/Category2/LevelFCat2Lesson36?C=S%3BO%3DA" "Mozilla/5.0 (Linux; Android 7.0;) AppleWebKit/537.36 (KHTML, like Gecko) Mobile Safari/537.36 (compatible; PetalBot;+https://webmaster.petalsearch.com/site/petalbot)"
146.190.56.0 - - [13/Nov/2022:19:07:38 +0100] "CONNECT 188.214.129.95:4444 HTTP/1.1" 200 21 "-" "-"
207.46.13.191 - - [13/Nov/2022:19:09:48 +0100] "GET /index.php?page=loggain&message=error1&goto=project HTTP/1.1" 302 266 "-" "Mozilla/5.0 (compatible; bingbot/2.0; +http://www.bing.com/bingbot.htm)"
183.136.225.9 - - [13/Nov/2022:19:10:43 +0100] "GET / HTTP/1.1" 200 21 "-" "Mozilla/5.0 (Macintosh; Intel Mac OS X 10.11; rv:47.0) Gecko/20100101 Firefox/47.0"
183.136.225.9 - - [13/Nov/2022:19:10:44 +0100] "GET / HTTP/1.1" 200 21 "-" "Mozilla/5.0 (Windows NT 6.1; WOW64) AppleWebKit/537.36 (KHTML, like Gecko) Chrome/63.0.3239.132 Safari/537.36 QIHU 360SE"
183.136.225.9 - - [13/Nov/2022:19:10:45 +0100] "GET /favicon.ico HTTP/1.1" 404 209 "-" "Mozilla/5.0 (Windows NT 6.1; WOW64) AppleWebKit/537.36 (KHTML, like Gecko) Chrome/63.0.3239.132 Safari/537.36 QIHU 360SE"
183.136.225.9 - - [13/Nov/2022:19:10:46 +0100] "GET /robots.txt HTTP/1.1" 404 208 "-" "Mozilla/5.0 (Windows NT 6.1; WOW64) AppleWebKit/537.36 (KHTML, like Gecko) Chrome/63.0.3239.132 Safari/537.36 QIHU 360SE"
66.249.64.212 - - [13/Nov/2022:19:11:04 +0100] "GET /apps/school/www_old3/img/LevelC/Category2/LevelCCat2Lesson12/glassesCat2Set2.png HTTP/1.1" 200 9966 "-" "Googlebot-Image/1.0"
114.119.141.53 - - [13/Nov/2022:19:11:25 +0100] "GET /apps/school/www_old_temp/AutodeskForge/learn.forge.viewmodels-nodejs/node_modules/isstream/?C=D%3BO%3DA HTTP/1.1" 200 539 "http://kulturdokumentation.se/apps/school/www_old_temp/AutodeskForge/learn.forge.viewmodels-nodejs/node_modules/isstream/" "Mozilla/5.0 (Linux; Android 7.0;) AppleWebKit/537.36 (KHTML, like Gecko) Mobile Safari/537.36 (compatible; PetalBot;+https://webmaster.petalsearch.com/site/petalbot)"
114.119.134.152 - - [13/Nov/2022:19:12:04 +0100] "GET /apps/school/www_old9/img/LevelC/Category2/LevelCCat2Lesson10 HTTP/1.1" 301 300 "http://kulturdokumentation.com/apps/school/www_old9/img/LevelC/Category2" "Mozilla/5.0 (Linux; Android 7.0;) AppleWebKit/537.36 (KHTML, like Gecko) Mobile Safari/537.36 (compatible; PetalBot;+https://webmaster.petalsearch.com/site/petalbot)"
114.119.134.152 - - [13/Nov/2022:19:12:05 +0100] "GET /apps/school/www_old9/img/LevelC/Category2/LevelCCat2Lesson10/ HTTP/1.1" 200 557 "http://kulturdokumentation.com/apps/school/www_old9/img/LevelC/Category2" "Mozilla/5.0 (Linux; Android 7.0;) AppleWebKit/537.36 (KHTML, like Gecko) Mobile Safari/537.36 (compatible; PetalBot;+https://webmaster.petalsearch.com/site/petalbot)"
185.191.171.38 - - [13/Nov/2022:19:12:44 +0100] "GET /index.php?filename=LINDVEDSidetable_50.zip&id=40&page=download&path=data%2Fmodels%2FLINDVED%20Side%20table_50.zip HTTP/1.1" 200 4226 "-" "Mozilla/5.0 (compatible; SemrushBot/7~bl; +http://www.semrush.com/bot.html)"
194.110.203.44 - - [13/Nov/2022:19:13:50 +0100] "GET /backup_biminfo.sql.tar HTTP/1.1" 404 220 "-" "Firefox"
209.141.44.126 - - [13/Nov/2022:19:15:16 +0100] "POST //wp-login.php?redirect_to=https://www.astacus.se//wp-admin/ HTTP/1.1" 200 1655 "-" "Mozilla/5.0 (Macintosh; Intel Mac OS X 10.15; rv:75.0) Gecko/20100101 Firefox/75.0"
185.191.171.18 - - [13/Nov/2022:19:16:21 +0100] "GET /index.php?keyword=Kinnarps&page=result&presentation=true HTTP/1.1" 200 3865 "-" "Mozilla/5.0 (compatible; SemrushBot/7~bl; +http://www.semrush.com/bot.html)"
114.119.141.51 - - [13/Nov/2022:19:16:32 +0100] "GET /apps/school/www_old8/img/LevelA/Category1/LevelACat1Lesson17/?C=D%3BO%3DA HTTP/1.1" 200 486 "http://kulturdokumentation.se/apps/school/www_old8/img/LevelA/Category1/LevelACat1Lesson17/?C=N%3BO%3DD" "Mozilla/5.0 (Linux; Android 7.0;) AppleWebKit/537.36 (KHTML, like Gecko) Mobile Safari/537.36 (compatible; PetalBot;+https://webmaster.petalsearch.com/site/petalbot)"
146.190.56.0 - - [13/Nov/2022:19:16:36 +0100] "CONNECT 188.214.129.95:4444 HTTP/1.1" 200 21 "-" "-"
209.141.45.47 - - [13/Nov/2022:19:16:47 +0100] "GET /wp-login.php HTTP/1.1" 200 2977 "-" "Mozilla/5.0 (Windows NT 6.3; WOW64) AppleWebKit/537.36 (KHTML, like Gecko) Chrome/35.0.1916.153 Safari/537.36"
209.141.45.47 - - [13/Nov/2022:19:17:01 +0100] "POST /wp-login.php HTTP/1.1" 200 3982 "-" "Mozilla/5.0 (Windows NT 6.3; WOW64) AppleWebKit/537.36 (KHTML, like Gecko) Chrome/35.0.1916.153 Safari/537.36"
114.119.134.161 - - [13/Nov/2022:19:17:12 +0100] "GET /apps/school/www_old8/img/LevelB/Category1/LevelBCat1Lesson06?C=D%3BO%3DA HTTP/1.1" 301 312 "http://kulturdokumentation.com/apps/school/www_old8/img/LevelB/Category1/LevelBCat1Lesson06" "Mozilla/5.0 (Linux; Android 7.0;) AppleWebKit/537.36 (KHTML, like Gecko) Mobile Safari/537.36 (compatible; PetalBot;+https://webmaster.petalsearch.com/site/petalbot)"
114.119.134.161 - - [13/Nov/2022:19:17:12 +0100] "GET /apps/school/www_old8/img/LevelB/Category1/LevelBCat1Lesson06/?C=D%3BO%3DA HTTP/1.1" 200 501 "http://kulturdokumentation.com/apps/school/www_old8/img/LevelB/Category1/LevelBCat1Lesson06" "Mozilla/5.0 (Linux; Android 7.0;) AppleWebKit/537.36 (KHTML, like Gecko) Mobile Safari/537.36 (compatible; PetalBot;+https://webmaster.petalsearch.com/site/petalbot)"
107.189.6.203 - - [13/Nov/2022:19:17:18 +0100] "GET /wp-login.php HTTP/1.1" 200 2977 "-" "Mozilla/5.0 (Macintosh; Intel Mac OS X 10.8; rv:31.0) Gecko/20100101 Firefox/31.0"
107.189.6.203 - - [13/Nov/2022:19:17:18 +0100] "POST /wp-login.php HTTP/1.1" 200 3982 "-" "Mozilla/5.0 (Macintosh; Intel Mac OS X 10.8; rv:31.0) Gecko/20100101 Firefox/31.0"
185.94.131.162 - - [13/Nov/2022:19:17:26 +0100] "GET /energicontrol/strandis/index.php HTTP/1.1" 200 6584 "http://appsrv.astacus.se/energicontrol/strandis/index.php" "Mozilla/5.0 (iPhone; CPU iPhone OS 15_6_1 like Mac OS X) AppleWebKit/605.1.15 (KHTML, like Gecko) Version/15.6.1 Mobile/15E148 Safari/604.1"
185.94.131.162 - - [13/Nov/2022:19:17:55 +0100] "GET /energicontrol/strandis/js/utils.js HTTP/1.1" 200 1564 "http://appsrv.astacus.se/energicontrol/strandis/index.php" "Mozilla/5.0 (iPhone; CPU iPhone OS 15_6_1 like Mac OS X) AppleWebKit/605.1.15 (KHTML, like Gecko) Version/15.6.1 Mobile/15E148 Safari/604.1"
185.94.131.162 - - [13/Nov/2022:19:17:55 +0100] "GET /energicontrol/strandis/js/Chart.bundle.js HTTP/1.1" 200 127835 "http://appsrv.astacus.se/energicontrol/strandis/index.php" "Mozilla/5.0 (iPhone; CPU iPhone OS 15_6_1 like Mac OS X) AppleWebKit/605.1.15 (KHTML, like Gecko) Version/15.6.1 Mobile/15E148 Safari/604.1"
185.94.131.162 - - [13/Nov/2022:19:17:56 +0100] "GET /energicontrol/strandis/images/HUS3.jpg HTTP/1.1" 304 - "http://appsrv.astacus.se/energicontrol/strandis/index.php" "Mozilla/5.0 (iPhone; CPU iPhone OS 15_6_1 like Mac OS X) AppleWebKit/605.1.15 (KHTML, like Gecko) Version/15.6.1 Mobile/15E148 Safari/604.1"
40.77.167.15 - - [13/Nov/2022:19:18:26 +0100] "GET /category/ovrigt/nyheter/page/2/ HTTP/1.1" 200 12431 "-" "Mozilla/5.0 (compatible; bingbot/2.0; +http://www.bing.com/bingbot.htm)"
146.190.56.0 - - [13/Nov/2022:19:19:38 +0100] "CONNECT 188.214.129.95:4444 HTTP/1.1" 200 21 "-" "-"
185.94.131.162 - - [13/Nov/2022:19:19:56 +0100] "GET /energicontrol/strandis/index.php HTTP/1.1" 200 6585 "http://appsrv.astacus.se/energicontrol/strandis/index.php" "Mozilla/5.0 (iPhone; CPU iPhone OS 15_6_1 like Mac OS X) AppleWebKit/605.1.15 (KHTML, like Gecko) Version/15.6.1 Mobile/15E148 Safari/604.1"
185.94.131.162 - - [13/Nov/2022:19:20:14 +0100] "GET /energicontrol/strandis/js/utils.js HTTP/1.1" 200 1564 "http://appsrv.astacus.se/energicontrol/strandis/index.php" "Mozilla/5.0 (iPhone; CPU iPhone OS 15_6_1 like Mac OS X) AppleWebKit/605.1.15 (KHTML, like Gecko) Version/15.6.1 Mobile/15E148 Safari/604.1"
185.94.131.162 - - [13/Nov/2022:19:20:14 +0100] "GET /energicontrol/strandis/js/Chart.bundle.js HTTP/1.1" 200 127835 "http://appsrv.astacus.se/energicontrol/strandis/index.php" "Mozilla/5.0 (iPhone; CPU iPhone OS 15_6_1 like Mac OS X) AppleWebKit/605.1.15 (KHTML, like Gecko) Version/15.6.1 Mobile/15E148 Safari/604.1"
185.94.131.162 - - [13/Nov/2022:19:20:14 +0100] "GET /energicontrol/strandis/images/HUS3.jpg HTTP/1.1" 304 - "http://appsrv.astacus.se/energicontrol/strandis/index.php" "Mozilla/5.0 (iPhone; CPU iPhone OS 15_6_1 like Mac OS X) AppleWebKit/605.1.15 (KHTML, like Gecko) Version/15.6.1 Mobile/15E148 Safari/604.1"
114.119.141.69 - - [13/Nov/2022:19:21:39 +0100] "GET /apps/school/www_old8/MyBook/checkUserExistance.php HTTP/1.1" 200 - "http://kulturdokumentation.se/apps/school/www_old8/MyBook/?C=S%3BO%3DA" "Mozilla/5.0 (Linux; Android 7.0;) AppleWebKit/537.36 (KHTML, like Gecko) Mobile Safari/537.36 (compatible; PetalBot;+https://webmaster.petalsearch.com/site/petalbot)"
207.46.13.191 - - [13/Nov/2022:19:21:48 +0100] "GET /apps/school/www_old2/img/LevelA/Category1/LevelACat1Lesson3/ HTTP/1.1" 200 518 "-" "Mozilla/5.0 AppleWebKit/537.36 (KHTML, like Gecko; compatible; bingbot/2.0; +http://www.bing.com/bingbot.htm) Chrome/103.0.5060.134 Safari/537.36"
66.249.64.212 - - [13/Nov/2022:19:22:19 +0100] "GET /apps/school/www_old3/img/LevelC/Category2/LevelCCat2Lesson12/glassesCat2Set1.png HTTP/1.1" 200 10970 "-" "Googlebot-Image/1.0"
114.119.134.148 - - [13/Nov/2022:19:22:21 +0100] "GET /apps/school/www_old8/img/LevelF/Category2/LevelFCat2Lesson37?C=N%3BO%3DD HTTP/1.1" 301 312 "http://kulturdokumentation.com/apps/school/www_old8/img/LevelF/Category2/LevelFCat2Lesson37?C=M%3BO%3DA" "Mozilla/5.0 (Linux; Android 7.0;) AppleWebKit/537.36 (KHTML, like Gecko) Mobile Safari/537.36 (compatible; PetalBot;+https://webmaster.petalsearch.com/site/petalbot)"
114.119.134.148 - - [13/Nov/2022:19:22:21 +0100] "GET /apps/school/www_old8/img/LevelF/Category2/LevelFCat2Lesson37/?C=N%3BO%3DD HTTP/1.1" 200 513 "http://kulturdokumentation.com/apps/school/www_old8/img/LevelF/Category2/LevelFCat2Lesson37?C=M%3BO%3DA" "Mozilla/5.0 (Linux; Android 7.0;) AppleWebKit/537.36 (KHTML, like Gecko) Mobile Safari/537.36 (compatible; PetalBot;+https://webmaster.petalsearch.com/site/petalbot)"
185.191.171.23 - - [13/Nov/2022:19:22:31 +0100] "GET /index.php?keyword=Trappregister&page=result HTTP/1.1" 200 3538 "-" "Mozilla/5.0 (compatible; SemrushBot/7~bl; +http://www.semrush.com/bot.html)"
146.190.56.0 - - [13/Nov/2022:19:22:35 +0100] "CONNECT 188.214.129.95:4444 HTTP/1.1" 200 21 "-" "-"
185.94.131.162 - - [13/Nov/2022:19:22:15 +0100] "GET /energicontrol/strandis/index.php HTTP/1.1" 200 6588 "http://appsrv.astacus.se/energicontrol/strandis/index.php" "Mozilla/5.0 (iPhone; CPU iPhone OS 15_6_1 like Mac OS X) AppleWebKit/605.1.15 (KHTML, like Gecko) Version/15.6.1 Mobile/15E148 Safari/604.1"
185.94.131.162 - - [13/Nov/2022:19:22:44 +0100] "GET /energicontrol/strandis/js/utils.js HTTP/1.1" 200 1564 "http://appsrv.astacus.se/energicontrol/strandis/index.php" "Mozilla/5.0 (iPhone; CPU iPhone OS 15_6_1 like Mac OS X) AppleWebKit/605.1.15 (KHTML, like Gecko) Version/15.6.1 Mobile/15E148 Safari/604.1"
185.94.131.162 - - [13/Nov/2022:19:22:44 +0100] "GET /energicontrol/strandis/js/Chart.bundle.js HTTP/1.1" 200 127835 "http://appsrv.astacus.se/energicontrol/strandis/index.php" "Mozilla/5.0 (iPhone; CPU iPhone OS 15_6_1 like Mac OS X) AppleWebKit/605.1.15 (KHTML, like Gecko) Version/15.6.1 Mobile/15E148 Safari/604.1"
185.94.131.162 - - [13/Nov/2022:19:22:44 +0100] "GET /energicontrol/strandis/images/HUS3.jpg HTTP/1.1" 304 - "http://appsrv.astacus.se/energicontrol/strandis/index.php" "Mozilla/5.0 (iPhone; CPU iPhone OS 15_6_1 like Mac OS X) AppleWebKit/605.1.15 (KHTML, like Gecko) Version/15.6.1 Mobile/15E148 Safari/604.1"
51.222.253.8 - - [13/Nov/2022:19:23:50 +0100] "GET /robots.txt HTTP/1.1" 404 208 "-" "Mozilla/5.0 (compatible; AhrefsBot/7.0; +http://ahrefs.com/robot/)"
54.36.149.69 - - [13/Nov/2022:19:23:51 +0100] "GET / HTTP/1.1" 200 1772 "-" "Mozilla/5.0 (compatible; AhrefsBot/7.0; +http://ahrefs.com/robot/)"
89.246.241.14 - - [13/Nov/2022:19:24:16 +0100] "GET /2009/10/ HTTP/1.1" 200 10542 "-" "Mozilla/5.0 (Windows NT 10.0; Win64; x64; rv:84.0) Gecko/20100101 Firefox/84.0"
209.141.37.194 - - [13/Nov/2022:19:24:24 +0100] "GET /wp-login.php HTTP/1.1" 200 2977 "-" "Mozilla/5.0 (Macintosh; Intel Mac OS X 10_9_0) AppleWebKit/537.36 (KHTML, like Gecko) Chrome/36.0.1985.125 Safari/537.36"
209.141.37.194 - - [13/Nov/2022:19:24:24 +0100] "POST /wp-login.php HTTP/1.1" 200 3988 "-" "Mozilla/5.0 (Macintosh; Intel Mac OS X 10_9_0) AppleWebKit/537.36 (KHTML, like Gecko) Chrome/36.0.1985.125 Safari/537.36"
114.119.152.231 - - [13/Nov/2022:19:24:53 +0100] "GET /robots.txt HTTP/1.1" 404 208 "-" "Mozilla/5.0 (compatible;PetalBot;+https://webmaster.petalsearch.com/site/petalbot)"
89.246.241.14 - - [13/Nov/2022:19:25:00 +0100] "GET /?page=start HTTP/1.1" 200 1772 "-" "Mozilla/5.0 (Windows NT 10.0; Win64; x64; rv:84.0) Gecko/20100101 Firefox/84.0"
213.136.92.207 - - [13/Nov/2022:19:25:07 +0100] "GET /robots.txt HTTP/1.1" 404 208 "-" "Mozilla/5.0 (compatible; MJ12bot/v1.4.8; http://mj12bot.com/)"
213.136.92.207 - - [13/Nov/2022:19:25:14 +0100] "GET /apps/school/www_old10/img/LevelA/Category1/LevelACat1Lesson09/?C=M;O=D HTTP/1.1" 200 444 "-" "Mozilla/5.0 (compatible; MJ12bot/v1.4.8; http://mj12bot.com/)"
185.94.131.162 - - [13/Nov/2022:19:24:45 +0100] "GET /energicontrol/strandis/index.php HTTP/1.1" 200 6586 "http://appsrv.astacus.se/energicontrol/strandis/index.php" "Mozilla/5.0 (iPhone; CPU iPhone OS 15_6_1 like Mac OS X) AppleWebKit/605.1.15 (KHTML, like Gecko) Version/15.6.1 Mobile/15E148 Safari/604.1"
185.94.131.162 - - [13/Nov/2022:19:25:15 +0100] "GET /energicontrol/strandis/js/utils.js HTTP/1.1" 200 1564 "http://appsrv.astacus.se/energicontrol/strandis/index.php" "Mozilla/5.0 (iPhone; CPU iPhone OS 15_6_1 like Mac OS X) AppleWebKit/605.1.15 (KHTML, like Gecko) Version/15.6.1 Mobile/15E148 Safari/604.1"
185.94.131.162 - - [13/Nov/2022:19:25:15 +0100] "GET /energicontrol/strandis/js/Chart.bundle.js HTTP/1.1" 200 127835 "http://appsrv.astacus.se/energicontrol/strandis/index.php" "Mozilla/5.0 (iPhone; CPU iPhone OS 15_6_1 like Mac OS X) AppleWebKit/605.1.15 (KHTML, like Gecko) Version/15.6.1 Mobile/15E148 Safari/604.1"
185.94.131.162 - - [13/Nov/2022:19:25:15 +0100] "GET /energicontrol/strandis/images/HUS3.jpg HTTP/1.1" 304 - "http://appsrv.astacus.se/energicontrol/strandis/index.php" "Mozilla/5.0 (iPhone; CPU iPhone OS 15_6_1 like Mac OS X) AppleWebKit/605.1.15 (KHTML, like Gecko) Version/15.6.1 Mobile/15E148 Safari/604.1"
213.136.92.207 - - [13/Nov/2022:19:25:21 +0100] "GET /apps/school/www_old10/img/LevelD/Category3/LevelDCat3Lesson14/ HTTP/1.1" 200 559 "-" "Mozilla/5.0 (compatible; MJ12bot/v1.4.8; http://mj12bot.com/)"
213.136.92.207 - - [13/Nov/2022:19:25:24 +0100] "GET /apps/school/www_old10/img/LevelD/Category3/LevelDCat3Lesson15/ HTTP/1.1" 200 511 "-" "Mozilla/5.0 (compatible; MJ12bot/v1.4.8; http://mj12bot.com/)"
213.136.92.207 - - [13/Nov/2022:19:25:32 +0100] "GET /apps/school/www_old10/img/LevelD/Category3/LevelDCat3Lesson16/ HTTP/1.1" 200 613 "-" "Mozilla/5.0 (compatible; MJ12bot/v1.4.8; http://mj12bot.com/)"
146.190.56.0 - - [13/Nov/2022:19:25:38 +0100] "CONNECT 188.214.129.95:4444 HTTP/1.1" 200 21 "-" "-"
213.136.92.207 - - [13/Nov/2022:19:25:42 +0100] "GET /apps/school/www_old10/img/LevelD/Category3/LevelDCat3Lesson17/ HTTP/1.1" 200 631 "-" "Mozilla/5.0 (compatible; MJ12bot/v1.4.8; http://mj12bot.com/)"
51.91.253.126 - - [13/Nov/2022:19:25:48 +0100] "GET /robots.txt HTTP/1.1" 404 208 "-" "Mozilla/5.0 (compatible; MJ12bot/v1.4.8; http://mj12bot.com/)"
213.136.92.207 - - [13/Nov/2022:19:25:53 +0100] "GET /apps/school/www_old10/img/LevelD/Category3/LevelDCat3Lesson18/ HTTP/1.1" 200 492 "-" "Mozilla/5.0 (compatible; MJ12bot/v1.4.8; http://mj12bot.com/)"
51.91.253.126 - - [13/Nov/2022:19:26:00 +0100] "GET /apps/school/www_old10/img/LevelD/Category1/LevelDCat1Lesson04/?C=M;O=A HTTP/1.1" 200 450 "-" "Mozilla/5.0 (compatible; MJ12bot/v1.4.8; http://mj12bot.com/)"
213.136.92.207 - - [13/Nov/2022:19:26:03 +0100] "GET /apps/school/www_old10/img/LevelD/Category3/LevelDCat3Lesson19/ HTTP/1.1" 200 454 "-" "Mozilla/5.0 (compatible; MJ12bot/v1.4.8; http://mj12bot.com/)"
51.91.253.126 - - [13/Nov/2022:19:26:05 +0100] "GET /apps/school/www_old10/img/LevelD/Category1/LevelDCat1Lesson06/?C=M;O=A HTTP/1.1" 200 450 "-" "Mozilla/5.0 (compatible; MJ12bot/v1.4.8; http://mj12bot.com/)"
213.136.92.207 - - [13/Nov/2022:19:26:18 +0100] "GET /apps/school/www_old10/img/LevelD/Category3/LevelDCat3Lesson20/ HTTP/1.1" 200 514 "-" "Mozilla/5.0 (compatible; MJ12bot/v1.4.8; http://mj12bot.com/)"
51.91.253.126 - - [13/Nov/2022:19:26:19 +0100] "GET /apps/school/www_old5/img/LevelB/Category2/?C=D;O=D HTTP/1.1" 200 537 "-" "Mozilla/5.0 (compatible; MJ12bot/v1.4.8; http://mj12bot.com/)"
51.91.253.126 - - [13/Nov/2022:19:26:25 +0100] "GET /apps/school/www_old5/img/LevelB/Category2/?C=N;O=A HTTP/1.1" 200 541 "-" "Mozilla/5.0 (compatible; MJ12bot/v1.4.8; http://mj12bot.com/)"
213.136.92.207 - - [13/Nov/2022:19:26:27 +0100] "GET /apps/school/www_old10/img/LevelD/Category3/LevelDCat3Lesson21/ HTTP/1.1" 200 449 "-" "Mozilla/5.0 (compatible; MJ12bot/v1.4.8; http://mj12bot.com/)"
51.91.253.126 - - [13/Nov/2022:19:26:30 +0100] "GET /apps/school/www_old5/img/LevelF/Category1/LevelFCat1Lesson24/?C=D;O=D HTTP/1.1" 200 444 "-" "Mozilla/5.0 (compatible; MJ12bot/v1.4.8; http://mj12bot.com/)"
185.191.171.17 - - [13/Nov/2022:19:26:34 +0100] "GET /robots.txt HTTP/1.1" 404 208 "-" "Mozilla/5.0 (compatible; SemrushBot/7~bl; +http://www.semrush.com/bot.html)"
185.191.171.34 - - [13/Nov/2022:19:26:34 +0100] "GET /index.php?keyword=Sapa&page=result&presentation=true HTTP/1.1" 200 4187 "-" "Mozilla/5.0 (compatible; SemrushBot/7~bl; +http://www.semrush.com/bot.html)"
51.91.253.126 - - [13/Nov/2022:19:26:36 +0100] "GET /apps/school/www_old5/img/LevelF/Category1/LevelFCat1Lesson26/?C=D;O=D HTTP/1.1" 200 445 "-" "Mozilla/5.0 (compatible; MJ12bot/v1.4.8; http://mj12bot.com/)"
213.136.92.207 - - [13/Nov/2022:19:26:39 +0100] "GET /apps/school/www_old10/img/LevelD/Category3/LevelDCat3Lesson22/ HTTP/1.1" 200 446 "-" "Mozilla/5.0 (compatible; MJ12bot/v1.4.8; http://mj12bot.com/)"
51.91.253.126 - - [13/Nov/2022:19:26:42 +0100] "GET /apps/school/www_old6/img/LevelE/Category2/LevelECat2Lesson20/?C=N;O=D HTTP/1.1" 200 702 "-" "Mozilla/5.0 (compatible; MJ12bot/v1.4.8; http://mj12bot.com/)"
114.119.141.73 - - [13/Nov/2022:19:26:47 +0100] "GET /apps/school/www_old8/img/LevelA/Category2/LevelACat2Lesson12/?C=M%3BO%3DA HTTP/1.1" 200 534 "http://kulturdokumentation.se/apps/school/www_old8/img/LevelA/Category2/LevelACat2Lesson12/?C=D%3BO%3DA" "Mozilla/5.0 (Linux; Android 7.0;) AppleWebKit/537.36 (KHTML, like Gecko) Mobile Safari/537.36 (compatible; PetalBot;+https://webmaster.petalsearch.com/site/petalbot)"
213.136.92.207 - - [13/Nov/2022:19:26:47 +0100] "GET /apps/school/www_old10/img/LevelD/Category3/LevelDCat3Lesson23/ HTTP/1.1" 200 491 "-" "Mozilla/5.0 (compatible; MJ12bot/v1.4.8; http://mj12bot.com/)"
213.136.92.207 - - [13/Nov/2022:19:26:59 +0100] "GET /apps/school/www_old10/img/LevelD/Category3/LevelDCat3Lesson24/ HTTP/1.1" 200 575 "-" "Mozilla/5.0 (compatible; MJ12bot/v1.4.8; http://mj12bot.com/)"
213.136.92.207 - - [13/Nov/2022:19:27:11 +0100] "GET /apps/school/www_old10/img/LevelD/Category3/LevelDCat3Lesson25/ HTTP/1.1" 200 500 "-" "Mozilla/5.0 (compatible; MJ12bot/v1.4.8; http://mj12bot.com/)"
213.136.92.207 - - [13/Nov/2022:19:27:21 +0100] "GET /apps/school/www_old10/img/LevelD/Category3/LevelDCat3Lesson26/ HTTP/1.1" 200 510 "-" "Mozilla/5.0 (compatible; MJ12bot/v1.4.8; http://mj12bot.com/)"
114.119.134.152 - - [13/Nov/2022:19:27:27 +0100] "GET /apps/school/www_old4/img/LevelA/Category1/LevelACat1Lesson28/?C=D%3BO%3DA HTTP/1.1" 200 450 "http://kulturdokumentation.com/apps/school/www_old4/img/LevelA/Category1/LevelACat1Lesson28?C=S%3BO%3DA" "Mozilla/5.0 (Linux; Android 7.0;) AppleWebKit/537.36 (KHTML, like Gecko) Mobile Safari/537.36 (compatible; PetalBot;+https://webmaster.petalsearch.com/site/petalbot)"
213.136.92.207 - - [13/Nov/2022:19:27:29 +0100] "GET /apps/school/www_old10/img/LevelD/Category3/LevelDCat3Lesson27/ HTTP/1.1" 200 517 "-" "Mozilla/5.0 (compatible; MJ12bot/v1.4.8; http://mj12bot.com/)"
213.136.92.207 - - [13/Nov/2022:19:27:34 +0100] "GET /apps/school/www_old10/img/LevelD/Category3/LevelDCat3Lesson29/ HTTP/1.1" 200 452 "-" "Mozilla/5.0 (compatible; MJ12bot/v1.4.8; http://mj12bot.com/)"
213.136.92.207 - - [13/Nov/2022:19:27:39 +0100] "GET /apps/school/www_old10/img/LevelE/ HTTP/1.1" 200 441 "-" "Mozilla/5.0 (compatible; MJ12bot/v1.4.8; http://mj12bot.com/)"
185.94.131.162 - - [13/Nov/2022:19:27:16 +0100] "GET /energicontrol/strandis/index.php HTTP/1.1" 200 6583 "http://appsrv.astacus.se/energicontrol/strandis/index.php" "Mozilla/5.0 (iPhone; CPU iPhone OS 15_6_1 like Mac OS X) AppleWebKit/605.1.15 (KHTML, like Gecko) Version/15.6.1 Mobile/15E148 Safari/604.1"
185.94.131.162 - - [13/Nov/2022:19:27:46 +0100] "GET /energicontrol/strandis/js/utils.js HTTP/1.1" 200 1564 "http://appsrv.astacus.se/energicontrol/strandis/index.php" "Mozilla/5.0 (iPhone; CPU iPhone OS 15_6_1 like Mac OS X) AppleWebKit/605.1.15 (KHTML, like Gecko) Version/15.6.1 Mobile/15E148 Safari/604.1"
185.94.131.162 - - [13/Nov/2022:19:27:46 +0100] "GET /energicontrol/strandis/js/Chart.bundle.js HTTP/1.1" 200 127835 "http://appsrv.astacus.se/energicontrol/strandis/index.php" "Mozilla/5.0 (iPhone; CPU iPhone OS 15_6_1 like Mac OS X) AppleWebKit/605.1.15 (KHTML, like Gecko) Version/15.6.1 Mobile/15E148 Safari/604.1"
185.94.131.162 - - [13/Nov/2022:19:27:46 +0100] "GET /energicontrol/strandis/images/HUS3.jpg HTTP/1.1" 304 - "http://appsrv.astacus.se/energicontrol/strandis/index.php" "Mozilla/5.0 (iPhone; CPU iPhone OS 15_6_1 like Mac OS X) AppleWebKit/605.1.15 (KHTML, like Gecko) Version/15.6.1 Mobile/15E148 Safari/604.1"
213.136.92.207 - - [13/Nov/2022:19:27:47 +0100] "GET /apps/school/www_old10/img/LevelE/Category3/LevelECat3Lesson01/ HTTP/1.1" 200 449 "-" "Mozilla/5.0 (compatible; MJ12bot/v1.4.8; http://mj12bot.com/)"
40.77.167.13 - - [13/Nov/2022:19:27:48 +0100] "GET /apps/school/www_old2/img/LevelB/Category1/LevelBCat1Lesson26/ HTTP/1.1" 200 448 "-" "Mozilla/5.0 AppleWebKit/537.36 (KHTML, like Gecko; compatible; bingbot/2.0; +http://www.bing.com/bingbot.htm) Chrome/103.0.5060.134 Safari/537.36"
89.246.241.14 - - [13/Nov/2022:19:27:56 +0100] "GET /category/laserscanning/ HTTP/1.1" 200 11916 "-" "Mozilla/5.0 (Windows NT 10.0; Win64; x64; rv:84.0) Gecko/20100101 Firefox/84.0"
54.36.148.84 - - [13/Nov/2022:19:27:57 +0100] "GET /apps/school/www_old6/img/LevelD/Category2/LevelDCat2Lesson24/?C=D;O=A HTTP/1.1" 200 506 "-" "Mozilla/5.0 (compatible; AhrefsBot/7.0; +http://ahrefs.com/robot/)"
213.136.92.207 - - [13/Nov/2022:19:27:58 +0100] "GET /apps/school/www_old10/img/LevelE/Category3/LevelECat3Lesson02/ HTTP/1.1" 200 449 "-" "Mozilla/5.0 (compatible; MJ12bot/v1.4.8; http://mj12bot.com/)"
213.136.92.207 - - [13/Nov/2022:19:28:03 +0100] "GET /apps/school/www_old10/img/LevelE/Category3/LevelECat3Lesson03/ HTTP/1.1" 200 449 "-" "Mozilla/5.0 (compatible; MJ12bot/v1.4.8; http://mj12bot.com/)"
213.136.92.207 - - [13/Nov/2022:19:28:12 +0100] "GET /apps/school/www_old10/img/LevelE/Category3/LevelECat3Lesson04/ HTTP/1.1" 200 453 "-" "Mozilla/5.0 (compatible; MJ12bot/v1.4.8; http://mj12bot.com/)"
213.136.92.207 - - [13/Nov/2022:19:28:21 +0100] "GET /apps/school/www_old10/img/LevelE/Category3/LevelECat3Lesson06/ HTTP/1.1" 200 579 "-" "Mozilla/5.0 (compatible; MJ12bot/v1.4.8; http://mj12bot.com/)"
213.136.92.207 - - [13/Nov/2022:19:28:37 +0100] "GET /apps/school/www_old10/img/LevelE/Category3/LevelECat3Lesson07/ HTTP/1.1" 200 554 "-" "Mozilla/5.0 (compatible; MJ12bot/v1.4.8; http://mj12bot.com/)"
146.190.56.0 - - [13/Nov/2022:19:28:37 +0100] "CONNECT 188.214.129.95:4444 HTTP/1.1" 200 21 "-" "-"
213.136.92.207 - - [13/Nov/2022:19:28:43 +0100] "GET /apps/school/www_old10/img/LevelE/Category3/LevelECat3Lesson20/ HTTP/1.1" 200 444 "-" "Mozilla/5.0 (compatible; MJ12bot/v1.4.8; http://mj12bot.com/)"
213.136.92.207 - - [13/Nov/2022:19:28:51 +0100] "GET /apps/school/www_old10/img/LevelE/Category3/LevelECat3Lesson21/ HTTP/1.1" 200 446 "-" "Mozilla/5.0 (compatible; MJ12bot/v1.4.8; http://mj12bot.com/)"
213.136.92.207 - - [13/Nov/2022:19:29:00 +0100] "GET /apps/school/www_old10/img/LevelE/Category3/LevelECat3Lesson22/ HTTP/1.1" 200 446 "-" "Mozilla/5.0 (compatible; MJ12bot/v1.4.8; http://mj12bot.com/)"
205.185.120.53 - - [13/Nov/2022:19:29:02 +0100] "GET /wp-login.php HTTP/1.1" 200 2977 "-" "Mozilla/5.0 (Macintosh; Intel Mac OS X 10_9_0) AppleWebKit/537.36 (KHTML, like Gecko) Chrome/36.0.1985.125 Safari/537.36"
213.136.92.207 - - [13/Nov/2022:19:29:10 +0100] "GET /apps/school/www_old10/img/LevelE/Category3/LevelECat3Lesson23/ HTTP/1.1" 200 446 "-" "Mozilla/5.0 (compatible; MJ12bot/v1.4.8; http://mj12bot.com/)"
198.98.49.240 - - [13/Nov/2022:19:29:17 +0100] "GET /wp-login.php HTTP/1.1" 200 2977 "-" "Mozilla/5.0 (Windows NT 6.1; WOW64; rv:30.0) Gecko/20100101 Firefox/30.0"
213.136.92.207 - - [13/Nov/2022:19:29:22 +0100] "GET /apps/school/www_old10/img/LevelE/Category3/LevelECat3Lesson24/ HTTP/1.1" 200 447 "-" "Mozilla/5.0 (compatible; MJ12bot/v1.4.8; http://mj12bot.com/)"
213.136.92.207 - - [13/Nov/2022:19:29:32 +0100] "GET /apps/school/www_old10/img/LevelE/Category3/LevelECat3Lesson26/ HTTP/1.1" 200 509 "-" "Mozilla/5.0 (compatible; MJ12bot/v1.4.8; http://mj12bot.com/)"
114.119.131.245 - - [13/Nov/2022:19:29:36 +0100] "GET /robots.txt HTTP/1.1" 200 67 "-" "Mozilla/5.0 (compatible;PetalBot;+https://webmaster.petalsearch.com/site/petalbot)"
213.136.92.207 - - [13/Nov/2022:19:29:44 +0100] "GET /apps/school/www_old10/img/LevelE/Category3/LevelECat3Lesson27/ HTTP/1.1" 200 629 "-" "Mozilla/5.0 (compatible; MJ12bot/v1.4.8; http://mj12bot.com/)"
205.185.120.53 - - [13/Nov/2022:19:29:52 +0100] "POST /wp-login.php HTTP/1.1" 200 3996 "-" "Mozilla/5.0 (Macintosh; Intel Mac OS X 10_9_0) AppleWebKit/537.36 (KHTML, like Gecko) Chrome/36.0.1985.125 Safari/537.36"
66.249.70.241 - - [13/Nov/2022:19:29:53 +0100] "GET /.well-known/assetlinks.json HTTP/1.1" 404 225 "-" "Mozilla/5.0 (compatible; Googlebot/2.1; +http://www.google.com/bot.html)"
213.136.92.207 - - [13/Nov/2022:19:29:54 +0100] "GET /apps/school/www_old10/img/LevelE/Category3/LevelECat3Lesson28/ HTTP/1.1" 200 614 "-" "Mozilla/5.0 (compatible; MJ12bot/v1.4.8; http://mj12bot.com/)"
213.136.92.207 - - [13/Nov/2022:19:30:01 +0100] "GET /apps/school/www_old10/img/LevelE/Category3/LevelECat3Lesson30/ HTTP/1.1" 200 451 "-" "Mozilla/5.0 (compatible; MJ12bot/v1.4.8; http://mj12bot.com/)"
213.136.92.207 - - [13/Nov/2022:19:30:12 +0100] "GET /apps/school/www_old10/img/LevelE/Category3/LevelECat3Lesson31/ HTTP/1.1" 200 450 "-" "Mozilla/5.0 (compatible; MJ12bot/v1.4.8; http://mj12bot.com/)"
198.98.49.240 - - [13/Nov/2022:19:30:14 +0100] "POST /wp-login.php HTTP/1.1" 200 3982 "-" "Mozilla/5.0 (Windows NT 6.1; WOW64; rv:30.0) Gecko/20100101 Firefox/30.0"
213.136.92.207 - - [13/Nov/2022:19:30:21 +0100] "GET /apps/school/www_old10/img/LevelH/Category1/LevelHCat1Lesson01/ HTTP/1.1" 200 449 "-" "Mozilla/5.0 (compatible; MJ12bot/v1.4.8; http://mj12bot.com/)"
213.136.92.207 - - [13/Nov/2022:19:30:31 +0100] "GET /apps/school/www_old10/img/LevelH/Category1/LevelHCat1Lesson02/ HTTP/1.1" 200 450 "-" "Mozilla/5.0 (compatible; MJ12bot/v1.4.8; http://mj12bot.com/)"
213.136.92.207 - - [13/Nov/2022:19:30:42 +0100] "GET /apps/school/www_old10/img/LevelH/Category1/LevelHCat1Lesson03/ HTTP/1.1" 200 450 "-" "Mozilla/5.0 (compatible; MJ12bot/v1.4.8; http://mj12bot.com/)"
213.136.92.207 - - [13/Nov/2022:19:30:48 +0100] "GET /apps/school/www_old10/img/LevelH/Category1/LevelHCat1Lesson04/ HTTP/1.1" 200 450 "-" "Mozilla/5.0 (compatible; MJ12bot/v1.4.8; http://mj12bot.com/)"
213.136.92.207 - - [13/Nov/2022:19:31:01 +0100] "GET /apps/school/www_old10/img/LevelH/Category1/LevelHCat1Lesson05/ HTTP/1.1" 200 450 "-" "Mozilla/5.0 (compatible; MJ12bot/v1.4.8; http://mj12bot.com/)"
107.189.6.184 - - [13/Nov/2022:19:31:03 +0100] "GET /wp-login.php HTTP/1.1" 200 2977 "-" "Mozilla/5.0 (Windows NT 6.1; WOW64; rv:31.0) Gecko/20100101 Firefox/31.0"
213.136.92.207 - - [13/Nov/2022:19:31:09 +0100] "GET /apps/school/www_old10/img/LevelH/Category1/LevelHCat1Lesson08/ HTTP/1.1" 200 570 "-" "Mozilla/5.0 (compatible; MJ12bot/v1.4.8; http://mj12bot.com/)"
213.136.92.207 - - [13/Nov/2022:19:31:18 +0100] "GET /apps/school/www_old10/img/LevelH/Category1/LevelHCat1Lesson09/ HTTP/1.1" 200 586 "-" "Mozilla/5.0 (compatible; MJ12bot/v1.4.8; http://mj12bot.com/)"
213.136.92.207 - - [13/Nov/2022:19:31:27 +0100] "GET /apps/school/www_old10/img/LevelH/Category1/LevelHCat1Lesson13/ HTTP/1.1" 200 456 "-" "Mozilla/5.0 (compatible; MJ12bot/v1.4.8; http://mj12bot.com/)"
146.190.56.0 - - [13/Nov/2022:19:31:35 +0100] "CONNECT 188.214.129.95:4444 HTTP/1.1" 200 21 "-" "-"
213.136.92.207 - - [13/Nov/2022:19:31:35 +0100] "GET /apps/school/www_old10/img/LevelH/Category1/LevelHCat1Lesson14/ HTTP/1.1" 200 454 "-" "Mozilla/5.0 (compatible; MJ12bot/v1.4.8; http://mj12bot.com/)"
213.136.92.207 - - [13/Nov/2022:19:31:43 +0100] "GET /apps/school/www_old10/img/LevelH/Category1/LevelHCat1Lesson15/ HTTP/1.1" 200 455 "-" "Mozilla/5.0 (compatible; MJ12bot/v1.4.8; http://mj12bot.com/)"
213.136.92.207 - - [13/Nov/2022:19:31:52 +0100] "GET /apps/school/www_old10/img/LevelH/Category1/LevelHCat1Lesson18/ HTTP/1.1" 200 643 "-" "Mozilla/5.0 (compatible; MJ12bot/v1.4.8; http://mj12bot.com/)"
114.119.141.42 - - [13/Nov/2022:19:31:55 +0100] "GET /apps/school/www_old8/res/ HTTP/1.1" 200 437 "http://kulturdokumentation.se/apps/school/www_old8/res/icon/?C=M%3BO%3DA" "Mozilla/5.0 (Linux; Android 7.0;) AppleWebKit/537.36 (KHTML, like Gecko) Mobile Safari/537.36 (compatible; PetalBot;+https://webmaster.petalsearch.com/site/petalbot)"
213.136.92.207 - - [13/Nov/2022:19:32:02 +0100] "GET /apps/school/www_old10/img/LevelH/Category1/LevelHCat1Lesson22/ HTTP/1.1" 200 446 "-" "Mozilla/5.0 (compatible; MJ12bot/v1.4.8; http://mj12bot.com/)"
213.136.92.207 - - [13/Nov/2022:19:32:13 +0100] "GET /apps/school/www_old10/img/LevelH/Category1/LevelHCat1Lesson23/ HTTP/1.1" 200 446 "-" "Mozilla/5.0 (compatible; MJ12bot/v1.4.8; http://mj12bot.com/)"
213.136.92.207 - - [13/Nov/2022:19:32:21 +0100] "GET /apps/school/www_old10/img/LevelH/Category1/LevelHCat1Lesson24/ HTTP/1.1" 200 446 "-" "Mozilla/5.0 (compatible; MJ12bot/v1.4.8; http://mj12bot.com/)"
213.136.92.207 - - [13/Nov/2022:19:32:29 +0100] "GET /apps/school/www_old2/img/LevelB/Category2/LevelBCat2Lesson1/ HTTP/1.1" 200 612 "-" "Mozilla/5.0 (compatible; MJ12bot/v1.4.8; http://mj12bot.com/)"
114.119.134.161 - - [13/Nov/2022:19:32:33 +0100] "GET /apps/school/www_old3/img/LevelA/Category2/LevelACat2Lesson17/ HTTP/1.1" 200 496 "http://kulturdokumentation.com/apps/school/www_old3/img/LevelA/Category2/?C=M%3BO%3DA" "Mozilla/5.0 (Linux; Android 7.0;) AppleWebKit/537.36 (KHTML, like Gecko) Mobile Safari/537.36 (compatible; PetalBot;+https://webmaster.petalsearch.com/site/petalbot)"
213.136.92.207 - - [13/Nov/2022:19:32:35 +0100] "GET /apps/school/www_old2/img/LevelB/Category2/LevelBCat2Lesson10/ HTTP/1.1" 200 574 "-" "Mozilla/5.0 (compatible; MJ12bot/v1.4.8; http://mj12bot.com/)"
213.136.92.207 - - [13/Nov/2022:19:32:44 +0100] "GET /apps/school/www_old2/img/LevelB/Category2/LevelBCat2Lesson11/ HTTP/1.1" 200 623 "-" "Mozilla/5.0 (compatible; MJ12bot/v1.4.8; http://mj12bot.com/)"
213.136.92.207 - - [13/Nov/2022:19:32:49 +0100] "GET /apps/school/www_old2/img/LevelB/Category2/LevelBCat2Lesson12/ HTTP/1.1" 200 489 "-" "Mozilla/5.0 (compatible; MJ12bot/v1.4.8; http://mj12bot.com/)"
54.36.148.17 - - [13/Nov/2022:19:32:51 +0100] "GET /therefore-the-damaged-screen-can-either-be-replaced-or-repaired/ HTTP/1.1" 302 271 "-" "Mozilla/5.0 (compatible; AhrefsBot/7.0; +http://ahrefs.com/robot/)"
213.136.92.207 - - [13/Nov/2022:19:32:55 +0100] "GET /apps/school/www_old2/img/LevelB/Category2/LevelBCat2Lesson13/ HTTP/1.1" 200 542 "-" "Mozilla/5.0 (compatible; MJ12bot/v1.4.8; http://mj12bot.com/)"
68.178.230.208 - - [13/Nov/2022:19:32:58 +0100] "POST /xmlrpc.php HTTP/1.1" 200 412 "-" "Mozilla/5.0 (Windows NT 10.0; Win64; x64) AppleWebKit/537.36 (KHTML, like Gecko) Chrome/85.0.4183.121 Safari/537.36"
120.77.136.72 - - [13/Nov/2022:19:32:59 +0100] "POST /xmlrpc.php HTTP/1.1" 200 412 "-" "Mozilla/5.0 (Windows NT 10.0; Win64; x64) AppleWebKit/537.36 (KHTML, like Gecko) Chrome/89.0.4389.90 Safari/537.36"
213.136.92.207 - - [13/Nov/2022:19:33:03 +0100] "GET /apps/school/www_old2/img/LevelB/Category2/LevelBCat2Lesson14/ HTTP/1.1" 200 446 "-" "Mozilla/5.0 (compatible; MJ12bot/v1.4.8; http://mj12bot.com/)"
170.187.138.210 - - [13/Nov/2022:19:33:06 +0100] "POST /xmlrpc.php HTTP/1.1" 200 412 "-" "Mozilla/5.0 (Windows NT 10.0; Win64; x64; rv:59.0) Gecko/20100101 Firefox/59.0"
170.187.138.210 - - [13/Nov/2022:19:33:07 +0100] "POST /xmlrpc.php HTTP/1.1" 200 412 "-" "Mozilla/5.0 (Linux; Android 10; LM-X420) AppleWebKit/537.36 (KHTML, like Gecko) Chrome/91.0.4472.114 Mobile Safari/537.36"
213.136.92.207 - - [13/Nov/2022:19:33:11 +0100] "GET /apps/school/www_old2/img/LevelB/Category2/LevelBCat2Lesson17/ HTTP/1.1" 200 483 "-" "Mozilla/5.0 (compatible; MJ12bot/v1.4.8; http://mj12bot.com/)"
185.182.57.28 - - [13/Nov/2022:19:33:11 +0100] "POST /xmlrpc.php HTTP/1.1" 200 412 "-" "Mozilla/5.0 (Linux; Android 10; LM-X420) AppleWebKit/537.36 (KHTML, like Gecko) Chrome/91.0.4472.114 Mobile Safari/537.36"
107.189.3.40 - - [13/Nov/2022:19:33:18 +0100] "GET /wp-login.php HTTP/1.1" 200 2977 "-" "Mozilla/5.0 (Macintosh; Intel Mac OS X 10_7_5) AppleWebKit/537.36 (KHTML, like Gecko) Chrome/36.0.1985.125 Safari/537.36"
107.189.3.40 - - [13/Nov/2022:19:33:18 +0100] "POST /wp-login.php HTTP/1.1" 200 3988 "-" "Mozilla/5.0 (Macintosh; Intel Mac OS X 10_7_5) AppleWebKit/537.36 (KHTML, like Gecko) Chrome/36.0.1985.125 Safari/537.36"
213.136.92.207 - - [13/Nov/2022:19:33:19 +0100] "GET /apps/school/www_old2/img/LevelB/Category2/LevelBCat2Lesson19/ HTTP/1.1" 200 447 "-" "Mozilla/5.0 (compatible; MJ12bot/v1.4.8; http://mj12bot.com/)"
82.217.66.111 - - [13/Nov/2022:19:33:19 +0100] "POST /xmlrpc.php HTTP/1.1" 200 412 "-" "Mozilla/5.0 (Windows NT 6.1) AppleWebKit/537.36 (KHTML, like Gecko) Chrome/56.0.2924.76 Safari/537.36"
217.76.132.31 - - [13/Nov/2022:19:33:20 +0100] "POST /xmlrpc.php HTTP/1.1" 200 412 "-" "Mozilla/5.0 (Windows NT 10.0; Win64; x64) AppleWebKit/537.36 (KHTML, like Gecko) Chrome/74.0.3729.157 Safari/537.36"
198.55.102.203 - - [13/Nov/2022:19:33:21 +0100] "POST /xmlrpc.php HTTP/1.1" 200 412 "-" "Mozilla/5.0 (Windows NT 10.0; Win64; x64; rv:67.0) Gecko/20100101 Firefox/67.0"
213.136.92.207 - - [13/Nov/2022:19:33:25 +0100] "GET /apps/school/www_old2/img/LevelB/Category2/LevelBCat2Lesson2/ HTTP/1.1" 200 538 "-" "Mozilla/5.0 (compatible; MJ12bot/v1.4.8; http://mj12bot.com/)"
198.55.102.203 - - [13/Nov/2022:19:33:26 +0100] "POST /xmlrpc.php HTTP/1.1" 200 403 "-" "Mozilla/5.0 (Windows NT 6.3; Win64; x64; rv:73.0) Gecko/20100101 Firefox/73.0"
202.66.173.3 - - [13/Nov/2022:19:33:26 +0100] "POST /xmlrpc.php HTTP/1.1" 200 412 "-" "Mozilla/5.0 (Windows NT 10.0; Win64; x64) AppleWebKit/537.36 (KHTML, like Gecko) Chrome/84.0.4147.135 Safari/537.36"
213.136.92.207 - - [13/Nov/2022:19:33:27 +0100] "GET /apps/school/www_old2/img/LevelB/Category2/LevelBCat2Lesson3/ HTTP/1.1" 200 481 "-" "Mozilla/5.0 (compatible; MJ12bot/v1.4.8; http://mj12bot.com/)"
164.92.239.145 - - [13/Nov/2022:19:33:33 +0100] "POST /xmlrpc.php HTTP/1.1" 200 412 "-" "Mozilla/5.0 (Windows NT 5.1; rv:40.0) Gecko/20100101 Firefox/40.0"
213.136.92.207 - - [13/Nov/2022:19:33:33 +0100] "GET /apps/school/www_old2/img/LevelB/Category2/LevelBCat2Lesson4/ HTTP/1.1" 200 492 "-" "Mozilla/5.0 (compatible; MJ12bot/v1.4.8; http://mj12bot.com/)"
66.249.64.210 - - [13/Nov/2022:19:33:34 +0100] "GET /apps/school/www_old3/img/LevelC/Category2/LevelCCat2Lesson12/glassesCat2Set3.png HTTP/1.1" 200 11889 "-" "Googlebot-Image/1.0"
213.136.92.207 - - [13/Nov/2022:19:33:41 +0100] "GET /apps/school/www_old2/img/LevelB/Category2/LevelBCat2Lesson5/ HTTP/1.1" 200 475 "-" "Mozilla/5.0 (compatible; MJ12bot/v1.4.8; http://mj12bot.com/)"
213.136.92.207 - - [13/Nov/2022:19:33:47 +0100] "GET /apps/school/www_old2/img/LevelB/Category2/LevelBCat2Lesson6/ HTTP/1.1" 200 546 "-" "Mozilla/5.0 (compatible; MJ12bot/v1.4.8; http://mj12bot.com/)"
213.136.92.207 - - [13/Nov/2022:19:33:56 +0100] "GET /apps/school/www_old2/img/LevelC/Category1/LevelCCat1Lesson6/ HTTP/1.1" 200 514 "-" "Mozilla/5.0 (compatible; MJ12bot/v1.4.8; http://mj12bot.com/)"
213.136.92.207 - - [13/Nov/2022:19:34:06 +0100] "GET /apps/school/www_old3/ HTTP/1.1" 200 675 "-" "Mozilla/5.0 (compatible; MJ12bot/v1.4.8; http://mj12bot.com/)"
213.136.92.207 - - [13/Nov/2022:19:34:12 +0100] "GET /apps/school/www_old3/android/plugins/org.apache.cordova.file-transfer/www/ HTTP/1.1" 200 478 "-" "Mozilla/5.0 (compatible; MJ12bot/v1.4.8; http://mj12bot.com/)"
179.43.177.154 - - [13/Nov/2022:19:34:15 +0100] "\x16\x03\x01" 400 226 "-" "-"
179.43.177.154 - - [13/Nov/2022:19:34:15 +0100] "GET /static../.git/config HTTP/1.1" 404 218 "-" "Mozilla/5.0 (Macintosh; Intel Mac OS X 10_15_7) AppleWebKit/537.36 (KHTML, like Gecko) Chrome/98.0.4758.80 Safari/537.36"
213.136.92.207 - - [13/Nov/2022:19:34:19 +0100] "GET /apps/school/www_old3/android/plugins/org.apache.cordova.media/www/ HTTP/1.1" 200 468 "-" "Mozilla/5.0 (compatible; MJ12bot/v1.4.8; http://mj12bot.com/)"
213.136.92.207 - - [13/Nov/2022:19:34:24 +0100] "GET /apps/school/www_old3/img/LevelA/Category2/LevelACat2Lesson1/ HTTP/1.1" 200 508 "-" "Mozilla/5.0 (compatible; MJ12bot/v1.4.8; http://mj12bot.com/)"
213.136.92.207 - - [13/Nov/2022:19:34:31 +0100] "GET /apps/school/www_old3/img/LevelA/Category2/LevelACat2Lesson10/ HTTP/1.1" 200 467 "-" "Mozilla/5.0 (compatible; MJ12bot/v1.4.8; http://mj12bot.com/)"
146.190.56.0 - - [13/Nov/2022:19:34:34 +0100] "CONNECT 188.214.129.95:4444 HTTP/1.1" 200 21 "-" "-"
213.136.92.207 - - [13/Nov/2022:19:34:42 +0100] "GET /apps/school/www_old3/img/LevelA/Category2/LevelACat2Lesson11/ HTTP/1.1" 200 492 "-" "Mozilla/5.0 (compatible; MJ12bot/v1.4.8; http://mj12bot.com/)"
213.136.92.207 - - [13/Nov/2022:19:34:50 +0100] "GET /apps/school/www_old3/img/LevelA/Category2/LevelACat2Lesson12/ HTTP/1.1" 200 537 "-" "Mozilla/5.0 (compatible; MJ12bot/v1.4.8; http://mj12bot.com/)"
213.136.92.207 - - [13/Nov/2022:19:34:59 +0100] "GET /apps/school/www_old3/img/LevelA/Category2/LevelACat2Lesson13/ HTTP/1.1" 200 515 "-" "Mozilla/5.0 (compatible; MJ12bot/v1.4.8; http://mj12bot.com/)"
213.136.92.207 - - [13/Nov/2022:19:35:07 +0100] "GET /apps/school/www_old3/img/LevelA/Category2/LevelACat2Lesson14/ HTTP/1.1" 200 548 "-" "Mozilla/5.0 (compatible; MJ12bot/v1.4.8; http://mj12bot.com/)"
207.46.13.237 - - [13/Nov/2022:19:35:09 +0100] "GET /robots.txt HTTP/1.1" 302 218 "-" "Mozilla/5.0 (compatible; bingbot/2.0; +http://www.bing.com/bingbot.htm)"
