65.108.231.155 - - [13/Nov/2022:12:51:16 +0100] "GET /apps/school/www_old9/img/LevelG/Category1/LevelGCat1Lesson12/ HTTP/1.1" 200 446 "-" "Mozilla/5.0 (compatible; MJ12bot/v1.4.8; http://mj12bot.com/)"
65.108.231.155 - - [13/Nov/2022:12:51:18 +0100] "GET /apps/school/www_old9/img/LevelG/Category1/LevelGCat1Lesson13/ HTTP/1.1" 200 446 "-" "Mozilla/5.0 (compatible; MJ12bot/v1.4.8; http://mj12bot.com/)"
65.108.231.155 - - [13/Nov/2022:12:51:19 +0100] "GET /apps/school/www_old9/img/LevelG/Category1/LevelGCat1Lesson14/ HTTP/1.1" 200 446 "-" "Mozilla/5.0 (compatible; MJ12bot/v1.4.8; http://mj12bot.com/)"
65.108.231.155 - - [13/Nov/2022:12:51:21 +0100] "GET /apps/school/www_old9/img/LevelG/Category1/LevelGCat1Lesson15/ HTTP/1.1" 200 446 "-" "Mozilla/5.0 (compatible; MJ12bot/v1.4.8; http://mj12bot.com/)"
65.108.231.155 - - [13/Nov/2022:12:51:22 +0100] "GET /apps/school/www_old9/img/LevelG/Category1/LevelGCat1Lesson27/ HTTP/1.1" 200 451 "-" "Mozilla/5.0 (compatible; MJ12bot/v1.4.8; http://mj12bot.com/)"
65.108.231.155 - - [13/Nov/2022:12:51:24 +0100] "GET /apps/school/www_old9/img/LevelG/Category1/LevelGCat1Lesson35/ HTTP/1.1" 200 446 "-" "Mozilla/5.0 (compatible; MJ12bot/v1.4.8; http://mj12bot.com/)"
65.108.231.155 - - [13/Nov/2022:12:51:26 +0100] "GET /apps/school/www_old9/img/LevelG/Category1/LevelGCat1Lesson36/ HTTP/1.1" 200 445 "-" "Mozilla/5.0 (compatible; MJ12bot/v1.4.8; http://mj12bot.com/)"
65.108.231.155 - - [13/Nov/2022:12:51:27 +0100] "GET /apps/school/www_old9/img/LevelG/Category1/LevelGCat1Lesson37/ HTTP/1.1" 200 445 "-" "Mozilla/5.0 (compatible; MJ12bot/v1.4.8; http://mj12bot.com/)"
65.108.231.155 - - [13/Nov/2022:12:51:29 +0100] "GET /apps/school/www_old9/img/LevelG/Category1/LevelGCat1Lesson38/ HTTP/1.1" 200 444 "-" "Mozilla/5.0 (compatible; MJ12bot/v1.4.8; http://mj12bot.com/)"
65.108.231.155 - - [13/Nov/2022:12:51:30 +0100] "GET /apps/school/www_old9/img/LevelG/Category1/LevelGCat1Lesson39/ HTTP/1.1" 200 445 "-" "Mozilla/5.0 (compatible; MJ12bot/v1.4.8; http://mj12bot.com/)"
65.108.231.155 - - [13/Nov/2022:12:51:32 +0100] "GET /apps/school/www_old9/img/LevelG/Category2/LevelGCat2Lesson01/ HTTP/1.1" 200 447 "-" "Mozilla/5.0 (compatible; MJ12bot/v1.4.8; http://mj12bot.com/)"
65.108.231.155 - - [13/Nov/2022:12:51:34 +0100] "GET /apps/school/www_old9/img/LevelG/Category2/LevelGCat2Lesson03/ HTTP/1.1" 200 448 "-" "Mozilla/5.0 (compatible; MJ12bot/v1.4.8; http://mj12bot.com/)"
65.108.231.155 - - [13/Nov/2022:12:51:36 +0100] "GET /apps/school/www_old9/img/LevelG/Category2/LevelGCat2Lesson22/ HTTP/1.1" 200 446 "-" "Mozilla/5.0 (compatible; MJ12bot/v1.4.8; http://mj12bot.com/)"
65.108.231.155 - - [13/Nov/2022:12:51:37 +0100] "GET /apps/school/www_old9/img/LevelG/Category2/LevelGCat2Lesson23/ HTTP/1.1" 200 447 "-" "Mozilla/5.0 (compatible; MJ12bot/v1.4.8; http://mj12bot.com/)"
54.36.148.5 - - [13/Nov/2022:12:51:38 +0100] "GET /with-the-high-costs-of-healthcare-and-with-companies-competing/ HTTP/1.1" 302 270 "-" "Mozilla/5.0 (compatible; AhrefsBot/7.0; +http://ahrefs.com/robot/)"
65.108.231.155 - - [13/Nov/2022:12:51:39 +0100] "GET /apps/school/www_old9/img/LevelG/Category2/LevelGCat2Lesson24/ HTTP/1.1" 200 502 "-" "Mozilla/5.0 (compatible; MJ12bot/v1.4.8; http://mj12bot.com/)"
65.108.231.155 - - [13/Nov/2022:12:51:41 +0100] "GET /apps/school/www_old9/img/LevelG/Category2/LevelGCat2Lesson25/ HTTP/1.1" 200 450 "-" "Mozilla/5.0 (compatible; MJ12bot/v1.4.8; http://mj12bot.com/)"
65.108.231.155 - - [13/Nov/2022:12:51:42 +0100] "GET /apps/school/www_old9/img/LevelG/Category2/LevelGCat2Lesson26/ HTTP/1.1" 200 450 "-" "Mozilla/5.0 (compatible; MJ12bot/v1.4.8; http://mj12bot.com/)"
65.108.231.155 - - [13/Nov/2022:12:51:44 +0100] "GET /apps/school/www_old9/img/LevelG/Category2/LevelGCat2Lesson27/ HTTP/1.1" 200 450 "-" "Mozilla/5.0 (compatible; MJ12bot/v1.4.8; http://mj12bot.com/)"
65.108.231.155 - - [13/Nov/2022:12:51:46 +0100] "GET /apps/school/www_old9/img/LevelG/Category2/LevelGCat2Lesson28/ HTTP/1.1" 200 450 "-" "Mozilla/5.0 (compatible; MJ12bot/v1.4.8; http://mj12bot.com/)"
65.108.231.155 - - [13/Nov/2022:12:51:47 +0100] "GET /apps/school/www_old9/img/LevelG/Category2/LevelGCat2Lesson29/ HTTP/1.1" 200 449 "-" "Mozilla/5.0 (compatible; MJ12bot/v1.4.8; http://mj12bot.com/)"
65.108.231.155 - - [13/Nov/2022:12:51:49 +0100] "GET /apps/school/www_old9/img/LevelG/Category2/LevelGCat2Lesson30/ HTTP/1.1" 200 455 "-" "Mozilla/5.0 (compatible; MJ12bot/v1.4.8; http://mj12bot.com/)"
65.108.231.155 - - [13/Nov/2022:12:51:51 +0100] "GET /apps/school/www_old9/img/LevelG/Category2/LevelGCat2Lesson31/ HTTP/1.1" 200 450 "-" "Mozilla/5.0 (compatible; MJ12bot/v1.4.8; http://mj12bot.com/)"
65.108.231.155 - - [13/Nov/2022:12:51:53 +0100] "GET /apps/school/www_old9/img/LevelG/Category2/LevelGCat2Lesson33/ HTTP/1.1" 200 479 "-" "Mozilla/5.0 (compatible; MJ12bot/v1.4.8; http://mj12bot.com/)"
65.108.231.155 - - [13/Nov/2022:12:51:54 +0100] "GET /apps/school/www_old9/img/LevelG/Category2/LevelGCat2Lesson34/ HTTP/1.1" 200 450 "-" "Mozilla/5.0 (compatible; MJ12bot/v1.4.8; http://mj12bot.com/)"
65.108.231.155 - - [13/Nov/2022:12:51:56 +0100] "GET /apps/school/www_old9/img/LevelG/Category2/LevelGCat2Lesson36/ HTTP/1.1" 200 536 "-" "Mozilla/5.0 (compatible; MJ12bot/v1.4.8; http://mj12bot.com/)"
65.108.231.155 - - [13/Nov/2022:12:51:58 +0100] "GET /apps/school/www_old9/img/LevelG/Category2/LevelGCat2Lesson37/ HTTP/1.1" 200 445 "-" "Mozilla/5.0 (compatible; MJ12bot/v1.4.8; http://mj12bot.com/)"
45.61.187.99 - - [13/Nov/2022:12:51:58 +0100] "GET /wp-login.php HTTP/1.1" 200 2977 "-" "Mozilla/5.0 (Macintosh; Intel Mac OS X 10_8_5) AppleWebKit/537.36 (KHTML, like Gecko) Chrome/36.0.1985.125 Safari/537.36"
93.159.230.83 - - [13/Nov/2022:12:51:59 +0100] "GET / HTTP/1.1" 200 1772 "-" "Mozilla/5.0 (Windows NT 10.0; Win64; x64) AppleWebKit/537.36 (KHTML, like Gecko) Chrome/71.0.3578.98 Safari/537.36"
65.108.231.155 - - [13/Nov/2022:12:51:59 +0100] "GET /apps/school/www_old9/img/LevelG/Category2/LevelGCat2Lesson38/ HTTP/1.1" 200 445 "-" "Mozilla/5.0 (compatible; MJ12bot/v1.4.8; http://mj12bot.com/)"
65.108.231.155 - - [13/Nov/2022:12:52:01 +0100] "GET /apps/school/www_old9/img/LevelG/Category2/LevelGCat2Lesson39/ HTTP/1.1" 200 445 "-" "Mozilla/5.0 (compatible; MJ12bot/v1.4.8; http://mj12bot.com/)"
65.108.231.155 - - [13/Nov/2022:12:52:02 +0100] "GET /apps/school/www_old9/img/LevelG/Category2/LevelGCat2Lesson43/ HTTP/1.1" 200 544 "-" "Mozilla/5.0 (compatible; MJ12bot/v1.4.8; http://mj12bot.com/)"
207.46.13.191 - - [13/Nov/2022:12:52:03 +0100] "GET /category/ovrigt/nyheter/ HTTP/1.1" 200 12184 "-" "Mozilla/5.0 (compatible; bingbot/2.0; +http://www.bing.com/bingbot.htm)"
65.108.231.155 - - [13/Nov/2022:12:52:04 +0100] "GET /apps/school/www_old9/img/LevelG/Category2/LevelGCat2Lesson44/ HTTP/1.1" 200 448 "-" "Mozilla/5.0 (compatible; MJ12bot/v1.4.8; http://mj12bot.com/)"
65.108.231.155 - - [13/Nov/2022:12:52:06 +0100] "GET /apps/school/www_old_temp/AutodeskForge/learn.forge.viewmodels-nodejs/node_modules/ajv/lib/ HTTP/1.1" 200 628 "-" "Mozilla/5.0 (compatible; MJ12bot/v1.4.8; http://mj12bot.com/)"
54.36.149.89 - - [13/Nov/2022:12:52:07 +0100] "GET /apps/school/www_old9/img/LevelF/Category1/LevelFCat1Lesson25/?C=D;O=A HTTP/1.1" 200 446 "-" "Mozilla/5.0 (compatible; AhrefsBot/7.0; +http://ahrefs.com/robot/)"
65.108.231.155 - - [13/Nov/2022:12:52:07 +0100] "GET /apps/school/www_old_temp/AutodeskForge/learn.forge.viewmodels-nodejs/node_modules/asn1/lib/ HTTP/1.1" 200 489 "-" "Mozilla/5.0 (compatible; MJ12bot/v1.4.8; http://mj12bot.com/)"
45.61.187.99 - - [13/Nov/2022:12:52:08 +0100] "POST /wp-login.php HTTP/1.1" 200 3982 "-" "Mozilla/5.0 (Macintosh; Intel Mac OS X 10_8_5) AppleWebKit/537.36 (KHTML, like Gecko) Chrome/36.0.1985.125 Safari/537.36"
65.108.231.155 - - [13/Nov/2022:12:52:09 +0100] "GET /apps/school/www_old_temp/AutodeskForge/learn.forge.viewmodels-nodejs/node_modules/body-parser/lib/ HTTP/1.1" 200 495 "-" "Mozilla/5.0 (compatible; MJ12bot/v1.4.8; http://mj12bot.com/)"
65.108.231.155 - - [13/Nov/2022:12:52:11 +0100] "GET /apps/school/www_old_temp/AutodeskForge/learn.forge.viewmodels-nodejs/node_modules/express/lib/ HTTP/1.1" 200 594 "-" "Mozilla/5.0 (compatible; MJ12bot/v1.4.8; http://mj12bot.com/)"
65.108.231.155 - - [13/Nov/2022:12:52:12 +0100] "GET /apps/school/www_old_temp/AutodeskForge/learn.forge.viewmodels-nodejs/node_modules/forge-apis/src/api/ HTTP/1.1" 200 642 "-" "Mozilla/5.0 (compatible; MJ12bot/v1.4.8; http://mj12bot.com/)"
65.108.231.155 - - [13/Nov/2022:12:52:13 +0100] "GET /apps/school/www_old_temp/AutodeskForge/learn.forge.viewmodels-nodejs/node_modules/forge-apis/src/auth/ HTTP/1.1" 200 510 "-" "Mozilla/5.0 (compatible; MJ12bot/v1.4.8; http://mj12bot.com/)"
65.108.231.155 - - [13/Nov/2022:12:52:15 +0100] "GET /apps/school/www_old_temp/AutodeskForge/learn.forge.viewmodels-nodejs/node_modules/forge-apis/src/model/ HTTP/1.1" 200 2188 "-" "Mozilla/5.0 (compatible; MJ12bot/v1.4.8; http://mj12bot.com/)"
65.108.231.155 - - [13/Nov/2022:12:52:17 +0100] "GET /apps/school/www_old_temp/img/LevelA/Category1/LevelACat1Lesson01/ HTTP/1.1" 200 453 "-" "Mozilla/5.0 (compatible; MJ12bot/v1.4.8; http://mj12bot.com/)"
42.236.17.243 - - [13/Nov/2022:12:52:18 +0100] "GET / HTTP/1.1" 200 4249 "-" "Mozilla/5.0 (Windows NT 10.0; Win64; x64) AppleWebKit/537.36 (KHTML, like Gecko) Chrome/85.0.4183.83 Safari/537.36"
65.108.231.155 - - [13/Nov/2022:12:52:19 +0100] "GET /apps/school/www_old_temp/img/LevelA/Category1/LevelACat1Lesson02/ HTTP/1.1" 200 565 "-" "Mozilla/5.0 (compatible; MJ12bot/v1.4.8; http://mj12bot.com/)"
42.236.17.243 - - [13/Nov/2022:12:52:20 +0100] "GET /main.css HTTP/1.1" 200 207 "-" "Mozilla/5.0 (Windows NT 10.0; Win64; x64) AppleWebKit/537.36 (KHTML, like Gecko) Chrome/85.0.4183.83 Safari/537.36"
65.108.231.155 - - [13/Nov/2022:12:52:20 +0100] "GET /apps/school/www_old_temp/img/LevelA/Category1/LevelACat1Lesson03/ HTTP/1.1" 200 548 "-" "Mozilla/5.0 (compatible; MJ12bot/v1.4.8; http://mj12bot.com/)"
42.236.17.243 - - [13/Nov/2022:12:52:21 +0100] "GET /fadeslideshow.js HTTP/1.1" 200 4248 "-" "Mozilla/5.0 (Windows NT 10.0; Win64; x64) AppleWebKit/537.36 (KHTML, like Gecko) Chrome/85.0.4183.83 Safari/537.36"
65.108.231.155 - - [13/Nov/2022:12:52:22 +0100] "GET /apps/school/www_old_temp/img/LevelA/Category1/LevelACat1Lesson04/ HTTP/1.1" 200 559 "-" "Mozilla/5.0 (compatible; MJ12bot/v1.4.8; http://mj12bot.com/)"
65.108.231.155 - - [13/Nov/2022:12:52:23 +0100] "GET /apps/school/www_old_temp/img/LevelA/Category1/LevelACat1Lesson05/ HTTP/1.1" 200 553 "-" "Mozilla/5.0 (compatible; MJ12bot/v1.4.8; http://mj12bot.com/)"
42.236.17.243 - - [13/Nov/2022:12:52:25 +0100] "GET /images/banner/banner2.jpg HTTP/1.1" 200 44738 "-" "Mozilla/5.0 (Windows NT 10.0; Win64; x64) AppleWebKit/537.36 (KHTML, like Gecko) Chrome/85.0.4183.83 Safari/537.36"
42.236.17.243 - - [13/Nov/2022:12:52:25 +0100] "GET /images/banner/banner1.jpg HTTP/1.1" 200 43851 "-" "Mozilla/5.0 (Windows NT 10.0; Win64; x64) AppleWebKit/537.36 (KHTML, like Gecko) Chrome/85.0.4183.83 Safari/537.36"
65.108.231.155 - - [13/Nov/2022:12:52:25 +0100] "GET /apps/school/www_old_temp/img/LevelA/Category1/LevelACat1Lesson06/ HTTP/1.1" 200 560 "-" "Mozilla/5.0 (compatible; MJ12bot/v1.4.8; http://mj12bot.com/)"
42.236.17.243 - - [13/Nov/2022:12:52:25 +0100] "GET /images/banner/banner4.jpg HTTP/1.1" 200 55158 "-" "Mozilla/5.0 (Windows NT 10.0; Win64; x64) AppleWebKit/537.36 (KHTML, like Gecko) Chrome/85.0.4183.83 Safari/537.36"
42.236.17.243 - - [13/Nov/2022:12:52:25 +0100] "GET /images/left.jpg HTTP/1.1" 200 2855 "-" "Mozilla/5.0 (Windows NT 10.0; Win64; x64) AppleWebKit/537.36 (KHTML, like Gecko) Chrome/85.0.4183.83 Safari/537.36"
42.236.17.243 - - [13/Nov/2022:12:52:25 +0100] "GET /images/note.jpg HTTP/1.1" 200 4693 "-" "Mozilla/5.0 (Windows NT 10.0; Win64; x64) AppleWebKit/537.36 (KHTML, like Gecko) Chrome/85.0.4183.83 Safari/537.36"
42.236.17.243 - - [13/Nov/2022:12:52:25 +0100] "GET /images/meny_bottom.jpg HTTP/1.1" 200 4505 "-" "Mozilla/5.0 (Windows NT 10.0; Win64; x64) AppleWebKit/537.36 (KHTML, like Gecko) Chrome/85.0.4183.83 Safari/537.36"
42.236.17.243 - - [13/Nov/2022:12:52:25 +0100] "GET /top_banner/logga.png HTTP/1.1" 302 227 "-" "Mozilla/5.0 (Windows NT 10.0; Win64; x64) AppleWebKit/537.36 (KHTML, like Gecko) Chrome/85.0.4183.83 Safari/537.36"
42.236.17.243 - - [13/Nov/2022:12:52:25 +0100] "GET /images/banner/banner3.jpg HTTP/1.1" 200 95851 "-" "Mozilla/5.0 (Windows NT 10.0; Win64; x64) AppleWebKit/537.36 (KHTML, like Gecko) Chrome/85.0.4183.83 Safari/537.36"
42.236.17.243 - - [13/Nov/2022:12:52:26 +0100] "GET /top_banner/background.png HTTP/1.1" 302 232 "-" "Mozilla/5.0 (Windows NT 10.0; Win64; x64) AppleWebKit/537.36 (KHTML, like Gecko) Chrome/85.0.4183.83 Safari/537.36"
65.108.231.155 - - [13/Nov/2022:12:52:27 +0100] "GET /apps/school/www_old_temp/img/LevelA/Category1/LevelACat1Lesson07/ HTTP/1.1" 200 561 "-" "Mozilla/5.0 (compatible; MJ12bot/v1.4.8; http://mj12bot.com/)"
65.108.231.155 - - [13/Nov/2022:12:52:28 +0100] "GET /apps/school/www_old_temp/img/LevelA/Category1/LevelACat1Lesson08/ HTTP/1.1" 200 531 "-" "Mozilla/5.0 (compatible; MJ12bot/v1.4.8; http://mj12bot.com/)"
65.108.231.155 - - [13/Nov/2022:12:52:31 +0100] "GET /apps/school/www_old_temp/img/LevelA/Category1/LevelACat1Lesson09/ HTTP/1.1" 200 519 "-" "Mozilla/5.0 (compatible; MJ12bot/v1.4.8; http://mj12bot.com/)"
65.108.231.155 - - [13/Nov/2022:12:52:32 +0100] "GET /apps/school/www_old_temp/img/LevelA/Category1/LevelACat1Lesson13/ HTTP/1.1" 200 531 "-" "Mozilla/5.0 (compatible; MJ12bot/v1.4.8; http://mj12bot.com/)"
42.236.17.243 - - [13/Nov/2022:12:52:34 +0100] "GET /images/menu_h2.jpg HTTP/1.1" 200 1796 "-" "Mozilla/5.0 (Windows NT 10.0; Win64; x64) AppleWebKit/537.36 (KHTML, like Gecko) Chrome/85.0.4183.83 Safari/537.36"
42.236.17.243 - - [13/Nov/2022:12:52:34 +0100] "GET /images/menu_t2.jpg HTTP/1.1" 200 2238 "-" "Mozilla/5.0 (Windows NT 10.0; Win64; x64) AppleWebKit/537.36 (KHTML, like Gecko) Chrome/85.0.4183.83 Safari/537.36"
42.236.17.243 - - [13/Nov/2022:12:52:34 +0100] "GET /images/menu_a2.jpg HTTP/1.1" 200 2361 "-" "Mozilla/5.0 (Windows NT 10.0; Win64; x64) AppleWebKit/537.36 (KHTML, like Gecko) Chrome/85.0.4183.83 Safari/537.36"
65.108.231.155 - - [13/Nov/2022:12:52:34 +0100] "GET /apps/school/www_old_temp/img/LevelA/Category1/LevelACat1Lesson14/ HTTP/1.1" 200 530 "-" "Mozilla/5.0 (compatible; MJ12bot/v1.4.8; http://mj12bot.com/)"
65.108.231.155 - - [13/Nov/2022:12:52:36 +0100] "GET /apps/school/www_old_temp/img/LevelA/Category1/LevelACat1Lesson15/ HTTP/1.1" 200 539 "-" "Mozilla/5.0 (compatible; MJ12bot/v1.4.8; http://mj12bot.com/)"
65.108.231.155 - - [13/Nov/2022:12:52:38 +0100] "GET /apps/school/www_old_temp/img/LevelA/Category1/LevelACat1Lesson18/ HTTP/1.1" 200 520 "-" "Mozilla/5.0 (compatible; MJ12bot/v1.4.8; http://mj12bot.com/)"
65.108.231.155 - - [13/Nov/2022:12:52:39 +0100] "GET /apps/school/www_old_temp/img/LevelA/Category1/LevelACat1Lesson22/ HTTP/1.1" 200 517 "-" "Mozilla/5.0 (compatible; MJ12bot/v1.4.8; http://mj12bot.com/)"
65.108.231.155 - - [13/Nov/2022:12:52:41 +0100] "GET /apps/school/www_old_temp/img/LevelA/Category1/LevelACat1Lesson26/ HTTP/1.1" 200 516 "-" "Mozilla/5.0 (compatible; MJ12bot/v1.4.8; http://mj12bot.com/)"
::1 - - [13/Nov/2022:12:52:41 +0100] "OPTIONS * HTTP/1.0" 200 - "-" "Apache/2.4.7 (Ubuntu) PHP/5.5.9-1ubuntu4.29 OpenSSL/1.0.1f (internal dummy connection)"
::1 - - [13/Nov/2022:12:52:42 +0100] "OPTIONS * HTTP/1.0" 200 - "-" "Apache/2.4.7 (Ubuntu) PHP/5.5.9-1ubuntu4.29 OpenSSL/1.0.1f (internal dummy connection)"
65.108.231.155 - - [13/Nov/2022:12:52:43 +0100] "GET /apps/school/www_old_temp/img/LevelA/Category1/LevelACat1Lesson30/ HTTP/1.1" 200 547 "-" "Mozilla/5.0 (compatible; MJ12bot/v1.4.8; http://mj12bot.com/)"
::1 - - [13/Nov/2022:12:52:43 +0100] "OPTIONS * HTTP/1.0" 200 - "-" "Apache/2.4.7 (Ubuntu) PHP/5.5.9-1ubuntu4.29 OpenSSL/1.0.1f (internal dummy connection)"
65.108.231.155 - - [13/Nov/2022:12:52:44 +0100] "GET /apps/school/www_old_temp/img/LevelA/Category1/LevelACat1Lesson32/ HTTP/1.1" 200 450 "-" "Mozilla/5.0 (compatible; MJ12bot/v1.4.8; http://mj12bot.com/)"
65.108.231.155 - - [13/Nov/2022:12:52:46 +0100] "GET /apps/school/www_old_temp/img/LevelA/Category1/LevelACat1Lesson33/ HTTP/1.1" 200 447 "-" "Mozilla/5.0 (compatible; MJ12bot/v1.4.8; http://mj12bot.com/)"
65.108.231.155 - - [13/Nov/2022:12:52:47 +0100] "GET /apps/school/www_old_temp/img/LevelA/Category1/LevelACat1Lesson35/ HTTP/1.1" 200 594 "-" "Mozilla/5.0 (compatible; MJ12bot/v1.4.8; http://mj12bot.com/)"
40.77.167.13 - - [13/Nov/2022:12:52:48 +0100] "GET /wp-content/themes/x/framework/css/dist/site/stacks/ethos.css?ver=4.6.4 HTTP/1.1" 200 23966 "-" "Mozilla/5.0 AppleWebKit/537.36 (KHTML, like Gecko; compatible; bingbot/2.0; +http://www.bing.com/bingbot.htm) Chrome/103.0.5060.134 Safari/537.36"
::1 - - [13/Nov/2022:12:52:49 +0100] "OPTIONS * HTTP/1.0" 200 - "-" "Apache/2.4.7 (Ubuntu) PHP/5.5.9-1ubuntu4.29 OpenSSL/1.0.1f (internal dummy connection)"
65.108.231.155 - - [13/Nov/2022:12:52:49 +0100] "GET /apps/school/www_old_temp/img/LevelA/Category1/LevelACat1Lesson37/ HTTP/1.1" 200 571 "-" "Mozilla/5.0 (compatible; MJ12bot/v1.4.8; http://mj12bot.com/)"
::1 - - [13/Nov/2022:12:52:50 +0100] "OPTIONS * HTTP/1.0" 200 - "-" "Apache/2.4.7 (Ubuntu) PHP/5.5.9-1ubuntu4.29 OpenSSL/1.0.1f (internal dummy connection)"
65.108.231.155 - - [13/Nov/2022:12:52:51 +0100] "GET /apps/school/www_old_temp/img/LevelA/Category1/LevelACat1Lesson38/ HTTP/1.1" 200 504 "-" "Mozilla/5.0 (compatible; MJ12bot/v1.4.8; http://mj12bot.com/)"
::1 - - [13/Nov/2022:12:52:51 +0100] "OPTIONS * HTTP/1.0" 200 - "-" "Apache/2.4.7 (Ubuntu) PHP/5.5.9-1ubuntu4.29 OpenSSL/1.0.1f (internal dummy connection)"
::1 - - [13/Nov/2022:12:53:08 +0100] "OPTIONS * HTTP/1.0" 200 - "-" "Apache/2.4.7 (Ubuntu) PHP/5.5.9-1ubuntu4.29 OpenSSL/1.0.1f (internal dummy connection)"
42.236.17.243 - - [13/Nov/2022:12:53:38 +0100] "GET / HTTP/1.1" 200 4249 "-" "Mozilla/5.0 (Windows NT 10.0; Win64; x64) AppleWebKit/537.36 (KHTML, like Gecko) Chrome/85.0.4183.83 Safari/537.36"
42.236.17.243 - - [13/Nov/2022:12:53:39 +0100] "GET /main.css HTTP/1.1" 200 207 "-" "Mozilla/5.0 (Windows NT 10.0; Win64; x64) AppleWebKit/537.36 (KHTML, like Gecko) Chrome/85.0.4183.83 Safari/537.36"
42.236.17.243 - - [13/Nov/2022:12:53:40 +0100] "GET /fadeslideshow.js HTTP/1.1" 200 4248 "-" "Mozilla/5.0 (Windows NT 10.0; Win64; x64) AppleWebKit/537.36 (KHTML, like Gecko) Chrome/85.0.4183.83 Safari/537.36"
107.189.13.99 - - [13/Nov/2022:12:53:42 +0100] "GET /wp-login.php HTTP/1.1" 200 2977 "-" "Mozilla/5.0 (Macintosh; Intel Mac OS X 10.9; rv:30.0) Gecko/20100101 Firefox/30.0"
42.236.17.243 - - [13/Nov/2022:12:53:43 +0100] "GET /images/banner/banner1.jpg HTTP/1.1" 200 43851 "-" "Mozilla/5.0 (Windows NT 10.0; Win64; x64) AppleWebKit/537.36 (KHTML, like Gecko) Chrome/85.0.4183.83 Safari/537.36"
42.236.17.243 - - [13/Nov/2022:12:53:43 +0100] "GET /images/banner/banner2.jpg HTTP/1.1" 200 44738 "-" "Mozilla/5.0 (Windows NT 10.0; Win64; x64) AppleWebKit/537.36 (KHTML, like Gecko) Chrome/85.0.4183.83 Safari/537.36"
42.236.17.243 - - [13/Nov/2022:12:53:43 +0100] "GET /images/banner/banner4.jpg HTTP/1.1" 200 55158 "-" "Mozilla/5.0 (Windows NT 10.0; Win64; x64) AppleWebKit/537.36 (KHTML, like Gecko) Chrome/85.0.4183.83 Safari/537.36"
42.236.17.243 - - [13/Nov/2022:12:53:43 +0100] "GET /images/left.jpg HTTP/1.1" 200 2855 "-" "Mozilla/5.0 (Windows NT 10.0; Win64; x64) AppleWebKit/537.36 (KHTML, like Gecko) Chrome/85.0.4183.83 Safari/537.36"
42.236.17.243 - - [13/Nov/2022:12:53:43 +0100] "GET /top_banner/logga.png HTTP/1.1" 302 227 "-" "Mozilla/5.0 (Windows NT 10.0; Win64; x64) AppleWebKit/537.36 (KHTML, like Gecko) Chrome/85.0.4183.83 Safari/537.36"
42.236.17.243 - - [13/Nov/2022:12:53:43 +0100] "GET /images/simplebim.jpg HTTP/1.1" 200 6684 "-" "Mozilla/5.0 (Windows NT 10.0; Win64; x64) AppleWebKit/537.36 (KHTML, like Gecko) Chrome/85.0.4183.83 Safari/537.36"
42.236.17.243 - - [13/Nov/2022:12:53:44 +0100] "GET /images/scale-small.jpg HTTP/1.1" 200 5356 "-" "Mozilla/5.0 (Windows NT 10.0; Win64; x64) AppleWebKit/537.36 (KHTML, like Gecko) Chrome/85.0.4183.83 Safari/537.36"
42.236.17.243 - - [13/Nov/2022:12:53:43 +0100] "GET /images/banner/banner3.jpg HTTP/1.1" 200 95851 "-" "Mozilla/5.0 (Windows NT 10.0; Win64; x64) AppleWebKit/537.36 (KHTML, like Gecko) Chrome/85.0.4183.83 Safari/537.36"
42.236.17.243 - - [13/Nov/2022:12:53:45 +0100] "GET /images/menu_t1.jpg HTTP/1.1" 200 2235 "-" "Mozilla/5.0 (Windows NT 10.0; Win64; x64) AppleWebKit/537.36 (KHTML, like Gecko) Chrome/85.0.4183.83 Safari/537.36"
42.236.17.243 - - [13/Nov/2022:12:53:45 +0100] "GET /images/menu_h1.jpg HTTP/1.1" 200 1771 "-" "Mozilla/5.0 (Windows NT 10.0; Win64; x64) AppleWebKit/537.36 (KHTML, like Gecko) Chrome/85.0.4183.83 Safari/537.36"
42.236.17.243 - - [13/Nov/2022:12:53:45 +0100] "GET /images/menu_c1.jpg HTTP/1.1" 200 1952 "-" "Mozilla/5.0 (Windows NT 10.0; Win64; x64) AppleWebKit/537.36 (KHTML, like Gecko) Chrome/85.0.4183.83 Safari/537.36"
66.249.64.127 - - [13/Nov/2022:12:53:45 +0100] "GET /apps/school/www_old2/Html/LevelA/Category1/LevelACat1Lesson18.html HTTP/1.1" 200 2091 "-" "Mozilla/5.0 (Linux; Android 6.0.1; Nexus 5X Build/MMB29P) AppleWebKit/537.36 (KHTML, like Gecko) Chrome/107.0.5304.110 Mobile Safari/537.36 (compatible; Googlebot/2.1; +http://www.google.com/bot.html)"
42.236.17.243 - - [13/Nov/2022:12:53:45 +0100] "GET /images/manu_a1.jpg HTTP/1.1" 200 2383 "-" "Mozilla/5.0 (Windows NT 10.0; Win64; x64) AppleWebKit/537.36 (KHTML, like Gecko) Chrome/85.0.4183.83 Safari/537.36"
42.236.17.243 - - [13/Nov/2022:12:53:46 +0100] "GET /images/menu_rest.jpg HTTP/1.1" 200 2364 "-" "Mozilla/5.0 (Windows NT 10.0; Win64; x64) AppleWebKit/537.36 (KHTML, like Gecko) Chrome/85.0.4183.83 Safari/537.36"
42.236.17.243 - - [13/Nov/2022:12:53:46 +0100] "GET /images/menu_o1.jpg HTTP/1.1" 200 3108 "-" "Mozilla/5.0 (Windows NT 10.0; Win64; x64) AppleWebKit/537.36 (KHTML, like Gecko) Chrome/85.0.4183.83 Safari/537.36"
42.236.17.243 - - [13/Nov/2022:12:53:46 +0100] "GET /top_banner/background.png HTTP/1.1" 302 232 "-" "Mozilla/5.0 (Windows NT 10.0; Win64; x64) AppleWebKit/537.36 (KHTML, like Gecko) Chrome/85.0.4183.83 Safari/537.36"
42.236.17.243 - - [13/Nov/2022:12:53:46 +0100] "GET /images/lasmer.jpg HTTP/1.1" 200 2074 "-" "Mozilla/5.0 (Windows NT 10.0; Win64; x64) AppleWebKit/537.36 (KHTML, like Gecko) Chrome/85.0.4183.83 Safari/537.36"
42.236.17.243 - - [13/Nov/2022:12:53:46 +0100] "GET /images/recent_rel.jpg HTTP/1.1" 200 2826 "-" "Mozilla/5.0 (Windows NT 10.0; Win64; x64) AppleWebKit/537.36 (KHTML, like Gecko) Chrome/85.0.4183.83 Safari/537.36"
42.236.17.243 - - [13/Nov/2022:12:53:46 +0100] "GET /images/right.jpg HTTP/1.1" 200 2857 "-" "Mozilla/5.0 (Windows NT 10.0; Win64; x64) AppleWebKit/537.36 (KHTML, like Gecko) Chrome/85.0.4183.83 Safari/537.36"
42.236.17.243 - - [13/Nov/2022:12:53:46 +0100] "GET /images/note.jpg HTTP/1.1" 200 4693 "-" "Mozilla/5.0 (Windows NT 10.0; Win64; x64) AppleWebKit/537.36 (KHTML, like Gecko) Chrome/85.0.4183.83 Safari/537.36"
42.236.17.243 - - [13/Nov/2022:12:53:46 +0100] "GET /images/meny_bottom.jpg HTTP/1.1" 200 4505 "-" "Mozilla/5.0 (Windows NT 10.0; Win64; x64) AppleWebKit/537.36 (KHTML, like Gecko) Chrome/85.0.4183.83 Safari/537.36"
42.236.17.243 - - [13/Nov/2022:12:53:46 +0100] "GET /images/menu_h2.jpg HTTP/1.1" 200 1796 "-" "Mozilla/5.0 (Windows NT 10.0; Win64; x64) AppleWebKit/537.36 (KHTML, like Gecko) Chrome/85.0.4183.83 Safari/537.36"
42.236.17.243 - - [13/Nov/2022:12:53:46 +0100] "GET /images/menu_t2.jpg HTTP/1.1" 200 2238 "-" "Mozilla/5.0 (Windows NT 10.0; Win64; x64) AppleWebKit/537.36 (KHTML, like Gecko) Chrome/85.0.4183.83 Safari/537.36"
42.236.17.243 - - [13/Nov/2022:12:53:46 +0100] "GET /images/menu_a2.jpg HTTP/1.1" 200 2361 "-" "Mozilla/5.0 (Windows NT 10.0; Win64; x64) AppleWebKit/537.36 (KHTML, like Gecko) Chrome/85.0.4183.83 Safari/537.36"
::1 - - [13/Nov/2022:12:54:01 +0100] "OPTIONS * HTTP/1.0" 200 - "-" "Apache/2.4.7 (Ubuntu) PHP/5.5.9-1ubuntu4.29 OpenSSL/1.0.1f (internal dummy connection)"
::1 - - [13/Nov/2022:12:54:02 +0100] "OPTIONS * HTTP/1.0" 200 - "-" "Apache/2.4.7 (Ubuntu) PHP/5.5.9-1ubuntu4.29 OpenSSL/1.0.1f (internal dummy connection)"
::1 - - [13/Nov/2022:12:54:03 +0100] "OPTIONS * HTTP/1.0" 200 - "-" "Apache/2.4.7 (Ubuntu) PHP/5.5.9-1ubuntu4.29 OpenSSL/1.0.1f (internal dummy connection)"
::1 - - [13/Nov/2022:12:54:04 +0100] "OPTIONS * HTTP/1.0" 200 - "-" "Apache/2.4.7 (Ubuntu) PHP/5.5.9-1ubuntu4.29 OpenSSL/1.0.1f (internal dummy connection)"
::1 - - [13/Nov/2022:12:54:05 +0100] "OPTIONS * HTTP/1.0" 200 - "-" "Apache/2.4.7 (Ubuntu) PHP/5.5.9-1ubuntu4.29 OpenSSL/1.0.1f (internal dummy connection)"
::1 - - [13/Nov/2022:12:54:06 +0100] "OPTIONS * HTTP/1.0" 200 - "-" "Apache/2.4.7 (Ubuntu) PHP/5.5.9-1ubuntu4.29 OpenSSL/1.0.1f (internal dummy connection)"
::1 - - [13/Nov/2022:12:54:07 +0100] "OPTIONS * HTTP/1.0" 200 - "-" "Apache/2.4.7 (Ubuntu) PHP/5.5.9-1ubuntu4.29 OpenSSL/1.0.1f (internal dummy connection)"
66.249.64.127 - - [13/Nov/2022:12:54:36 +0100] "GET /apps/school/www_old2/js/allScriptsForLessonsHtml.js HTTP/1.1" 200 285 "http://www.kulturdokumentation.com/apps/school/www_old2/Html/LevelA/Category1/LevelACat1Lesson18.html" "Mozilla/5.0 (Linux; Android 6.0.1; Nexus 5X Build/MMB29P) AppleWebKit/537.36 (KHTML, like Gecko) Chrome/106.0.5249.119 Mobile Safari/537.36 (compatible; Googlebot/2.1; +http://www.google.com/bot.html)"
66.249.64.98 - - [13/Nov/2022:12:54:36 +0100] "GET /apps/school/www_old2/js/topmostInfo.js HTTP/1.1" 200 1974 "http://www.kulturdokumentation.com/apps/school/www_old2/Html/LevelA/Category1/LevelACat1Lesson18.html" "Mozilla/5.0 (Linux; Android 6.0.1; Nexus 5X Build/MMB29P) AppleWebKit/537.36 (KHTML, like Gecko) Chrome/106.0.5249.119 Mobile Safari/537.36 (compatible; Googlebot/2.1; +http://www.google.com/bot.html)"
66.249.64.101 - - [13/Nov/2022:12:54:36 +0100] "GET /apps/school/www_old2/js/painlessfs.js HTTP/1.1" 404 235 "http://www.kulturdokumentation.com/apps/school/www_old2/Html/LevelA/Category1/LevelACat1Lesson18.html" "Mozilla/5.0 (Linux; Android 6.0.1; Nexus 5X Build/MMB29P) AppleWebKit/537.36 (KHTML, like Gecko) Chrome/106.0.5249.119 Mobile Safari/537.36 (compatible; Googlebot/2.1; +http://www.google.com/bot.html)"
66.249.64.98 - - [13/Nov/2022:12:54:37 +0100] "GET /apps/school/www_old2/js/WebkitDragAndDrop.js HTTP/1.1" 200 4330 "http://www.kulturdokumentation.com/apps/school/www_old2/Html/LevelA/Category1/LevelACat1Lesson18.html" "Mozilla/5.0 (Linux; Android 6.0.1; Nexus 5X Build/MMB29P) AppleWebKit/537.36 (KHTML, like Gecko) Chrome/106.0.5249.119 Mobile Safari/537.36 (compatible; Googlebot/2.1; +http://www.google.com/bot.html)"
66.249.64.101 - - [13/Nov/2022:12:54:37 +0100] "GET /apps/school/www_old2/js/enumsClasses.js HTTP/1.1" 200 376 "http://www.kulturdokumentation.com/apps/school/www_old2/Html/LevelA/Category1/LevelACat1Lesson18.html" "Mozilla/5.0 (Linux; Android 6.0.1; Nexus 5X Build/MMB29P) AppleWebKit/537.36 (KHTML, like Gecko) Chrome/106.0.5249.119 Mobile Safari/537.36 (compatible; Googlebot/2.1; +http://www.google.com/bot.html)"
66.249.64.127 - - [13/Nov/2022:12:54:38 +0100] "GET /apps/school/www_old2/js/shared_funtions.js HTTP/1.1" 200 6155 "http://www.kulturdokumentation.com/apps/school/www_old2/Html/LevelA/Category1/LevelACat1Lesson18.html" "Mozilla/5.0 (Linux; Android 6.0.1; Nexus 5X Build/MMB29P) AppleWebKit/537.36 (KHTML, like Gecko) Chrome/106.0.5249.119 Mobile Safari/537.36 (compatible; Googlebot/2.1; +http://www.google.com/bot.html)"
66.249.64.101 - - [13/Nov/2022:12:54:38 +0100] "GET /apps/school/www_old2/css/shared_styles.css HTTP/1.1" 200 1083 "http://www.kulturdokumentation.com/apps/school/www_old2/Html/LevelA/Category1/LevelACat1Lesson18.html" "Mozilla/5.0 (Linux; Android 6.0.1; Nexus 5X Build/MMB29P) AppleWebKit/537.36 (KHTML, like Gecko) Chrome/106.0.5249.119 Mobile Safari/537.36 (compatible; Googlebot/2.1; +http://www.google.com/bot.html)"
66.249.64.127 - - [13/Nov/2022:12:54:39 +0100] "GET /apps/school/www_old2/Html/LevelA/cordova.js HTTP/1.1" 404 241 "http://www.kulturdokumentation.com/apps/school/www_old2/Html/LevelA/Category1/LevelACat1Lesson18.html" "Mozilla/5.0 (Linux; Android 6.0.1; Nexus 5X Build/MMB29P) AppleWebKit/537.36 (KHTML, like Gecko) Chrome/106.0.5249.119 Mobile Safari/537.36 (compatible; Googlebot/2.1; +http://www.google.com/bot.html)"
66.249.64.101 - - [13/Nov/2022:12:54:39 +0100] "GET /apps/school/www_old2/Html/LevelA/cordova.js HTTP/1.1" 404 241 "http://www.kulturdokumentation.com/apps/school/www_old2/Html/LevelA/Category1/LevelACat1Lesson18.html" "Mozilla/5.0 (Linux; Android 6.0.1; Nexus 5X Build/MMB29P) AppleWebKit/537.36 (KHTML, like Gecko) Chrome/106.0.5249.119 Mobile Safari/537.36 (compatible; Googlebot/2.1; +http://www.google.com/bot.html)"
114.119.141.52 - - [13/Nov/2022:12:55:35 +0100] "GET /apps/school/www_old8/img/LevelH/Category1/LevelHCat1Lesson37/?C=N%3BO%3DD HTTP/1.1" 200 451 "http://kulturdokumentation.se/apps/school/www_old8/img/LevelH/Category1/LevelHCat1Lesson37/?C=N%3BO%3DD" "Mozilla/5.0 (Linux; Android 7.0;) AppleWebKit/537.36 (KHTML, like Gecko) Mobile Safari/537.36 (compatible; PetalBot;+https://webmaster.petalsearch.com/site/petalbot)"
114.119.153.161 - - [13/Nov/2022:12:56:01 +0100] "GET /apps/school/www_old6/img/LevelE/Category2/LevelECat2Lesson14/car.png HTTP/1.1" 200 10436 "http://www2.astacus.se/apps/school/www_old6/Html/LevelE/Category2/LevelECat2Lesson17.html" "Mozilla/5.0 (Linux; Android 7.0;) AppleWebKit/537.36 (KHTML, like Gecko) Mobile Safari/537.36 (compatible; PetalBot;+https://webmaster.petalsearch.com/site/petalbot)"
114.119.134.161 - - [13/Nov/2022:12:56:11 +0100] "GET /apps/school/www_old3/img/LevelC/Category1/LevelCCat1Lesson22/ HTTP/1.1" 200 455 "http://kulturdokumentation.com/apps/school/www_old3/img/LevelC/Category1/?C=D%3BO%3DA" "Mozilla/5.0 (Linux; Android 7.0;) AppleWebKit/537.36 (KHTML, like Gecko) Mobile Safari/537.36 (compatible; PetalBot;+https://webmaster.petalsearch.com/site/petalbot)"
216.244.66.203 - - [13/Nov/2022:12:56:33 +0100] "GET /robots.txt HTTP/1.1" 404 208 "-" "Mozilla/5.0 (compatible; DotBot/1.2; +https://opensiteexplorer.org/dotbot; help@moz.com)"
216.244.66.203 - - [13/Nov/2022:12:56:33 +0100] "GET /robots.txt HTTP/1.1" 404 208 "-" "Mozilla/5.0 (compatible; DotBot/1.2; +https://opensiteexplorer.org/dotbot; help@moz.com)"
114.119.153.160 - - [13/Nov/2022:12:57:26 +0100] "GET /apps/school/www/img/LevelA/Category1/LevelACat1Lesson15?C=N%3BO%3DD HTTP/1.1" 301 301 "http://appsrv.astacus.se/apps/school/www/img/LevelA/Category1/LevelACat1Lesson15?C=D%3BO%3DA" "Mozilla/5.0 (Linux; Android 7.0;) AppleWebKit/537.36 (KHTML, like Gecko) Mobile Safari/537.36 (compatible; PetalBot;+https://webmaster.petalsearch.com/site/petalbot)"
114.119.153.160 - - [13/Nov/2022:12:57:27 +0100] "GET /apps/school/www/img/LevelA/Category1/LevelACat1Lesson15/?C=N%3BO%3DD HTTP/1.1" 200 532 "http://appsrv.astacus.se/apps/school/www/img/LevelA/Category1/LevelACat1Lesson15?C=D%3BO%3DA" "Mozilla/5.0 (Linux; Android 7.0;) AppleWebKit/537.36 (KHTML, like Gecko) Mobile Safari/537.36 (compatible; PetalBot;+https://webmaster.petalsearch.com/site/petalbot)"
207.46.13.191 - - [13/Nov/2022:12:58:02 +0100] "GET /apps/school/www_old10/Html/LevelA/ HTTP/1.1" 200 474 "-" "Mozilla/5.0 (compatible; bingbot/2.0; +http://www.bing.com/bingbot.htm)"
51.222.253.11 - - [13/Nov/2022:12:58:14 +0100] "GET /robots.txt HTTP/1.1" 404 208 "-" "Mozilla/5.0 (compatible; AhrefsBot/7.0; +http://ahrefs.com/robot/)"
54.36.148.94 - - [13/Nov/2022:12:58:16 +0100] "GET / HTTP/1.1" 200 3088 "-" "Mozilla/5.0 (compatible; AhrefsBot/7.0; +http://ahrefs.com/robot/)"
114.119.142.42 - - [13/Nov/2022:12:58:49 +0100] "GET /apps/school/www_old9/img/LevelG/Category1/LevelGCat1Lesson24/?C=M%3BO%3DA HTTP/1.1" 200 452 "http://www2.astacus.se/apps/school/www_old9/img/LevelG/Category1/LevelGCat1Lesson24/?C=S%3BO%3DA" "Mozilla/5.0 (Linux; Android 7.0;) AppleWebKit/537.36 (KHTML, like Gecko) Mobile Safari/537.36 (compatible; PetalBot;+https://webmaster.petalsearch.com/site/petalbot)"
114.119.142.42 - - [13/Nov/2022:13:00:26 +0100] "GET /apps/school/www_old9/img/LevelE/Category1/LevelECat1Lesson16/?C=N%3BO%3DD HTTP/1.1" 200 449 "http://www2.astacus.se/apps/school/www_old9/img/LevelE/Category1/LevelECat1Lesson16/?C=D%3BO%3DA" "Mozilla/5.0 (Linux; Android 7.0;) AppleWebKit/537.36 (KHTML, like Gecko) Mobile Safari/537.36 (compatible; PetalBot;+https://webmaster.petalsearch.com/site/petalbot)"
114.119.141.69 - - [13/Nov/2022:13:00:42 +0100] "GET /apps/school/www_old9/Html/LevelA/Category2/?C=M%3BO%3DA HTTP/1.1" 200 659 "http://kulturdokumentation.se/apps/school/www_old9/Html/LevelA/Category2/?C=D%3BO%3DA" "Mozilla/5.0 (Linux; Android 7.0;) AppleWebKit/537.36 (KHTML, like Gecko) Mobile Safari/537.36 (compatible; PetalBot;+https://webmaster.petalsearch.com/site/petalbot)"
18.135.189.42 - - [13/Nov/2022:13:00:45 +0100] "GET /simplebim-backup.sql.tar HTTP/1.1" 404 222 "-" "Firefox"
51.222.253.7 - - [13/Nov/2022:13:01:02 +0100] "GET /robots.txt HTTP/1.1" 404 208 "-" "Mozilla/5.0 (compatible; AhrefsBot/7.0; +http://ahrefs.com/robot/)"
54.36.148.105 - - [13/Nov/2022:13:01:03 +0100] "GET / HTTP/1.1" 200 3082 "-" "Mozilla/5.0 (compatible; AhrefsBot/7.0; +http://ahrefs.com/robot/)"
114.119.134.165 - - [13/Nov/2022:13:01:19 +0100] "GET /apps/school/www_old9/img/LevelF/Category2/LevelFCat2Lesson19/?C=D%3BO%3DA HTTP/1.1" 200 450 "http://kulturdokumentation.com/apps/school/www_old9/img/LevelF/Category2/LevelFCat2Lesson19/" "Mozilla/5.0 (Linux; Android 7.0;) AppleWebKit/537.36 (KHTML, like Gecko) Mobile Safari/537.36 (compatible; PetalBot;+https://webmaster.petalsearch.com/site/petalbot)"
54.36.149.90 - - [13/Nov/2022:13:01:19 +0100] "GET /apps/school/www_old9/img/LevelF/Category1/LevelFCat1Lesson25/?C=M;O=A HTTP/1.1" 200 446 "-" "Mozilla/5.0 (compatible; AhrefsBot/7.0; +http://ahrefs.com/robot/)"
192.241.206.103 - - [13/Nov/2022:13:01:34 +0100] "GET /owa/auth/logon.aspx HTTP/1.1" 404 217 "-" "Mozilla/5.0 zgrab/0.x"
65.108.78.33 - - [13/Nov/2022:13:03:36 +0100] "GET /robots.txt HTTP/1.1" 404 208 "-" "Mozilla/5.0 (compatible; MJ12bot/v1.4.8; http://mj12bot.com/)"
65.108.78.33 - - [13/Nov/2022:13:03:37 +0100] "GET /apps/school/www_old8/img/LevelB/Category1/LevelBCat1Lesson25/?C=S;O=D HTTP/1.1" 200 445 "-" "Mozilla/5.0 (compatible; MJ12bot/v1.4.8; http://mj12bot.com/)"
65.108.78.33 - - [13/Nov/2022:13:03:39 +0100] "GET /apps/school/www_old8/img/LevelB/Category1/LevelBCat1Lesson26/?C=D;O=D HTTP/1.1" 200 446 "-" "Mozilla/5.0 (compatible; MJ12bot/v1.4.8; http://mj12bot.com/)"
65.108.78.33 - - [13/Nov/2022:13:03:40 +0100] "GET /apps/school/www_old8/img/LevelB/Category1/LevelBCat1Lesson26/?C=M;O=D HTTP/1.1" 200 446 "-" "Mozilla/5.0 (compatible; MJ12bot/v1.4.8; http://mj12bot.com/)"
65.108.78.33 - - [13/Nov/2022:13:03:42 +0100] "GET /apps/school/www_old8/img/LevelB/Category1/LevelBCat1Lesson26/?C=N;O=A HTTP/1.1" 200 448 "-" "Mozilla/5.0 (compatible; MJ12bot/v1.4.8; http://mj12bot.com/)"
65.108.78.33 - - [13/Nov/2022:13:03:43 +0100] "GET /apps/school/www_old8/img/LevelB/Category1/LevelBCat1Lesson26/?C=S;O=D HTTP/1.1" 200 446 "-" "Mozilla/5.0 (compatible; MJ12bot/v1.4.8; http://mj12bot.com/)"
65.108.78.33 - - [13/Nov/2022:13:03:45 +0100] "GET /apps/school/www_old8/img/LevelB/Category1/LevelBCat1Lesson27/?C=D;O=D HTTP/1.1" 200 448 "-" "Mozilla/5.0 (compatible; MJ12bot/v1.4.8; http://mj12bot.com/)"
65.108.78.33 - - [13/Nov/2022:13:03:47 +0100] "GET /apps/school/www_old8/img/LevelB/Category1/LevelBCat1Lesson27/?C=M;O=D HTTP/1.1" 200 448 "-" "Mozilla/5.0 (compatible; MJ12bot/v1.4.8; http://mj12bot.com/)"
65.108.78.33 - - [13/Nov/2022:13:03:48 +0100] "GET /apps/school/www_old8/img/LevelB/Category1/LevelBCat1Lesson28/?C=D;O=D HTTP/1.1" 200 448 "-" "Mozilla/5.0 (compatible; MJ12bot/v1.4.8; http://mj12bot.com/)"
65.108.78.33 - - [13/Nov/2022:13:03:50 +0100] "GET /apps/school/www_old8/img/LevelB/Category1/LevelBCat1Lesson30/?C=D;O=D HTTP/1.1" 200 449 "-" "Mozilla/5.0 (compatible; MJ12bot/v1.4.8; http://mj12bot.com/)"
65.108.78.33 - - [13/Nov/2022:13:03:51 +0100] "GET /apps/school/www_old8/img/LevelB/Category1/LevelBCat1Lesson30/?C=M;O=D HTTP/1.1" 200 449 "-" "Mozilla/5.0 (compatible; MJ12bot/v1.4.8; http://mj12bot.com/)"
65.108.78.33 - - [13/Nov/2022:13:03:53 +0100] "GET /apps/school/www_old8/img/LevelB/Category1/LevelBCat1Lesson30/?C=N;O=A HTTP/1.1" 200 451 "-" "Mozilla/5.0 (compatible; MJ12bot/v1.4.8; http://mj12bot.com/)"
65.108.78.33 - - [13/Nov/2022:13:03:54 +0100] "GET /apps/school/www_old8/img/LevelB/Category1/LevelBCat1Lesson30/?C=S;O=D HTTP/1.1" 200 449 "-" "Mozilla/5.0 (compatible; MJ12bot/v1.4.8; http://mj12bot.com/)"
65.108.78.33 - - [13/Nov/2022:13:03:56 +0100] "GET /apps/school/www_old8/img/LevelB/Category1/LevelBCat1Lesson31/?C=D;O=D HTTP/1.1" 200 449 "-" "Mozilla/5.0 (compatible; MJ12bot/v1.4.8; http://mj12bot.com/)"
65.108.78.33 - - [13/Nov/2022:13:03:57 +0100] "GET /apps/school/www_old8/img/LevelB/Category1/LevelBCat1Lesson31/?C=S;O=D HTTP/1.1" 200 449 "-" "Mozilla/5.0 (compatible; MJ12bot/v1.4.8; http://mj12bot.com/)"
65.108.78.33 - - [13/Nov/2022:13:03:59 +0100] "GET /apps/school/www_old8/img/LevelB/Category1/LevelBCat1Lesson33/?C=D;O=D HTTP/1.1" 200 541 "-" "Mozilla/5.0 (compatible; MJ12bot/v1.4.8; http://mj12bot.com/)"
65.108.78.33 - - [13/Nov/2022:13:04:00 +0100] "GET /apps/school/www_old8/img/LevelB/Category1/LevelBCat1Lesson33/?C=M;O=D HTTP/1.1" 200 541 "-" "Mozilla/5.0 (compatible; MJ12bot/v1.4.8; http://mj12bot.com/)"
65.108.78.33 - - [13/Nov/2022:13:04:02 +0100] "GET /apps/school/www_old8/img/LevelB/Category1/LevelBCat1Lesson33/?C=N;O=A HTTP/1.1" 200 541 "-" "Mozilla/5.0 (compatible; MJ12bot/v1.4.8; http://mj12bot.com/)"
65.108.78.33 - - [13/Nov/2022:13:04:03 +0100] "GET /apps/school/www_old8/img/LevelB/Category1/LevelBCat1Lesson33/?C=S;O=D HTTP/1.1" 200 539 "-" "Mozilla/5.0 (compatible; MJ12bot/v1.4.8; http://mj12bot.com/)"
65.108.78.33 - - [13/Nov/2022:13:04:05 +0100] "GET /apps/school/www_old8/img/LevelB/Category1/LevelBCat1Lesson35/?C=D;O=D HTTP/1.1" 200 493 "-" "Mozilla/5.0 (compatible; MJ12bot/v1.4.8; http://mj12bot.com/)"
65.108.78.33 - - [13/Nov/2022:13:04:06 +0100] "GET /apps/school/www_old8/img/LevelB/Category1/LevelBCat1Lesson35/?C=M;O=D HTTP/1.1" 200 493 "-" "Mozilla/5.0 (compatible; MJ12bot/v1.4.8; http://mj12bot.com/)"
65.108.78.33 - - [13/Nov/2022:13:04:08 +0100] "GET /apps/school/www_old8/img/LevelB/Category1/LevelBCat1Lesson35/?C=S;O=D HTTP/1.1" 200 492 "-" "Mozilla/5.0 (compatible; MJ12bot/v1.4.8; http://mj12bot.com/)"
65.108.78.33 - - [13/Nov/2022:13:04:09 +0100] "GET /apps/school/www_old8/img/LevelB/Category1/LevelBCat1Lesson36/?C=D;O=D HTTP/1.1" 200 546 "-" "Mozilla/5.0 (compatible; MJ12bot/v1.4.8; http://mj12bot.com/)"
65.108.78.33 - - [13/Nov/2022:13:04:11 +0100] "GET /apps/school/www_old8/img/LevelB/Category1/LevelBCat1Lesson36/?C=M;O=D HTTP/1.1" 200 546 "-" "Mozilla/5.0 (compatible; MJ12bot/v1.4.8; http://mj12bot.com/)"
65.108.78.33 - - [13/Nov/2022:13:04:13 +0100] "GET /apps/school/www_old8/img/LevelB/Category1/LevelBCat1Lesson36/?C=N;O=A HTTP/1.1" 200 548 "-" "Mozilla/5.0 (compatible; MJ12bot/v1.4.8; http://mj12bot.com/)"
65.108.78.33 - - [13/Nov/2022:13:04:14 +0100] "GET /apps/school/www_old8/img/LevelB/Category1/LevelBCat1Lesson36/?C=S;O=D HTTP/1.1" 200 545 "-" "Mozilla/5.0 (compatible; MJ12bot/v1.4.8; http://mj12bot.com/)"
65.108.78.33 - - [13/Nov/2022:13:04:16 +0100] "GET /apps/school/www_old8/img/LevelB/Category1/LevelBCat1Lesson37/?C=D;O=D HTTP/1.1" 200 473 "-" "Mozilla/5.0 (compatible; MJ12bot/v1.4.8; http://mj12bot.com/)"
65.108.78.33 - - [13/Nov/2022:13:04:17 +0100] "GET /apps/school/www_old8/img/LevelB/Category1/LevelBCat1Lesson37/?C=M;O=D HTTP/1.1" 200 473 "-" "Mozilla/5.0 (compatible; MJ12bot/v1.4.8; http://mj12bot.com/)"
65.108.78.33 - - [13/Nov/2022:13:04:19 +0100] "GET /apps/school/www_old8/img/LevelB/Category1/LevelBCat1Lesson37/?C=S;O=D HTTP/1.1" 200 474 "-" "Mozilla/5.0 (compatible; MJ12bot/v1.4.8; http://mj12bot.com/)"
65.108.78.33 - - [13/Nov/2022:13:04:21 +0100] "GET /apps/school/www_old8/img/LevelB/Category1/LevelBCat1Lesson38/?C=D;O=D HTTP/1.1" 200 450 "-" "Mozilla/5.0 (compatible; MJ12bot/v1.4.8; http://mj12bot.com/)"
65.108.78.33 - - [13/Nov/2022:13:04:22 +0100] "GET /apps/school/www_old8/img/LevelB/Category2/?C=D;O=A HTTP/1.1" 200 558 "-" "Mozilla/5.0 (compatible; MJ12bot/v1.4.8; http://mj12bot.com/)"
65.108.78.33 - - [13/Nov/2022:13:04:24 +0100] "GET /apps/school/www_old8/img/LevelB/Category2/?C=M;O=A HTTP/1.1" 200 558 "-" "Mozilla/5.0 (compatible; MJ12bot/v1.4.8; http://mj12bot.com/)"
65.108.78.33 - - [13/Nov/2022:13:04:25 +0100] "GET /apps/school/www_old8/img/LevelB/Category2/?C=N;O=D HTTP/1.1" 200 554 "-" "Mozilla/5.0 (compatible; MJ12bot/v1.4.8; http://mj12bot.com/)"
65.108.78.33 - - [13/Nov/2022:13:04:27 +0100] "GET /apps/school/www_old8/img/LevelB/Category2/?C=S;O=A HTTP/1.1" 200 558 "-" "Mozilla/5.0 (compatible; MJ12bot/v1.4.8; http://mj12bot.com/)"
65.108.78.33 - - [13/Nov/2022:13:04:28 +0100] "GET /apps/school/www_old8/img/LevelB/Category2/LevelBCat2Lesson03/?C=D;O=D HTTP/1.1" 200 481 "-" "Mozilla/5.0 (compatible; MJ12bot/v1.4.8; http://mj12bot.com/)"
106.75.217.58 - - [13/Nov/2022:13:04:29 +0100] "GET / HTTP/1.0" 200 6439 "-" "-"
65.108.78.33 - - [13/Nov/2022:13:04:29 +0100] "GET /apps/school/www_old8/img/LevelB/Category2/LevelBCat2Lesson03/?C=M;O=D HTTP/1.1" 200 481 "-" "Mozilla/5.0 (compatible; MJ12bot/v1.4.8; http://mj12bot.com/)"
65.108.78.33 - - [13/Nov/2022:13:04:31 +0100] "GET /apps/school/www_old8/img/LevelB/Category2/LevelBCat2Lesson03/?C=N;O=A HTTP/1.1" 200 483 "-" "Mozilla/5.0 (compatible; MJ12bot/v1.4.8; http://mj12bot.com/)"
65.108.78.33 - - [13/Nov/2022:13:04:33 +0100] "GET /apps/school/www_old8/img/LevelB/Category2/LevelBCat2Lesson03/?C=S;O=D HTTP/1.1" 200 481 "-" "Mozilla/5.0 (compatible; MJ12bot/v1.4.8; http://mj12bot.com/)"
65.108.78.33 - - [13/Nov/2022:13:04:34 +0100] "GET /apps/school/www_old8/img/LevelB/Category2/LevelBCat2Lesson04/?C=D;O=D HTTP/1.1" 200 490 "-" "Mozilla/5.0 (compatible; MJ12bot/v1.4.8; http://mj12bot.com/)"
65.108.78.33 - - [13/Nov/2022:13:04:36 +0100] "GET /apps/school/www_old8/img/LevelB/Category2/LevelBCat2Lesson04/?C=M;O=D HTTP/1.1" 200 490 "-" "Mozilla/5.0 (compatible; MJ12bot/v1.4.8; http://mj12bot.com/)"
65.108.78.33 - - [13/Nov/2022:13:04:37 +0100] "GET /apps/school/www_old8/img/LevelB/Category2/LevelBCat2Lesson04/?C=N;O=A HTTP/1.1" 200 492 "-" "Mozilla/5.0 (compatible; MJ12bot/v1.4.8; http://mj12bot.com/)"
65.108.78.33 - - [13/Nov/2022:13:04:39 +0100] "GET /apps/school/www_old8/img/LevelB/Category2/LevelBCat2Lesson04/?C=S;O=D HTTP/1.1" 200 490 "-" "Mozilla/5.0 (compatible; MJ12bot/v1.4.8; http://mj12bot.com/)"
65.108.78.33 - - [13/Nov/2022:13:04:40 +0100] "GET /apps/school/www_old8/img/LevelB/Category2/LevelBCat2Lesson05/?C=D;O=D HTTP/1.1" 200 475 "-" "Mozilla/5.0 (compatible; MJ12bot/v1.4.8; http://mj12bot.com/)"
65.108.78.33 - - [13/Nov/2022:13:04:42 +0100] "GET /apps/school/www_old8/img/LevelB/Category2/LevelBCat2Lesson05/?C=M;O=D HTTP/1.1" 200 475 "-" "Mozilla/5.0 (compatible; MJ12bot/v1.4.8; http://mj12bot.com/)"
65.108.78.33 - - [13/Nov/2022:13:04:43 +0100] "GET /apps/school/www_old8/img/LevelB/Category2/LevelBCat2Lesson05/?C=N;O=A HTTP/1.1" 200 476 "-" "Mozilla/5.0 (compatible; MJ12bot/v1.4.8; http://mj12bot.com/)"
65.108.78.33 - - [13/Nov/2022:13:04:45 +0100] "GET /apps/school/www_old8/img/LevelB/Category2/LevelBCat2Lesson06/?C=D;O=D HTTP/1.1" 200 544 "-" "Mozilla/5.0 (compatible; MJ12bot/v1.4.8; http://mj12bot.com/)"
65.108.78.33 - - [13/Nov/2022:13:04:46 +0100] "GET /apps/school/www_old8/img/LevelB/Category2/LevelBCat2Lesson17/?C=S;O=D HTTP/1.1" 200 481 "-" "Mozilla/5.0 (compatible; MJ12bot/v1.4.8; http://mj12bot.com/)"
65.108.78.33 - - [13/Nov/2022:13:04:48 +0100] "GET /apps/school/www_old8/img/LevelB/Category2/LevelBCat2Lesson19/?C=D;O=D HTTP/1.1" 200 446 "-" "Mozilla/5.0 (compatible; MJ12bot/v1.4.8; http://mj12bot.com/)"
65.108.78.33 - - [13/Nov/2022:13:04:49 +0100] "GET /apps/school/www_old8/img/LevelB/Category2/LevelBCat2Lesson19/?C=M;O=D HTTP/1.1" 200 446 "-" "Mozilla/5.0 (compatible; MJ12bot/v1.4.8; http://mj12bot.com/)"
65.108.78.33 - - [13/Nov/2022:13:04:51 +0100] "GET /apps/school/www_old8/img/LevelB/Category2/LevelBCat2Lesson19/?C=N;O=A HTTP/1.1" 200 447 "-" "Mozilla/5.0 (compatible; MJ12bot/v1.4.8; http://mj12bot.com/)"
65.108.78.33 - - [13/Nov/2022:13:04:52 +0100] "GET /apps/school/www_old8/img/LevelB/Category2/LevelBCat2Lesson19/?C=N;O=D HTTP/1.1" 200 446 "-" "Mozilla/5.0 (compatible; MJ12bot/v1.4.8; http://mj12bot.com/)"
65.108.78.33 - - [13/Nov/2022:13:04:54 +0100] "GET /apps/school/www_old8/img/LevelB/Category2/LevelBCat2Lesson19/?C=S;O=D HTTP/1.1" 200 446 "-" "Mozilla/5.0 (compatible; MJ12bot/v1.4.8; http://mj12bot.com/)"
65.108.78.33 - - [13/Nov/2022:13:04:56 +0100] "GET /apps/school/www_old8/img/LevelC/?C=D;O=A HTTP/1.1" 200 436 "-" "Mozilla/5.0 (compatible; MJ12bot/v1.4.8; http://mj12bot.com/)"
65.108.78.33 - - [13/Nov/2022:13:04:57 +0100] "GET /apps/school/www_old8/img/LevelC/Category1/?C=M;O=A HTTP/1.1" 200 651 "-" "Mozilla/5.0 (compatible; MJ12bot/v1.4.8; http://mj12bot.com/)"
65.108.78.33 - - [13/Nov/2022:13:04:59 +0100] "GET /apps/school/www_old8/img/LevelC/Category1/LevelCCat1Lesson01/?C=D;O=D HTTP/1.1" 200 448 "-" "Mozilla/5.0 (compatible; MJ12bot/v1.4.8; http://mj12bot.com/)"
65.108.78.33 - - [13/Nov/2022:13:05:00 +0100] "GET /apps/school/www_old8/img/LevelC/Category1/LevelCCat1Lesson02/?C=S;O=D HTTP/1.1" 200 449 "-" "Mozilla/5.0 (compatible; MJ12bot/v1.4.8; http://mj12bot.com/)"
65.108.78.33 - - [13/Nov/2022:13:05:02 +0100] "GET /apps/school/www_old8/img/LevelC/Category1/LevelCCat1Lesson03/?C=M;O=D HTTP/1.1" 200 446 "-" "Mozilla/5.0 (compatible; MJ12bot/v1.4.8; http://mj12bot.com/)"
65.108.78.33 - - [13/Nov/2022:13:05:04 +0100] "GET /apps/school/www_old8/img/LevelC/Category1/LevelCCat1Lesson03/?C=N;O=A HTTP/1.1" 200 448 "-" "Mozilla/5.0 (compatible; MJ12bot/v1.4.8; http://mj12bot.com/)"
65.108.78.33 - - [13/Nov/2022:13:05:05 +0100] "GET /apps/school/www_old8/img/LevelC/Category1/LevelCCat1Lesson03/?C=S;O=D HTTP/1.1" 200 446 "-" "Mozilla/5.0 (compatible; MJ12bot/v1.4.8; http://mj12bot.com/)"
65.108.78.33 - - [13/Nov/2022:13:05:07 +0100] "GET /apps/school/www_old8/img/LevelC/Category1/LevelCCat1Lesson04/?C=D;O=D HTTP/1.1" 200 448 "-" "Mozilla/5.0 (compatible; MJ12bot/v1.4.8; http://mj12bot.com/)"
65.108.78.33 - - [13/Nov/2022:13:05:08 +0100] "GET /apps/school/www_old8/img/LevelC/Category1/LevelCCat1Lesson04/?C=M;O=D HTTP/1.1" 200 448 "-" "Mozilla/5.0 (compatible; MJ12bot/v1.4.8; http://mj12bot.com/)"
65.108.78.33 - - [13/Nov/2022:13:05:10 +0100] "GET /apps/school/www_old8/img/LevelC/Category1/LevelCCat1Lesson04/?C=N;O=A HTTP/1.1" 200 450 "-" "Mozilla/5.0 (compatible; MJ12bot/v1.4.8; http://mj12bot.com/)"
65.108.78.33 - - [13/Nov/2022:13:05:11 +0100] "GET /apps/school/www_old8/img/LevelC/Category1/LevelCCat1Lesson05/?C=M;O=D HTTP/1.1" 200 447 "-" "Mozilla/5.0 (compatible; MJ12bot/v1.4.8; http://mj12bot.com/)"
65.108.78.33 - - [13/Nov/2022:13:05:13 +0100] "GET /apps/school/www_old8/img/LevelC/Category1/LevelCCat1Lesson05/?C=N;O=A HTTP/1.1" 200 449 "-" "Mozilla/5.0 (compatible; MJ12bot/v1.4.8; http://mj12bot.com/)"
65.108.78.33 - - [13/Nov/2022:13:05:14 +0100] "GET /apps/school/www_old8/img/LevelC/Category1/LevelCCat1Lesson05/?C=S;O=D HTTP/1.1" 200 447 "-" "Mozilla/5.0 (compatible; MJ12bot/v1.4.8; http://mj12bot.com/)"
65.108.78.33 - - [13/Nov/2022:13:05:16 +0100] "GET /apps/school/www_old8/img/LevelC/Category1/LevelCCat1Lesson06/?C=D;O=D HTTP/1.1" 200 512 "-" "Mozilla/5.0 (compatible; MJ12bot/v1.4.8; http://mj12bot.com/)"
65.108.78.33 - - [13/Nov/2022:13:05:18 +0100] "GET /apps/school/www_old8/img/LevelC/Category1/LevelCCat1Lesson06/?C=M;O=D HTTP/1.1" 200 512 "-" "Mozilla/5.0 (compatible; MJ12bot/v1.4.8; http://mj12bot.com/)"
65.108.78.33 - - [13/Nov/2022:13:05:19 +0100] "GET /apps/school/www_old8/img/LevelC/Category1/LevelCCat1Lesson06/?C=S;O=D HTTP/1.1" 200 511 "-" "Mozilla/5.0 (compatible; MJ12bot/v1.4.8; http://mj12bot.com/)"
65.108.78.33 - - [13/Nov/2022:13:05:20 +0100] "GET /apps/school/www_old8/img/LevelC/Category1/LevelCCat1Lesson07/?C=D;O=D HTTP/1.1" 200 447 "-" "Mozilla/5.0 (compatible; MJ12bot/v1.4.8; http://mj12bot.com/)"
65.108.78.33 - - [13/Nov/2022:13:05:22 +0100] "GET /apps/school/www_old8/img/LevelC/Category1/LevelCCat1Lesson07/?C=M;O=D HTTP/1.1" 200 447 "-" "Mozilla/5.0 (compatible; MJ12bot/v1.4.8; http://mj12bot.com/)"
65.108.78.33 - - [13/Nov/2022:13:05:23 +0100] "GET /apps/school/www_old8/img/LevelC/Category1/LevelCCat1Lesson07/?C=N;O=A HTTP/1.1" 200 449 "-" "Mozilla/5.0 (compatible; MJ12bot/v1.4.8; http://mj12bot.com/)"
65.108.78.33 - - [13/Nov/2022:13:05:25 +0100] "GET /apps/school/www_old8/img/LevelC/Category1/LevelCCat1Lesson07/?C=S;O=D HTTP/1.1" 200 447 "-" "Mozilla/5.0 (compatible; MJ12bot/v1.4.8; http://mj12bot.com/)"
65.108.78.33 - - [13/Nov/2022:13:05:27 +0100] "GET /apps/school/www_old8/img/LevelC/Category1/LevelCCat1Lesson08/?C=D;O=D HTTP/1.1" 200 501 "-" "Mozilla/5.0 (compatible; MJ12bot/v1.4.8; http://mj12bot.com/)"
65.108.78.33 - - [13/Nov/2022:13:05:28 +0100] "GET /apps/school/www_old8/img/LevelC/Category1/LevelCCat1Lesson08/?C=M;O=D HTTP/1.1" 200 501 "-" "Mozilla/5.0 (compatible; MJ12bot/v1.4.8; http://mj12bot.com/)"
65.108.78.33 - - [13/Nov/2022:13:05:30 +0100] "GET /apps/school/www_old8/img/LevelC/Category1/LevelCCat1Lesson08/?C=N;O=A HTTP/1.1" 200 503 "-" "Mozilla/5.0 (compatible; MJ12bot/v1.4.8; http://mj12bot.com/)"
65.108.78.33 - - [13/Nov/2022:13:05:31 +0100] "GET /apps/school/www_old8/img/LevelC/Category1/LevelCCat1Lesson08/?C=S;O=D HTTP/1.1" 200 502 "-" "Mozilla/5.0 (compatible; MJ12bot/v1.4.8; http://mj12bot.com/)"
65.108.78.33 - - [13/Nov/2022:13:05:33 +0100] "GET /apps/school/www_old8/img/LevelC/Category1/LevelCCat1Lesson09/?C=D;O=D HTTP/1.1" 200 457 "-" "Mozilla/5.0 (compatible; MJ12bot/v1.4.8; http://mj12bot.com/)"
