149.202.82.11 - - [13/Nov/2022:17:17:00 +0100] "GET /apps/school/www_old10/img/LevelC/Category1/LevelCCat1Lesson09/ HTTP/1.1" 200 460 "-" "Mozilla/5.0 (compatible; MJ12bot/v1.4.8; http://mj12bot.com/)"
95.91.111.111 - - [13/Nov/2022:17:17:01 +0100] "GET /apps/school/www_old9/img/LevelC/Category3/LevelCCat3Lesson10/ HTTP/1.1" 200 1032 "-" "Mozilla/5.0 (compatible; MJ12bot/v1.4.8; http://mj12bot.com/)"
95.91.111.111 - - [13/Nov/2022:17:17:02 +0100] "GET /apps/school/www_old9/img/LevelC/Category3/LevelCCat3Lesson11/ HTTP/1.1" 200 2078 "-" "Mozilla/5.0 (compatible; MJ12bot/v1.4.8; http://mj12bot.com/)"
95.91.111.111 - - [13/Nov/2022:17:17:04 +0100] "GET /apps/school/www_old9/img/LevelC/Category3/LevelCCat3Lesson12/ HTTP/1.1" 200 1626 "-" "Mozilla/5.0 (compatible; MJ12bot/v1.4.8; http://mj12bot.com/)"
95.91.111.111 - - [13/Nov/2022:17:17:05 +0100] "GET /apps/school/www_old9/img/LevelC/Category3/LevelCCat3Lesson13/ HTTP/1.1" 200 2024 "-" "Mozilla/5.0 (compatible; MJ12bot/v1.4.8; http://mj12bot.com/)"
95.91.111.111 - - [13/Nov/2022:17:17:07 +0100] "GET /apps/school/www_old9/img/LevelC/Category3/LevelCCat3Lesson14/ HTTP/1.1" 200 1026 "-" "Mozilla/5.0 (compatible; MJ12bot/v1.4.8; http://mj12bot.com/)"
95.91.111.111 - - [13/Nov/2022:17:17:08 +0100] "GET /apps/school/www_old9/img/LevelC/Category3/LevelCCat3Lesson15/ HTTP/1.1" 200 3399 "-" "Mozilla/5.0 (compatible; MJ12bot/v1.4.8; http://mj12bot.com/)"
95.91.111.111 - - [13/Nov/2022:17:17:10 +0100] "GET /apps/school/www_old9/img/LevelC/Category3/LevelCCat3Lesson17/ HTTP/1.1" 200 2593 "-" "Mozilla/5.0 (compatible; MJ12bot/v1.4.8; http://mj12bot.com/)"
95.91.111.111 - - [13/Nov/2022:17:17:11 +0100] "GET /apps/school/www_old9/img/LevelC/Category3/LevelCCat3Lesson18/ HTTP/1.1" 200 1419 "-" "Mozilla/5.0 (compatible; MJ12bot/v1.4.8; http://mj12bot.com/)"
149.202.82.11 - - [13/Nov/2022:17:17:12 +0100] "GET /apps/school/www_old10/img/LevelC/Category1/LevelCCat1Lesson10/ HTTP/1.1" 200 473 "-" "Mozilla/5.0 (compatible; MJ12bot/v1.4.8; http://mj12bot.com/)"
95.91.111.111 - - [13/Nov/2022:17:17:13 +0100] "GET /apps/school/www_old9/img/LevelC/Category3/LevelCCat3Lesson19/ HTTP/1.1" 200 1991 "-" "Mozilla/5.0 (compatible; MJ12bot/v1.4.8; http://mj12bot.com/)"
95.91.111.111 - - [13/Nov/2022:17:17:16 +0100] "GET /apps/school/www_old9/img/LevelC/Category3/LevelCCat3Lesson20/ HTTP/1.1" 200 1605 "-" "Mozilla/5.0 (compatible; MJ12bot/v1.4.8; http://mj12bot.com/)"
95.91.111.111 - - [13/Nov/2022:17:17:18 +0100] "GET /apps/school/www_old9/img/LevelC/Category3/LevelCCat3Lesson21/ HTTP/1.1" 200 2407 "-" "Mozilla/5.0 (compatible; MJ12bot/v1.4.8; http://mj12bot.com/)"
95.91.111.111 - - [13/Nov/2022:17:17:19 +0100] "GET /apps/school/www_old9/img/LevelC/Category3/LevelCCat3Lesson22/ HTTP/1.1" 200 2209 "-" "Mozilla/5.0 (compatible; MJ12bot/v1.4.8; http://mj12bot.com/)"
95.91.111.111 - - [13/Nov/2022:17:17:21 +0100] "GET /apps/school/www_old9/img/LevelD/Category1/LevelDCat1Lesson01/ HTTP/1.1" 200 1028 "-" "Mozilla/5.0 (compatible; MJ12bot/v1.4.8; http://mj12bot.com/)"
95.91.111.111 - - [13/Nov/2022:17:17:23 +0100] "GET /apps/school/www_old9/img/LevelD/Category1/LevelDCat1Lesson02/ HTTP/1.1" 200 1032 "-" "Mozilla/5.0 (compatible; MJ12bot/v1.4.8; http://mj12bot.com/)"
95.91.111.111 - - [13/Nov/2022:17:17:24 +0100] "GET /apps/school/www_old9/img/LevelD/Category1/LevelDCat1Lesson03/ HTTP/1.1" 200 1028 "-" "Mozilla/5.0 (compatible; MJ12bot/v1.4.8; http://mj12bot.com/)"
149.202.82.11 - - [13/Nov/2022:17:17:25 +0100] "GET /apps/school/www_old10/img/LevelC/Category1/LevelCCat1Lesson11/ HTTP/1.1" 200 507 "-" "Mozilla/5.0 (compatible; MJ12bot/v1.4.8; http://mj12bot.com/)"
95.91.111.111 - - [13/Nov/2022:17:17:26 +0100] "GET /apps/school/www_old9/img/LevelD/Category1/LevelDCat1Lesson04/ HTTP/1.1" 200 1028 "-" "Mozilla/5.0 (compatible; MJ12bot/v1.4.8; http://mj12bot.com/)"
54.36.149.102 - - [13/Nov/2022:17:17:27 +0100] "GET /apps/school/www_old5/img/LevelA/Category2/LevelACat2Lesson05/ HTTP/1.1" 200 474 "-" "Mozilla/5.0 (compatible; AhrefsBot/7.0; +http://ahrefs.com/robot/)"
95.91.111.111 - - [13/Nov/2022:17:17:27 +0100] "GET /apps/school/www_old9/img/LevelD/Category1/LevelDCat1Lesson05/ HTTP/1.1" 200 1026 "-" "Mozilla/5.0 (compatible; MJ12bot/v1.4.8; http://mj12bot.com/)"
95.91.111.111 - - [13/Nov/2022:17:17:29 +0100] "GET /apps/school/www_old9/img/LevelD/Category1/LevelDCat1Lesson06/ HTTP/1.1" 200 1028 "-" "Mozilla/5.0 (compatible; MJ12bot/v1.4.8; http://mj12bot.com/)"
95.91.111.111 - - [13/Nov/2022:17:17:30 +0100] "GET /apps/school/www_old9/img/LevelD/Category1/LevelDCat1Lesson08/ HTTP/1.1" 200 1026 "-" "Mozilla/5.0 (compatible; MJ12bot/v1.4.8; http://mj12bot.com/)"
95.91.111.111 - - [13/Nov/2022:17:17:32 +0100] "GET /apps/school/www_old9/img/LevelD/Category1/LevelDCat1Lesson09/ HTTP/1.1" 200 2004 "-" "Mozilla/5.0 (compatible; MJ12bot/v1.4.8; http://mj12bot.com/)"
95.91.111.111 - - [13/Nov/2022:17:17:33 +0100] "GET /apps/school/www_old9/img/LevelD/Category1/LevelDCat1Lesson10/ HTTP/1.1" 200 1798 "-" "Mozilla/5.0 (compatible; MJ12bot/v1.4.8; http://mj12bot.com/)"
95.91.111.111 - - [13/Nov/2022:17:17:35 +0100] "GET /apps/school/www_old9/img/LevelD/Category1/LevelDCat1Lesson12/ HTTP/1.1" 200 1038 "-" "Mozilla/5.0 (compatible; MJ12bot/v1.4.8; http://mj12bot.com/)"
95.91.111.111 - - [13/Nov/2022:17:17:36 +0100] "GET /apps/school/www_old9/img/LevelD/Category1/LevelDCat1Lesson13/ HTTP/1.1" 200 1020 "-" "Mozilla/5.0 (compatible; MJ12bot/v1.4.8; http://mj12bot.com/)"
149.202.82.11 - - [13/Nov/2022:17:17:37 +0100] "GET /apps/school/www_old10/img/LevelC/Category1/LevelCCat1Lesson12/ HTTP/1.1" 200 448 "-" "Mozilla/5.0 (compatible; MJ12bot/v1.4.8; http://mj12bot.com/)"
95.91.111.111 - - [13/Nov/2022:17:17:38 +0100] "GET /apps/school/www_old9/img/LevelD/Category1/LevelDCat1Lesson14/ HTTP/1.1" 200 1022 "-" "Mozilla/5.0 (compatible; MJ12bot/v1.4.8; http://mj12bot.com/)"
95.91.111.111 - - [13/Nov/2022:17:17:40 +0100] "GET /apps/school/www_old9/img/LevelD/Category1/LevelDCat1Lesson15/ HTTP/1.1" 200 1024 "-" "Mozilla/5.0 (compatible; MJ12bot/v1.4.8; http://mj12bot.com/)"
95.91.111.111 - - [13/Nov/2022:17:17:41 +0100] "GET /apps/school/www_old9/img/LevelD/Category1/LevelDCat1Lesson16/ HTTP/1.1" 200 1026 "-" "Mozilla/5.0 (compatible; MJ12bot/v1.4.8; http://mj12bot.com/)"
95.91.111.111 - - [13/Nov/2022:17:17:43 +0100] "GET /apps/school/www_old9/img/LevelD/Category1/LevelDCat1Lesson17/ HTTP/1.1" 200 1028 "-" "Mozilla/5.0 (compatible; MJ12bot/v1.4.8; http://mj12bot.com/)"
95.91.111.111 - - [13/Nov/2022:17:17:44 +0100] "GET /apps/school/www_old9/img/LevelD/Category1/LevelDCat1Lesson19/ HTTP/1.1" 200 1042 "-" "Mozilla/5.0 (compatible; MJ12bot/v1.4.8; http://mj12bot.com/)"
95.91.111.111 - - [13/Nov/2022:17:17:46 +0100] "GET /apps/school/www_old9/img/LevelD/Category1/LevelDCat1Lesson32/?C=N;O=A HTTP/1.1" 200 1018 "-" "Mozilla/5.0 (compatible; MJ12bot/v1.4.8; http://mj12bot.com/)"
149.202.82.11 - - [13/Nov/2022:17:17:46 +0100] "GET /apps/school/www_old10/img/LevelC/Category1/LevelCCat1Lesson13/ HTTP/1.1" 200 451 "-" "Mozilla/5.0 (compatible; MJ12bot/v1.4.8; http://mj12bot.com/)"
95.91.111.111 - - [13/Nov/2022:17:17:47 +0100] "GET /apps/school/www_old_temp/AutodeskForge/learn.forge.viewmodels-nodejs/node_modules/dicer/test/fixtures/ HTTP/1.1" 200 1959 "-" "Mozilla/5.0 (compatible; MJ12bot/v1.4.8; http://mj12bot.com/)"
95.91.111.111 - - [13/Nov/2022:17:17:49 +0100] "GET /apps/school/www_old_temp/AutodeskForge/learn.forge.viewmodels-nodejs/node_modules/dicer/test/fixtures/many/?C=D;O=A HTTP/1.1" 200 3939 "-" "Mozilla/5.0 (compatible; MJ12bot/v1.4.8; http://mj12bot.com/)"
95.91.111.111 - - [13/Nov/2022:17:17:50 +0100] "GET /apps/school/www_old_temp/AutodeskForge/learn.forge.viewmodels-nodejs/node_modules/dicer/test/fixtures/many/?C=S;O=A HTTP/1.1" 200 3939 "-" "Mozilla/5.0 (compatible; MJ12bot/v1.4.8; http://mj12bot.com/)"
34.77.44.76 - - [13/Nov/2022:17:17:50 +0100] "HEAD / HTTP/1.1" 302 - "-" "Apache-HttpClient/4.5.5 (Java/11.0.9)"
34.77.44.76 - - [13/Nov/2022:17:17:51 +0100] "HEAD / HTTP/1.1" 200 - "-" "Apache-HttpClient/4.5.5 (Java/11.0.9)"
95.91.111.111 - - [13/Nov/2022:17:17:52 +0100] "GET /apps/school/www_old_temp/AutodeskForge/learn.forge.viewmodels-nodejs/node_modules/dicer/test/fixtures/many/original HTTP/1.1" 200 809 "-" "Mozilla/5.0 (compatible; MJ12bot/v1.4.8; http://mj12bot.com/)"
149.202.82.11 - - [13/Nov/2022:17:17:52 +0100] "GET /apps/school/www_old10/img/LevelC/Category1/LevelCCat1Lesson14/ HTTP/1.1" 200 468 "-" "Mozilla/5.0 (compatible; MJ12bot/v1.4.8; http://mj12bot.com/)"
95.91.111.111 - - [13/Nov/2022:17:17:53 +0100] "GET /apps/school/www_old_temp/AutodeskForge/learn.forge.viewmodels-nodejs/node_modules/dicer/test/fixtures/many/part1 HTTP/1.1" 200 3 "-" "Mozilla/5.0 (compatible; MJ12bot/v1.4.8; http://mj12bot.com/)"
95.91.111.111 - - [13/Nov/2022:17:17:55 +0100] "GET /apps/school/www_old_temp/AutodeskForge/learn.forge.viewmodels-nodejs/node_modules/dicer/test/fixtures/many/part1.header HTTP/1.1" 200 56 "-" "Mozilla/5.0 (compatible; MJ12bot/v1.4.8; http://mj12bot.com/)"
149.202.82.11 - - [13/Nov/2022:17:17:56 +0100] "GET /apps/school/www_old10/img/LevelC/Category1/LevelCCat1Lesson15/ HTTP/1.1" 200 448 "-" "Mozilla/5.0 (compatible; MJ12bot/v1.4.8; http://mj12bot.com/)"
149.202.82.11 - - [13/Nov/2022:17:18:02 +0100] "GET /apps/school/www_old10/img/LevelC/Category1/LevelCCat1Lesson16/ HTTP/1.1" 200 447 "-" "Mozilla/5.0 (compatible; MJ12bot/v1.4.8; http://mj12bot.com/)"
216.244.66.239 - - [13/Nov/2022:17:18:13 +0100] "GET /robots.txt HTTP/1.1" 404 208 "-" "Mozilla/5.0 (compatible; DotBot/1.2; +https://opensiteexplorer.org/dotbot; help@moz.com)"
149.202.82.11 - - [13/Nov/2022:17:18:15 +0100] "GET /apps/school/www_old10/img/LevelC/Category1/LevelCCat1Lesson18/ HTTP/1.1" 200 455 "-" "Mozilla/5.0 (compatible; MJ12bot/v1.4.8; http://mj12bot.com/)"
149.202.82.11 - - [13/Nov/2022:17:18:26 +0100] "GET /apps/school/www_old10/img/LevelC/Category1/LevelCCat1Lesson19/ HTTP/1.1" 200 477 "-" "Mozilla/5.0 (compatible; MJ12bot/v1.4.8; http://mj12bot.com/)"
149.202.82.11 - - [13/Nov/2022:17:18:31 +0100] "GET /apps/school/www_old10/img/LevelC/Category1/LevelCCat1Lesson20/ HTTP/1.1" 200 476 "-" "Mozilla/5.0 (compatible; MJ12bot/v1.4.8; http://mj12bot.com/)"
149.202.82.11 - - [13/Nov/2022:17:18:36 +0100] "GET /apps/school/www_old10/img/LevelC/Category1/LevelCCat1Lesson21/ HTTP/1.1" 200 487 "-" "Mozilla/5.0 (compatible; MJ12bot/v1.4.8; http://mj12bot.com/)"
114.119.141.69 - - [13/Nov/2022:17:18:39 +0100] "GET /apps/school/www_old_temp/AutodeskForge/learn.forge.viewmodels-nodejs/node_modules/buffer-from/?C=S%3BO%3DA HTTP/1.1" 200 522 "http://kulturdokumentation.se/apps/school/www_old_temp/AutodeskForge/learn.forge.viewmodels-nodejs/node_modules/buffer-from/?C=D%3BO%3DA" "Mozilla/5.0 (Linux; Android 7.0;) AppleWebKit/537.36 (KHTML, like Gecko) Mobile Safari/537.36 (compatible; PetalBot;+https://webmaster.petalsearch.com/site/petalbot)"
149.202.82.11 - - [13/Nov/2022:17:18:45 +0100] "GET /apps/school/www_old10/img/LevelC/Category1/LevelCCat1Lesson22/ HTTP/1.1" 200 455 "-" "Mozilla/5.0 (compatible; MJ12bot/v1.4.8; http://mj12bot.com/)"
207.46.13.191 - - [13/Nov/2022:17:18:47 +0100] "GET / HTTP/1.1" 200 21 "-" "Mozilla/5.0 AppleWebKit/537.36 (KHTML, like Gecko; compatible; bingbot/2.0; +http://www.bing.com/bingbot.htm) Chrome/103.0.5060.134 Safari/537.36"
149.202.82.11 - - [13/Nov/2022:17:18:54 +0100] "GET /apps/school/www_old10/img/LevelC/Category1/LevelCCat1Lesson23/ HTTP/1.1" 200 453 "-" "Mozilla/5.0 (compatible; MJ12bot/v1.4.8; http://mj12bot.com/)"
114.119.134.148 - - [13/Nov/2022:17:19:05 +0100] "GET /apps/school/www_old6/img/LevelH/Category1/LevelHCat1Lesson23?C=M%3BO%3DA HTTP/1.1" 301 312 "http://kulturdokumentation.com/apps/school/www_old6/img/LevelH/Category1/LevelHCat1Lesson23?C=S%3BO%3DA" "Mozilla/5.0 (Linux; Android 7.0;) AppleWebKit/537.36 (KHTML, like Gecko) Mobile Safari/537.36 (compatible; PetalBot;+https://webmaster.petalsearch.com/site/petalbot)"
114.119.134.148 - - [13/Nov/2022:17:19:05 +0100] "GET /apps/school/www_old6/img/LevelH/Category1/LevelHCat1Lesson23/?C=M%3BO%3DA HTTP/1.1" 200 445 "http://kulturdokumentation.com/apps/school/www_old6/img/LevelH/Category1/LevelHCat1Lesson23?C=S%3BO%3DA" "Mozilla/5.0 (Linux; Android 7.0;) AppleWebKit/537.36 (KHTML, like Gecko) Mobile Safari/537.36 (compatible; PetalBot;+https://webmaster.petalsearch.com/site/petalbot)"
149.202.82.11 - - [13/Nov/2022:17:19:07 +0100] "GET /apps/school/www_old10/img/LevelC/Category1/LevelCCat1Lesson24/ HTTP/1.1" 200 453 "-" "Mozilla/5.0 (compatible; MJ12bot/v1.4.8; http://mj12bot.com/)"
149.202.82.11 - - [13/Nov/2022:17:19:18 +0100] "GET /apps/school/www_old10/img/LevelC/Category1/LevelCCat1Lesson25/ HTTP/1.1" 200 455 "-" "Mozilla/5.0 (compatible; MJ12bot/v1.4.8; http://mj12bot.com/)"
149.202.82.11 - - [13/Nov/2022:17:19:26 +0100] "GET /apps/school/www_old10/img/LevelC/Category1/LevelCCat1Lesson27/ HTTP/1.1" 200 451 "-" "Mozilla/5.0 (compatible; MJ12bot/v1.4.8; http://mj12bot.com/)"
89.246.241.14 - - [13/Nov/2022:17:19:32 +0100] "GET /pdf/hallbarhetspolicy.pdf HTTP/1.1" 302 232 "-" "Mozilla/5.0 (Windows NT 10.0; Win64; x64; rv:84.0) Gecko/20100101 Firefox/84.0"
149.202.82.11 - - [13/Nov/2022:17:19:33 +0100] "GET /apps/school/www_old10/img/LevelC/Category1/LevelCCat1Lesson28/ HTTP/1.1" 200 545 "-" "Mozilla/5.0 (compatible; MJ12bot/v1.4.8; http://mj12bot.com/)"
149.202.82.11 - - [13/Nov/2022:17:19:43 +0100] "GET /apps/school/www_old10/img/LevelC/Category1/LevelCCat1Lesson29/ HTTP/1.1" 200 486 "-" "Mozilla/5.0 (compatible; MJ12bot/v1.4.8; http://mj12bot.com/)"
183.136.225.32 - - [13/Nov/2022:17:19:50 +0100] "GET / HTTP/1.1" 200 21 "-" "Mozilla/5.0 (Macintosh; Intel Mac OS X 10.11; rv:47.0) Gecko/20100101 Firefox/47.0"
149.202.82.11 - - [13/Nov/2022:17:19:50 +0100] "GET /apps/school/www_old10/img/LevelC/Category1/LevelCCat1Lesson30/ HTTP/1.1" 200 447 "-" "Mozilla/5.0 (compatible; MJ12bot/v1.4.8; http://mj12bot.com/)"
183.136.225.32 - - [13/Nov/2022:17:19:51 +0100] "GET / HTTP/1.1" 200 21 "-" "Mozilla/5.0 (Windows NT 6.1; WOW64) AppleWebKit/537.36 (KHTML, like Gecko) Chrome/63.0.3239.132 Safari/537.36 QIHU 360SE"
183.136.225.32 - - [13/Nov/2022:17:19:52 +0100] "GET /favicon.ico HTTP/1.1" 404 209 "-" "Mozilla/5.0 (Windows NT 6.1; WOW64) AppleWebKit/537.36 (KHTML, like Gecko) Chrome/63.0.3239.132 Safari/537.36 QIHU 360SE"
183.136.225.32 - - [13/Nov/2022:17:19:52 +0100] "GET /robots.txt HTTP/1.1" 404 208 "-" "Mozilla/5.0 (Windows NT 6.1; WOW64) AppleWebKit/537.36 (KHTML, like Gecko) Chrome/63.0.3239.132 Safari/537.36 QIHU 360SE"
149.202.82.11 - - [13/Nov/2022:17:19:59 +0100] "GET /apps/school/www_old10/img/LevelC/Category2/LevelCCat2Lesson01/ HTTP/1.1" 200 472 "-" "Mozilla/5.0 (compatible; MJ12bot/v1.4.8; http://mj12bot.com/)"
52.38.114.89 - - [13/Nov/2022:17:20:00 +0100] "GET / HTTP/1.1" 200 2907 "-" "Mozilla/5.0 (X11; Linux x86_64) AppleWebKit/537.36 (KHTML, like Gecko) Chrome/83.0.4103.97 Safari/537.36"
149.202.82.11 - - [13/Nov/2022:17:20:07 +0100] "GET /apps/school/www_old10/img/LevelC/Category2/LevelCCat2Lesson02/ HTTP/1.1" 200 461 "-" "Mozilla/5.0 (compatible; MJ12bot/v1.4.8; http://mj12bot.com/)"
52.32.211.74 - - [13/Nov/2022:17:20:12 +0100] "GET /favicon.ico HTTP/1.1" 200 318 "-" "Mozilla/5.0 (X11; Linux x86_64) AppleWebKit/537.36 (KHTML, like Gecko) Chrome/83.0.4103.97 Safari/537.36"
149.202.82.11 - - [13/Nov/2022:17:20:16 +0100] "GET /apps/school/www_old10/img/LevelC/Category2/LevelCCat2Lesson03/ HTTP/1.1" 200 443 "-" "Mozilla/5.0 (compatible; MJ12bot/v1.4.8; http://mj12bot.com/)"
149.202.82.11 - - [13/Nov/2022:17:20:25 +0100] "GET /apps/school/www_old10/img/LevelC/Category2/LevelCCat2Lesson04/ HTTP/1.1" 200 467 "-" "Mozilla/5.0 (compatible; MJ12bot/v1.4.8; http://mj12bot.com/)"
149.202.82.11 - - [13/Nov/2022:17:20:32 +0100] "GET /apps/school/www_old10/img/LevelC/Category2/LevelCCat2Lesson05/ HTTP/1.1" 200 542 "-" "Mozilla/5.0 (compatible; MJ12bot/v1.4.8; http://mj12bot.com/)"
149.202.82.11 - - [13/Nov/2022:17:20:41 +0100] "GET /apps/school/www_old10/img/LevelC/Category2/LevelCCat2Lesson06/ HTTP/1.1" 200 503 "-" "Mozilla/5.0 (compatible; MJ12bot/v1.4.8; http://mj12bot.com/)"
107.189.6.203 - - [13/Nov/2022:17:20:41 +0100] "GET /wp-login.php HTTP/1.1" 200 2977 "-" "Mozilla/5.0 (X11; Linux i686) AppleWebKit/537.36 (KHTML, like Gecko) Chrome/36.0.1985.125 Safari/537.36"
107.189.6.203 - - [13/Nov/2022:17:20:41 +0100] "POST /wp-login.php HTTP/1.1" 200 3982 "-" "Mozilla/5.0 (X11; Linux i686) AppleWebKit/537.36 (KHTML, like Gecko) Chrome/36.0.1985.125 Safari/537.36"
149.202.82.11 - - [13/Nov/2022:17:20:49 +0100] "GET /apps/school/www_old10/img/LevelC/Category2/LevelCCat2Lesson07/ HTTP/1.1" 200 447 "-" "Mozilla/5.0 (compatible; MJ12bot/v1.4.8; http://mj12bot.com/)"
54.36.149.11 - - [13/Nov/2022:17:20:53 +0100] "GET /apps/school/www_old6/Html/LevelG/Category2/LevelGCat2Lesson15.html HTTP/1.1" 200 2030 "-" "Mozilla/5.0 (compatible; AhrefsBot/7.0; +http://ahrefs.com/robot/)"
149.202.82.11 - - [13/Nov/2022:17:20:58 +0100] "GET /apps/school/www_old10/img/LevelC/Category2/LevelCCat2Lesson10/ HTTP/1.1" 200 558 "-" "Mozilla/5.0 (compatible; MJ12bot/v1.4.8; http://mj12bot.com/)"
149.202.82.11 - - [13/Nov/2022:17:21:03 +0100] "GET /apps/school/www_old10/img/LevelC/Category2/LevelCCat2Lesson11/ HTTP/1.1" 200 478 "-" "Mozilla/5.0 (compatible; MJ12bot/v1.4.8; http://mj12bot.com/)"
89.246.241.14 - - [13/Nov/2022:17:21:05 +0100] "GET /2015/01/ HTTP/1.1" 200 9731 "-" "Mozilla/5.0 (Windows NT 10.0; Win64; x64; rv:84.0) Gecko/20100101 Firefox/84.0"
149.202.82.11 - - [13/Nov/2022:17:21:13 +0100] "GET /apps/school/www_old10/img/LevelC/Category2/LevelCCat2Lesson12/ HTTP/1.1" 200 565 "-" "Mozilla/5.0 (compatible; MJ12bot/v1.4.8; http://mj12bot.com/)"
149.202.82.11 - - [13/Nov/2022:17:21:25 +0100] "GET /apps/school/www_old10/img/LevelC/Category2/LevelCCat2Lesson13/ HTTP/1.1" 200 585 "-" "Mozilla/5.0 (compatible; MJ12bot/v1.4.8; http://mj12bot.com/)"
149.202.82.11 - - [13/Nov/2022:17:21:36 +0100] "GET /apps/school/www_old10/img/LevelC/Category2/LevelCCat2Lesson14/ HTTP/1.1" 200 513 "-" "Mozilla/5.0 (compatible; MJ12bot/v1.4.8; http://mj12bot.com/)"
66.249.64.127 - - [13/Nov/2022:17:21:38 +0100] "GET /apps/school/www_old8/Html/LevelE/Category2/LevelECat2Lesson16.html HTTP/1.1" 200 5052 "-" "Mozilla/5.0 (compatible; Googlebot/2.1; +http://www.google.com/bot.html)"
149.202.82.11 - - [13/Nov/2022:17:21:43 +0100] "GET /apps/school/www_old10/img/LevelC/Category2/LevelCCat2Lesson15/ HTTP/1.1" 200 496 "-" "Mozilla/5.0 (compatible; MJ12bot/v1.4.8; http://mj12bot.com/)"
149.202.82.11 - - [13/Nov/2022:17:21:51 +0100] "GET /apps/school/www_old10/img/LevelC/Category2/LevelCCat2Lesson16/ HTTP/1.1" 200 518 "-" "Mozilla/5.0 (compatible; MJ12bot/v1.4.8; http://mj12bot.com/)"
149.202.82.11 - - [13/Nov/2022:17:22:00 +0100] "GET /apps/school/www_old10/img/LevelC/Category2/LevelCCat2Lesson17/ HTTP/1.1" 200 487 "-" "Mozilla/5.0 (compatible; MJ12bot/v1.4.8; http://mj12bot.com/)"
149.202.82.11 - - [13/Nov/2022:17:22:08 +0100] "GET /apps/school/www_old10/img/LevelC/Category2/LevelCCat2Lesson18/ HTTP/1.1" 200 526 "-" "Mozilla/5.0 (compatible; MJ12bot/v1.4.8; http://mj12bot.com/)"
149.202.82.11 - - [13/Nov/2022:17:22:13 +0100] "GET /apps/school/www_old10/img/LevelC/Category3/LevelCCat3Lesson01/ HTTP/1.1" 200 513 "-" "Mozilla/5.0 (compatible; MJ12bot/v1.4.8; http://mj12bot.com/)"
149.202.82.11 - - [13/Nov/2022:17:22:16 +0100] "GET /apps/school/www_old10/img/LevelC/Category3/LevelCCat3Lesson02/ HTTP/1.1" 200 543 "-" "Mozilla/5.0 (compatible; MJ12bot/v1.4.8; http://mj12bot.com/)"
149.202.82.11 - - [13/Nov/2022:17:22:24 +0100] "GET /apps/school/www_old10/img/LevelC/Category3/LevelCCat3Lesson03/ HTTP/1.1" 200 543 "-" "Mozilla/5.0 (compatible; MJ12bot/v1.4.8; http://mj12bot.com/)"
149.202.82.11 - - [13/Nov/2022:17:22:35 +0100] "GET /apps/school/www_old10/img/LevelC/Category3/LevelCCat3Lesson04/ HTTP/1.1" 200 506 "-" "Mozilla/5.0 (compatible; MJ12bot/v1.4.8; http://mj12bot.com/)"
149.202.82.11 - - [13/Nov/2022:17:22:41 +0100] "GET /apps/school/www_old10/img/LevelC/Category3/LevelCCat3Lesson05/ HTTP/1.1" 200 491 "-" "Mozilla/5.0 (compatible; MJ12bot/v1.4.8; http://mj12bot.com/)"
149.202.82.11 - - [13/Nov/2022:17:22:45 +0100] "GET /apps/school/www_old10/img/LevelC/Category3/LevelCCat3Lesson06/ HTTP/1.1" 200 472 "-" "Mozilla/5.0 (compatible; MJ12bot/v1.4.8; http://mj12bot.com/)"
149.202.82.11 - - [13/Nov/2022:17:22:55 +0100] "GET /apps/school/www_old10/img/LevelC/Category3/LevelCCat3Lesson07/ HTTP/1.1" 200 571 "-" "Mozilla/5.0 (compatible; MJ12bot/v1.4.8; http://mj12bot.com/)"
149.202.82.11 - - [13/Nov/2022:17:23:01 +0100] "GET /apps/school/www_old10/img/LevelC/Category3/LevelCCat3Lesson08/ HTTP/1.1" 200 561 "-" "Mozilla/5.0 (compatible; MJ12bot/v1.4.8; http://mj12bot.com/)"
149.202.82.11 - - [13/Nov/2022:17:23:04 +0100] "GET /apps/school/www_old10/img/LevelC/Category3/LevelCCat3Lesson09/ HTTP/1.1" 200 526 "-" "Mozilla/5.0 (compatible; MJ12bot/v1.4.8; http://mj12bot.com/)"
149.202.82.11 - - [13/Nov/2022:17:23:12 +0100] "GET /apps/school/www_old10/img/LevelC/Category3/LevelCCat3Lesson10/ HTTP/1.1" 200 449 "-" "Mozilla/5.0 (compatible; MJ12bot/v1.4.8; http://mj12bot.com/)"
149.202.82.11 - - [13/Nov/2022:17:23:17 +0100] "GET /apps/school/www_old10/img/LevelC/Category3/LevelCCat3Lesson11/ HTTP/1.1" 200 526 "-" "Mozilla/5.0 (compatible; MJ12bot/v1.4.8; http://mj12bot.com/)"
149.202.82.11 - - [13/Nov/2022:17:23:20 +0100] "GET /apps/school/www_old10/img/LevelC/Category3/LevelCCat3Lesson12/ HTTP/1.1" 200 489 "-" "Mozilla/5.0 (compatible; MJ12bot/v1.4.8; http://mj12bot.com/)"
149.202.82.11 - - [13/Nov/2022:17:23:23 +0100] "GET /apps/school/www_old10/img/LevelC/Category3/LevelCCat3Lesson13/ HTTP/1.1" 200 515 "-" "Mozilla/5.0 (compatible; MJ12bot/v1.4.8; http://mj12bot.com/)"
149.202.82.11 - - [13/Nov/2022:17:23:26 +0100] "GET /apps/school/www_old10/img/LevelC/Category3/LevelCCat3Lesson15/ HTTP/1.1" 200 618 "-" "Mozilla/5.0 (compatible; MJ12bot/v1.4.8; http://mj12bot.com/)"
149.202.82.11 - - [13/Nov/2022:17:23:35 +0100] "GET /apps/school/www_old10/img/LevelC/Category3/LevelCCat3Lesson17/ HTTP/1.1" 200 565 "-" "Mozilla/5.0 (compatible; MJ12bot/v1.4.8; http://mj12bot.com/)"
66.249.64.123 - - [13/Nov/2022:17:23:35 +0100] "GET /stockholms-stads-gatubelysningsnat-vektoriseras/ HTTP/1.1" 200 9749 "-" "Mozilla/5.0 (compatible; Googlebot/2.1; +http://www.google.com/bot.html)"
149.202.82.11 - - [13/Nov/2022:17:23:40 +0100] "GET /apps/school/www_old10/img/LevelC/Category3/LevelCCat3Lesson18/ HTTP/1.1" 200 495 "-" "Mozilla/5.0 (compatible; MJ12bot/v1.4.8; http://mj12bot.com/)"
114.119.141.53 - - [13/Nov/2022:17:23:42 +0100] "GET /apps/school/www_old6/img/LevelC/Category1/LevelCCat1Lesson09/?C=M%3BO%3DA HTTP/1.1" 200 460 "http://kulturdokumentation.se/apps/school/www_old6/img/LevelC/Category1/LevelCCat1Lesson09/" "Mozilla/5.0 (Linux; Android 7.0;) AppleWebKit/537.36 (KHTML, like Gecko) Mobile Safari/537.36 (compatible; PetalBot;+https://webmaster.petalsearch.com/site/petalbot)"
149.202.82.11 - - [13/Nov/2022:17:23:46 +0100] "GET /apps/school/www_old10/img/LevelC/Category3/LevelCCat3Lesson19/ HTTP/1.1" 200 525 "-" "Mozilla/5.0 (compatible; MJ12bot/v1.4.8; http://mj12bot.com/)"
149.202.82.11 - - [13/Nov/2022:17:23:53 +0100] "GET /apps/school/www_old10/img/LevelC/Category3/LevelCCat3Lesson20/ HTTP/1.1" 200 503 "-" "Mozilla/5.0 (compatible; MJ12bot/v1.4.8; http://mj12bot.com/)"
54.36.148.112 - - [13/Nov/2022:17:23:55 +0100] "GET /apps/school/www_old9/img/LevelE/Category2/LevelECat2Lesson14/ HTTP/1.1" 200 758 "-" "Mozilla/5.0 (compatible; AhrefsBot/7.0; +http://ahrefs.com/robot/)"
149.202.82.11 - - [13/Nov/2022:17:23:56 +0100] "GET /apps/school/www_old10/img/LevelC/Category3/LevelCCat3Lesson21/ HTTP/1.1" 200 560 "-" "Mozilla/5.0 (compatible; MJ12bot/v1.4.8; http://mj12bot.com/)"
149.202.82.11 - - [13/Nov/2022:17:24:06 +0100] "GET /apps/school/www_old10/img/LevelC/Category3/LevelCCat3Lesson22/ HTTP/1.1" 200 544 "-" "Mozilla/5.0 (compatible; MJ12bot/v1.4.8; http://mj12bot.com/)"
149.202.82.11 - - [13/Nov/2022:17:24:11 +0100] "GET /apps/school/www_old10/img/LevelD/Category1/LevelDCat1Lesson01/ HTTP/1.1" 200 451 "-" "Mozilla/5.0 (compatible; MJ12bot/v1.4.8; http://mj12bot.com/)"
114.119.134.161 - - [13/Nov/2022:17:24:16 +0100] "GET /apps/school/www_old6/js/WebkitDragAndDrop.js HTTP/1.1" 200 4330 "http://kulturdokumentation.com/apps/school/www_old6/js/?C=D%3BO%3DA" "Mozilla/5.0 (Linux; Android 7.0;) AppleWebKit/537.36 (KHTML, like Gecko) Mobile Safari/537.36 (compatible; PetalBot;+https://webmaster.petalsearch.com/site/petalbot)"
149.202.82.11 - - [13/Nov/2022:17:24:18 +0100] "GET /apps/school/www_old10/img/LevelD/Category1/LevelDCat1Lesson02/ HTTP/1.1" 200 452 "-" "Mozilla/5.0 (compatible; MJ12bot/v1.4.8; http://mj12bot.com/)"
149.202.82.11 - - [13/Nov/2022:17:24:28 +0100] "GET /apps/school/www_old10/img/LevelD/Category1/LevelDCat1Lesson03/ HTTP/1.1" 200 452 "-" "Mozilla/5.0 (compatible; MJ12bot/v1.4.8; http://mj12bot.com/)"
149.202.82.11 - - [13/Nov/2022:17:24:37 +0100] "GET /apps/school/www_old10/img/LevelD/Category1/LevelDCat1Lesson04/ HTTP/1.1" 200 451 "-" "Mozilla/5.0 (compatible; MJ12bot/v1.4.8; http://mj12bot.com/)"
149.202.82.11 - - [13/Nov/2022:17:24:43 +0100] "GET /apps/school/www_old10/img/LevelD/Category1/LevelDCat1Lesson05/ HTTP/1.1" 200 448 "-" "Mozilla/5.0 (compatible; MJ12bot/v1.4.8; http://mj12bot.com/)"
149.202.82.11 - - [13/Nov/2022:17:24:49 +0100] "GET /apps/school/www_old10/img/LevelD/Category1/LevelDCat1Lesson06/ HTTP/1.1" 200 450 "-" "Mozilla/5.0 (compatible; MJ12bot/v1.4.8; http://mj12bot.com/)"
157.55.39.232 - - [13/Nov/2022:17:24:53 +0100] "GET /?page=change&CompanyId=3710 HTTP/1.1" 200 1772 "-" "Mozilla/5.0 AppleWebKit/537.36 (KHTML, like Gecko; compatible; bingbot/2.0; +http://www.bing.com/bingbot.htm) Chrome/103.0.5060.134 Safari/537.36"
149.202.82.11 - - [13/Nov/2022:17:24:54 +0100] "GET /apps/school/www_old10/img/LevelD/Category1/LevelDCat1Lesson08/ HTTP/1.1" 200 451 "-" "Mozilla/5.0 (compatible; MJ12bot/v1.4.8; http://mj12bot.com/)"
149.202.82.11 - - [13/Nov/2022:17:25:02 +0100] "GET /apps/school/www_old10/img/LevelD/Category1/LevelDCat1Lesson09/ HTTP/1.1" 200 509 "-" "Mozilla/5.0 (compatible; MJ12bot/v1.4.8; http://mj12bot.com/)"
149.202.82.11 - - [13/Nov/2022:17:25:07 +0100] "GET /apps/school/www_old10/img/LevelD/Category1/LevelDCat1Lesson10/ HTTP/1.1" 200 499 "-" "Mozilla/5.0 (compatible; MJ12bot/v1.4.8; http://mj12bot.com/)"
149.202.82.11 - - [13/Nov/2022:17:25:14 +0100] "GET /apps/school/www_old10/img/LevelD/Category1/LevelDCat1Lesson12/ HTTP/1.1" 200 455 "-" "Mozilla/5.0 (compatible; MJ12bot/v1.4.8; http://mj12bot.com/)"
149.202.82.11 - - [13/Nov/2022:17:25:21 +0100] "GET /apps/school/www_old10/img/LevelD/Category1/LevelDCat1Lesson13/ HTTP/1.1" 200 448 "-" "Mozilla/5.0 (compatible; MJ12bot/v1.4.8; http://mj12bot.com/)"
149.202.82.11 - - [13/Nov/2022:17:25:30 +0100] "GET /apps/school/www_old10/img/LevelD/Category1/LevelDCat1Lesson14/ HTTP/1.1" 200 448 "-" "Mozilla/5.0 (compatible; MJ12bot/v1.4.8; http://mj12bot.com/)"
149.202.82.11 - - [13/Nov/2022:17:25:36 +0100] "GET /apps/school/www_old10/img/LevelD/Category1/LevelDCat1Lesson15/ HTTP/1.1" 200 450 "-" "Mozilla/5.0 (compatible; MJ12bot/v1.4.8; http://mj12bot.com/)"
149.202.82.11 - - [13/Nov/2022:17:25:39 +0100] "GET /apps/school/www_old10/img/LevelD/Category1/LevelDCat1Lesson16/ HTTP/1.1" 200 446 "-" "Mozilla/5.0 (compatible; MJ12bot/v1.4.8; http://mj12bot.com/)"
149.202.82.11 - - [13/Nov/2022:17:25:49 +0100] "GET /apps/school/www_old10/img/LevelD/Category1/LevelDCat1Lesson17/ HTTP/1.1" 200 449 "-" "Mozilla/5.0 (compatible; MJ12bot/v1.4.8; http://mj12bot.com/)"
149.202.82.11 - - [13/Nov/2022:17:25:58 +0100] "GET /apps/school/www_old10/img/LevelD/Category1/LevelDCat1Lesson19/ HTTP/1.1" 200 456 "-" "Mozilla/5.0 (compatible; MJ12bot/v1.4.8; http://mj12bot.com/)"
149.202.82.11 - - [13/Nov/2022:17:26:03 +0100] "GET /apps/school/www_old10/img/LevelD/Category1/LevelDCat1Lesson20/ HTTP/1.1" 200 455 "-" "Mozilla/5.0 (compatible; MJ12bot/v1.4.8; http://mj12bot.com/)"
149.202.82.11 - - [13/Nov/2022:17:26:09 +0100] "GET /apps/school/www_old10/img/LevelD/Category1/LevelDCat1Lesson21/ HTTP/1.1" 200 490 "-" "Mozilla/5.0 (compatible; MJ12bot/v1.4.8; http://mj12bot.com/)"
149.202.82.11 - - [13/Nov/2022:17:26:20 +0100] "GET /apps/school/www_old10/img/LevelD/Category1/LevelDCat1Lesson23/ HTTP/1.1" 200 452 "-" "Mozilla/5.0 (compatible; MJ12bot/v1.4.8; http://mj12bot.com/)"
149.202.82.11 - - [13/Nov/2022:17:26:25 +0100] "GET /apps/school/www_old10/img/LevelD/Category1/LevelDCat1Lesson24/ HTTP/1.1" 200 453 "-" "Mozilla/5.0 (compatible; MJ12bot/v1.4.8; http://mj12bot.com/)"
149.202.82.11 - - [13/Nov/2022:17:26:30 +0100] "GET /apps/school/www_old10/img/LevelD/Category1/LevelDCat1Lesson25/ HTTP/1.1" 200 444 "-" "Mozilla/5.0 (compatible; MJ12bot/v1.4.8; http://mj12bot.com/)"
205.185.116.162 - - [13/Nov/2022:17:26:35 +0100] "GET /wp-login.php HTTP/1.1" 200 2977 "-" "Mozilla/5.0 (Macintosh; Intel Mac OS X 10_9_4) AppleWebKit/537.77.4 (KHTML, like Gecko) Version/7.0.5 Safari/537.77.4"
205.185.116.162 - - [13/Nov/2022:17:26:35 +0100] "POST /wp-login.php HTTP/1.1" 200 3988 "-" "Mozilla/5.0 (Macintosh; Intel Mac OS X 10_9_4) AppleWebKit/537.77.4 (KHTML, like Gecko) Version/7.0.5 Safari/537.77.4"
149.202.82.11 - - [13/Nov/2022:17:26:37 +0100] "GET /apps/school/www_old10/img/LevelD/Category1/LevelDCat1Lesson26/ HTTP/1.1" 200 455 "-" "Mozilla/5.0 (compatible; MJ12bot/v1.4.8; http://mj12bot.com/)"
149.202.82.11 - - [13/Nov/2022:17:26:43 +0100] "GET /apps/school/www_old10/img/LevelD/Category1/LevelDCat1Lesson27/ HTTP/1.1" 200 457 "-" "Mozilla/5.0 (compatible; MJ12bot/v1.4.8; http://mj12bot.com/)"
149.202.82.11 - - [13/Nov/2022:17:26:51 +0100] "GET /apps/school/www_old10/img/LevelD/Category1/LevelDCat1Lesson28/ HTTP/1.1" 200 448 "-" "Mozilla/5.0 (compatible; MJ12bot/v1.4.8; http://mj12bot.com/)"
149.202.82.11 - - [13/Nov/2022:17:26:57 +0100] "GET /apps/school/www_old10/img/LevelD/Category1/LevelDCat1Lesson29/ HTTP/1.1" 200 448 "-" "Mozilla/5.0 (compatible; MJ12bot/v1.4.8; http://mj12bot.com/)"
149.202.82.11 - - [13/Nov/2022:17:27:01 +0100] "GET /apps/school/www_old10/img/LevelD/Category1/LevelDCat1Lesson30/ HTTP/1.1" 200 477 "-" "Mozilla/5.0 (compatible; MJ12bot/v1.4.8; http://mj12bot.com/)"
149.202.82.11 - - [13/Nov/2022:17:27:10 +0100] "GET /apps/school/www_old10/img/LevelD/Category1/LevelDCat1Lesson31/ HTTP/1.1" 200 455 "-" "Mozilla/5.0 (compatible; MJ12bot/v1.4.8; http://mj12bot.com/)"
149.202.82.11 - - [13/Nov/2022:17:27:15 +0100] "GET /apps/school/www_old10/img/LevelD/Category1/LevelDCat1Lesson32/ HTTP/1.1" 200 445 "-" "Mozilla/5.0 (compatible; MJ12bot/v1.4.8; http://mj12bot.com/)"
149.202.82.11 - - [13/Nov/2022:17:27:22 +0100] "GET /apps/school/www_old10/img/LevelD/Category1/LevelDCat1Lesson33/ HTTP/1.1" 200 506 "-" "Mozilla/5.0 (compatible; MJ12bot/v1.4.8; http://mj12bot.com/)"
54.36.148.98 - - [13/Nov/2022:17:27:29 +0100] "GET /apps/school/www_old6/Html/LevelG/Category2/LevelGCat2Lesson16.html HTTP/1.1" 200 3040 "-" "Mozilla/5.0 (compatible; AhrefsBot/7.0; +http://ahrefs.com/robot/)"
149.202.82.11 - - [13/Nov/2022:17:27:30 +0100] "GET /apps/school/www_old10/img/LevelD/Category1/LevelDCat1Lesson35/ HTTP/1.1" 200 542 "-" "Mozilla/5.0 (compatible; MJ12bot/v1.4.8; http://mj12bot.com/)"
149.202.82.11 - - [13/Nov/2022:17:27:39 +0100] "GET /apps/school/www_old10/img/LevelD/Category1/LevelDCat1Lesson36/ HTTP/1.1" 200 501 "-" "Mozilla/5.0 (compatible; MJ12bot/v1.4.8; http://mj12bot.com/)"
149.202.82.11 - - [13/Nov/2022:17:27:44 +0100] "GET /apps/school/www_old10/img/LevelD/Category1/LevelDCat1Lesson37/ HTTP/1.1" 200 451 "-" "Mozilla/5.0 (compatible; MJ12bot/v1.4.8; http://mj12bot.com/)"
194.180.48.125 - - [13/Nov/2022:17:27:44 +0100] "GET /docker-compose.yml HTTP/1.1" 404 216 "-" "Mozilla/5.0 (Windows NT 10.0) AppleWebKit/537.36 (KHTML, like Gecko) Chrome/76.0.3809.100 Safari/537.36"
149.202.82.11 - - [13/Nov/2022:17:27:55 +0100] "GET /apps/school/www_old10/img/LevelD/Category2/LevelDCat2Lesson01/ HTTP/1.1" 200 669 "-" "Mozilla/5.0 (compatible; MJ12bot/v1.4.8; http://mj12bot.com/)"
149.202.82.11 - - [13/Nov/2022:17:27:57 +0100] "GET /apps/school/www_old10/img/LevelD/Category2/LevelDCat2Lesson02/ HTTP/1.1" 200 582 "-" "Mozilla/5.0 (compatible; MJ12bot/v1.4.8; http://mj12bot.com/)"
149.202.82.11 - - [13/Nov/2022:17:28:09 +0100] "GET /apps/school/www_old10/img/LevelD/Category2/LevelDCat2Lesson03/ HTTP/1.1" 200 488 "-" "Mozilla/5.0 (compatible; MJ12bot/v1.4.8; http://mj12bot.com/)"
107.189.3.40 - - [13/Nov/2022:17:28:11 +0100] "GET /wp-login.php HTTP/1.1" 200 2977 "-" "Mozilla/5.0 (X11; Linux x86_64) AppleWebKit/537.36 (KHTML, like Gecko) Ubuntu Chromium/36.0.1985.125 Chrome/36.0.1985.125 Safari/537.36"
107.189.3.40 - - [13/Nov/2022:17:28:11 +0100] "POST /wp-login.php HTTP/1.1" 200 3996 "-" "Mozilla/5.0 (X11; Linux x86_64) AppleWebKit/537.36 (KHTML, like Gecko) Ubuntu Chromium/36.0.1985.125 Chrome/36.0.1985.125 Safari/537.36"
176.58.124.134 - - [13/Nov/2022:17:28:16 +0100] "GET / HTTP/1.1" 400 226 "-" "-"
149.202.82.11 - - [13/Nov/2022:17:28:17 +0100] "GET /apps/school/www_old10/img/LevelD/Category2/LevelDCat2Lesson04/ HTTP/1.1" 200 520 "-" "Mozilla/5.0 (compatible; MJ12bot/v1.4.8; http://mj12bot.com/)"
149.202.82.11 - - [13/Nov/2022:17:28:20 +0100] "GET /apps/school/www_old10/img/LevelD/Category2/LevelDCat2Lesson05/ HTTP/1.1" 200 496 "-" "Mozilla/5.0 (compatible; MJ12bot/v1.4.8; http://mj12bot.com/)"
149.202.82.11 - - [13/Nov/2022:17:28:29 +0100] "GET /apps/school/www_old10/img/LevelD/Category2/LevelDCat2Lesson06/ HTTP/1.1" 200 463 "-" "Mozilla/5.0 (compatible; MJ12bot/v1.4.8; http://mj12bot.com/)"
149.202.82.11 - - [13/Nov/2022:17:28:35 +0100] "GET /apps/school/www_old10/img/LevelD/Category2/LevelDCat2Lesson07/ HTTP/1.1" 200 485 "-" "Mozilla/5.0 (compatible; MJ12bot/v1.4.8; http://mj12bot.com/)"
149.202.82.11 - - [13/Nov/2022:17:28:43 +0100] "GET /apps/school/www_old10/img/LevelD/Category2/LevelDCat2Lesson08/ HTTP/1.1" 200 496 "-" "Mozilla/5.0 (compatible; MJ12bot/v1.4.8; http://mj12bot.com/)"
149.202.82.11 - - [13/Nov/2022:17:28:50 +0100] "GET /apps/school/www_old10/img/LevelD/Category2/LevelDCat2Lesson09/ HTTP/1.1" 200 517 "-" "Mozilla/5.0 (compatible; MJ12bot/v1.4.8; http://mj12bot.com/)"
114.119.141.53 - - [13/Nov/2022:17:28:52 +0100] "GET /apps/school/www_old_temp/AutodeskForge/learn.forge.viewmodels-nodejs/node_modules/jsprim/?C=M%3BO%3DA HTTP/1.1" 200 571 "http://kulturdokumentation.se/apps/school/www_old_temp/AutodeskForge/learn.forge.viewmodels-nodejs/node_modules/jsprim/" "Mozilla/5.0 (Linux; Android 7.0;) AppleWebKit/537.36 (KHTML, like Gecko) Mobile Safari/537.36 (compatible; PetalBot;+https://webmaster.petalsearch.com/site/petalbot)"
149.202.82.11 - - [13/Nov/2022:17:28:55 +0100] "GET /apps/school/www_old10/img/LevelD/Category2/LevelDCat2Lesson10/ HTTP/1.1" 200 603 "-" "Mozilla/5.0 (compatible; MJ12bot/v1.4.8; http://mj12bot.com/)"
114.119.129.36 - - [13/Nov/2022:17:28:58 +0100] "GET /robots.txt HTTP/1.1" 404 208 "-" "Mozilla/5.0 (compatible;PetalBot;+https://webmaster.petalsearch.com/site/petalbot)"
149.202.82.11 - - [13/Nov/2022:17:29:04 +0100] "GET /apps/school/www_old10/img/LevelD/Category2/LevelDCat2Lesson11/ HTTP/1.1" 200 545 "-" "Mozilla/5.0 (compatible; MJ12bot/v1.4.8; http://mj12bot.com/)"
149.202.82.11 - - [13/Nov/2022:17:29:12 +0100] "GET /apps/school/www_old10/img/LevelD/Category2/LevelDCat2Lesson12/ HTTP/1.1" 200 503 "-" "Mozilla/5.0 (compatible; MJ12bot/v1.4.8; http://mj12bot.com/)"
149.202.82.11 - - [13/Nov/2022:17:29:16 +0100] "GET /apps/school/www_old10/img/LevelD/Category2/LevelDCat2Lesson13/ HTTP/1.1" 200 471 "-" "Mozilla/5.0 (compatible; MJ12bot/v1.4.8; http://mj12bot.com/)"
149.202.82.11 - - [13/Nov/2022:17:29:23 +0100] "GET /apps/school/www_old10/img/LevelD/Category2/LevelDCat2Lesson14/ HTTP/1.1" 200 508 "-" "Mozilla/5.0 (compatible; MJ12bot/v1.4.8; http://mj12bot.com/)"
114.119.134.152 - - [13/Nov/2022:17:29:27 +0100] "GET /apps/school/www_old8/img/LevelB/Category1/LevelBCat1Lesson17/?C=D%3BO%3DA HTTP/1.1" 200 450 "http://kulturdokumentation.com/apps/school/www_old8/img/LevelB/Category1/LevelBCat1Lesson17" "Mozilla/5.0 (Linux; Android 7.0;) AppleWebKit/537.36 (KHTML, like Gecko) Mobile Safari/537.36 (compatible; PetalBot;+https://webmaster.petalsearch.com/site/petalbot)"
149.202.82.11 - - [13/Nov/2022:17:29:28 +0100] "GET /apps/school/www_old10/img/LevelD/Category2/LevelDCat2Lesson16/ HTTP/1.1" 200 541 "-" "Mozilla/5.0 (compatible; MJ12bot/v1.4.8; http://mj12bot.com/)"
149.202.82.11 - - [13/Nov/2022:17:29:32 +0100] "GET /apps/school/www_old10/img/LevelD/Category2/LevelDCat2Lesson17/ HTTP/1.1" 200 514 "-" "Mozilla/5.0 (compatible; MJ12bot/v1.4.8; http://mj12bot.com/)"
149.202.82.11 - - [13/Nov/2022:17:29:38 +0100] "GET /apps/school/www_old10/img/LevelD/Category2/LevelDCat2Lesson18/ HTTP/1.1" 200 511 "-" "Mozilla/5.0 (compatible; MJ12bot/v1.4.8; http://mj12bot.com/)"
149.202.82.11 - - [13/Nov/2022:17:29:42 +0100] "GET /apps/school/www_old10/img/LevelD/Category2/LevelDCat2Lesson19/ HTTP/1.1" 200 543 "-" "Mozilla/5.0 (compatible; MJ12bot/v1.4.8; http://mj12bot.com/)"
216.244.66.203 - - [13/Nov/2022:17:29:43 +0100] "GET /robots.txt HTTP/1.1" 404 208 "-" "Mozilla/5.0 (compatible; DotBot/1.2; +https://opensiteexplorer.org/dotbot; help@moz.com)"
149.202.82.11 - - [13/Nov/2022:17:29:45 +0100] "GET /apps/school/www_old10/img/LevelD/Category2/LevelDCat2Lesson20/ HTTP/1.1" 200 481 "-" "Mozilla/5.0 (compatible; MJ12bot/v1.4.8; http://mj12bot.com/)"
149.202.82.11 - - [13/Nov/2022:17:29:52 +0100] "GET /apps/school/www_old10/img/LevelD/Category2/LevelDCat2Lesson21/ HTTP/1.1" 200 495 "-" "Mozilla/5.0 (compatible; MJ12bot/v1.4.8; http://mj12bot.com/)"
149.202.82.11 - - [13/Nov/2022:17:29:57 +0100] "GET /apps/school/www_old10/img/LevelD/Category2/LevelDCat2Lesson22/ HTTP/1.1" 200 555 "-" "Mozilla/5.0 (compatible; MJ12bot/v1.4.8; http://mj12bot.com/)"
149.202.82.11 - - [13/Nov/2022:17:30:00 +0100] "GET /apps/school/www_old10/img/LevelD/Category2/LevelDCat2Lesson23/ HTTP/1.1" 200 543 "-" "Mozilla/5.0 (compatible; MJ12bot/v1.4.8; http://mj12bot.com/)"
149.202.82.11 - - [13/Nov/2022:17:30:04 +0100] "GET /apps/school/www_old10/img/LevelD/Category2/LevelDCat2Lesson24/ HTTP/1.1" 200 506 "-" "Mozilla/5.0 (compatible; MJ12bot/v1.4.8; http://mj12bot.com/)"
149.202.82.11 - - [13/Nov/2022:17:30:13 +0100] "GET /apps/school/www_old10/img/LevelD/Category2/LevelDCat2Lesson25/ HTTP/1.1" 200 500 "-" "Mozilla/5.0 (compatible; MJ12bot/v1.4.8; http://mj12bot.com/)"
149.202.82.11 - - [13/Nov/2022:17:30:20 +0100] "GET /apps/school/www_old10/img/LevelD/Category3/LevelDCat3Lesson01/ HTTP/1.1" 200 455 "-" "Mozilla/5.0 (compatible; MJ12bot/v1.4.8; http://mj12bot.com/)"
149.202.82.11 - - [13/Nov/2022:17:30:28 +0100] "GET /apps/school/www_old10/img/LevelD/Category3/LevelDCat3Lesson02/ HTTP/1.1" 200 568 "-" "Mozilla/5.0 (compatible; MJ12bot/v1.4.8; http://mj12bot.com/)"
199.195.254.123 - - [13/Nov/2022:17:30:31 +0100] "GET /wp-login.php HTTP/1.1" 200 2977 "-" "Mozilla/5.0 (Macintosh; Intel Mac OS X 10_9_4) AppleWebKit/537.77.4 (KHTML, like Gecko) Version/7.0.5 Safari/537.77.4"
149.202.82.11 - - [13/Nov/2022:17:30:34 +0100] "GET /apps/school/www_old10/img/LevelD/Category3/LevelDCat3Lesson03/ HTTP/1.1" 200 508 "-" "Mozilla/5.0 (compatible; MJ12bot/v1.4.8; http://mj12bot.com/)"
149.202.82.11 - - [13/Nov/2022:17:30:39 +0100] "GET /apps/school/www_old10/img/LevelD/Category3/LevelDCat3Lesson04/ HTTP/1.1" 200 497 "-" "Mozilla/5.0 (compatible; MJ12bot/v1.4.8; http://mj12bot.com/)"
199.195.254.123 - - [13/Nov/2022:17:30:39 +0100] "POST /wp-login.php HTTP/1.1" 200 3978 "-" "Mozilla/5.0 (Macintosh; Intel Mac OS X 10_9_4) AppleWebKit/537.77.4 (KHTML, like Gecko) Version/7.0.5 Safari/537.77.4"
45.91.170.176 - - [13/Nov/2022:17:30:43 +0100] "GET / HTTP/1.0" 400 362 "-" "-"
149.202.82.11 - - [13/Nov/2022:17:30:45 +0100] "GET /apps/school/www_old10/img/LevelD/Category3/LevelDCat3Lesson05/ HTTP/1.1" 200 528 "-" "Mozilla/5.0 (compatible; MJ12bot/v1.4.8; http://mj12bot.com/)"
54.36.148.126 - - [13/Nov/2022:17:30:46 +0100] "GET /apps/school/www/res/ HTTP/1.1" 200 429 "-" "Mozilla/5.0 (compatible; AhrefsBot/7.0; +http://ahrefs.com/robot/)"
149.202.82.11 - - [13/Nov/2022:17:30:49 +0100] "GET /apps/school/www_old10/img/LevelD/Category3/LevelDCat3Lesson06/ HTTP/1.1" 200 586 "-" "Mozilla/5.0 (compatible; MJ12bot/v1.4.8; http://mj12bot.com/)"
149.202.82.11 - - [13/Nov/2022:17:30:54 +0100] "GET /apps/school/www_old10/img/LevelD/Category3/LevelDCat3Lesson07/ HTTP/1.1" 200 447 "-" "Mozilla/5.0 (compatible; MJ12bot/v1.4.8; http://mj12bot.com/)"
149.202.82.11 - - [13/Nov/2022:17:30:57 +0100] "GET /apps/school/www_old10/img/LevelD/Category3/LevelDCat3Lesson08/ HTTP/1.1" 200 564 "-" "Mozilla/5.0 (compatible; MJ12bot/v1.4.8; http://mj12bot.com/)"
149.202.82.11 - - [13/Nov/2022:17:31:01 +0100] "GET /apps/school/www_old10/img/LevelD/Category3/LevelDCat3Lesson09/ HTTP/1.1" 200 446 "-" "Mozilla/5.0 (compatible; MJ12bot/v1.4.8; http://mj12bot.com/)"
149.202.82.11 - - [13/Nov/2022:17:31:08 +0100] "GET /apps/school/www_old10/img/LevelD/Category3/LevelDCat3Lesson10/ HTTP/1.1" 200 446 "-" "Mozilla/5.0 (compatible; MJ12bot/v1.4.8; http://mj12bot.com/)"
149.202.82.11 - - [13/Nov/2022:17:31:14 +0100] "GET /apps/school/www_old10/img/LevelD/Category3/LevelDCat3Lesson11/ HTTP/1.1" 200 534 "-" "Mozilla/5.0 (compatible; MJ12bot/v1.4.8; http://mj12bot.com/)"
149.202.82.11 - - [13/Nov/2022:17:31:18 +0100] "GET /apps/school/www_old10/img/LevelD/Category3/LevelDCat3Lesson12/ HTTP/1.1" 200 571 "-" "Mozilla/5.0 (compatible; MJ12bot/v1.4.8; http://mj12bot.com/)"
149.202.82.11 - - [13/Nov/2022:17:31:21 +0100] "GET /apps/school/www_old10/img/LevelD/Category3/LevelDCat3Lesson13/ HTTP/1.1" 200 589 "-" "Mozilla/5.0 (compatible; MJ12bot/v1.4.8; http://mj12bot.com/)"
149.202.82.11 - - [13/Nov/2022:17:31:26 +0100] "GET /apps/school/www_old10/img/LevelE/Category3/LevelECat3Lesson08/ HTTP/1.1" 200 576 "-" "Mozilla/5.0 (compatible; MJ12bot/v1.4.8; http://mj12bot.com/)"
149.202.82.11 - - [13/Nov/2022:17:31:30 +0100] "GET /apps/school/www_old10/img/LevelE/Category3/LevelECat3Lesson09/ HTTP/1.1" 200 489 "-" "Mozilla/5.0 (compatible; MJ12bot/v1.4.8; http://mj12bot.com/)"
149.202.82.11 - - [13/Nov/2022:17:31:35 +0100] "GET /apps/school/www_old10/img/LevelE/Category3/LevelECat3Lesson10/ HTTP/1.1" 200 450 "-" "Mozilla/5.0 (compatible; MJ12bot/v1.4.8; http://mj12bot.com/)"
149.202.82.11 - - [13/Nov/2022:17:31:40 +0100] "GET /apps/school/www_old10/img/LevelE/Category3/LevelECat3Lesson11/ HTTP/1.1" 200 446 "-" "Mozilla/5.0 (compatible; MJ12bot/v1.4.8; http://mj12bot.com/)"
149.202.82.11 - - [13/Nov/2022:17:31:44 +0100] "GET /apps/school/www_old10/img/LevelE/Category3/LevelECat3Lesson12/ HTTP/1.1" 200 448 "-" "Mozilla/5.0 (compatible; MJ12bot/v1.4.8; http://mj12bot.com/)"
149.202.82.11 - - [13/Nov/2022:17:31:48 +0100] "GET /apps/school/www_old10/img/LevelE/Category3/LevelECat3Lesson13/ HTTP/1.1" 200 459 "-" "Mozilla/5.0 (compatible; MJ12bot/v1.4.8; http://mj12bot.com/)"
149.202.82.11 - - [13/Nov/2022:17:31:51 +0100] "GET /apps/school/www_old10/img/LevelE/Category3/LevelECat3Lesson14/ HTTP/1.1" 200 451 "-" "Mozilla/5.0 (compatible; MJ12bot/v1.4.8; http://mj12bot.com/)"
5.255.253.166 - - [13/Nov/2022:17:31:53 +0100] "GET /apps/school/www_old3/Html/LevelD/Category1/LevelDCat1Lesson18.html HTTP/1.1" 200 3703 "-" "Mozilla/5.0 (compatible; YandexBot/3.0; +http://yandex.com/bots)"
149.202.82.11 - - [13/Nov/2022:17:31:58 +0100] "GET /apps/school/www_old10/img/LevelE/Category3/LevelECat3Lesson15/ HTTP/1.1" 200 446 "-" "Mozilla/5.0 (compatible; MJ12bot/v1.4.8; http://mj12bot.com/)"
149.202.82.11 - - [13/Nov/2022:17:32:03 +0100] "GET /apps/school/www_old10/img/LevelE/Category3/LevelECat3Lesson19/ HTTP/1.1" 200 530 "-" "Mozilla/5.0 (compatible; MJ12bot/v1.4.8; http://mj12bot.com/)"
149.202.82.11 - - [13/Nov/2022:17:32:11 +0100] "GET /apps/school/www_old3/img/LevelA/Category2/LevelACat2Lesson18/ HTTP/1.1" 200 513 "-" "Mozilla/5.0 (compatible; MJ12bot/v1.4.8; http://mj12bot.com/)"
149.202.82.11 - - [13/Nov/2022:17:32:16 +0100] "GET /apps/school/www_old3/img/LevelA/Category2/LevelACat2Lesson19/ HTTP/1.1" 200 502 "-" "Mozilla/5.0 (compatible; MJ12bot/v1.4.8; http://mj12bot.com/)"
149.202.82.11 - - [13/Nov/2022:17:32:22 +0100] "GET /apps/school/www_old3/img/LevelA/Category2/LevelACat2Lesson2/ HTTP/1.1" 200 520 "-" "Mozilla/5.0 (compatible; MJ12bot/v1.4.8; http://mj12bot.com/)"
149.202.82.11 - - [13/Nov/2022:17:32:26 +0100] "GET /apps/school/www_old3/img/LevelA/Category2/LevelACat2Lesson20/ HTTP/1.1" 200 481 "-" "Mozilla/5.0 (compatible; MJ12bot/v1.4.8; http://mj12bot.com/)"
149.202.82.11 - - [13/Nov/2022:17:32:35 +0100] "GET /apps/school/www_old3/img/LevelA/Category2/LevelACat2Lesson21/ HTTP/1.1" 200 541 "-" "Mozilla/5.0 (compatible; MJ12bot/v1.4.8; http://mj12bot.com/)"
149.202.82.11 - - [13/Nov/2022:17:32:39 +0100] "GET /apps/school/www_old3/img/LevelA/Category2/LevelACat2Lesson22/ HTTP/1.1" 200 540 "-" "Mozilla/5.0 (compatible; MJ12bot/v1.4.8; http://mj12bot.com/)"
149.202.82.11 - - [13/Nov/2022:17:32:44 +0100] "GET /apps/school/www_old3/img/LevelA/Category2/LevelACat2Lesson23/ HTTP/1.1" 200 540 "-" "Mozilla/5.0 (compatible; MJ12bot/v1.4.8; http://mj12bot.com/)"
149.202.82.11 - - [13/Nov/2022:17:32:48 +0100] "GET /apps/school/www_old3/img/LevelA/Category2/LevelACat2Lesson3/ HTTP/1.1" 200 492 "-" "Mozilla/5.0 (compatible; MJ12bot/v1.4.8; http://mj12bot.com/)"
149.202.82.11 - - [13/Nov/2022:17:32:54 +0100] "GET /apps/school/www_old3/img/LevelA/Category2/LevelACat2Lesson7/ HTTP/1.1" 200 502 "-" "Mozilla/5.0 (compatible; MJ12bot/v1.4.8; http://mj12bot.com/)"
149.202.82.11 - - [13/Nov/2022:17:32:58 +0100] "GET /apps/school/www_old3/img/LevelA/Category2/LevelACat2Lesson8/ HTTP/1.1" 200 546 "-" "Mozilla/5.0 (compatible; MJ12bot/v1.4.8; http://mj12bot.com/)"
149.202.82.11 - - [13/Nov/2022:17:33:01 +0100] "GET /apps/school/www_old3/img/LevelA/Category2/LevelACat2Lesson9/ HTTP/1.1" 200 483 "-" "Mozilla/5.0 (compatible; MJ12bot/v1.4.8; http://mj12bot.com/)"
149.202.82.11 - - [13/Nov/2022:17:33:05 +0100] "GET /apps/school/www_old3/img/LevelD/Category2/LevelDCat2Lesson4/ HTTP/1.1" 200 532 "-" "Mozilla/5.0 (compatible; MJ12bot/v1.4.8; http://mj12bot.com/)"
149.202.82.11 - - [13/Nov/2022:17:33:12 +0100] "GET /apps/school/www_old3/ios/plugins/org.apache.cordova.file/www/ios/ HTTP/1.1" 200 455 "-" "Mozilla/5.0 (compatible; MJ12bot/v1.4.8; http://mj12bot.com/)"
149.202.82.11 - - [13/Nov/2022:17:33:15 +0100] "GET /apps/school/www_old4/ HTTP/1.1" 200 612 "-" "Mozilla/5.0 (compatible; MJ12bot/v1.4.8; http://mj12bot.com/)"
149.202.82.11 - - [13/Nov/2022:17:33:21 +0100] "GET /apps/school/www_old4/Html/LevelE/Category1/ HTTP/1.1" 200 1085 "-" "Mozilla/5.0 (compatible; MJ12bot/v1.4.8; http://mj12bot.com/)"
149.202.82.11 - - [13/Nov/2022:17:33:28 +0100] "GET /apps/school/www_old4/img/LevelB/Category1/LevelBCat1Lesson16/ HTTP/1.1" 200 451 "-" "Mozilla/5.0 (compatible; MJ12bot/v1.4.8; http://mj12bot.com/)"
149.202.82.11 - - [13/Nov/2022:17:33:33 +0100] "GET /apps/school/www_old4/img/LevelB/Category1/LevelBCat1Lesson17/ HTTP/1.1" 200 451 "-" "Mozilla/5.0 (compatible; MJ12bot/v1.4.8; http://mj12bot.com/)"
149.202.82.11 - - [13/Nov/2022:17:33:41 +0100] "GET /apps/school/www_old4/img/LevelB/Category1/LevelBCat1Lesson18/ HTTP/1.1" 200 592 "-" "Mozilla/5.0 (compatible; MJ12bot/v1.4.8; http://mj12bot.com/)"
149.202.82.11 - - [13/Nov/2022:17:33:46 +0100] "GET /apps/school/www_old4/img/LevelB/Category1/LevelBCat1Lesson24/ HTTP/1.1" 200 521 "-" "Mozilla/5.0 (compatible; MJ12bot/v1.4.8; http://mj12bot.com/)"
149.202.82.11 - - [13/Nov/2022:17:33:48 +0100] "GET /apps/school/www_old4/img/LevelB/Category1/LevelBCat1Lesson25/ HTTP/1.1" 200 448 "-" "Mozilla/5.0 (compatible; MJ12bot/v1.4.8; http://mj12bot.com/)"
149.202.82.11 - - [13/Nov/2022:17:33:54 +0100] "GET /apps/school/www_old4/img/LevelB/Category1/LevelBCat1Lesson26/ HTTP/1.1" 200 448 "-" "Mozilla/5.0 (compatible; MJ12bot/v1.4.8; http://mj12bot.com/)"
149.202.82.11 - - [13/Nov/2022:17:33:59 +0100] "GET /apps/school/www_old4/img/LevelB/Category1/LevelBCat1Lesson28/ HTTP/1.1" 200 451 "-" "Mozilla/5.0 (compatible; MJ12bot/v1.4.8; http://mj12bot.com/)"
114.119.132.76 - - [13/Nov/2022:17:34:00 +0100] "GET /apps/school/www_old_temp/AutodeskForge/learn.forge.viewmodels-nodejs/node_modules/busboy/ HTTP/1.1" 200 560 "http://kulturdokumentation.se/apps/school/www_old_temp/AutodeskForge/learn.forge.viewmodels-nodejs/node_modules/busboy/test/?C=D%3BO%3DA" "Mozilla/5.0 (Linux; Android 7.0;) AppleWebKit/537.36 (KHTML, like Gecko) Mobile Safari/537.36 (compatible; PetalBot;+https://webmaster.petalsearch.com/site/petalbot)"
149.202.82.11 - - [13/Nov/2022:17:34:04 +0100] "GET /apps/school/www_old4/img/LevelB/Category1/LevelBCat1Lesson29/ HTTP/1.1" 200 451 "-" "Mozilla/5.0 (compatible; MJ12bot/v1.4.8; http://mj12bot.com/)"
149.202.82.11 - - [13/Nov/2022:17:34:07 +0100] "GET /apps/school/www_old4/img/LevelB/Category1/LevelBCat1Lesson30/ HTTP/1.1" 200 452 "-" "Mozilla/5.0 (compatible; MJ12bot/v1.4.8; http://mj12bot.com/)"
185.191.171.22 - - [13/Nov/2022:17:34:09 +0100] "GET /far-in-nya-intakter-med-korrekta-ritningar/ HTTP/1.1" 200 11043 "-" "Mozilla/5.0 (compatible; SemrushBot/7~bl; +http://www.semrush.com/bot.html)"
149.202.82.11 - - [13/Nov/2022:17:34:11 +0100] "GET /apps/school/www_old4/img/LevelB/Category1/LevelBCat1Lesson31/ HTTP/1.1" 200 451 "-" "Mozilla/5.0 (compatible; MJ12bot/v1.4.8; http://mj12bot.com/)"
54.36.148.180 - - [13/Nov/2022:17:34:12 +0100] "GET /apps/school/www_old6/Html/LevelG/Category2/LevelGCat2Lesson20.html HTTP/1.1" 200 803 "-" "Mozilla/5.0 (compatible; AhrefsBot/7.0; +http://ahrefs.com/robot/)"
149.202.82.11 - - [13/Nov/2022:17:34:15 +0100] "GET /apps/school/www_old4/img/LevelB/Category1/LevelBCat1Lesson33/ HTTP/1.1" 200 555 "-" "Mozilla/5.0 (compatible; MJ12bot/v1.4.8; http://mj12bot.com/)"
