149.202.82.11 - - [13/Nov/2022:17:34:18 +0100] "GET /apps/school/www_old4/img/LevelB/Category1/LevelBCat1Lesson35/ HTTP/1.1" 200 498 "-" "Mozilla/5.0 (compatible; MJ12bot/v1.4.8; http://mj12bot.com/)"
149.202.82.11 - - [13/Nov/2022:17:34:25 +0100] "GET /apps/school/www_old4/img/LevelB/Category1/LevelBCat1Lesson36/ HTTP/1.1" 200 553 "-" "Mozilla/5.0 (compatible; MJ12bot/v1.4.8; http://mj12bot.com/)"
149.202.82.11 - - [13/Nov/2022:17:34:30 +0100] "GET /apps/school/www_old4/img/LevelB/Category1/LevelBCat1Lesson37/ HTTP/1.1" 200 480 "-" "Mozilla/5.0 (compatible; MJ12bot/v1.4.8; http://mj12bot.com/)"
114.119.134.161 - - [13/Nov/2022:17:34:36 +0100] "GET /apps/school/www_old6/Html/LevelF?C=S%3BO%3DA HTTP/1.1" 301 284 "http://kulturdokumentation.com/apps/school/www_old6/Html/LevelF?C=D%3BO%3DA" "Mozilla/5.0 (Linux; Android 7.0;) AppleWebKit/537.36 (KHTML, like Gecko) Mobile Safari/537.36 (compatible; PetalBot;+https://webmaster.petalsearch.com/site/petalbot)"
114.119.134.161 - - [13/Nov/2022:17:34:36 +0100] "GET /apps/school/www_old6/Html/LevelF/?C=S%3BO%3DA HTTP/1.1" 200 464 "http://kulturdokumentation.com/apps/school/www_old6/Html/LevelF?C=D%3BO%3DA" "Mozilla/5.0 (Linux; Android 7.0;) AppleWebKit/537.36 (KHTML, like Gecko) Mobile Safari/537.36 (compatible; PetalBot;+https://webmaster.petalsearch.com/site/petalbot)"
149.202.82.11 - - [13/Nov/2022:17:34:39 +0100] "GET /apps/school/www_old4/img/LevelB/Category1/LevelBCat1Lesson38/ HTTP/1.1" 200 451 "-" "Mozilla/5.0 (compatible; MJ12bot/v1.4.8; http://mj12bot.com/)"
149.202.82.11 - - [13/Nov/2022:17:34:42 +0100] "GET /apps/school/www_old4/img/LevelB/Category1/LevelBCat1Lesson4/ HTTP/1.1" 200 448 "-" "Mozilla/5.0 (compatible; MJ12bot/v1.4.8; http://mj12bot.com/)"
149.202.82.11 - - [13/Nov/2022:17:34:45 +0100] "GET /apps/school/www_old4/img/LevelB/Category2/LevelBCat2Lesson7/ HTTP/1.1" 200 572 "-" "Mozilla/5.0 (compatible; MJ12bot/v1.4.8; http://mj12bot.com/)"
149.202.82.11 - - [13/Nov/2022:17:34:52 +0100] "GET /apps/school/www_old4/img/LevelB/Category2/LevelBCat2Lesson9/ HTTP/1.1" 200 522 "-" "Mozilla/5.0 (compatible; MJ12bot/v1.4.8; http://mj12bot.com/)"
149.202.82.11 - - [13/Nov/2022:17:34:57 +0100] "GET /apps/school/www_old4/img/LevelC/Category1/LevelCCat1Lesson1/ HTTP/1.1" 200 450 "-" "Mozilla/5.0 (compatible; MJ12bot/v1.4.8; http://mj12bot.com/)"
149.202.82.11 - - [13/Nov/2022:17:35:00 +0100] "GET /apps/school/www_old4/img/LevelC/Category1/LevelCCat1Lesson12/ HTTP/1.1" 200 446 "-" "Mozilla/5.0 (compatible; MJ12bot/v1.4.8; http://mj12bot.com/)"
149.202.82.11 - - [13/Nov/2022:17:35:05 +0100] "GET /apps/school/www_old4/img/LevelC/Category1/LevelCCat1Lesson28/ HTTP/1.1" 200 554 "-" "Mozilla/5.0 (compatible; MJ12bot/v1.4.8; http://mj12bot.com/)"
149.202.82.11 - - [13/Nov/2022:17:35:11 +0100] "GET /apps/school/www_old4/img/LevelC/Category1/LevelCCat1Lesson29/ HTTP/1.1" 200 490 "-" "Mozilla/5.0 (compatible; MJ12bot/v1.4.8; http://mj12bot.com/)"
149.202.82.11 - - [13/Nov/2022:17:35:18 +0100] "GET /apps/school/www_old4/img/LevelC/Category1/LevelCCat1Lesson3/ HTTP/1.1" 200 448 "-" "Mozilla/5.0 (compatible; MJ12bot/v1.4.8; http://mj12bot.com/)"
149.202.82.11 - - [13/Nov/2022:17:35:21 +0100] "GET /apps/school/www_old4/img/LevelC/Category1/LevelCCat1Lesson30/ HTTP/1.1" 200 446 "-" "Mozilla/5.0 (compatible; MJ12bot/v1.4.8; http://mj12bot.com/)"
149.202.82.11 - - [13/Nov/2022:17:35:26 +0100] "GET /apps/school/www_old4/img/LevelC/Category1/LevelCCat1Lesson4/ HTTP/1.1" 200 448 "-" "Mozilla/5.0 (compatible; MJ12bot/v1.4.8; http://mj12bot.com/)"
185.191.171.13 - - [13/Nov/2022:17:35:29 +0100] "GET /reports/?id&sort=createDate HTTP/1.1" 200 9625 "-" "Mozilla/5.0 (compatible; SemrushBot/7~bl; +http://www.semrush.com/bot.html)"
149.202.82.11 - - [13/Nov/2022:17:35:32 +0100] "GET /apps/school/www_old4/img/LevelC/Category1/LevelCCat1Lesson5/ HTTP/1.1" 200 448 "-" "Mozilla/5.0 (compatible; MJ12bot/v1.4.8; http://mj12bot.com/)"
66.249.64.125 - - [13/Nov/2022:17:35:33 +0100] "GET /autodesk-gratulerar-astacus-ab/ HTTP/1.1" 200 10070 "-" "Mozilla/5.0 (compatible; Googlebot/2.1; +http://www.google.com/bot.html)"
114.119.152.70 - - [13/Nov/2022:17:35:37 +0100] "GET /robots.txt HTTP/1.1" 404 208 "-" "Mozilla/5.0 (compatible;PetalBot;+https://webmaster.petalsearch.com/site/petalbot)"
149.202.82.11 - - [13/Nov/2022:17:35:37 +0100] "GET /apps/school/www_old4/img/LevelC/Category1/LevelCCat1Lesson6/ HTTP/1.1" 200 518 "-" "Mozilla/5.0 (compatible; MJ12bot/v1.4.8; http://mj12bot.com/)"
149.202.82.11 - - [13/Nov/2022:17:35:40 +0100] "GET /apps/school/www_old4/img/LevelC/Category1/LevelCCat1Lesson7/ HTTP/1.1" 200 449 "-" "Mozilla/5.0 (compatible; MJ12bot/v1.4.8; http://mj12bot.com/)"
149.202.82.11 - - [13/Nov/2022:17:35:45 +0100] "GET /apps/school/www_old4/img/LevelC/Category1/LevelCCat1Lesson8/ HTTP/1.1" 200 505 "-" "Mozilla/5.0 (compatible; MJ12bot/v1.4.8; http://mj12bot.com/)"
149.202.82.11 - - [13/Nov/2022:17:35:49 +0100] "GET /apps/school/www_old4/img/LevelC/Category1/LevelCCat1Lesson9/ HTTP/1.1" 200 467 "-" "Mozilla/5.0 (compatible; MJ12bot/v1.4.8; http://mj12bot.com/)"
149.202.82.11 - - [13/Nov/2022:17:35:53 +0100] "GET /apps/school/www_old4/res/screen/ios/ HTTP/1.1" 200 370 "-" "Mozilla/5.0 (compatible; MJ12bot/v1.4.8; http://mj12bot.com/)"
149.202.82.11 - - [13/Nov/2022:17:35:56 +0100] "GET /apps/school/www_old5/ HTTP/1.1" 200 644 "-" "Mozilla/5.0 (compatible; MJ12bot/v1.4.8; http://mj12bot.com/)"
149.202.82.11 - - [13/Nov/2022:17:36:00 +0100] "GET /apps/school/www_old5/Html/LevelB/Category1/ HTTP/1.1" 200 896 "-" "Mozilla/5.0 (compatible; MJ12bot/v1.4.8; http://mj12bot.com/)"
149.202.82.11 - - [13/Nov/2022:17:36:02 +0100] "GET /apps/school/www_old5/Html/LevelB/Category2/ HTTP/1.1" 200 712 "-" "Mozilla/5.0 (compatible; MJ12bot/v1.4.8; http://mj12bot.com/)"
149.202.82.11 - - [13/Nov/2022:17:36:06 +0100] "GET /apps/school/www_old5/Html/LevelC/Category1/ HTTP/1.1" 200 762 "-" "Mozilla/5.0 (compatible; MJ12bot/v1.4.8; http://mj12bot.com/)"
149.202.82.11 - - [13/Nov/2022:17:36:11 +0100] "GET /apps/school/www_old5/Html/LevelC/Category3/ HTTP/1.1" 200 705 "-" "Mozilla/5.0 (compatible; MJ12bot/v1.4.8; http://mj12bot.com/)"
149.202.82.11 - - [13/Nov/2022:17:36:14 +0100] "GET /apps/school/www_old5/Html/LevelD/Category1/ HTTP/1.1" 200 834 "-" "Mozilla/5.0 (compatible; MJ12bot/v1.4.8; http://mj12bot.com/)"
149.202.82.11 - - [13/Nov/2022:17:36:17 +0100] "GET /apps/school/www_old5/Html/LevelD/Category2/ HTTP/1.1" 200 760 "-" "Mozilla/5.0 (compatible; MJ12bot/v1.4.8; http://mj12bot.com/)"
149.202.82.11 - - [13/Nov/2022:17:36:22 +0100] "GET /apps/school/www_old5/Html/LevelD/Category3/ HTTP/1.1" 200 771 "-" "Mozilla/5.0 (compatible; MJ12bot/v1.4.8; http://mj12bot.com/)"
149.202.82.11 - - [13/Nov/2022:17:36:24 +0100] "GET /apps/school/www_old5/Html/LevelE/Category1/ HTTP/1.1" 200 1013 "-" "Mozilla/5.0 (compatible; MJ12bot/v1.4.8; http://mj12bot.com/)"
149.202.82.11 - - [13/Nov/2022:17:36:27 +0100] "GET /apps/school/www_old5/Html/LevelE/Category2/ HTTP/1.1" 200 789 "-" "Mozilla/5.0 (compatible; MJ12bot/v1.4.8; http://mj12bot.com/)"
149.202.82.11 - - [13/Nov/2022:17:36:30 +0100] "GET /apps/school/www_old5/Html/LevelE/Category3/ HTTP/1.1" 200 827 "-" "Mozilla/5.0 (compatible; MJ12bot/v1.4.8; http://mj12bot.com/)"
149.202.82.11 - - [13/Nov/2022:17:36:33 +0100] "GET /apps/school/www_old5/Html/LevelF/Category1/ HTTP/1.1" 200 977 "-" "Mozilla/5.0 (compatible; MJ12bot/v1.4.8; http://mj12bot.com/)"
149.202.82.11 - - [13/Nov/2022:17:36:36 +0100] "GET /apps/school/www_old5/Html/LevelF/Category2/ HTTP/1.1" 200 942 "-" "Mozilla/5.0 (compatible; MJ12bot/v1.4.8; http://mj12bot.com/)"
149.202.82.11 - - [13/Nov/2022:17:36:40 +0100] "GET /apps/school/www_old5/img/LevelC/Category1/LevelCCat1Lesson25/ HTTP/1.1" 200 454 "-" "Mozilla/5.0 (compatible; MJ12bot/v1.4.8; http://mj12bot.com/)"
149.202.82.11 - - [13/Nov/2022:17:36:44 +0100] "GET /apps/school/www_old5/img/LevelC/Category1/LevelCCat1Lesson27/ HTTP/1.1" 200 450 "-" "Mozilla/5.0 (compatible; MJ12bot/v1.4.8; http://mj12bot.com/)"
149.202.82.11 - - [13/Nov/2022:17:36:46 +0100] "GET /apps/school/www_old5/img/LevelC/Category1/LevelCCat1Lesson28/ HTTP/1.1" 200 554 "-" "Mozilla/5.0 (compatible; MJ12bot/v1.4.8; http://mj12bot.com/)"
149.202.82.11 - - [13/Nov/2022:17:36:50 +0100] "GET /apps/school/www_old5/img/LevelC/Category1/LevelCCat1Lesson29/ HTTP/1.1" 200 490 "-" "Mozilla/5.0 (compatible; MJ12bot/v1.4.8; http://mj12bot.com/)"
149.202.82.11 - - [13/Nov/2022:17:36:53 +0100] "GET /apps/school/www_old5/img/LevelC/Category1/LevelCCat1Lesson30/ HTTP/1.1" 200 445 "-" "Mozilla/5.0 (compatible; MJ12bot/v1.4.8; http://mj12bot.com/)"
149.202.82.11 - - [13/Nov/2022:17:36:56 +0100] "GET /apps/school/www_old5/img/LevelC/Category2/LevelCCat2Lesson01/ HTTP/1.1" 200 474 "-" "Mozilla/5.0 (compatible; MJ12bot/v1.4.8; http://mj12bot.com/)"
149.202.82.11 - - [13/Nov/2022:17:37:00 +0100] "GET /apps/school/www_old5/img/LevelC/Category2/LevelCCat2Lesson02/ HTTP/1.1" 200 461 "-" "Mozilla/5.0 (compatible; MJ12bot/v1.4.8; http://mj12bot.com/)"
149.202.82.11 - - [13/Nov/2022:17:37:04 +0100] "GET /apps/school/www_old5/img/LevelC/Category2/LevelCCat2Lesson03/ HTTP/1.1" 200 444 "-" "Mozilla/5.0 (compatible; MJ12bot/v1.4.8; http://mj12bot.com/)"
149.202.82.11 - - [13/Nov/2022:17:37:08 +0100] "GET /apps/school/www_old5/img/LevelC/Category2/LevelCCat2Lesson05/ HTTP/1.1" 200 568 "-" "Mozilla/5.0 (compatible; MJ12bot/v1.4.8; http://mj12bot.com/)"
149.202.82.11 - - [13/Nov/2022:17:37:16 +0100] "GET /apps/school/www_old5/img/LevelC/Category2/LevelCCat2Lesson06/ HTTP/1.1" 200 508 "-" "Mozilla/5.0 (compatible; MJ12bot/v1.4.8; http://mj12bot.com/)"
149.202.82.11 - - [13/Nov/2022:17:37:21 +0100] "GET /apps/school/www_old5/img/LevelC/Category2/LevelCCat2Lesson07/ HTTP/1.1" 200 446 "-" "Mozilla/5.0 (compatible; MJ12bot/v1.4.8; http://mj12bot.com/)"
149.202.82.11 - - [13/Nov/2022:17:37:24 +0100] "GET /apps/school/www_old5/img/LevelC/Category2/LevelCCat2Lesson10/ HTTP/1.1" 200 563 "-" "Mozilla/5.0 (compatible; MJ12bot/v1.4.8; http://mj12bot.com/)"
149.202.82.11 - - [13/Nov/2022:17:37:27 +0100] "GET /apps/school/www_old5/img/LevelC/Category2/LevelCCat2Lesson11/ HTTP/1.1" 200 480 "-" "Mozilla/5.0 (compatible; MJ12bot/v1.4.8; http://mj12bot.com/)"
54.36.148.243 - - [13/Nov/2022:17:37:29 +0100] "GET /apps/school/www_old6/img/LevelD/Category1/LevelDCat1Lesson16/?C=S;O=A HTTP/1.1" 200 446 "-" "Mozilla/5.0 (compatible; AhrefsBot/7.0; +http://ahrefs.com/robot/)"
149.202.82.11 - - [13/Nov/2022:17:37:30 +0100] "GET /apps/school/www_old5/img/LevelC/Category2/LevelCCat2Lesson12/ HTTP/1.1" 200 591 "-" "Mozilla/5.0 (compatible; MJ12bot/v1.4.8; http://mj12bot.com/)"
149.202.82.11 - - [13/Nov/2022:17:37:34 +0100] "GET /apps/school/www_old5/img/LevelC/Category2/LevelCCat2Lesson13/ HTTP/1.1" 200 594 "-" "Mozilla/5.0 (compatible; MJ12bot/v1.4.8; http://mj12bot.com/)"
149.202.82.11 - - [13/Nov/2022:17:37:38 +0100] "GET /apps/school/www_old5/img/LevelC/Category2/LevelCCat2Lesson14/ HTTP/1.1" 200 520 "-" "Mozilla/5.0 (compatible; MJ12bot/v1.4.8; http://mj12bot.com/)"
149.202.82.11 - - [13/Nov/2022:17:37:40 +0100] "GET /apps/school/www_old5/img/LevelC/Category2/LevelCCat2Lesson15/ HTTP/1.1" 200 504 "-" "Mozilla/5.0 (compatible; MJ12bot/v1.4.8; http://mj12bot.com/)"
149.202.82.11 - - [13/Nov/2022:17:37:47 +0100] "GET /apps/school/www_old5/img/LevelC/Category2/LevelCCat2Lesson16/ HTTP/1.1" 200 540 "-" "Mozilla/5.0 (compatible; MJ12bot/v1.4.8; http://mj12bot.com/)"
149.202.82.11 - - [13/Nov/2022:17:37:50 +0100] "GET /apps/school/www_old5/img/LevelC/Category2/LevelCCat2Lesson17/ HTTP/1.1" 200 493 "-" "Mozilla/5.0 (compatible; MJ12bot/v1.4.8; http://mj12bot.com/)"
149.202.82.11 - - [13/Nov/2022:17:37:55 +0100] "GET /apps/school/www_old5/img/LevelC/Category2/LevelCCat2Lesson18/ HTTP/1.1" 200 539 "-" "Mozilla/5.0 (compatible; MJ12bot/v1.4.8; http://mj12bot.com/)"
149.202.82.11 - - [13/Nov/2022:17:37:58 +0100] "GET /apps/school/www_old5/img/LevelC/Category3/LevelCCat3Lesson01/ HTTP/1.1" 200 517 "-" "Mozilla/5.0 (compatible; MJ12bot/v1.4.8; http://mj12bot.com/)"
149.202.82.11 - - [13/Nov/2022:17:38:01 +0100] "GET /apps/school/www_old5/img/LevelC/Category3/LevelCCat3Lesson02/ HTTP/1.1" 200 556 "-" "Mozilla/5.0 (compatible; MJ12bot/v1.4.8; http://mj12bot.com/)"
149.202.82.11 - - [13/Nov/2022:17:38:04 +0100] "GET /apps/school/www_old5/img/LevelC/Category3/LevelCCat3Lesson03/ HTTP/1.1" 200 552 "-" "Mozilla/5.0 (compatible; MJ12bot/v1.4.8; http://mj12bot.com/)"
149.202.82.11 - - [13/Nov/2022:17:38:09 +0100] "GET /apps/school/www_old5/img/LevelC/Category3/LevelCCat3Lesson04/ HTTP/1.1" 200 506 "-" "Mozilla/5.0 (compatible; MJ12bot/v1.4.8; http://mj12bot.com/)"
149.202.82.11 - - [13/Nov/2022:17:38:16 +0100] "GET /apps/school/www_old5/img/LevelC/Category3/LevelCCat3Lesson05/ HTTP/1.1" 200 494 "-" "Mozilla/5.0 (compatible; MJ12bot/v1.4.8; http://mj12bot.com/)"
149.202.82.11 - - [13/Nov/2022:17:38:21 +0100] "GET /apps/school/www_old5/img/LevelC/Category3/LevelCCat3Lesson06/ HTTP/1.1" 200 471 "-" "Mozilla/5.0 (compatible; MJ12bot/v1.4.8; http://mj12bot.com/)"
149.202.82.11 - - [13/Nov/2022:17:38:23 +0100] "GET /apps/school/www_old5/img/LevelC/Category3/LevelCCat3Lesson07/ HTTP/1.1" 200 590 "-" "Mozilla/5.0 (compatible; MJ12bot/v1.4.8; http://mj12bot.com/)"
149.202.82.11 - - [13/Nov/2022:17:38:26 +0100] "GET /apps/school/www_old5/img/LevelC/Category3/LevelCCat3Lesson08/ HTTP/1.1" 200 567 "-" "Mozilla/5.0 (compatible; MJ12bot/v1.4.8; http://mj12bot.com/)"
149.202.82.11 - - [13/Nov/2022:17:38:29 +0100] "GET /apps/school/www_old5/img/LevelC/Category3/LevelCCat3Lesson09/ HTTP/1.1" 200 529 "-" "Mozilla/5.0 (compatible; MJ12bot/v1.4.8; http://mj12bot.com/)"
149.202.82.11 - - [13/Nov/2022:17:38:36 +0100] "GET /apps/school/www_old5/img/LevelC/Category3/LevelCCat3Lesson10/ HTTP/1.1" 200 450 "-" "Mozilla/5.0 (compatible; MJ12bot/v1.4.8; http://mj12bot.com/)"
149.202.82.11 - - [13/Nov/2022:17:38:41 +0100] "GET /apps/school/www_old5/img/LevelC/Category3/LevelCCat3Lesson11/ HTTP/1.1" 200 529 "-" "Mozilla/5.0 (compatible; MJ12bot/v1.4.8; http://mj12bot.com/)"
149.202.82.11 - - [13/Nov/2022:17:38:45 +0100] "GET /apps/school/www_old5/img/LevelC/Category3/LevelCCat3Lesson12/ HTTP/1.1" 200 488 "-" "Mozilla/5.0 (compatible; MJ12bot/v1.4.8; http://mj12bot.com/)"
149.202.82.11 - - [13/Nov/2022:17:38:49 +0100] "GET /apps/school/www_old5/img/LevelC/Category3/LevelCCat3Lesson13/ HTTP/1.1" 200 528 "-" "Mozilla/5.0 (compatible; MJ12bot/v1.4.8; http://mj12bot.com/)"
149.202.82.11 - - [13/Nov/2022:17:38:53 +0100] "GET /apps/school/www_old5/img/LevelC/Category3/LevelCCat3Lesson14/ HTTP/1.1" 200 450 "-" "Mozilla/5.0 (compatible; MJ12bot/v1.4.8; http://mj12bot.com/)"
149.202.82.11 - - [13/Nov/2022:17:38:57 +0100] "GET /apps/school/www_old5/img/LevelC/Category3/LevelCCat3Lesson15/ HTTP/1.1" 200 656 "-" "Mozilla/5.0 (compatible; MJ12bot/v1.4.8; http://mj12bot.com/)"
149.202.82.11 - - [13/Nov/2022:17:38:59 +0100] "GET /apps/school/www_old5/img/LevelC/Category3/LevelCCat3Lesson16/ HTTP/1.1" 200 545 "-" "Mozilla/5.0 (compatible; MJ12bot/v1.4.8; http://mj12bot.com/)"
149.202.82.11 - - [13/Nov/2022:17:39:05 +0100] "GET /apps/school/www_old5/img/LevelC/Category3/LevelCCat3Lesson17/ HTTP/1.1" 200 592 "-" "Mozilla/5.0 (compatible; MJ12bot/v1.4.8; http://mj12bot.com/)"
149.202.82.11 - - [13/Nov/2022:17:39:09 +0100] "GET /apps/school/www_old5/img/LevelC/Category3/LevelCCat3Lesson18/ HTTP/1.1" 200 507 "-" "Mozilla/5.0 (compatible; MJ12bot/v1.4.8; http://mj12bot.com/)"
54.36.148.139 - - [13/Nov/2022:17:39:09 +0100] "GET /apps/school/www_old2/plugins/org.apache.cordova.media/?C=N;O=A HTTP/1.1" 200 431 "-" "Mozilla/5.0 (compatible; AhrefsBot/7.0; +http://ahrefs.com/robot/)"
185.191.171.26 - - [13/Nov/2022:17:39:09 +0100] "GET /sapa-building-system-ab-distribuerar-revit-familjer-via-biminfo/ HTTP/1.1" 200 10093 "-" "Mozilla/5.0 (compatible; SemrushBot/7~bl; +http://www.semrush.com/bot.html)"
114.119.141.71 - - [13/Nov/2022:17:39:11 +0100] "GET /apps/school/www_old3/img/LevelA/Category2/LevelACat2Lesson19/ HTTP/1.1" 200 502 "http://kulturdokumentation.se/apps/school/www_old3/img/LevelA/Category2/?C=M%3BO%3DA" "Mozilla/5.0 (Linux; Android 7.0;) AppleWebKit/537.36 (KHTML, like Gecko) Mobile Safari/537.36 (compatible; PetalBot;+https://webmaster.petalsearch.com/site/petalbot)"
149.202.82.11 - - [13/Nov/2022:17:39:11 +0100] "GET /apps/school/www_old5/img/LevelC/Category3/LevelCCat3Lesson19/ HTTP/1.1" 200 539 "-" "Mozilla/5.0 (compatible; MJ12bot/v1.4.8; http://mj12bot.com/)"
149.202.82.11 - - [13/Nov/2022:17:39:16 +0100] "GET /apps/school/www_old5/img/LevelC/Category3/LevelCCat3Lesson20/ HTTP/1.1" 200 517 "-" "Mozilla/5.0 (compatible; MJ12bot/v1.4.8; http://mj12bot.com/)"
149.202.82.11 - - [13/Nov/2022:17:39:20 +0100] "GET /apps/school/www_old5/img/LevelC/Category3/LevelCCat3Lesson21/ HTTP/1.1" 200 573 "-" "Mozilla/5.0 (compatible; MJ12bot/v1.4.8; http://mj12bot.com/)"
149.202.82.11 - - [13/Nov/2022:17:39:24 +0100] "GET /apps/school/www_old5/img/LevelC/Category3/LevelCCat3Lesson22/ HTTP/1.1" 200 562 "-" "Mozilla/5.0 (compatible; MJ12bot/v1.4.8; http://mj12bot.com/)"
149.202.82.11 - - [13/Nov/2022:17:39:30 +0100] "GET /apps/school/www_old5/img/LevelD/Category1/LevelDCat1Lesson01/ HTTP/1.1" 200 449 "-" "Mozilla/5.0 (compatible; MJ12bot/v1.4.8; http://mj12bot.com/)"
149.202.82.11 - - [13/Nov/2022:17:39:33 +0100] "GET /apps/school/www_old5/img/LevelD/Category1/LevelDCat1Lesson02/ HTTP/1.1" 200 449 "-" "Mozilla/5.0 (compatible; MJ12bot/v1.4.8; http://mj12bot.com/)"
149.202.82.11 - - [13/Nov/2022:17:39:38 +0100] "GET /apps/school/www_old5/img/LevelD/Category1/LevelDCat1Lesson03/ HTTP/1.1" 200 450 "-" "Mozilla/5.0 (compatible; MJ12bot/v1.4.8; http://mj12bot.com/)"
149.202.82.11 - - [13/Nov/2022:17:39:41 +0100] "GET /apps/school/www_old5/img/LevelD/Category1/LevelDCat1Lesson04/ HTTP/1.1" 200 450 "-" "Mozilla/5.0 (compatible; MJ12bot/v1.4.8; http://mj12bot.com/)"
54.36.148.208 - - [13/Nov/2022:17:39:42 +0100] "GET /apps/school/www_old2/res/screen/?C=S;O=D HTTP/1.1" 200 407 "-" "Mozilla/5.0 (compatible; AhrefsBot/7.0; +http://ahrefs.com/robot/)"
149.202.82.11 - - [13/Nov/2022:17:39:44 +0100] "GET /apps/school/www_old5/img/LevelD/Category1/LevelDCat1Lesson05/ HTTP/1.1" 200 447 "-" "Mozilla/5.0 (compatible; MJ12bot/v1.4.8; http://mj12bot.com/)"
89.249.23.22 - - [13/Nov/2022:17:39:45 +0100] "GET /wp-login.php HTTP/1.1" 302 219 "" "Mozilla/5.0 (Windows NT 10.0; Win64; x64; rv:106.0) Gecko/20100101 Firefox/106.0"
89.249.23.22 - - [13/Nov/2022:17:39:45 +0100] "GET /wp-login.php HTTP/1.1" 200 1274 "http://www.astacus.se/wp-login.php" "Mozilla/5.0 (Windows NT 10.0; Win64; x64; rv:106.0) Gecko/20100101 Firefox/106.0"
89.249.23.22 - - [13/Nov/2022:17:39:45 +0100] "GET /wp-json/wp/v2/users HTTP/1.1" 200 1174 "http://www.astacus.se/wp-login.php" "Mozilla/5.0 (Windows NT 10.0; Win64; x64; rv:106.0) Gecko/20100101 Firefox/106.0"
89.249.23.22 - - [13/Nov/2022:17:39:46 +0100] "POST /wp-login.php HTTP/1.1" 200 1659 "https://www.astacus.se/wp-login.php?redirect_to=https%3A%2F%2Fwww.astacus.se%2Fwp-admin%2F" "Mozilla/5.0 (Windows NT 10.0; Win64; x64; rv:106.0) Gecko/20100101 Firefox/106.0"
89.249.23.22 - - [13/Nov/2022:17:39:46 +0100] "POST /wp-login.php HTTP/1.1" 200 1653 "https://www.astacus.se/wp-login.php?redirect_to=https%3A%2F%2Fwww.astacus.se%2Fwp-admin%2F" "Mozilla/5.0 (Windows NT 10.0; Win64; x64; rv:106.0) Gecko/20100101 Firefox/106.0"
114.119.134.165 - - [13/Nov/2022:17:39:46 +0100] "GET /apps/school/www_old9/img/LevelA/Category2/LevelACat2Lesson23?C=M%3BO%3DA HTTP/1.1" 301 312 "http://kulturdokumentation.com/apps/school/www_old9/img/LevelA/Category2/LevelACat2Lesson23?C=S%3BO%3DA" "Mozilla/5.0 (Linux; Android 7.0;) AppleWebKit/537.36 (KHTML, like Gecko) Mobile Safari/537.36 (compatible; PetalBot;+https://webmaster.petalsearch.com/site/petalbot)"
89.249.23.22 - - [13/Nov/2022:17:39:46 +0100] "POST /wp-login.php HTTP/1.1" 200 1634 "https://www.astacus.se/wp-login.php?redirect_to=https%3A%2F%2Fwww.astacus.se%2Fwp-admin%2F" "Mozilla/5.0 (Windows NT 10.0; Win64; x64; rv:106.0) Gecko/20100101 Firefox/106.0"
149.202.82.11 - - [13/Nov/2022:17:39:47 +0100] "GET /apps/school/www_old5/img/LevelD/Category1/LevelDCat1Lesson06/ HTTP/1.1" 200 450 "-" "Mozilla/5.0 (compatible; MJ12bot/v1.4.8; http://mj12bot.com/)"
114.119.134.165 - - [13/Nov/2022:17:39:47 +0100] "GET /apps/school/www_old9/img/LevelA/Category2/LevelACat2Lesson23/?C=M%3BO%3DA HTTP/1.1" 200 535 "http://kulturdokumentation.com/apps/school/www_old9/img/LevelA/Category2/LevelACat2Lesson23?C=S%3BO%3DA" "Mozilla/5.0 (Linux; Android 7.0;) AppleWebKit/537.36 (KHTML, like Gecko) Mobile Safari/537.36 (compatible; PetalBot;+https://webmaster.petalsearch.com/site/petalbot)"
149.202.82.11 - - [13/Nov/2022:17:39:49 +0100] "GET /apps/school/www_old5/img/LevelD/Category1/LevelDCat1Lesson08/ HTTP/1.1" 200 450 "-" "Mozilla/5.0 (compatible; MJ12bot/v1.4.8; http://mj12bot.com/)"
149.202.82.11 - - [13/Nov/2022:17:39:51 +0100] "GET /apps/school/www_old5/img/LevelD/Category1/LevelDCat1Lesson09/ HTTP/1.1" 200 515 "-" "Mozilla/5.0 (compatible; MJ12bot/v1.4.8; http://mj12bot.com/)"
149.202.82.11 - - [13/Nov/2022:17:39:54 +0100] "GET /apps/school/www_old5/img/LevelD/Category1/LevelDCat1Lesson10/ HTTP/1.1" 200 498 "-" "Mozilla/5.0 (compatible; MJ12bot/v1.4.8; http://mj12bot.com/)"
149.202.82.11 - - [13/Nov/2022:17:39:58 +0100] "GET /apps/school/www_old5/img/LevelD/Category1/LevelDCat1Lesson12/ HTTP/1.1" 200 454 "-" "Mozilla/5.0 (compatible; MJ12bot/v1.4.8; http://mj12bot.com/)"
149.202.82.11 - - [13/Nov/2022:17:40:02 +0100] "GET /apps/school/www_old5/img/LevelD/Category1/LevelDCat1Lesson13/ HTTP/1.1" 200 447 "-" "Mozilla/5.0 (compatible; MJ12bot/v1.4.8; http://mj12bot.com/)"
149.202.82.11 - - [13/Nov/2022:17:40:06 +0100] "GET /apps/school/www_old5/img/LevelD/Category1/LevelDCat1Lesson14/ HTTP/1.1" 200 447 "-" "Mozilla/5.0 (compatible; MJ12bot/v1.4.8; http://mj12bot.com/)"
149.202.82.11 - - [13/Nov/2022:17:40:08 +0100] "GET /apps/school/www_old5/img/LevelD/Category1/LevelDCat1Lesson15/ HTTP/1.1" 200 448 "-" "Mozilla/5.0 (compatible; MJ12bot/v1.4.8; http://mj12bot.com/)"
54.36.149.44 - - [13/Nov/2022:17:40:11 +0100] "GET /apps/school/www_old6/img/LevelC/Category3/LevelCCat3Lesson10/?C=M;O=A HTTP/1.1" 200 449 "-" "Mozilla/5.0 (compatible; AhrefsBot/7.0; +http://ahrefs.com/robot/)"
149.202.82.11 - - [13/Nov/2022:17:40:13 +0100] "GET /apps/school/www_old5/img/LevelD/Category1/LevelDCat1Lesson16/ HTTP/1.1" 200 447 "-" "Mozilla/5.0 (compatible; MJ12bot/v1.4.8; http://mj12bot.com/)"
149.202.82.11 - - [13/Nov/2022:17:40:15 +0100] "GET /apps/school/www_old5/img/LevelD/Category1/LevelDCat1Lesson17/ HTTP/1.1" 200 450 "-" "Mozilla/5.0 (compatible; MJ12bot/v1.4.8; http://mj12bot.com/)"
149.202.82.11 - - [13/Nov/2022:17:40:18 +0100] "GET /apps/school/www_old5/img/LevelD/Category1/LevelDCat1Lesson19/ HTTP/1.1" 200 455 "-" "Mozilla/5.0 (compatible; MJ12bot/v1.4.8; http://mj12bot.com/)"
149.202.82.11 - - [13/Nov/2022:17:40:24 +0100] "GET /apps/school/www_old5/img/LevelD/Category1/LevelDCat1Lesson20/ HTTP/1.1" 200 454 "-" "Mozilla/5.0 (compatible; MJ12bot/v1.4.8; http://mj12bot.com/)"
149.202.82.11 - - [13/Nov/2022:17:40:29 +0100] "GET /apps/school/www_old5/img/LevelD/Category1/LevelDCat1Lesson21/ HTTP/1.1" 200 497 "-" "Mozilla/5.0 (compatible; MJ12bot/v1.4.8; http://mj12bot.com/)"
149.202.82.11 - - [13/Nov/2022:17:40:34 +0100] "GET /apps/school/www_old5/img/LevelD/Category1/LevelDCat1Lesson23/ HTTP/1.1" 200 453 "-" "Mozilla/5.0 (compatible; MJ12bot/v1.4.8; http://mj12bot.com/)"
54.36.148.17 - - [13/Nov/2022:17:40:39 +0100] "GET /apps/school/www_old6/img/LevelD/Category2/LevelDCat2Lesson19/?C=S;O=A HTTP/1.1" 200 540 "-" "Mozilla/5.0 (compatible; AhrefsBot/7.0; +http://ahrefs.com/robot/)"
149.202.82.11 - - [13/Nov/2022:17:40:40 +0100] "GET /apps/school/www_old5/img/LevelD/Category1/LevelDCat1Lesson24/ HTTP/1.1" 200 452 "-" "Mozilla/5.0 (compatible; MJ12bot/v1.4.8; http://mj12bot.com/)"
54.36.148.218 - - [13/Nov/2022:17:40:59 +0100] "GET /apps/school/www_old6/img/LevelD/Category2/LevelDCat2Lesson19/?C=D;O=A HTTP/1.1" 200 543 "-" "Mozilla/5.0 (compatible; AhrefsBot/7.0; +http://ahrefs.com/robot/)"
54.36.148.94 - - [13/Nov/2022:17:41:24 +0100] "GET /apps/school/www_old6/img/LevelC/Category3/LevelCCat3Lesson10/?C=S;O=A HTTP/1.1" 200 449 "-" "Mozilla/5.0 (compatible; AhrefsBot/7.0; +http://ahrefs.com/robot/)"
54.36.149.71 - - [13/Nov/2022:17:41:42 +0100] "GET /apps/school/www_old6/img/LevelD/Category2/LevelDCat2Lesson19/?C=M;O=A HTTP/1.1" 200 543 "-" "Mozilla/5.0 (compatible; AhrefsBot/7.0; +http://ahrefs.com/robot/)"
54.36.149.9 - - [13/Nov/2022:17:41:55 +0100] "GET /apps/school/www_old6/img/LevelG/Category2/LevelGCat2Lesson05/?C=N;O=A HTTP/1.1" 200 449 "-" "Mozilla/5.0 (compatible; AhrefsBot/7.0; +http://ahrefs.com/robot/)"
37.221.176.134 - - [13/Nov/2022:17:42:16 +0100] "GET /wp-login.php HTTP/1.1" 404 210 "-" "Mozilla/5.0 (Windows NT 10.0; Win64; x64; rv:96.0) Gecko/20100101 Firefox/96"
185.191.171.43 - - [13/Nov/2022:17:42:48 +0100] "GET /index.php?filename=GALANTDeskcombination_2-320x240.zip&id=19&message=Ange%20en%20korrekt%20E-postadress%21&page=download&path=data%2Fmodels%2FGALANT%20Desk%20combination_2%20-%20320x240.zip HTTP/1.1" 200 4253 "-" "Mozilla/5.0 (compatible; SemrushBot/7~bl; +http://www.semrush.com/bot.html)"
54.36.148.25 - - [13/Nov/2022:17:42:56 +0100] "GET /at-rishikesh-taxi-services-we-present-our-customers-the-most/ HTTP/1.1" 302 268 "-" "Mozilla/5.0 (compatible; AhrefsBot/7.0; +http://ahrefs.com/robot/)"
216.244.66.239 - - [13/Nov/2022:17:42:56 +0100] "GET /?C=M;O=A HTTP/1.1" 200 21 "-" "Mozilla/5.0 (compatible; DotBot/1.2; +https://opensiteexplorer.org/dotbot; help@moz.com)"
207.46.13.191 - - [13/Nov/2022:17:42:59 +0100] "GET /forge/forge-api-nodejs-client/src/model/CreateStorageDataRelationships.js HTTP/1.1" 200 1194 "-" "Mozilla/5.0 AppleWebKit/537.36 (KHTML, like Gecko; compatible; bingbot/2.0; +http://www.bing.com/bingbot.htm) Chrome/103.0.5060.134 Safari/537.36"
134.209.127.226 - - [13/Nov/2022:17:43:13 +0100] "GET /wp-login.php HTTP/1.1" 302 219 "" "Mozilla/5.0 (Windows NT 10.0; Win64; x64; rv:106.0) Gecko/20100101 Firefox/106.0"
134.209.127.226 - - [13/Nov/2022:17:43:13 +0100] "GET /wp-login.php HTTP/1.1" 200 1274 "http://www.astacus.se/wp-login.php" "Mozilla/5.0 (Windows NT 10.0; Win64; x64; rv:106.0) Gecko/20100101 Firefox/106.0"
134.209.127.226 - - [13/Nov/2022:17:43:14 +0100] "GET /wp-json/wp/v2/users HTTP/1.1" 200 1174 "http://www.astacus.se/wp-login.php" "Mozilla/5.0 (Windows NT 10.0; Win64; x64; rv:106.0) Gecko/20100101 Firefox/106.0"
134.209.127.226 - - [13/Nov/2022:17:43:14 +0100] "POST /wp-login.php HTTP/1.1" 200 1659 "https://www.astacus.se/wp-login.php?redirect_to=https%3A%2F%2Fwww.astacus.se%2Fwp-admin%2F" "Mozilla/5.0 (Windows NT 10.0; Win64; x64; rv:106.0) Gecko/20100101 Firefox/106.0"
134.209.127.226 - - [13/Nov/2022:17:43:15 +0100] "POST /wp-login.php HTTP/1.1" 200 1653 "https://www.astacus.se/wp-login.php?redirect_to=https%3A%2F%2Fwww.astacus.se%2Fwp-admin%2F" "Mozilla/5.0 (Windows NT 10.0; Win64; x64; rv:106.0) Gecko/20100101 Firefox/106.0"
134.209.127.226 - - [13/Nov/2022:17:43:15 +0100] "POST /wp-login.php HTTP/1.1" 200 1634 "https://www.astacus.se/wp-login.php?redirect_to=https%3A%2F%2Fwww.astacus.se%2Fwp-admin%2F" "Mozilla/5.0 (Windows NT 10.0; Win64; x64; rv:106.0) Gecko/20100101 Firefox/106.0"
185.191.171.26 - - [13/Nov/2022:17:43:44 +0100] "GET /robots.txt HTTP/1.1" 404 208 "-" "Mozilla/5.0 (compatible; SemrushBot/7~bl; +http://www.semrush.com/bot.html)"
185.191.171.10 - - [13/Nov/2022:17:43:44 +0100] "GET /index.php?filename=Lars.zip&id=147&message=Ange%20en%20korrekt%20E-postadress%21&page=download&path=data%2Fmodels%2FLars.zip HTTP/1.1" 200 4227 "-" "Mozilla/5.0 (compatible; SemrushBot/7~bl; +http://www.semrush.com/bot.html)"
185.191.171.11 - - [13/Nov/2022:17:43:53 +0100] "GET /index.php?page=kontakt HTTP/1.1" 200 1468 "-" "Mozilla/5.0 (compatible; SemrushBot/7~bl; +http://www.semrush.com/bot.html)"
66.249.64.210 - - [13/Nov/2022:17:44:18 +0100] "GET /apps/school/www_old3/img/LevelC/Category2/LevelCCat2Lesson12/glassesCat2Set4.png HTTP/1.1" 200 11631 "-" "Googlebot-Image/1.0"
157.55.39.117 - - [13/Nov/2022:17:44:18 +0100] "GET /index.php?page=change&CompanyId=1251 HTTP/1.1" 200 1772 "-" "Mozilla/5.0 (compatible; bingbot/2.0; +http://www.bing.com/bingbot.htm)"
114.119.141.52 - - [13/Nov/2022:17:44:22 +0100] "GET /apps/school/www_old6/img/LevelA/Category2/LevelACat2Lesson20/ HTTP/1.1" 200 480 "http://kulturdokumentation.se/apps/school/www_old6/img/LevelA/Category2/?C=N%3BO%3DD" "Mozilla/5.0 (Linux; Android 7.0;) AppleWebKit/537.36 (KHTML, like Gecko) Mobile Safari/537.36 (compatible; PetalBot;+https://webmaster.petalsearch.com/site/petalbot)"
114.119.134.148 - - [13/Nov/2022:17:44:56 +0100] "GET /apps/school/www_old4/res/sounds?C=M%3BO%3DA HTTP/1.1" 301 283 "http://kulturdokumentation.com/apps/school/www_old4/res/sounds?C=D%3BO%3DA" "Mozilla/5.0 (Linux; Android 7.0;) AppleWebKit/537.36 (KHTML, like Gecko) Mobile Safari/537.36 (compatible; PetalBot;+https://webmaster.petalsearch.com/site/petalbot)"
114.119.134.148 - - [13/Nov/2022:17:44:57 +0100] "GET /apps/school/www_old4/res/sounds/?C=M%3BO%3DA HTTP/1.1" 200 428 "http://kulturdokumentation.com/apps/school/www_old4/res/sounds?C=D%3BO%3DA" "Mozilla/5.0 (Linux; Android 7.0;) AppleWebKit/537.36 (KHTML, like Gecko) Mobile Safari/537.36 (compatible; PetalBot;+https://webmaster.petalsearch.com/site/petalbot)"
89.246.241.14 - - [13/Nov/2022:17:46:19 +0100] "GET /?page=kontakt HTTP/1.1" 200 1468 "-" "Mozilla/5.0 (Windows NT 10.0; Win64; x64; rv:84.0) Gecko/20100101 Firefox/84.0"
5.45.207.144 - - [13/Nov/2022:17:46:42 +0100] "GET /apps/school/www_old8/Wordslide/Phps/loginFBUser.php HTTP/1.1" 200 21 "-" "Mozilla/5.0 (compatible; YandexBot/3.0; +http://yandex.com/bots)"
152.89.196.211 - - [13/Nov/2022:17:46:48 +0100] "GET /actuator/gateway/routes HTTP/1.1" 404 221 "-" "Mozilla/5.0 (Windows NT 10.0; Win64; x64) AppleWebKit/537.36 (KHTML, like Gecko) Chrome/78.0.3904.108 Safari/537.36"
207.46.13.229 - - [13/Nov/2022:17:47:08 +0100] "GET /robots.txt HTTP/1.1" 404 208 "-" "Mozilla/5.0 AppleWebKit/537.36 (KHTML, like Gecko; compatible; bingbot/2.0; +http://www.bing.com/bingbot.htm) Chrome/103.0.5060.134 Safari/537.36"
207.46.13.229 - - [13/Nov/2022:17:47:09 +0100] "GET /robots.txt HTTP/1.1" 404 208 "-" "Mozilla/5.0 AppleWebKit/537.36 (KHTML, like Gecko; compatible; bingbot/2.0; +http://www.bing.com/bingbot.htm) Chrome/103.0.5060.134 Safari/537.36"
207.46.13.191 - - [13/Nov/2022:17:47:20 +0100] "GET /?page=start HTTP/1.1" 200 1772 "-" "Mozilla/5.0 AppleWebKit/537.36 (KHTML, like Gecko; compatible; bingbot/2.0; +http://www.bing.com/bingbot.htm) Chrome/103.0.5060.134 Safari/537.36"
23.100.232.233 - - [13/Nov/2022:17:48:20 +0100] "GET / HTTP/1.1" 200 3082 "-" "Mozilla/5.0 (compatible; MSIE 9.0; Windows NT 6.0; Trident/5.0; Trident/5.0)"
112.213.91.18 - - [13/Nov/2022:17:49:06 +0100] "POST /xmlrpc.php HTTP/1.1" 200 412 "-" "Mozilla/5.0 (Windows NT 10.0; Win64; x64) AppleWebKit/537.36 (KHTML, like Gecko) Chrome/86.0.4240.198 Safari/537.36"
88.218.116.209 - - [13/Nov/2022:17:49:06 +0100] "POST /xmlrpc.php HTTP/1.1" 200 412 "-" "Mozilla/5.0 (Windows; U; Windows NT 5.1; en-US; rv:1.7.5) Gecko/20041107 Firefox/1.0"
60.250.109.62 - - [13/Nov/2022:17:49:08 +0100] "POST /xmlrpc.php HTTP/1.1" 200 412 "-" "Mozilla/5.0 (Windows NT 10.0; Win64; x64) AppleWebKit/537.36 (KHTML, like Gecko) Chrome/65.0.3325.181 Safari/537.36"
119.18.49.36 - - [13/Nov/2022:17:49:10 +0100] "POST /xmlrpc.php HTTP/1.1" 200 412 "-" "Mozilla/5.0 (Windows NT 6.1; WOW64; rv:44.0) Gecko/20100101 Firefox/44.0"
88.218.116.209 - - [13/Nov/2022:17:49:13 +0100] "POST /xmlrpc.php HTTP/1.1" 200 412 "-" "Mozilla/5.0 (Windows NT 5.1; rv:36.0) Gecko/20100101 Firefox/36.0"
91.134.248.245 - - [13/Nov/2022:17:49:17 +0100] "POST /xmlrpc.php HTTP/1.1" 200 412 "-" "Mozilla/5.0 (X11; Linux x86_64) AppleWebKit/537.36 (KHTML, like Gecko) Chrome/91.0.4472.114 Safari/537.36"
69.163.186.142 - - [13/Nov/2022:17:49:17 +0100] "POST /xmlrpc.php HTTP/1.1" 200 412 "-" "Mozilla/5.0 (Windows NT 5.1; rv:30.0) Gecko/20100101 Firefox/30.0"
202.66.173.3 - - [13/Nov/2022:17:49:20 +0100] "POST /xmlrpc.php HTTP/1.1" 200 412 "-" "Mozilla/5.0 (Windows NT 6.1) AppleWebKit/537.36 (KHTML, like Gecko) Chrome/56.0.2924.76 Safari/537.36"
40.77.167.13 - - [13/Nov/2022:17:49:26 +0100] "GET /main.css HTTP/1.1" 200 415 "-" "Mozilla/5.0 (compatible; bingbot/2.0; +http://www.bing.com/bingbot.htm)"
207.46.13.237 - - [13/Nov/2022:17:49:30 +0100] "GET /robots.txt HTTP/1.1" 302 218 "-" "Mozilla/5.0 (compatible; bingbot/2.0; +http://www.bing.com/bingbot.htm)"
207.46.13.237 - - [13/Nov/2022:17:49:31 +0100] "GET /robots.txt HTTP/1.1" 404 208 "-" "Mozilla/5.0 (compatible; bingbot/2.0; +http://www.bing.com/bingbot.htm)"
198.46.81.17 - - [13/Nov/2022:17:49:33 +0100] "POST /xmlrpc.php HTTP/1.1" 200 412 "-" "Mozilla/5.0 (Windows NT 6.1; rv:52.0) Gecko/20100101 Firefox/52.0"
184.168.112.150 - - [13/Nov/2022:17:49:34 +0100] "POST /xmlrpc.php HTTP/1.1" 200 412 "-" "Mozilla/5.0 (Windows; U; Windows NT 5.1; en-US; rv:1.7.5) Gecko/20041107 Firefox/1.0"
114.119.141.73 - - [13/Nov/2022:17:49:34 +0100] "GET /apps/school/www_old_temp/AutodeskForge/learn.forge.viewmodels-nodejs/node_modules/performance-now/lib/?C=M%3BO%3DA HTTP/1.1" 200 491 "http://kulturdokumentation.se/apps/school/www_old_temp/AutodeskForge/learn.forge.viewmodels-nodejs/node_modules/performance-now/lib/?C=N%3BO%3DD" "Mozilla/5.0 (Linux; Android 7.0;) AppleWebKit/537.36 (KHTML, like Gecko) Mobile Safari/537.36 (compatible; PetalBot;+https://webmaster.petalsearch.com/site/petalbot)"
207.46.13.191 - - [13/Nov/2022:17:49:40 +0100] "GET /index.php?page=loggain&message=error1&goto=project HTTP/1.1" 302 266 "-" "Mozilla/5.0 AppleWebKit/537.36 (KHTML, like Gecko; compatible; bingbot/2.0; +http://www.bing.com/bingbot.htm) Chrome/103.0.5060.134 Safari/537.36"
114.119.134.152 - - [13/Nov/2022:17:50:02 +0100] "GET /apps/school/www_old8/img/LevelC/Category1/LevelCCat1Lesson02/?C=N%3BO%3DD HTTP/1.1" 200 451 "http://kulturdokumentation.com/apps/school/www_old8/img/LevelC/Category1/LevelCCat1Lesson02/?C=S%3BO%3DA" "Mozilla/5.0 (Linux; Android 7.0;) AppleWebKit/537.36 (KHTML, like Gecko) Mobile Safari/537.36 (compatible; PetalBot;+https://webmaster.petalsearch.com/site/petalbot)"
141.94.87.67 - - [13/Nov/2022:17:50:02 +0100] "POST /xmlrpc.php HTTP/1.1" 200 412 "-" "Mozilla/5.0 (Windows NT 6.1; WOW64; rv:17.0) Gecko/20100101 Firefox/17.0"
216.244.66.239 - - [13/Nov/2022:17:51:52 +0100] "GET /apps/school/www_old4/img/LevelB/Category2/LevelBCat2Lesson14/ HTTP/1.1" 200 1018 "-" "Mozilla/5.0 (compatible; DotBot/1.2; +https://opensiteexplorer.org/dotbot; help@moz.com)"
216.244.66.239 - - [13/Nov/2022:17:51:56 +0100] "GET /apps/school/www_old8/img/LevelB/Category2/LevelBCat2Lesson02/ HTTP/1.1" 200 2672 "-" "Mozilla/5.0 (compatible; DotBot/1.2; +https://opensiteexplorer.org/dotbot; help@moz.com)"
216.244.66.239 - - [13/Nov/2022:17:52:01 +0100] "GET /apps/school/www_old8/img/LevelG/Category1/LevelGCat1Lesson35/ HTTP/1.1" 200 1016 "-" "Mozilla/5.0 (compatible; DotBot/1.2; +https://opensiteexplorer.org/dotbot; help@moz.com)"
5.45.207.144 - - [13/Nov/2022:17:52:04 +0100] "GET /apps/school/www_old9/ HTTP/1.1" 200 630 "-" "Mozilla/5.0 (compatible; YandexBot/3.0; +http://yandex.com/bots)"
216.244.66.239 - - [13/Nov/2022:17:52:05 +0100] "GET /apps/school/www_old9/Html/LevelC/Category3/LevelCCat3Lesson09.html HTTP/1.1" 200 13961 "-" "Mozilla/5.0 (compatible; DotBot/1.2; +https://opensiteexplorer.org/dotbot; help@moz.com)"
216.244.66.239 - - [13/Nov/2022:17:52:08 +0100] "GET /apps/school/www_old9/Html/LevelG/Category2/LevelGCat2Lesson30.html HTTP/1.1" 200 26321 "-" "Mozilla/5.0 (compatible; DotBot/1.2; +https://opensiteexplorer.org/dotbot; help@moz.com)"
216.244.66.239 - - [13/Nov/2022:17:52:11 +0100] "GET /apps/school/www_old9/img/LevelC/Category3/LevelCCat3Lesson04/ HTTP/1.1" 200 1822 "-" "Mozilla/5.0 (compatible; DotBot/1.2; +https://opensiteexplorer.org/dotbot; help@moz.com)"
185.191.171.14 - - [13/Nov/2022:17:53:01 +0100] "GET /astacus-avslutar-aret-med-flaggan-i-topp/ HTTP/1.1" 200 10112 "-" "Mozilla/5.0 (compatible; SemrushBot/7~bl; +http://www.semrush.com/bot.html)"
216.244.66.239 - - [13/Nov/2022:17:53:23 +0100] "GET /apps/school/www_old10/Html/LevelB/Category1/LevelBCat1Lesson14.html HTTP/1.1" 200 2975 "-" "Mozilla/5.0 (compatible; DotBot/1.2; +https://opensiteexplorer.org/dotbot; help@moz.com)"
216.244.66.239 - - [13/Nov/2022:17:53:25 +0100] "GET /apps/school/www_old4/Html/LevelD/Category1/LevelDCat1Lesson30.html HTTP/1.1" 200 30861 "-" "Mozilla/5.0 (compatible; DotBot/1.2; +https://opensiteexplorer.org/dotbot; help@moz.com)"
216.244.66.239 - - [13/Nov/2022:17:53:27 +0100] "GET /apps/school/www_old6/Html/LevelD/Category3/LevelDCat3Lesson27.html HTTP/1.1" 200 26319 "-" "Mozilla/5.0 (compatible; DotBot/1.2; +https://opensiteexplorer.org/dotbot; help@moz.com)"
216.244.66.239 - - [13/Nov/2022:17:53:29 +0100] "GET /apps/school/www_old6/Html/LevelF/Category2/LevelFCat2Lesson18.html HTTP/1.1" 200 2793 "-" "Mozilla/5.0 (compatible; DotBot/1.2; +https://opensiteexplorer.org/dotbot; help@moz.com)"
216.244.66.239 - - [13/Nov/2022:17:53:31 +0100] "GET /apps/school/www_old6/Html/LevelG/Category1/LevelGCat1Lesson01.html HTTP/1.1" 200 2656 "-" "Mozilla/5.0 (compatible; DotBot/1.2; +https://opensiteexplorer.org/dotbot; help@moz.com)"
209.141.36.190 - - [13/Nov/2022:17:54:09 +0100] "GET /wp-login.php HTTP/1.1" 200 2977 "-" "Mozilla/5.0 (Macintosh; Intel Mac OS X 10_9_4) AppleWebKit/537.36 (KHTML, like Gecko) Chrome/35.0.1916.153 Safari/537.36"
114.119.141.52 - - [13/Nov/2022:17:54:38 +0100] "GET /apps/school/www_old6/img/LevelC/Category3/LevelCCat3Lesson18/Thumbs.db HTTP/1.1" 200 36864 "http://kulturdokumentation.se/apps/school/www_old6/img/LevelC/Category3/LevelCCat3Lesson18/?C=M%3BO%3DA" "Mozilla/5.0 (Linux; Android 7.0;) AppleWebKit/537.36 (KHTML, like Gecko) Mobile Safari/537.36 (compatible; PetalBot;+https://webmaster.petalsearch.com/site/petalbot)"
209.141.36.190 - - [13/Nov/2022:17:54:49 +0100] "POST /wp-login.php HTTP/1.1" 200 3996 "-" "Mozilla/5.0 (Macintosh; Intel Mac OS X 10_9_4) AppleWebKit/537.36 (KHTML, like Gecko) Chrome/35.0.1916.153 Safari/537.36"
216.244.66.239 - - [13/Nov/2022:17:55:11 +0100] "GET /apps/school/www_old2/img/LevelB/Category1/LevelBCat1Lesson6/ HTTP/1.1" 200 1814 "-" "Mozilla/5.0 (compatible; DotBot/1.2; +https://opensiteexplorer.org/dotbot; help@moz.com)"
216.244.66.239 - - [13/Nov/2022:17:55:12 +0100] "GET /apps/school/www_old3/Html/LevelC/Category2/LevelCCat2Lesson9.html HTTP/1.1" 200 40729 "-" "Mozilla/5.0 (compatible; DotBot/1.2; +https://opensiteexplorer.org/dotbot; help@moz.com)"
216.244.66.239 - - [13/Nov/2022:17:55:14 +0100] "GET /apps/school/www_old3/img/LevelC/Category1/LevelCCat1Lesson1/ HTTP/1.1" 200 1034 "-" "Mozilla/5.0 (compatible; DotBot/1.2; +https://opensiteexplorer.org/dotbot; help@moz.com)"
216.244.66.239 - - [13/Nov/2022:17:55:15 +0100] "GET /apps/school/www_old4/Html/LevelE/Category1/LevelECat1Lesson7.html HTTP/1.1" 200 23715 "-" "Mozilla/5.0 (compatible; DotBot/1.2; +https://opensiteexplorer.org/dotbot; help@moz.com)"
216.244.66.239 - - [13/Nov/2022:17:55:16 +0100] "GET /apps/school/www_old4/img/LevelD/Category1/LevelDCat1Lesson37/ HTTP/1.1" 200 1032 "-" "Mozilla/5.0 (compatible; DotBot/1.2; +https://opensiteexplorer.org/dotbot; help@moz.com)"
216.244.66.239 - - [13/Nov/2022:17:55:17 +0100] "GET /apps/school/www_old8/img/LevelA/Category1/LevelACat1Lesson23/ HTTP/1.1" 200 1028 "-" "Mozilla/5.0 (compatible; DotBot/1.2; +https://opensiteexplorer.org/dotbot; help@moz.com)"
216.244.66.239 - - [13/Nov/2022:17:55:19 +0100] "GET /apps/school/www_old8/res/icon/ios/?C=D;O=A HTTP/1.1" 200 752 "-" "Mozilla/5.0 (compatible; DotBot/1.2; +https://opensiteexplorer.org/dotbot; help@moz.com)"
216.244.66.239 - - [13/Nov/2022:17:55:20 +0100] "GET /apps/school/www_old9/img/LevelA/Category1/LevelACat1Lesson18/ HTTP/1.1" 200 1624 "-" "Mozilla/5.0 (compatible; DotBot/1.2; +https://opensiteexplorer.org/dotbot; help@moz.com)"
216.244.66.239 - - [13/Nov/2022:17:55:22 +0100] "GET /apps/school/www_old9/img/LevelA/Category1/LevelACat1Lesson32/ HTTP/1.1" 200 1602 "-" "Mozilla/5.0 (compatible; DotBot/1.2; +https://opensiteexplorer.org/dotbot; help@moz.com)"
216.244.66.239 - - [13/Nov/2022:17:55:23 +0100] "GET /apps/school/www_old_temp/Html/LevelA/?C=D;O=A HTTP/1.1" 200 1578 "-" "Mozilla/5.0 (compatible; DotBot/1.2; +https://opensiteexplorer.org/dotbot; help@moz.com)"
94.232.47.167 - - [13/Nov/2022:17:55:41 +0100] "\x03" 400 226 "-" "-"
94.232.47.167 - - [13/Nov/2022:17:55:41 +0100] "\x03" 400 226 "-" "-"
216.244.66.239 - - [13/Nov/2022:17:56:57 +0100] "GET /apps/school/www_old10/Html/LevelA/Category1/LevelACat1Lesson53.html HTTP/1.1" 200 22431 "-" "Mozilla/5.0 (compatible; DotBot/1.2; +https://opensiteexplorer.org/dotbot; help@moz.com)"
216.244.66.239 - - [13/Nov/2022:17:56:58 +0100] "GET /apps/school/www_old10/Html/LevelA/Category1/LevelACat1Lesson60.html HTTP/1.1" 200 14456 "-" "Mozilla/5.0 (compatible; DotBot/1.2; +https://opensiteexplorer.org/dotbot; help@moz.com)"
216.244.66.239 - - [13/Nov/2022:17:57:00 +0100] "GET /apps/school/www_old10/Html/LevelD/Category1/LevelDCat1Lesson18.html HTTP/1.1" 200 42069 "-" "Mozilla/5.0 (compatible; DotBot/1.2; +https://opensiteexplorer.org/dotbot; help@moz.com)"
216.244.66.239 - - [13/Nov/2022:17:57:02 +0100] "GET /apps/school/www_old10/Html/LevelF/Category1/LevelFCat1Lesson26.html HTTP/1.1" 200 2899 "-" "Mozilla/5.0 (compatible; DotBot/1.2; +https://opensiteexplorer.org/dotbot; help@moz.com)"
216.244.66.239 - - [13/Nov/2022:17:57:04 +0100] "GET /apps/school/www_old10/Html/LevelF/Category2/LevelFCat2Lesson28.html HTTP/1.1" 200 14053 "-" "Mozilla/5.0 (compatible; DotBot/1.2; +https://opensiteexplorer.org/dotbot; help@moz.com)"
216.244.66.239 - - [13/Nov/2022:17:57:06 +0100] "GET /apps/school/www_old10/Html/LevelG/Category2/LevelGCat2Lesson10.html HTTP/1.1" 200 27664 "-" "Mozilla/5.0 (compatible; DotBot/1.2; +https://opensiteexplorer.org/dotbot; help@moz.com)"
216.244.66.239 - - [13/Nov/2022:17:57:08 +0100] "GET /apps/school/www_old10/Html/LevelH/Category1/LevelHCat1Lesson34.html HTTP/1.1" 200 21300 "-" "Mozilla/5.0 (compatible; DotBot/1.2; +https://opensiteexplorer.org/dotbot; help@moz.com)"
216.244.66.239 - - [13/Nov/2022:17:57:10 +0100] "GET /apps/school/www_old10/img/LevelA/Category1/LevelACat1Lesson40/sip.png HTTP/1.1" 200 12552 "-" "Mozilla/5.0 (compatible; DotBot/1.2; +https://opensiteexplorer.org/dotbot; help@moz.com)"
216.244.66.239 - - [13/Nov/2022:17:57:11 +0100] "GET /apps/school/www_old10/img/LevelA/Category3/LevelACat3Lesson06/man3.png HTTP/1.1" 200 31009 "-" "Mozilla/5.0 (compatible; DotBot/1.2; +https://opensiteexplorer.org/dotbot; help@moz.com)"
216.244.66.239 - - [13/Nov/2022:17:57:14 +0100] "GET /apps/school/www_old10/img/LevelC/Category1/LevelCCat1Lesson11/trees.png HTTP/1.1" 200 12499 "-" "Mozilla/5.0 (compatible; DotBot/1.2; +https://opensiteexplorer.org/dotbot; help@moz.com)"
54.36.148.51 - - [13/Nov/2022:17:57:15 +0100] "GET /apps/school/www_old9/img/LevelF/Category1/LevelFCat1Lesson41/?C=S;O=A HTTP/1.1" 200 447 "-" "Mozilla/5.0 (compatible; AhrefsBot/7.0; +http://ahrefs.com/robot/)"
216.244.66.239 - - [13/Nov/2022:17:57:17 +0100] "GET /apps/school/www_old10/img/LevelC/Category1/LevelCCat1Lesson25/ HTTP/1.1" 200 1049 "-" "Mozilla/5.0 (compatible; DotBot/1.2; +https://opensiteexplorer.org/dotbot; help@moz.com)"
216.244.66.239 - - [13/Nov/2022:17:57:18 +0100] "GET /apps/school/www_old10/img/LevelC/Category3/LevelCCat3Lesson17/ HTTP/1.1" 200 2596 "-" "Mozilla/5.0 (compatible; DotBot/1.2; +https://opensiteexplorer.org/dotbot; help@moz.com)"
216.244.66.239 - - [13/Nov/2022:17:57:20 +0100] "GET /apps/school/www_old10/img/LevelD/Category2/LevelDCat2Lesson09/ HTTP/1.1" 200 2731 "-" "Mozilla/5.0 (compatible; DotBot/1.2; +https://opensiteexplorer.org/dotbot; help@moz.com)"
216.244.66.239 - - [13/Nov/2022:17:57:22 +0100] "GET /apps/school/www_old10/img/LevelE/Category1/LevelECat1Lesson13/pair.png HTTP/1.1" 200 8986 "-" "Mozilla/5.0 (compatible; DotBot/1.2; +https://opensiteexplorer.org/dotbot; help@moz.com)"
216.244.66.239 - - [13/Nov/2022:17:57:23 +0100] "GET /apps/school/www_old2/img/LevelA/Category1/LevelACat1Lesson34/udTable.png HTTP/1.1" 200 58363 "-" "Mozilla/5.0 (compatible; DotBot/1.2; +https://opensiteexplorer.org/dotbot; help@moz.com)"
216.244.66.239 - - [13/Nov/2022:17:57:28 +0100] "GET /apps/school/www_old2/img/LevelC/Category1/LevelCCat1Lesson18/ HTTP/1.1" 200 1038 "-" "Mozilla/5.0 (compatible; DotBot/1.2; +https://opensiteexplorer.org/dotbot; help@moz.com)"
154.54.249.160 - - [13/Nov/2022:17:57:31 +0100] "GET /robots.txt HTTP/1.1" 200 67 "-" "Mozilla/5.0 (compatible; Barkrowler/0.9; +https://babbar.tech/crawler)"
216.244.66.239 - - [13/Nov/2022:17:57:32 +0100] "GET /apps/school/www_old3/Html/LevelD/Category1/LevelDCat1Lesson11.html HTTP/1.1" 200 25707 "-" "Mozilla/5.0 (compatible; DotBot/1.2; +https://opensiteexplorer.org/dotbot; help@moz.com)"
216.244.66.239 - - [13/Nov/2022:17:57:35 +0100] "GET /apps/school/www_old3/img/LevelA/Category1/LevelACat1Lesson12/red.png HTTP/1.1" 200 5736 "-" "Mozilla/5.0 (compatible; DotBot/1.2; +https://opensiteexplorer.org/dotbot; help@moz.com)"
216.244.66.239 - - [13/Nov/2022:17:57:38 +0100] "GET /apps/school/www_old3/img/LevelD/Category1/LevelDCat1Lesson5/sightWords.png HTTP/1.1" 200 224137 "-" "Mozilla/5.0 (compatible; DotBot/1.2; +https://opensiteexplorer.org/dotbot; help@moz.com)"
154.54.249.163 - - [13/Nov/2022:17:57:56 +0100] "GET /robots.txt HTTP/1.1" 302 217 "-" "Mozilla/5.0 (compatible; Barkrowler/0.9; +https://babbar.tech/crawler)"
154.54.249.162 - - [13/Nov/2022:17:57:56 +0100] "GET /robots.txt HTTP/1.1" 200 67 "-" "Mozilla/5.0 (compatible; Barkrowler/0.9; +https://babbar.tech/crawler)"
216.244.66.239 - - [13/Nov/2022:17:57:57 +0100] "GET /apps/school/www_old3/img/LevelD/Category3/LevelDCat3Lesson7/ HTTP/1.1" 200 1020 "-" "Mozilla/5.0 (compatible; DotBot/1.2; +https://opensiteexplorer.org/dotbot; help@moz.com)"
216.244.66.239 - - [13/Nov/2022:17:58:12 +0100] "GET /apps/school/www_old3/res/icon/ios/?C=D;O=A HTTP/1.1" 200 752 "-" "Mozilla/5.0 (compatible; DotBot/1.2; +https://opensiteexplorer.org/dotbot; help@moz.com)"
154.54.249.160 - - [13/Nov/2022:17:58:22 +0100] "GET /arkivscanning/ HTTP/1.1" 200 11517 "-" "Mozilla/5.0 (compatible; Barkrowler/0.9; +https://babbar.tech/crawler)"
216.244.66.239 - - [13/Nov/2022:17:58:25 +0100] "GET /apps/school/www_old4/img/LevelA/Category1/LevelACat1Lesson9/ HTTP/1.1" 200 1026 "-" "Mozilla/5.0 (compatible; DotBot/1.2; +https://opensiteexplorer.org/dotbot; help@moz.com)"
216.244.66.239 - - [13/Nov/2022:17:58:37 +0100] "GET /apps/school/www_old4/img/LevelB/Category1/LevelBCat1Lesson19/children.png HTTP/1.1" 200 11071 "-" "Mozilla/5.0 (compatible; DotBot/1.2; +https://opensiteexplorer.org/dotbot; help@moz.com)"
154.54.249.162 - - [13/Nov/2022:17:58:47 +0100] "GET /laserscanning HTTP/1.1" 302 220 "-" "Mozilla/5.0 (compatible; Barkrowler/0.9; +https://babbar.tech/crawler)"
216.244.66.239 - - [13/Nov/2022:17:58:48 +0100] "GET /apps/school/www_old4/img/LevelB/Category1/LevelBCat1Lesson25/myChair1.png HTTP/1.1" 200 189272 "-" "Mozilla/5.0 (compatible; DotBot/1.2; +https://opensiteexplorer.org/dotbot; help@moz.com)"
51.222.253.12 - - [13/Nov/2022:17:58:55 +0100] "GET /robots.txt HTTP/1.1" 302 217 "-" "Mozilla/5.0 (compatible; AhrefsBot/7.0; +http://ahrefs.com/robot/)"
51.222.253.12 - - [13/Nov/2022:17:58:55 +0100] "GET /robots.txt HTTP/1.1" 200 67 "-" "Mozilla/5.0 (compatible; AhrefsBot/7.0; +http://ahrefs.com/robot/)"
54.36.148.137 - - [13/Nov/2022:17:58:56 +0100] "GET /branshult/ HTTP/1.1" 302 217 "-" "Mozilla/5.0 (compatible; AhrefsBot/7.0; +http://ahrefs.com/robot/)"
216.244.66.239 - - [13/Nov/2022:17:58:59 +0100] "GET /apps/school/www_old4/img/LevelB/Category2/LevelBCat2Lesson8/men1.png HTTP/1.1" 200 18003 "-" "Mozilla/5.0 (compatible; DotBot/1.2; +https://opensiteexplorer.org/dotbot; help@moz.com)"
216.244.66.239 - - [13/Nov/2022:17:59:08 +0100] "GET /apps/school/www_old4/img/LevelC/Category1/LevelCCat1Lesson1/ HTTP/1.1" 200 1034 "-" "Mozilla/5.0 (compatible; DotBot/1.2; +https://opensiteexplorer.org/dotbot; help@moz.com)"
154.54.249.162 - - [13/Nov/2022:17:59:12 +0100] "GET /gpr-positionering-med-hjalp-av-slam/ HTTP/1.1" 200 10677 "-" "Mozilla/5.0 (compatible; Barkrowler/0.9; +https://babbar.tech/crawler)"
216.244.66.239 - - [13/Nov/2022:17:59:16 +0100] "GET /apps/school/www_old4/img/LevelC/Category1/LevelCCat1Lesson11/frogs.png HTTP/1.1" 200 12435 "-" "Mozilla/5.0 (compatible; DotBot/1.2; +https://opensiteexplorer.org/dotbot; help@moz.com)"
216.244.66.239 - - [13/Nov/2022:17:59:23 +0100] "GET /apps/school/www_old4/img/LevelC/Category3/LevelCCat3Lesson8/ HTTP/1.1" 200 2628 "-" "Mozilla/5.0 (compatible; DotBot/1.2; +https://opensiteexplorer.org/dotbot; help@moz.com)"
216.244.66.239 - - [13/Nov/2022:17:59:28 +0100] "GET /apps/school/www_old5/Html/LevelE/Category1/LevelECat1Lesson48.html HTTP/1.1" 200 39999 "-" "Mozilla/5.0 (compatible; DotBot/1.2; +https://opensiteexplorer.org/dotbot; help@moz.com)"
154.54.249.162 - - [13/Nov/2022:17:59:38 +0100] "GET /dronarscanning HTTP/1.1" 302 221 "-" "Mozilla/5.0 (compatible; Barkrowler/0.9; +https://babbar.tech/crawler)"
114.119.141.42 - - [13/Nov/2022:17:59:44 +0100] "GET /apps/school/www_old9/img/LevelE/Category1/ HTTP/1.1" 200 732 "http://kulturdokumentation.se/apps/school/www_old9/img/LevelE/Category1/LevelECat1Lesson31/?C=S%3BO%3DA" "Mozilla/5.0 (Linux; Android 7.0;) AppleWebKit/537.36 (KHTML, like Gecko) Mobile Safari/537.36 (compatible; PetalBot;+https://webmaster.petalsearch.com/site/petalbot)"
154.54.249.162 - - [13/Nov/2022:18:00:03 +0100] "GET /scanning-av-8000-kartor-i-farg-at-scb/ HTTP/1.1" 200 9610 "-" "Mozilla/5.0 (compatible; Barkrowler/0.9; +https://babbar.tech/crawler)"
