66.249.64.123 - - [13/Nov/2022:10:36:14 +0100] "GET / HTTP/1.1" 200 13133 "-" "Mozilla/5.0 (Linux; Android 6.0.1; Nexus 5X Build/MMB29P) AppleWebKit/537.36 (KHTML, like Gecko) Chrome/107.0.5304.110 Mobile Safari/537.36 (compatible; Googlebot/2.1; +http://www.google.com/bot.html)"
94.23.209.55 - - [13/Nov/2022:10:36:16 +0100] "GET /apps/school/www_old6/img/LevelD/Category1/LevelDCat1Lesson29/?C=D;O=A HTTP/1.1" 200 448 "-" "Mozilla/5.0 (compatible; MJ12bot/v1.4.8; http://mj12bot.com/)"
65.109.26.42 - - [13/Nov/2022:10:36:16 +0100] "GET /apps/school/www_old5/img/LevelF/Category2/LevelFCat2Lesson10/?C=M;O=A HTTP/1.1" 200 601 "-" "Mozilla/5.0 (compatible; MJ12bot/v1.4.8; http://mj12bot.com/)"
65.109.26.42 - - [13/Nov/2022:10:36:18 +0100] "GET /apps/school/www_old5/img/LevelF/Category2/LevelFCat2Lesson10/?C=N;O=A HTTP/1.1" 200 597 "-" "Mozilla/5.0 (compatible; MJ12bot/v1.4.8; http://mj12bot.com/)"
94.23.209.55 - - [13/Nov/2022:10:36:18 +0100] "GET /apps/school/www_old6/img/LevelD/Category1/LevelDCat1Lesson29/?C=M;O=A HTTP/1.1" 200 448 "-" "Mozilla/5.0 (compatible; MJ12bot/v1.4.8; http://mj12bot.com/)"
65.109.26.42 - - [13/Nov/2022:10:36:19 +0100] "GET /apps/school/www_old5/img/LevelF/Category2/LevelFCat2Lesson10/?C=S;O=A HTTP/1.1" 200 599 "-" "Mozilla/5.0 (compatible; MJ12bot/v1.4.8; http://mj12bot.com/)"
94.23.209.55 - - [13/Nov/2022:10:36:20 +0100] "GET /apps/school/www_old6/img/LevelD/Category1/LevelDCat1Lesson29/?C=N;O=D HTTP/1.1" 200 446 "-" "Mozilla/5.0 (compatible; MJ12bot/v1.4.8; http://mj12bot.com/)"
65.109.26.42 - - [13/Nov/2022:10:36:21 +0100] "GET /apps/school/www_old5/img/LevelF/Category2/LevelFCat2Lesson11/?C=D;O=D HTTP/1.1" 200 569 "-" "Mozilla/5.0 (compatible; MJ12bot/v1.4.8; http://mj12bot.com/)"
94.23.209.55 - - [13/Nov/2022:10:36:22 +0100] "GET /apps/school/www_old6/img/LevelD/Category1/LevelDCat1Lesson29/?C=S;O=A HTTP/1.1" 200 448 "-" "Mozilla/5.0 (compatible; MJ12bot/v1.4.8; http://mj12bot.com/)"
65.109.26.42 - - [13/Nov/2022:10:36:22 +0100] "GET /apps/school/www_old5/img/LevelF/Category2/LevelFCat2Lesson11/?C=M;O=D HTTP/1.1" 200 569 "-" "Mozilla/5.0 (compatible; MJ12bot/v1.4.8; http://mj12bot.com/)"
65.109.26.42 - - [13/Nov/2022:10:36:24 +0100] "GET /apps/school/www_old5/img/LevelF/Category2/LevelFCat2Lesson11/?C=S;O=D HTTP/1.1" 200 570 "-" "Mozilla/5.0 (compatible; MJ12bot/v1.4.8; http://mj12bot.com/)"
94.23.209.55 - - [13/Nov/2022:10:36:24 +0100] "GET /apps/school/www_old6/img/LevelD/Category1/LevelDCat1Lesson30/?C=D;O=A HTTP/1.1" 200 475 "-" "Mozilla/5.0 (compatible; MJ12bot/v1.4.8; http://mj12bot.com/)"
65.109.26.42 - - [13/Nov/2022:10:36:26 +0100] "GET /apps/school/www_old5/img/LevelF/Category2/LevelFCat2Lesson12/?C=D;O=D HTTP/1.1" 200 579 "-" "Mozilla/5.0 (compatible; MJ12bot/v1.4.8; http://mj12bot.com/)"
94.23.209.55 - - [13/Nov/2022:10:36:26 +0100] "GET /apps/school/www_old6/img/LevelD/Category1/LevelDCat1Lesson30/?C=M;O=A HTTP/1.1" 200 475 "-" "Mozilla/5.0 (compatible; MJ12bot/v1.4.8; http://mj12bot.com/)"
65.109.26.42 - - [13/Nov/2022:10:36:27 +0100] "GET /apps/school/www_old5/img/LevelF/Category2/LevelFCat2Lesson12/?C=M;O=D HTTP/1.1" 200 576 "-" "Mozilla/5.0 (compatible; MJ12bot/v1.4.8; http://mj12bot.com/)"
94.23.209.55 - - [13/Nov/2022:10:36:28 +0100] "GET /apps/school/www_old6/img/LevelD/Category1/LevelDCat1Lesson30/?C=N;O=D HTTP/1.1" 200 473 "-" "Mozilla/5.0 (compatible; MJ12bot/v1.4.8; http://mj12bot.com/)"
65.109.26.42 - - [13/Nov/2022:10:36:29 +0100] "GET /apps/school/www_old5/img/LevelF/Category2/LevelFCat2Lesson12/?C=N;O=A HTTP/1.1" 200 580 "-" "Mozilla/5.0 (compatible; MJ12bot/v1.4.8; http://mj12bot.com/)"
94.23.209.55 - - [13/Nov/2022:10:36:30 +0100] "GET /apps/school/www_old6/img/LevelD/Category1/LevelDCat1Lesson30/?C=S;O=A HTTP/1.1" 200 475 "-" "Mozilla/5.0 (compatible; MJ12bot/v1.4.8; http://mj12bot.com/)"
65.109.26.42 - - [13/Nov/2022:10:36:31 +0100] "GET /apps/school/www_old5/img/LevelF/Category2/LevelFCat2Lesson12/?C=S;O=D HTTP/1.1" 200 579 "-" "Mozilla/5.0 (compatible; MJ12bot/v1.4.8; http://mj12bot.com/)"
94.23.209.55 - - [13/Nov/2022:10:36:32 +0100] "GET /apps/school/www_old6/img/LevelD/Category1/LevelDCat1Lesson31/?C=D;O=A HTTP/1.1" 200 455 "-" "Mozilla/5.0 (compatible; MJ12bot/v1.4.8; http://mj12bot.com/)"
65.109.26.42 - - [13/Nov/2022:10:36:32 +0100] "GET /apps/school/www_old5/img/LevelF/Category2/LevelFCat2Lesson13/?C=D;O=D HTTP/1.1" 200 493 "-" "Mozilla/5.0 (compatible; MJ12bot/v1.4.8; http://mj12bot.com/)"
94.23.209.55 - - [13/Nov/2022:10:36:34 +0100] "GET /apps/school/www_old6/img/LevelD/Category1/LevelDCat1Lesson31/?C=M;O=A HTTP/1.1" 200 455 "-" "Mozilla/5.0 (compatible; MJ12bot/v1.4.8; http://mj12bot.com/)"
65.109.26.42 - - [13/Nov/2022:10:36:34 +0100] "GET /apps/school/www_old5/img/LevelF/Category2/LevelFCat2Lesson13/?C=M;O=D HTTP/1.1" 200 490 "-" "Mozilla/5.0 (compatible; MJ12bot/v1.4.8; http://mj12bot.com/)"
65.109.26.42 - - [13/Nov/2022:10:36:36 +0100] "GET /apps/school/www_old5/img/LevelF/Category2/LevelFCat2Lesson13/?C=N;O=A HTTP/1.1" 200 492 "-" "Mozilla/5.0 (compatible; MJ12bot/v1.4.8; http://mj12bot.com/)"
94.23.209.55 - - [13/Nov/2022:10:36:36 +0100] "GET /apps/school/www_old6/img/LevelD/Category1/LevelDCat1Lesson31/?C=N;O=A HTTP/1.1" 200 455 "-" "Mozilla/5.0 (compatible; MJ12bot/v1.4.8; http://mj12bot.com/)"
65.109.26.42 - - [13/Nov/2022:10:36:37 +0100] "GET /apps/school/www_old5/img/LevelF/Category2/LevelFCat2Lesson13/?C=S;O=D HTTP/1.1" 200 491 "-" "Mozilla/5.0 (compatible; MJ12bot/v1.4.8; http://mj12bot.com/)"
65.109.26.42 - - [13/Nov/2022:10:36:39 +0100] "GET /apps/school/www_old5/img/LevelF/Category2/LevelFCat2Lesson14/?C=D;O=D HTTP/1.1" 200 528 "-" "Mozilla/5.0 (compatible; MJ12bot/v1.4.8; http://mj12bot.com/)"
94.23.209.55 - - [13/Nov/2022:10:36:39 +0100] "GET /apps/school/www_old6/img/LevelD/Category1/LevelDCat1Lesson31/?C=N;O=D HTTP/1.1" 200 453 "-" "Mozilla/5.0 (compatible; MJ12bot/v1.4.8; http://mj12bot.com/)"
65.109.26.42 - - [13/Nov/2022:10:36:40 +0100] "GET /apps/school/www_old5/img/LevelF/Category2/LevelFCat2Lesson14/?C=M;O=D HTTP/1.1" 200 529 "-" "Mozilla/5.0 (compatible; MJ12bot/v1.4.8; http://mj12bot.com/)"
94.23.209.55 - - [13/Nov/2022:10:36:41 +0100] "GET /apps/school/www_old6/img/LevelD/Category1/LevelDCat1Lesson31/?C=S;O=A HTTP/1.1" 200 455 "-" "Mozilla/5.0 (compatible; MJ12bot/v1.4.8; http://mj12bot.com/)"
65.109.26.42 - - [13/Nov/2022:10:36:42 +0100] "GET /apps/school/www_old5/img/LevelF/Category2/LevelFCat2Lesson20/?C=M;O=D HTTP/1.1" 200 465 "-" "Mozilla/5.0 (compatible; MJ12bot/v1.4.8; http://mj12bot.com/)"
65.109.26.42 - - [13/Nov/2022:10:36:44 +0100] "GET /apps/school/www_old5/img/LevelF/Category2/LevelFCat2Lesson20/?C=S;O=D HTTP/1.1" 200 465 "-" "Mozilla/5.0 (compatible; MJ12bot/v1.4.8; http://mj12bot.com/)"
65.109.26.42 - - [13/Nov/2022:10:36:45 +0100] "GET /apps/school/www_old5/img/LevelF/Category2/LevelFCat2Lesson21/?C=D;O=D HTTP/1.1" 200 465 "-" "Mozilla/5.0 (compatible; MJ12bot/v1.4.8; http://mj12bot.com/)"
94.23.209.55 - - [13/Nov/2022:10:36:46 +0100] "GET /apps/school/www_old6/img/LevelD/Category1/LevelDCat1Lesson32/?C=D;O=A HTTP/1.1" 200 446 "-" "Mozilla/5.0 (compatible; MJ12bot/v1.4.8; http://mj12bot.com/)"
65.109.26.42 - - [13/Nov/2022:10:36:47 +0100] "GET /apps/school/www_old5/img/LevelF/Category2/LevelFCat2Lesson21/?C=M;O=D HTTP/1.1" 200 465 "-" "Mozilla/5.0 (compatible; MJ12bot/v1.4.8; http://mj12bot.com/)"
65.109.26.42 - - [13/Nov/2022:10:36:48 +0100] "GET /apps/school/www_old5/img/LevelF/Category2/LevelFCat2Lesson22/?C=D;O=A HTTP/1.1" 200 463 "-" "Mozilla/5.0 (compatible; MJ12bot/v1.4.8; http://mj12bot.com/)"
94.23.209.55 - - [13/Nov/2022:10:36:49 +0100] "GET /apps/school/www_old6/img/LevelD/Category1/LevelDCat1Lesson32/?C=N;O=D HTTP/1.1" 200 444 "-" "Mozilla/5.0 (compatible; MJ12bot/v1.4.8; http://mj12bot.com/)"
65.109.26.42 - - [13/Nov/2022:10:36:50 +0100] "GET /apps/school/www_old5/img/LevelF/Category2/LevelFCat2Lesson22/?C=M;O=D HTTP/1.1" 200 460 "-" "Mozilla/5.0 (compatible; MJ12bot/v1.4.8; http://mj12bot.com/)"
65.109.26.42 - - [13/Nov/2022:10:36:52 +0100] "GET /apps/school/www_old5/img/LevelF/Category2/LevelFCat2Lesson22/?C=S;O=D HTTP/1.1" 200 461 "-" "Mozilla/5.0 (compatible; MJ12bot/v1.4.8; http://mj12bot.com/)"
94.23.209.55 - - [13/Nov/2022:10:36:53 +0100] "GET /apps/school/www_old6/img/LevelD/Category1/LevelDCat1Lesson32/?C=S;O=A HTTP/1.1" 200 446 "-" "Mozilla/5.0 (compatible; MJ12bot/v1.4.8; http://mj12bot.com/)"
65.109.26.42 - - [13/Nov/2022:10:36:53 +0100] "GET /apps/school/www_old5/img/LevelF/Category2/LevelFCat2Lesson23/?C=D;O=D HTTP/1.1" 200 466 "-" "Mozilla/5.0 (compatible; MJ12bot/v1.4.8; http://mj12bot.com/)"
65.109.26.42 - - [13/Nov/2022:10:36:55 +0100] "GET /apps/school/www_old5/img/LevelF/Category2/LevelFCat2Lesson23/?C=M;O=D HTTP/1.1" 200 466 "-" "Mozilla/5.0 (compatible; MJ12bot/v1.4.8; http://mj12bot.com/)"
65.109.26.42 - - [13/Nov/2022:10:36:56 +0100] "GET /apps/school/www_old5/img/LevelF/Category2/LevelFCat2Lesson23/?C=N;O=A HTTP/1.1" 200 467 "-" "Mozilla/5.0 (compatible; MJ12bot/v1.4.8; http://mj12bot.com/)"
94.23.209.55 - - [13/Nov/2022:10:36:57 +0100] "GET /apps/school/www_old6/img/LevelD/Category1/LevelDCat1Lesson33/?C=D;O=A HTTP/1.1" 200 506 "-" "Mozilla/5.0 (compatible; MJ12bot/v1.4.8; http://mj12bot.com/)"
65.109.26.42 - - [13/Nov/2022:10:36:58 +0100] "GET /apps/school/www_old5/img/LevelF/Category2/LevelFCat2Lesson23/?C=S;O=D HTTP/1.1" 200 465 "-" "Mozilla/5.0 (compatible; MJ12bot/v1.4.8; http://mj12bot.com/)"
65.109.26.42 - - [13/Nov/2022:10:37:00 +0100] "GET /apps/school/www_old5/img/LevelF/Category2/LevelFCat2Lesson25/?C=M;O=D HTTP/1.1" 200 599 "-" "Mozilla/5.0 (compatible; MJ12bot/v1.4.8; http://mj12bot.com/)"
65.109.26.42 - - [13/Nov/2022:10:37:01 +0100] "GET /apps/school/www_old6/Html/LevelC/?C=S;O=A HTTP/1.1" 200 469 "-" "Mozilla/5.0 (compatible; MJ12bot/v1.4.8; http://mj12bot.com/)"
94.23.209.55 - - [13/Nov/2022:10:37:02 +0100] "GET /apps/school/www_old6/img/LevelD/Category1/LevelDCat1Lesson33/?C=M;O=A HTTP/1.1" 200 506 "-" "Mozilla/5.0 (compatible; MJ12bot/v1.4.8; http://mj12bot.com/)"
114.119.132.76 - - [13/Nov/2022:10:37:02 +0100] "GET /apps/school/www_old8/img/LevelB/Category1/LevelBCat1Lesson16/?C=D%3BO%3DA HTTP/1.1" 200 449 "http://kulturdokumentation.se/apps/school/www_old8/img/LevelB/Category1/LevelBCat1Lesson16/" "Mozilla/5.0 (Linux; Android 7.0;) AppleWebKit/537.36 (KHTML, like Gecko) Mobile Safari/537.36 (compatible; PetalBot;+https://webmaster.petalsearch.com/site/petalbot)"
65.109.26.42 - - [13/Nov/2022:10:37:03 +0100] "GET /apps/school/www_old6/Html/LevelC/LevelCCategories.html HTTP/1.1" 200 1054 "-" "Mozilla/5.0 (compatible; MJ12bot/v1.4.8; http://mj12bot.com/)"
65.109.26.42 - - [13/Nov/2022:10:37:05 +0100] "GET /apps/school/www_old6/img/LevelA/Category1/LevelACat1Lesson13/?C=M;O=A HTTP/1.1" 200 494 "-" "Mozilla/5.0 (compatible; MJ12bot/v1.4.8; http://mj12bot.com/)"
94.23.209.55 - - [13/Nov/2022:10:37:05 +0100] "GET /apps/school/www_old6/img/LevelD/Category1/LevelDCat1Lesson33/?C=N;O=A HTTP/1.1" 200 506 "-" "Mozilla/5.0 (compatible; MJ12bot/v1.4.8; http://mj12bot.com/)"
65.109.26.42 - - [13/Nov/2022:10:37:06 +0100] "GET /apps/school/www_old6/img/LevelA/Category1/LevelACat1Lesson13/?C=N;O=A HTTP/1.1" 200 495 "-" "Mozilla/5.0 (compatible; MJ12bot/v1.4.8; http://mj12bot.com/)"
40.77.167.60 - - [13/Nov/2022:10:37:08 +0100] "GET / HTTP/1.1" 200 4586 "-" "Mozilla/5.0 AppleWebKit/537.36 (KHTML, like Gecko; compatible; bingbot/2.0; +http://www.bing.com/bingbot.htm) Chrome/103.0.5060.134 Safari/537.36"
65.109.26.42 - - [13/Nov/2022:10:37:08 +0100] "GET /apps/school/www_old6/img/LevelA/Category1/LevelACat1Lesson15/?C=D;O=A HTTP/1.1" 200 450 "-" "Mozilla/5.0 (compatible; MJ12bot/v1.4.8; http://mj12bot.com/)"
65.109.26.42 - - [13/Nov/2022:10:37:09 +0100] "GET /apps/school/www_old6/img/LevelA/Category1/LevelACat1Lesson26/?C=D;O=D HTTP/1.1" 200 496 "-" "Mozilla/5.0 (compatible; MJ12bot/v1.4.8; http://mj12bot.com/)"
65.109.26.42 - - [13/Nov/2022:10:37:11 +0100] "GET /apps/school/www_old6/img/LevelA/Category1/LevelACat1Lesson27/?C=N;O=A HTTP/1.1" 200 455 "-" "Mozilla/5.0 (compatible; MJ12bot/v1.4.8; http://mj12bot.com/)"
94.23.209.55 - - [13/Nov/2022:10:37:12 +0100] "GET /apps/school/www_old6/img/LevelD/Category1/LevelDCat1Lesson33/?C=N;O=D HTTP/1.1" 200 506 "-" "Mozilla/5.0 (compatible; MJ12bot/v1.4.8; http://mj12bot.com/)"
65.109.26.42 - - [13/Nov/2022:10:37:13 +0100] "GET /apps/school/www_old6/img/LevelA/Category2/LevelACat2Lesson05/?C=D;O=D HTTP/1.1" 200 473 "-" "Mozilla/5.0 (compatible; MJ12bot/v1.4.8; http://mj12bot.com/)"
65.109.26.42 - - [13/Nov/2022:10:37:14 +0100] "GET /apps/school/www_old6/img/LevelA/Category2/LevelACat2Lesson10/?C=D;O=D HTTP/1.1" 200 459 "-" "Mozilla/5.0 (compatible; MJ12bot/v1.4.8; http://mj12bot.com/)"
94.23.209.55 - - [13/Nov/2022:10:37:15 +0100] "GET /apps/school/www_old6/img/LevelD/Category1/LevelDCat1Lesson33/?C=S;O=A HTTP/1.1" 200 504 "-" "Mozilla/5.0 (compatible; MJ12bot/v1.4.8; http://mj12bot.com/)"
65.109.26.42 - - [13/Nov/2022:10:37:16 +0100] "GET /apps/school/www_old6/img/LevelA/Category2/LevelACat2Lesson10/?C=M;O=D HTTP/1.1" 200 458 "-" "Mozilla/5.0 (compatible; MJ12bot/v1.4.8; http://mj12bot.com/)"
65.109.26.42 - - [13/Nov/2022:10:37:17 +0100] "GET /apps/school/www_old6/img/LevelA/Category2/LevelACat2Lesson10/?C=N;O=A HTTP/1.1" 200 460 "-" "Mozilla/5.0 (compatible; MJ12bot/v1.4.8; http://mj12bot.com/)"
94.23.209.55 - - [13/Nov/2022:10:37:19 +0100] "GET /apps/school/www_old6/img/LevelD/Category1/LevelDCat1Lesson35/?C=D;O=A HTTP/1.1" 200 539 "-" "Mozilla/5.0 (compatible; MJ12bot/v1.4.8; http://mj12bot.com/)"
65.109.26.42 - - [13/Nov/2022:10:37:19 +0100] "GET /apps/school/www_old6/img/LevelA/Category2/LevelACat2Lesson10/?C=S;O=D HTTP/1.1" 200 458 "-" "Mozilla/5.0 (compatible; MJ12bot/v1.4.8; http://mj12bot.com/)"
114.119.134.152 - - [13/Nov/2022:10:37:20 +0100] "GET /apps/school/www_old6/img/LevelB/Category1/LevelBCat1Lesson35/ HTTP/1.1" 200 495 "http://kulturdokumentation.com/apps/school/www_old6/img/LevelB/Category1?C=N%3BO%3DD" "Mozilla/5.0 (Linux; Android 7.0;) AppleWebKit/537.36 (KHTML, like Gecko) Mobile Safari/537.36 (compatible; PetalBot;+https://webmaster.petalsearch.com/site/petalbot)"
65.109.26.42 - - [13/Nov/2022:10:37:20 +0100] "GET /apps/school/www_old6/img/LevelA/Category2/LevelACat2Lesson11/?C=D;O=D HTTP/1.1" 200 486 "-" "Mozilla/5.0 (compatible; MJ12bot/v1.4.8; http://mj12bot.com/)"
65.109.26.42 - - [13/Nov/2022:10:37:22 +0100] "GET /apps/school/www_old6/img/LevelA/Category2/LevelACat2Lesson11/?C=M;O=D HTTP/1.1" 200 486 "-" "Mozilla/5.0 (compatible; MJ12bot/v1.4.8; http://mj12bot.com/)"
94.23.209.55 - - [13/Nov/2022:10:37:23 +0100] "GET /apps/school/www_old6/img/LevelD/Category1/LevelDCat1Lesson35/?C=M;O=A HTTP/1.1" 200 539 "-" "Mozilla/5.0 (compatible; MJ12bot/v1.4.8; http://mj12bot.com/)"
65.109.26.42 - - [13/Nov/2022:10:37:24 +0100] "GET /apps/school/www_old6/img/LevelA/Category2/LevelACat2Lesson11/?C=N;O=A HTTP/1.1" 200 489 "-" "Mozilla/5.0 (compatible; MJ12bot/v1.4.8; http://mj12bot.com/)"
65.109.26.42 - - [13/Nov/2022:10:37:25 +0100] "GET /apps/school/www_old6/img/LevelA/Category2/LevelACat2Lesson11/?C=S;O=D HTTP/1.1" 200 486 "-" "Mozilla/5.0 (compatible; MJ12bot/v1.4.8; http://mj12bot.com/)"
94.23.209.55 - - [13/Nov/2022:10:37:26 +0100] "GET /apps/school/www_old6/img/LevelD/Category1/LevelDCat1Lesson35/?C=N;O=D HTTP/1.1" 200 538 "-" "Mozilla/5.0 (compatible; MJ12bot/v1.4.8; http://mj12bot.com/)"
65.109.26.42 - - [13/Nov/2022:10:37:27 +0100] "GET /apps/school/www_old6/img/LevelA/Category2/LevelACat2Lesson12/?C=D;O=D HTTP/1.1" 200 532 "-" "Mozilla/5.0 (compatible; MJ12bot/v1.4.8; http://mj12bot.com/)"
65.109.26.42 - - [13/Nov/2022:10:37:28 +0100] "GET /apps/school/www_old6/img/LevelA/Category2/LevelACat2Lesson12/?C=M;O=D HTTP/1.1" 200 532 "-" "Mozilla/5.0 (compatible; MJ12bot/v1.4.8; http://mj12bot.com/)"
94.23.209.55 - - [13/Nov/2022:10:37:30 +0100] "GET /apps/school/www_old6/img/LevelD/Category1/LevelDCat1Lesson35/?C=S;O=A HTTP/1.1" 200 537 "-" "Mozilla/5.0 (compatible; MJ12bot/v1.4.8; http://mj12bot.com/)"
65.109.26.42 - - [13/Nov/2022:10:37:30 +0100] "GET /apps/school/www_old6/img/LevelA/Category2/LevelACat2Lesson12/?C=S;O=D HTTP/1.1" 200 535 "-" "Mozilla/5.0 (compatible; MJ12bot/v1.4.8; http://mj12bot.com/)"
65.109.26.42 - - [13/Nov/2022:10:37:31 +0100] "GET /apps/school/www_old6/img/LevelA/Category2/LevelACat2Lesson13/?C=D;O=D HTTP/1.1" 200 509 "-" "Mozilla/5.0 (compatible; MJ12bot/v1.4.8; http://mj12bot.com/)"
65.109.26.42 - - [13/Nov/2022:10:37:33 +0100] "GET /apps/school/www_old6/img/LevelA/Category2/LevelACat2Lesson13/?C=M;O=D HTTP/1.1" 200 509 "-" "Mozilla/5.0 (compatible; MJ12bot/v1.4.8; http://mj12bot.com/)"
216.244.66.203 - - [13/Nov/2022:10:37:34 +0100] "GET /apps/school/www_old3/Html/LevelD/Category3/?C=N;O=D HTTP/1.1" 200 7251 "-" "Mozilla/5.0 (compatible; DotBot/1.2; +https://opensiteexplorer.org/dotbot; help@moz.com)"
94.23.209.55 - - [13/Nov/2022:10:37:34 +0100] "GET /apps/school/www_old6/img/LevelD/Category1/LevelDCat1Lesson36/?C=D;O=A HTTP/1.1" 200 500 "-" "Mozilla/5.0 (compatible; MJ12bot/v1.4.8; http://mj12bot.com/)"
65.109.26.42 - - [13/Nov/2022:10:37:34 +0100] "GET /apps/school/www_old6/img/LevelA/Category2/LevelACat2Lesson13/?C=S;O=D HTTP/1.1" 200 512 "-" "Mozilla/5.0 (compatible; MJ12bot/v1.4.8; http://mj12bot.com/)"
65.109.26.42 - - [13/Nov/2022:10:37:36 +0100] "GET /apps/school/www_old6/img/LevelA/Category2/LevelACat2Lesson14/?C=D;O=D HTTP/1.1" 200 497 "-" "Mozilla/5.0 (compatible; MJ12bot/v1.4.8; http://mj12bot.com/)"
65.109.26.42 - - [13/Nov/2022:10:37:37 +0100] "GET /apps/school/www_old6/img/LevelA/Category2/LevelACat2Lesson14/?C=M;O=D HTTP/1.1" 200 497 "-" "Mozilla/5.0 (compatible; MJ12bot/v1.4.8; http://mj12bot.com/)"
65.109.26.42 - - [13/Nov/2022:10:37:39 +0100] "GET /apps/school/www_old6/img/LevelA/Category2/LevelACat2Lesson14/?C=N;O=A HTTP/1.1" 200 500 "-" "Mozilla/5.0 (compatible; MJ12bot/v1.4.8; http://mj12bot.com/)"
94.23.209.55 - - [13/Nov/2022:10:37:39 +0100] "GET /apps/school/www_old6/img/LevelD/Category1/LevelDCat1Lesson36/?C=M;O=A HTTP/1.1" 200 500 "-" "Mozilla/5.0 (compatible; MJ12bot/v1.4.8; http://mj12bot.com/)"
65.109.26.42 - - [13/Nov/2022:10:37:40 +0100] "GET /apps/school/www_old6/img/LevelA/Category2/LevelACat2Lesson14/?C=S;O=D HTTP/1.1" 200 496 "-" "Mozilla/5.0 (compatible; MJ12bot/v1.4.8; http://mj12bot.com/)"
65.109.26.42 - - [13/Nov/2022:10:37:42 +0100] "GET /apps/school/www_old6/img/LevelB/?C=M;O=A HTTP/1.1" 200 428 "-" "Mozilla/5.0 (compatible; MJ12bot/v1.4.8; http://mj12bot.com/)"
65.109.26.42 - - [13/Nov/2022:10:37:43 +0100] "GET /apps/school/www_old6/img/LevelB/Category1/?C=N;O=A HTTP/1.1" 200 697 "-" "Mozilla/5.0 (compatible; MJ12bot/v1.4.8; http://mj12bot.com/)"
94.23.209.55 - - [13/Nov/2022:10:37:43 +0100] "GET /apps/school/www_old6/img/LevelD/Category1/LevelDCat1Lesson36/?C=N;O=D HTTP/1.1" 200 497 "-" "Mozilla/5.0 (compatible; MJ12bot/v1.4.8; http://mj12bot.com/)"
65.109.26.42 - - [13/Nov/2022:10:37:44 +0100] "GET /apps/school/www_old6/img/LevelC/Category1/LevelCCat1Lesson30/ HTTP/1.1" 200 446 "-" "Mozilla/5.0 (compatible; MJ12bot/v1.4.8; http://mj12bot.com/)"
94.23.209.55 - - [13/Nov/2022:10:37:46 +0100] "GET /apps/school/www_old6/img/LevelD/Category1/LevelDCat1Lesson36/?C=S;O=A HTTP/1.1" 200 500 "-" "Mozilla/5.0 (compatible; MJ12bot/v1.4.8; http://mj12bot.com/)"
65.109.26.42 - - [13/Nov/2022:10:37:46 +0100] "GET /apps/school/www_old6/img/LevelD/Category1/LevelDCat1Lesson13/?C=D;O=A HTTP/1.1" 200 447 "-" "Mozilla/5.0 (compatible; MJ12bot/v1.4.8; http://mj12bot.com/)"
216.244.66.203 - - [13/Nov/2022:10:37:46 +0100] "GET /astacusproject/ProjectSelected.do?projectId=32853 HTTP/1.1" 404 231 "-" "Mozilla/5.0 (compatible; DotBot/1.2; +https://opensiteexplorer.org/dotbot; help@moz.com)"
94.23.209.55 - - [13/Nov/2022:10:37:49 +0100] "GET /apps/school/www_old6/img/LevelD/Category2/LevelDCat2Lesson02/?C=D;O=A HTTP/1.1" 200 588 "-" "Mozilla/5.0 (compatible; MJ12bot/v1.4.8; http://mj12bot.com/)"
94.23.209.55 - - [13/Nov/2022:10:37:52 +0100] "GET /apps/school/www_old6/img/LevelD/Category2/LevelDCat2Lesson02/?C=M;O=A HTTP/1.1" 200 579 "-" "Mozilla/5.0 (compatible; MJ12bot/v1.4.8; http://mj12bot.com/)"
94.23.209.55 - - [13/Nov/2022:10:37:55 +0100] "GET /apps/school/www_old6/img/LevelD/Category2/LevelDCat2Lesson03/?C=D;O=A HTTP/1.1" 200 486 "-" "Mozilla/5.0 (compatible; MJ12bot/v1.4.8; http://mj12bot.com/)"
94.23.209.55 - - [13/Nov/2022:10:38:00 +0100] "GET /apps/school/www_old6/img/LevelD/Category2/LevelDCat2Lesson07/?C=S;O=A HTTP/1.1" 200 485 "-" "Mozilla/5.0 (compatible; MJ12bot/v1.4.8; http://mj12bot.com/)"
94.23.209.55 - - [13/Nov/2022:10:38:03 +0100] "GET /apps/school/www_old6/img/LevelD/Category2/LevelDCat2Lesson09/?C=D;O=A HTTP/1.1" 200 518 "-" "Mozilla/5.0 (compatible; MJ12bot/v1.4.8; http://mj12bot.com/)"
94.23.209.55 - - [13/Nov/2022:10:38:07 +0100] "GET /apps/school/www_old6/img/LevelD/Category2/LevelDCat2Lesson09/?C=M;O=A HTTP/1.1" 200 519 "-" "Mozilla/5.0 (compatible; MJ12bot/v1.4.8; http://mj12bot.com/)"
94.23.209.55 - - [13/Nov/2022:10:38:09 +0100] "GET /apps/school/www_old6/img/LevelD/Category2/LevelDCat2Lesson20/?C=N;O=D HTTP/1.1" 200 478 "-" "Mozilla/5.0 (compatible; MJ12bot/v1.4.8; http://mj12bot.com/)"
94.23.209.55 - - [13/Nov/2022:10:38:13 +0100] "GET /apps/school/www_old6/img/LevelD/Category2/LevelDCat2Lesson22/?C=D;O=A HTTP/1.1" 200 554 "-" "Mozilla/5.0 (compatible; MJ12bot/v1.4.8; http://mj12bot.com/)"
94.23.209.55 - - [13/Nov/2022:10:38:16 +0100] "GET /apps/school/www_old6/img/LevelD/Category2/LevelDCat2Lesson22/?C=M;O=A HTTP/1.1" 200 554 "-" "Mozilla/5.0 (compatible; MJ12bot/v1.4.8; http://mj12bot.com/)"
94.23.209.55 - - [13/Nov/2022:10:38:18 +0100] "GET /apps/school/www_old6/img/LevelD/Category2/LevelDCat2Lesson22/?C=N;O=D HTTP/1.1" 200 550 "-" "Mozilla/5.0 (compatible; MJ12bot/v1.4.8; http://mj12bot.com/)"
94.23.209.55 - - [13/Nov/2022:10:38:21 +0100] "GET /apps/school/www_old6/img/LevelD/Category2/LevelDCat2Lesson22/?C=S;O=A HTTP/1.1" 200 562 "-" "Mozilla/5.0 (compatible; MJ12bot/v1.4.8; http://mj12bot.com/)"
94.23.209.55 - - [13/Nov/2022:10:38:24 +0100] "GET /apps/school/www_old6/img/LevelD/Category3/LevelDCat3Lesson11/?C=D;O=A HTTP/1.1" 200 534 "-" "Mozilla/5.0 (compatible; MJ12bot/v1.4.8; http://mj12bot.com/)"
94.23.209.55 - - [13/Nov/2022:10:38:26 +0100] "GET /apps/school/www_old6/img/LevelD/Category3/LevelDCat3Lesson11/?C=M;O=A HTTP/1.1" 200 535 "-" "Mozilla/5.0 (compatible; MJ12bot/v1.4.8; http://mj12bot.com/)"
94.23.209.55 - - [13/Nov/2022:10:38:29 +0100] "GET /apps/school/www_old6/img/LevelD/Category3/LevelDCat3Lesson11/?C=N;O=D HTTP/1.1" 200 530 "-" "Mozilla/5.0 (compatible; MJ12bot/v1.4.8; http://mj12bot.com/)"
94.23.209.55 - - [13/Nov/2022:10:38:32 +0100] "GET /apps/school/www_old6/img/LevelD/Category3/LevelDCat3Lesson11/?C=S;O=A HTTP/1.1" 200 533 "-" "Mozilla/5.0 (compatible; MJ12bot/v1.4.8; http://mj12bot.com/)"
94.23.209.55 - - [13/Nov/2022:10:38:36 +0100] "GET /apps/school/www_old6/img/LevelD/Category3/LevelDCat3Lesson12/?C=N;O=A HTTP/1.1" 200 574 "-" "Mozilla/5.0 (compatible; MJ12bot/v1.4.8; http://mj12bot.com/)"
94.23.209.55 - - [13/Nov/2022:10:38:38 +0100] "GET /apps/school/www_old6/img/LevelD/Category3/LevelDCat3Lesson13/?C=D;O=A HTTP/1.1" 200 588 "-" "Mozilla/5.0 (compatible; MJ12bot/v1.4.8; http://mj12bot.com/)"
94.23.209.55 - - [13/Nov/2022:10:38:42 +0100] "GET /apps/school/www_old6/img/LevelD/Category3/LevelDCat3Lesson13/?C=M;O=A HTTP/1.1" 200 588 "-" "Mozilla/5.0 (compatible; MJ12bot/v1.4.8; http://mj12bot.com/)"
94.23.209.55 - - [13/Nov/2022:10:38:47 +0100] "GET /apps/school/www_old6/img/LevelD/Category3/LevelDCat3Lesson13/?C=N;O=D HTTP/1.1" 200 580 "-" "Mozilla/5.0 (compatible; MJ12bot/v1.4.8; http://mj12bot.com/)"
54.36.148.55 - - [13/Nov/2022:10:38:48 +0100] "GET /apps/school/www_old9/img/LevelF/Category1/LevelFCat1Lesson36/?C=D;O=A HTTP/1.1" 200 448 "-" "Mozilla/5.0 (compatible; AhrefsBot/7.0; +http://ahrefs.com/robot/)"
94.23.209.55 - - [13/Nov/2022:10:38:50 +0100] "GET /apps/school/www_old6/img/LevelD/Category3/LevelDCat3Lesson13/?C=S;O=A HTTP/1.1" 200 588 "-" "Mozilla/5.0 (compatible; MJ12bot/v1.4.8; http://mj12bot.com/)"
94.23.209.55 - - [13/Nov/2022:10:38:52 +0100] "GET /apps/school/www_old6/img/LevelD/Category3/LevelDCat3Lesson14/?C=D;O=A HTTP/1.1" 200 558 "-" "Mozilla/5.0 (compatible; MJ12bot/v1.4.8; http://mj12bot.com/)"
94.23.209.55 - - [13/Nov/2022:10:38:56 +0100] "GET /apps/school/www_old6/img/LevelD/Category3/LevelDCat3Lesson14/?C=M;O=A HTTP/1.1" 200 561 "-" "Mozilla/5.0 (compatible; MJ12bot/v1.4.8; http://mj12bot.com/)"
103.108.220.203 - - [13/Nov/2022:10:39:00 +0100] "POST /xmlrpc.php HTTP/1.1" 200 412 "-" "Mozilla/5.0 (Windows NT 10.0; WOW64; rv:52.0) Gecko/20100101 Firefox/52.0"
94.23.209.55 - - [13/Nov/2022:10:39:01 +0100] "GET /apps/school/www_old6/img/LevelD/Category3/LevelDCat3Lesson14/?C=N;O=D HTTP/1.1" 200 551 "-" "Mozilla/5.0 (compatible; MJ12bot/v1.4.8; http://mj12bot.com/)"
94.23.209.55 - - [13/Nov/2022:10:39:05 +0100] "GET /apps/school/www_old6/img/LevelD/Category3/LevelDCat3Lesson14/?C=S;O=A HTTP/1.1" 200 562 "-" "Mozilla/5.0 (compatible; MJ12bot/v1.4.8; http://mj12bot.com/)"
185.191.171.13 - - [13/Nov/2022:10:39:05 +0100] "GET /astacus-kvalitetssakrar-data-fran-sveriges-storsta-lidar-projekt/ HTTP/1.1" 200 10311 "-" "Mozilla/5.0 (compatible; SemrushBot/7~bl; +http://www.semrush.com/bot.html)"
62.171.183.101 - - [13/Nov/2022:10:39:05 +0100] "POST /xmlrpc.php HTTP/1.1" 200 412 "-" "Mozilla/5.0 (Windows NT 6.1; WOW64; rv:41.0) Gecko/20100101 Firefox/41.0"
92.42.38.23 - - [13/Nov/2022:10:39:07 +0100] "POST /xmlrpc.php HTTP/1.1" 200 412 "-" "Mozilla/5.0 (Windows NT 10.0; Win64; x64) AppleWebKit/537.36 (KHTML, like Gecko) Chrome/74.0.3729.131 Safari/537.36"
163.44.192.197 - - [13/Nov/2022:10:39:08 +0100] "POST /xmlrpc.php HTTP/1.1" 200 412 "-" "Mozilla/5.0 (Windows; U; Windows NT 5.1; en-US; rv:1.7.5) Gecko/20041107 Firefox/1.0"
94.23.209.55 - - [13/Nov/2022:10:39:10 +0100] "GET /apps/school/www_old6/img/LevelD/Category3/LevelDCat3Lesson18/?C=S;O=D HTTP/1.1" 200 490 "-" "Mozilla/5.0 (compatible; MJ12bot/v1.4.8; http://mj12bot.com/)"
62.109.150.204 - - [13/Nov/2022:10:39:11 +0100] "POST /xmlrpc.php HTTP/1.1" 200 412 "-" "Mozilla/5.0 (Windows NT 6.3; Win64; x64) AppleWebKit/537.36 (KHTML, like Gecko) Chrome/60.0.3112.113 Safari/537.36"
202.66.173.3 - - [13/Nov/2022:10:39:13 +0100] "POST /xmlrpc.php HTTP/1.1" 200 412 "-" "Mozilla/5.0 (Linux; Android 10; SM-A205U) AppleWebKit/537.36 (KHTML, like Gecko) Chrome/91.0.4472.114 Mobile Safari/537.36"
94.23.209.55 - - [13/Nov/2022:10:39:14 +0100] "GET /apps/school/www_old6/img/LevelD/Category3/LevelDCat3Lesson19/?C=D;O=A HTTP/1.1" 200 453 "-" "Mozilla/5.0 (compatible; MJ12bot/v1.4.8; http://mj12bot.com/)"
62.171.183.101 - - [13/Nov/2022:10:39:17 +0100] "POST /xmlrpc.php HTTP/1.1" 200 412 "-" "Mozilla/5.0 (Windows NT 6.1; WOW64; rv:50.0) Gecko/20100101 Firefox/50.0"
94.23.209.55 - - [13/Nov/2022:10:39:18 +0100] "GET /apps/school/www_old6/img/LevelD/Category3/LevelDCat3Lesson19/?C=D;O=D HTTP/1.1" 200 451 "-" "Mozilla/5.0 (compatible; MJ12bot/v1.4.8; http://mj12bot.com/)"
41.185.110.62 - - [13/Nov/2022:10:39:18 +0100] "POST /xmlrpc.php HTTP/1.1" 200 412 "-" "Mozilla/5.0 (Windows NT 10.0; Win64; x64; rv:60.0) Gecko/20100101 Firefox/60.0"
94.23.209.55 - - [13/Nov/2022:10:39:21 +0100] "GET /apps/school/www_old6/img/LevelD/Category3/LevelDCat3Lesson19/?C=M;O=A HTTP/1.1" 200 454 "-" "Mozilla/5.0 (compatible; MJ12bot/v1.4.8; http://mj12bot.com/)"
94.23.209.55 - - [13/Nov/2022:10:39:26 +0100] "GET /apps/school/www_old6/img/LevelD/Category3/LevelDCat3Lesson19/?C=M;O=D HTTP/1.1" 200 451 "-" "Mozilla/5.0 (compatible; MJ12bot/v1.4.8; http://mj12bot.com/)"
54.153.35.204 - - [13/Nov/2022:10:39:26 +0100] "POST /xmlrpc.php HTTP/1.1" 200 412 "-" "Mozilla/5.0 (Windows NT 10.0; WOW64; rv:50.0) Gecko/20100101 Firefox/50.0"
200.185.61.244 - - [13/Nov/2022:10:39:27 +0100] "POST /xmlrpc.php HTTP/1.1" 200 412 "-" "Mozilla/5.0 (Windows NT 6.3; Win64; x64) AppleWebKit/537.36 (KHTML, like Gecko) Chrome/60.0.3112.113 Safari/537.36"
94.23.209.55 - - [13/Nov/2022:10:39:28 +0100] "GET /apps/school/www_old6/img/LevelD/Category3/LevelDCat3Lesson19/?C=N;O=A HTTP/1.1" 200 453 "-" "Mozilla/5.0 (compatible; MJ12bot/v1.4.8; http://mj12bot.com/)"
94.23.209.55 - - [13/Nov/2022:10:39:29 +0100] "GET /apps/school/www_old6/img/LevelD/Category3/LevelDCat3Lesson19/?C=S;O=A HTTP/1.1" 200 454 "-" "Mozilla/5.0 (compatible; MJ12bot/v1.4.8; http://mj12bot.com/)"
94.23.209.55 - - [13/Nov/2022:10:39:33 +0100] "GET /apps/school/www_old6/img/LevelD/Category3/LevelDCat3Lesson19/?C=S;O=D HTTP/1.1" 200 451 "-" "Mozilla/5.0 (compatible; MJ12bot/v1.4.8; http://mj12bot.com/)"
94.23.209.55 - - [13/Nov/2022:10:39:35 +0100] "GET /apps/school/www_old6/img/LevelD/Category3/LevelDCat3Lesson20/?C=D;O=A HTTP/1.1" 200 513 "-" "Mozilla/5.0 (compatible; MJ12bot/v1.4.8; http://mj12bot.com/)"
200.242.233.137 - - [13/Nov/2022:10:39:35 +0100] "POST /xmlrpc.php HTTP/1.1" 200 412 "-" "Mozilla/5.0 (Windows NT 6.1; WOW64; rv:41.0) Gecko/20100101 Firefox/41.0"
71.79.251.214 - - [13/Nov/2022:10:39:38 +0100] "POST /xmlrpc.php HTTP/1.1" 200 412 "-" "Mozilla/5.0 (Windows NT 10.0) AppleWebKit/537.36 (KHTML, like Gecko) Chrome/72.0.3626.121 Safari/537.36"
94.23.209.55 - - [13/Nov/2022:10:39:39 +0100] "GET /apps/school/www_old6/img/LevelD/Category3/LevelDCat3Lesson20/?C=D;O=D HTTP/1.1" 200 511 "-" "Mozilla/5.0 (compatible; MJ12bot/v1.4.8; http://mj12bot.com/)"
62.171.183.101 - - [13/Nov/2022:10:39:40 +0100] "POST /xmlrpc.php HTTP/1.1" 200 412 "-" "Mozilla/5.0 (Windows NT 5.1; Win64; x64) AppleWebKit/537.36 (KHTML, like Gecko) Chrome/60.0.3112.90 Safari/537.36"
94.23.209.55 - - [13/Nov/2022:10:39:42 +0100] "GET /apps/school/www_old6/img/LevelD/Category3/LevelDCat3Lesson20/?C=M;O=A HTTP/1.1" 200 513 "-" "Mozilla/5.0 (compatible; MJ12bot/v1.4.8; http://mj12bot.com/)"
46.231.204.7 - - [13/Nov/2022:10:39:43 +0100] "POST /xmlrpc.php HTTP/1.1" 200 412 "-" "Mozilla/5.0 (Windows NT 10.0; WOW64) AppleWebKit/537.36 (KHTML, like Gecko) Chrome/72.0.3626.121 Safari/537.36"
94.23.209.55 - - [13/Nov/2022:10:39:45 +0100] "GET /apps/school/www_old6/img/LevelD/Category3/LevelDCat3Lesson20/?C=M;O=D HTTP/1.1" 200 512 "-" "Mozilla/5.0 (compatible; MJ12bot/v1.4.8; http://mj12bot.com/)"
94.23.209.55 - - [13/Nov/2022:10:39:48 +0100] "GET /apps/school/www_old6/img/LevelD/Category3/LevelDCat3Lesson20/?C=N;O=A HTTP/1.1" 200 513 "-" "Mozilla/5.0 (compatible; MJ12bot/v1.4.8; http://mj12bot.com/)"
94.23.209.55 - - [13/Nov/2022:10:39:53 +0100] "GET /apps/school/www_old6/img/LevelD/Category3/LevelDCat3Lesson20/?C=N;O=D HTTP/1.1" 200 511 "-" "Mozilla/5.0 (compatible; MJ12bot/v1.4.8; http://mj12bot.com/)"
94.23.209.55 - - [13/Nov/2022:10:39:56 +0100] "GET /apps/school/www_old6/img/LevelD/Category3/LevelDCat3Lesson20/?C=S;O=A HTTP/1.1" 200 514 "-" "Mozilla/5.0 (compatible; MJ12bot/v1.4.8; http://mj12bot.com/)"
94.23.209.55 - - [13/Nov/2022:10:39:58 +0100] "GET /apps/school/www_old6/img/LevelD/Category3/LevelDCat3Lesson20/?C=S;O=D HTTP/1.1" 200 513 "-" "Mozilla/5.0 (compatible; MJ12bot/v1.4.8; http://mj12bot.com/)"
94.23.209.55 - - [13/Nov/2022:10:40:01 +0100] "GET /apps/school/www_old6/img/LevelD/Category3/LevelDCat3Lesson24/?C=S;O=D HTTP/1.1" 200 569 "-" "Mozilla/5.0 (compatible; MJ12bot/v1.4.8; http://mj12bot.com/)"
216.244.66.203 - - [13/Nov/2022:10:40:04 +0100] "GET /apps/school/www_old4/Html/LevelD/Category1/?C=N;O=A HTTP/1.1" 200 9043 "-" "Mozilla/5.0 (compatible; DotBot/1.2; +https://opensiteexplorer.org/dotbot; help@moz.com)"
94.23.209.55 - - [13/Nov/2022:10:40:04 +0100] "GET /apps/school/www_old6/img/LevelD/Category3/LevelDCat3Lesson25/?C=D;O=D HTTP/1.1" 200 503 "-" "Mozilla/5.0 (compatible; MJ12bot/v1.4.8; http://mj12bot.com/)"
157.55.39.63 - - [13/Nov/2022:10:40:08 +0100] "GET / HTTP/1.1" 200 1772 "-" "Mozilla/5.0 (compatible; bingbot/2.0; +http://www.bing.com/bingbot.htm)"
94.23.209.55 - - [13/Nov/2022:10:40:08 +0100] "GET /apps/school/www_old6/img/LevelE/Category1/LevelECat1Lesson47/?C=D;O=A HTTP/1.1" 200 451 "-" "Mozilla/5.0 (compatible; MJ12bot/v1.4.8; http://mj12bot.com/)"
94.23.209.55 - - [13/Nov/2022:10:40:10 +0100] "GET /apps/school/www_old6/img/LevelE/Category1/LevelECat1Lesson47/?C=M;O=A HTTP/1.1" 200 450 "-" "Mozilla/5.0 (compatible; MJ12bot/v1.4.8; http://mj12bot.com/)"
94.23.209.55 - - [13/Nov/2022:10:40:14 +0100] "GET /apps/school/www_old6/img/LevelE/Category1/LevelECat1Lesson47/?C=N;O=D HTTP/1.1" 200 449 "-" "Mozilla/5.0 (compatible; MJ12bot/v1.4.8; http://mj12bot.com/)"
94.23.209.55 - - [13/Nov/2022:10:40:17 +0100] "GET /apps/school/www_old6/img/LevelE/Category1/LevelECat1Lesson47/?C=S;O=A HTTP/1.1" 200 450 "-" "Mozilla/5.0 (compatible; MJ12bot/v1.4.8; http://mj12bot.com/)"
54.36.149.84 - - [13/Nov/2022:10:40:18 +0100] "GET /apps/school/www_old9/img/LevelF/Category1/LevelFCat1Lesson16/?C=D;O=A HTTP/1.1" 200 450 "-" "Mozilla/5.0 (compatible; AhrefsBot/7.0; +http://ahrefs.com/robot/)"
94.23.209.55 - - [13/Nov/2022:10:40:19 +0100] "GET /apps/school/www_old6/img/LevelE/Category2/LevelECat2Lesson18/?C=D;O=A HTTP/1.1" 200 562 "-" "Mozilla/5.0 (compatible; MJ12bot/v1.4.8; http://mj12bot.com/)"
94.23.209.55 - - [13/Nov/2022:10:40:21 +0100] "GET /apps/school/www_old6/img/LevelE/Category2/LevelECat2Lesson18/?C=M;O=A HTTP/1.1" 200 562 "-" "Mozilla/5.0 (compatible; MJ12bot/v1.4.8; http://mj12bot.com/)"
94.23.209.55 - - [13/Nov/2022:10:40:24 +0100] "GET /apps/school/www_old6/img/LevelE/Category2/LevelECat2Lesson18/?C=N;O=D HTTP/1.1" 200 561 "-" "Mozilla/5.0 (compatible; MJ12bot/v1.4.8; http://mj12bot.com/)"
94.23.209.55 - - [13/Nov/2022:10:40:26 +0100] "GET /apps/school/www_old6/img/LevelE/Category2/LevelECat2Lesson18/?C=S;O=A HTTP/1.1" 200 563 "-" "Mozilla/5.0 (compatible; MJ12bot/v1.4.8; http://mj12bot.com/)"
94.23.209.55 - - [13/Nov/2022:10:40:30 +0100] "GET /apps/school/www_old6/img/LevelE/Category2/LevelECat2Lesson19/?C=N;O=D HTTP/1.1" 200 444 "-" "Mozilla/5.0 (compatible; MJ12bot/v1.4.8; http://mj12bot.com/)"
94.23.209.55 - - [13/Nov/2022:10:40:34 +0100] "GET /apps/school/www_old6/img/LevelE/Category2/LevelECat2Lesson20/?C=M;O=D HTTP/1.1" 200 704 "-" "Mozilla/5.0 (compatible; MJ12bot/v1.4.8; http://mj12bot.com/)"
94.23.209.55 - - [13/Nov/2022:10:40:37 +0100] "GET /apps/school/www_old6/img/LevelE/Category3/LevelECat3Lesson22/?C=D;O=D HTTP/1.1" 200 443 "-" "Mozilla/5.0 (compatible; MJ12bot/v1.4.8; http://mj12bot.com/)"
94.23.209.55 - - [13/Nov/2022:10:40:39 +0100] "GET /apps/school/www_old6/img/LevelE/Category3/LevelECat3Lesson22/?C=M;O=D HTTP/1.1" 200 443 "-" "Mozilla/5.0 (compatible; MJ12bot/v1.4.8; http://mj12bot.com/)"
54.36.148.203 - - [13/Nov/2022:10:40:42 +0100] "GET /apps/school/www_old9/img/LevelF/Category1/LevelFCat1Lesson16/?C=M;O=A HTTP/1.1" 200 450 "-" "Mozilla/5.0 (compatible; AhrefsBot/7.0; +http://ahrefs.com/robot/)"
94.23.209.55 - - [13/Nov/2022:10:40:43 +0100] "GET /apps/school/www_old6/img/LevelE/Category3/LevelECat3Lesson22/?C=N;O=D HTTP/1.1" 200 443 "-" "Mozilla/5.0 (compatible; MJ12bot/v1.4.8; http://mj12bot.com/)"
94.23.209.55 - - [13/Nov/2022:10:40:46 +0100] "GET /apps/school/www_old6/img/LevelE/Category3/LevelECat3Lesson23/?C=D;O=A HTTP/1.1" 200 445 "-" "Mozilla/5.0 (compatible; MJ12bot/v1.4.8; http://mj12bot.com/)"
94.23.209.55 - - [13/Nov/2022:10:40:48 +0100] "GET /apps/school/www_old6/img/LevelE/Category3/LevelECat3Lesson23/?C=M;O=A HTTP/1.1" 200 445 "-" "Mozilla/5.0 (compatible; MJ12bot/v1.4.8; http://mj12bot.com/)"
94.23.209.55 - - [13/Nov/2022:10:40:51 +0100] "GET /apps/school/www_old6/img/LevelE/Category3/LevelECat3Lesson23/?C=N;O=D HTTP/1.1" 200 443 "-" "Mozilla/5.0 (compatible; MJ12bot/v1.4.8; http://mj12bot.com/)"
94.23.209.55 - - [13/Nov/2022:10:40:54 +0100] "GET /apps/school/www_old6/img/LevelE/Category3/LevelECat3Lesson23/?C=S;O=A HTTP/1.1" 200 445 "-" "Mozilla/5.0 (compatible; MJ12bot/v1.4.8; http://mj12bot.com/)"
94.23.209.55 - - [13/Nov/2022:10:40:56 +0100] "GET /apps/school/www_old6/img/LevelE/Category3/LevelECat3Lesson24/?C=M;O=D HTTP/1.1" 200 444 "-" "Mozilla/5.0 (compatible; MJ12bot/v1.4.8; http://mj12bot.com/)"
79.138.241.134 - - [13/Nov/2022:10:40:58 +0100] "GET / HTTP/1.1" 200 13133 "-" "Mozilla/5.0 (iPhone; CPU iPhone OS 15_6_1 like Mac OS X) AppleWebKit/605.1.15 (KHTML, like Gecko) Version/15.6.1 Mobile/15E148 Safari/604.1"
94.23.209.55 - - [13/Nov/2022:10:40:59 +0100] "GET /apps/school/www_old6/img/LevelE/Category3/LevelECat3Lesson26/?C=M;O=D HTTP/1.1" 200 502 "-" "Mozilla/5.0 (compatible; MJ12bot/v1.4.8; http://mj12bot.com/)"
94.23.209.55 - - [13/Nov/2022:10:41:02 +0100] "GET /apps/school/www_old6/img/LevelE/Category3/LevelECat3Lesson27/?C=D;O=A HTTP/1.1" 200 628 "-" "Mozilla/5.0 (compatible; MJ12bot/v1.4.8; http://mj12bot.com/)"
54.36.148.184 - - [13/Nov/2022:10:41:06 +0100] "GET /apps/school/www_old3/ios/plugins/org.apache.cordova.media/?C=D;O=D HTTP/1.1" 200 433 "-" "Mozilla/5.0 (compatible; AhrefsBot/7.0; +http://ahrefs.com/robot/)"
94.23.209.55 - - [13/Nov/2022:10:41:06 +0100] "GET /apps/school/www_old6/img/LevelE/Category3/LevelECat3Lesson27/?C=M;O=A HTTP/1.1" 200 632 "-" "Mozilla/5.0 (compatible; MJ12bot/v1.4.8; http://mj12bot.com/)"
94.23.209.55 - - [13/Nov/2022:10:41:09 +0100] "GET /apps/school/www_old6/img/LevelE/Category3/LevelECat3Lesson27/?C=N;O=D HTTP/1.1" 200 633 "-" "Mozilla/5.0 (compatible; MJ12bot/v1.4.8; http://mj12bot.com/)"
94.23.209.55 - - [13/Nov/2022:10:41:12 +0100] "GET /apps/school/www_old6/img/LevelE/Category3/LevelECat3Lesson27/?C=S;O=A HTTP/1.1" 200 641 "-" "Mozilla/5.0 (compatible; MJ12bot/v1.4.8; http://mj12bot.com/)"
94.23.209.55 - - [13/Nov/2022:10:41:16 +0100] "GET /apps/school/www_old6/img/LevelE/Category3/LevelECat3Lesson28/?C=D;O=A HTTP/1.1" 200 613 "-" "Mozilla/5.0 (compatible; MJ12bot/v1.4.8; http://mj12bot.com/)"
94.23.209.55 - - [13/Nov/2022:10:41:18 +0100] "GET /apps/school/www_old6/img/LevelE/Category3/LevelECat3Lesson28/?C=M;O=A HTTP/1.1" 200 610 "-" "Mozilla/5.0 (compatible; MJ12bot/v1.4.8; http://mj12bot.com/)"
94.23.209.55 - - [13/Nov/2022:10:41:21 +0100] "GET /apps/school/www_old6/img/LevelE/Category3/LevelECat3Lesson28/?C=N;O=D HTTP/1.1" 200 603 "-" "Mozilla/5.0 (compatible; MJ12bot/v1.4.8; http://mj12bot.com/)"
94.23.209.55 - - [13/Nov/2022:10:41:24 +0100] "GET /apps/school/www_old6/img/LevelE/Category3/LevelECat3Lesson28/?C=S;O=A HTTP/1.1" 200 615 "-" "Mozilla/5.0 (compatible; MJ12bot/v1.4.8; http://mj12bot.com/)"
94.23.209.55 - - [13/Nov/2022:10:41:27 +0100] "GET /apps/school/www_old6/img/LevelE/Category3/LevelECat3Lesson30/?C=D;O=A HTTP/1.1" 200 449 "-" "Mozilla/5.0 (compatible; MJ12bot/v1.4.8; http://mj12bot.com/)"
54.36.148.57 - - [13/Nov/2022:10:41:30 +0100] "GET /apps/school/www_old9/img/LevelF/Category1/LevelFCat1Lesson16/?C=S;O=A HTTP/1.1" 200 450 "-" "Mozilla/5.0 (compatible; AhrefsBot/7.0; +http://ahrefs.com/robot/)"
94.23.209.55 - - [13/Nov/2022:10:41:30 +0100] "GET /apps/school/www_old6/img/LevelE/Category3/LevelECat3Lesson30/?C=M;O=A HTTP/1.1" 200 450 "-" "Mozilla/5.0 (compatible; MJ12bot/v1.4.8; http://mj12bot.com/)"
103.131.71.72 - - [13/Nov/2022:10:41:32 +0100] "GET /robots.txt HTTP/1.1" 302 217 "-" "Mozilla/5.0 (compatible; coccocbot-web/1.0; +http://help.coccoc.com/searchengine)"
94.23.209.55 - - [13/Nov/2022:10:41:32 +0100] "GET /apps/school/www_old6/img/LevelE/Category3/LevelECat3Lesson30/?C=N;O=D HTTP/1.1" 200 448 "-" "Mozilla/5.0 (compatible; MJ12bot/v1.4.8; http://mj12bot.com/)"
103.131.71.72 - - [13/Nov/2022:10:41:35 +0100] "GET /robots.txt HTTP/1.1" 200 67 "-" "Mozilla/5.0 (compatible; coccocbot-web/1.0; +http://help.coccoc.com/searchengine)"
216.244.66.239 - - [13/Nov/2022:10:41:37 +0100] "GET /apps/?C=S;O=A HTTP/1.1" 200 1624 "-" "Mozilla/5.0 (compatible; DotBot/1.2; +https://opensiteexplorer.org/dotbot; help@moz.com)"
94.23.209.55 - - [13/Nov/2022:10:41:37 +0100] "GET /apps/school/www_old6/img/LevelE/Category3/LevelECat3Lesson30/?C=S;O=A HTTP/1.1" 200 450 "-" "Mozilla/5.0 (compatible; MJ12bot/v1.4.8; http://mj12bot.com/)"
103.131.71.239 - - [13/Nov/2022:10:41:38 +0100] "GET / HTTP/1.1" 200 13133 "-" "Mozilla/5.0 (compatible; coccocbot-web/1.0; +http://help.coccoc.com/searchengine)"
94.23.209.55 - - [13/Nov/2022:10:41:41 +0100] "GET /apps/school/www_old6/img/LevelE/Category3/LevelECat3Lesson31/?C=D;O=A HTTP/1.1" 200 449 "-" "Mozilla/5.0 (compatible; MJ12bot/v1.4.8; http://mj12bot.com/)"
94.23.209.55 - - [13/Nov/2022:10:41:44 +0100] "GET /apps/school/www_old6/img/LevelE/Category3/LevelECat3Lesson31/?C=M;O=A HTTP/1.1" 200 449 "-" "Mozilla/5.0 (compatible; MJ12bot/v1.4.8; http://mj12bot.com/)"
94.23.209.55 - - [13/Nov/2022:10:41:48 +0100] "GET /apps/school/www_old6/img/LevelE/Category3/LevelECat3Lesson31/?C=N;O=D HTTP/1.1" 200 447 "-" "Mozilla/5.0 (compatible; MJ12bot/v1.4.8; http://mj12bot.com/)"
94.23.209.55 - - [13/Nov/2022:10:41:52 +0100] "GET /apps/school/www_old6/img/LevelE/Category3/LevelECat3Lesson31/?C=S;O=A HTTP/1.1" 200 449 "-" "Mozilla/5.0 (compatible; MJ12bot/v1.4.8; http://mj12bot.com/)"
94.23.209.55 - - [13/Nov/2022:10:41:56 +0100] "GET /apps/school/www_old6/img/LevelF/Category1/?C=D;O=A HTTP/1.1" 200 629 "-" "Mozilla/5.0 (compatible; MJ12bot/v1.4.8; http://mj12bot.com/)"
94.23.209.55 - - [13/Nov/2022:10:41:59 +0100] "GET /apps/school/www_old6/img/LevelF/Category1/?C=M;O=A HTTP/1.1" 200 630 "-" "Mozilla/5.0 (compatible; MJ12bot/v1.4.8; http://mj12bot.com/)"
94.23.209.55 - - [13/Nov/2022:10:42:02 +0100] "GET /apps/school/www_old6/img/LevelF/Category1/?C=N;O=D HTTP/1.1" 200 625 "-" "Mozilla/5.0 (compatible; MJ12bot/v1.4.8; http://mj12bot.com/)"
94.23.209.55 - - [13/Nov/2022:10:42:05 +0100] "GET /apps/school/www_old6/img/LevelF/Category1/?C=S;O=A HTTP/1.1" 200 630 "-" "Mozilla/5.0 (compatible; MJ12bot/v1.4.8; http://mj12bot.com/)"
94.23.209.55 - - [13/Nov/2022:10:42:08 +0100] "GET /apps/school/www_old6/img/LevelF/Category1/LevelFCat1Lesson01/?C=M;O=D HTTP/1.1" 200 451 "-" "Mozilla/5.0 (compatible; MJ12bot/v1.4.8; http://mj12bot.com/)"
114.119.132.76 - - [13/Nov/2022:10:42:11 +0100] "GET /apps/school/www_old4/img/LevelD/Category1/LevelDCat1Lesson27/?C=D%3BO%3DA HTTP/1.1" 200 456 "http://kulturdokumentation.se/apps/school/www_old4/img/LevelD/Category1/LevelDCat1Lesson27/?C=D%3BO%3DA" "Mozilla/5.0 (Linux; Android 7.0;) AppleWebKit/537.36 (KHTML, like Gecko) Mobile Safari/537.36 (compatible; PetalBot;+https://webmaster.petalsearch.com/site/petalbot)"
94.23.209.55 - - [13/Nov/2022:10:42:12 +0100] "GET /apps/school/www_old6/img/LevelF/Category1/LevelFCat1Lesson02/?C=D;O=A HTTP/1.1" 200 447 "-" "Mozilla/5.0 (compatible; MJ12bot/v1.4.8; http://mj12bot.com/)"
94.23.209.55 - - [13/Nov/2022:10:42:16 +0100] "GET /apps/school/www_old6/img/LevelF/Category1/LevelFCat1Lesson02/?C=M;O=A HTTP/1.1" 200 448 "-" "Mozilla/5.0 (compatible; MJ12bot/v1.4.8; http://mj12bot.com/)"
114.119.134.148 - - [13/Nov/2022:10:42:29 +0100] "GET /apps/school/www_old3/img/LevelC/Category2/LevelCCat2Lesson17 HTTP/1.1" 301 300 "http://kulturdokumentation.com/apps/school/www_old3/img/LevelC/Category2?C=D%3BO%3DA" "Mozilla/5.0 (Linux; Android 7.0;) AppleWebKit/537.36 (KHTML, like Gecko) Mobile Safari/537.36 (compatible; PetalBot;+https://webmaster.petalsearch.com/site/petalbot)"
114.119.134.148 - - [13/Nov/2022:10:42:30 +0100] "GET /apps/school/www_old3/img/LevelC/Category2/LevelCCat2Lesson17/ HTTP/1.1" 200 493 "http://kulturdokumentation.com/apps/school/www_old3/img/LevelC/Category2?C=D%3BO%3DA" "Mozilla/5.0 (Linux; Android 7.0;) AppleWebKit/537.36 (KHTML, like Gecko) Mobile Safari/537.36 (compatible; PetalBot;+https://webmaster.petalsearch.com/site/petalbot)"
31.13.103.21 - - [13/Nov/2022:10:43:37 +0100] "GET /site/images/symbols/12_10000000.png?1432017637161 HTTP/1.1" 200 7109 "-" "facebookexternalhit/1.1 (+http://www.facebook.com/externalhit_uatext.php)"
40.77.167.41 - - [13/Nov/2022:10:44:06 +0100] "GET / HTTP/1.1" 200 13133 "-" "Mozilla/5.0 (compatible; bingbot/2.0; +http://www.bing.com/bingbot.htm)"
5.188.62.21 - - [13/Nov/2022:10:44:32 +0100] "GET /loggain.php HTTP/1.1" 200 2671 "-" "Mozilla/5.0 (Windows NT 6.1; WOW64) AppleWebKit/537.36 (KHTML, like Gecko) Chrome/100.0.4896.127 Safari/537.36"
5.188.62.21 - - [13/Nov/2022:10:44:38 +0100] "POST /login/login.php HTTP/1.1" 302 11 "http://www.evacuationplans.se/loggain.php" "Mozilla/5.0 (Windows NT 6.1; WOW64) AppleWebKit/537.36 (KHTML, like Gecko) Chrome/100.0.4758.11 Safari/537.36"
5.188.62.21 - - [13/Nov/2022:10:44:38 +0100] "GET /loggain.php?message=Fel%20anv?ndarnamn%20eller%20l?senord! HTTP/1.1" 200 2692 "http://www.evacuationplans.se/loggain.php" "Mozilla/5.0 (Windows NT 6.1; WOW64) AppleWebKit/537.36 (KHTML, like Gecko) Chrome/100.0.4758.11 Safari/537.36"
5.188.62.21 - - [13/Nov/2022:10:44:40 +0100] "GET /loggain.php HTTP/1.1" 200 2565 "-" "Mozilla/5.0 (Windows NT 10.0; Win64; x64) AppleWebKit/537.36 (KHTML, like Gecko) Chrome/100.0.4895.86 Safari/537.36"
5.188.62.21 - - [13/Nov/2022:10:44:44 +0100] "POST /login/login.php HTTP/1.1" 302 11 "http://www.evacuationplans.se/loggain.php" "Mozilla/5.0 (Windows NT 10.0; Win64; x64) AppleWebKit/537.36 (KHTML, like Gecko) Chrome/100.0.4758.11 Safari/537.36"
5.188.62.21 - - [13/Nov/2022:10:44:44 +0100] "POST /login/login.php HTTP/1.1" 302 11 "http://www.driftinfo-online.se/loggain.php" "Mozilla/5.0 (Windows NT 10.0; Win64; x64) AppleWebKit/537.36 (KHTML, like Gecko) Chrome/100.0.4758.11 Safari/537.36"
5.188.62.21 - - [13/Nov/2022:10:44:44 +0100] "GET /loggain.php?message=Fel%20anv?ndarnamn%20eller%20l?senord! HTTP/1.1" 200 2692 "http://www.evacuationplans.se/loggain.php" "Mozilla/5.0 (Windows NT 10.0; Win64; x64) AppleWebKit/537.36 (KHTML, like Gecko) Chrome/100.0.4758.11 Safari/537.36"
5.188.62.21 - - [13/Nov/2022:10:44:45 +0100] "GET /loggain.php?message=Fel%20anv?ndarnamn%20eller%20l?senord! HTTP/1.1" 200 2582 "http://www.driftinfo-online.se/loggain.php" "Mozilla/5.0 (Windows NT 10.0; Win64; x64) AppleWebKit/537.36 (KHTML, like Gecko) Chrome/100.0.4758.11 Safari/537.36"
5.188.62.21 - - [13/Nov/2022:10:44:50 +0100] "POST /login/login.php HTTP/1.1" 302 11 "http://www.driftinfo-online.se/loggain.php" "Mozilla/5.0 (Windows NT 10.0; Win64; x64) AppleWebKit/537.36 (KHTML, like Gecko) Chrome/100.0.4895.86 Safari/537.36"
5.188.62.21 - - [13/Nov/2022:10:44:50 +0100] "GET /loggain.php?message=Fel%20anv?ndarnamn%20eller%20l?senord! HTTP/1.1" 200 2582 "http://www.driftinfo-online.se/loggain.php" "Mozilla/5.0 (Windows NT 10.0; Win64; x64) AppleWebKit/537.36 (KHTML, like Gecko) Chrome/100.0.4895.86 Safari/537.36"
185.191.171.15 - - [13/Nov/2022:10:46:07 +0100] "GET /robots.txt HTTP/1.1" 200 67 "-" "Mozilla/5.0 (compatible; SemrushBot/7~bl; +http://www.semrush.com/bot.html)"
185.191.171.36 - - [13/Nov/2022:10:46:08 +0100] "GET /laser/ HTTP/1.1" 200 4299 "-" "Mozilla/5.0 (compatible; SemrushBot/7~bl; +http://www.semrush.com/bot.html)"
5.188.62.26 - - [13/Nov/2022:10:47:07 +0100] "GET /wp-login.php?wp_lang=en_US HTTP/1.1" 200 1274 "-" "Mozilla/5.0 (Windows NT 10.0; Win64; x64) AppleWebKit/537.36 (KHTML, like Gecko) Chrome/99.0.4844.84 Safari/537.36"
5.188.62.26 - - [13/Nov/2022:10:47:08 +0100] "GET /wp-login.php?wp_lang=en_US HTTP/1.1" 200 1274 "-" "Mozilla/5.0 (Windows NT 10.0; Win64; x64) AppleWebKit/537.36 (KHTML, like Gecko) Chrome/100.0.4896.127 Safari/537.36"
5.188.62.26 - - [13/Nov/2022:10:47:08 +0100] "GET /wp-login.php?wp_lang=en_US HTTP/1.1" 200 1274 "-" "Mozilla/5.0 (Windows NT 10.0; Win64; x64) AppleWebKit/537.36 (KHTML, like Gecko) Chrome/99.0.4844.84 Safari/537.36"
5.188.62.26 - - [13/Nov/2022:10:47:12 +0100] "POST /wp-login.php?wp_lang=en_US HTTP/1.1" 200 1659 "-" "Mozilla/5.0 (Windows NT 10.0; Win64; x64) AppleWebKit/537.36 (KHTML, like Gecko) Chrome/99.0.4844.84 Safari/537.36"
5.188.62.26 - - [13/Nov/2022:10:47:12 +0100] "POST /wp-login.php?wp_lang=en_US HTTP/1.1" 200 1653 "-" "Mozilla/5.0 (Windows NT 10.0; Win64; x64) AppleWebKit/537.36 (KHTML, like Gecko) Chrome/100.0.4896.127 Safari/537.36"
5.188.62.26 - - [13/Nov/2022:10:47:12 +0100] "POST /wp-login.php?wp_lang=en_US HTTP/1.1" 200 1652 "-" "Mozilla/5.0 (Windows NT 10.0; Win64; x64) AppleWebKit/537.36 (KHTML, like Gecko) Chrome/99.0.4844.84 Safari/537.36"
114.119.132.76 - - [13/Nov/2022:10:47:17 +0100] "GET /apps/school/www_old4/img/LevelB/Category1/LevelBCat1Lesson8/ HTTP/1.1" 200 539 "http://kulturdokumentation.se/apps/school/www_old4/img/LevelB/Category1/?C=M%3BO%3DA" "Mozilla/5.0 (Linux; Android 7.0;) AppleWebKit/537.36 (KHTML, like Gecko) Mobile Safari/537.36 (compatible; PetalBot;+https://webmaster.petalsearch.com/site/petalbot)"
114.119.134.155 - - [13/Nov/2022:10:47:36 +0100] "GET /apps/school/www_old9/img/LevelC/Category1/LevelCCat1Lesson23/?C=N%3BO%3DD HTTP/1.1" 200 450 "http://kulturdokumentation.com/apps/school/www_old9/img/LevelC/Category1/LevelCCat1Lesson23?C=S%3BO%3DA" "Mozilla/5.0 (Linux; Android 7.0;) AppleWebKit/537.36 (KHTML, like Gecko) Mobile Safari/537.36 (compatible; PetalBot;+https://webmaster.petalsearch.com/site/petalbot)"
40.77.167.15 - - [13/Nov/2022:10:48:06 +0100] "GET /rosendals-bortglomda-slottspark/ HTTP/1.1" 200 10157 "-" "Mozilla/5.0 (compatible; bingbot/2.0; +http://www.bing.com/bingbot.htm)"
185.191.171.26 - - [13/Nov/2022:10:49:02 +0100] "GET /robots.txt HTTP/1.1" 404 208 "-" "Mozilla/5.0 (compatible; SemrushBot/7~bl; +http://www.semrush.com/bot.html)"
185.191.171.15 - - [13/Nov/2022:10:49:03 +0100] "GET /pointclouds.php HTTP/1.1" 200 2406 "-" "Mozilla/5.0 (compatible; SemrushBot/7~bl; +http://www.semrush.com/bot.html)"
157.90.209.83 - - [13/Nov/2022:10:49:10 +0100] "GET /robots.txt HTTP/1.1" 404 208 "-" "Mozilla/5.0 (compatible; BLEXBot/1.0; +http://webmeup-crawler.com/)"
157.90.209.83 - - [13/Nov/2022:10:49:10 +0100] "GET /sitemap HTTP/1.1" 404 205 "-" "Mozilla/5.0 (compatible; BLEXBot/1.0; +http://webmeup-crawler.com/)"
157.90.209.83 - - [13/Nov/2022:10:49:15 +0100] "GET /robots.txt HTTP/1.1" 404 208 "-" "Mozilla/5.0 (compatible; BLEXBot/1.0; +http://webmeup-crawler.com/)"
157.90.209.83 - - [13/Nov/2022:10:49:17 +0100] "GET /sitemap HTTP/1.1" 404 205 "-" "Mozilla/5.0 (compatible; BLEXBot/1.0; +http://webmeup-crawler.com/)"
