135.181.213.219 - - [13/Nov/2022:15:26:39 +0100] "GET /apps/school/www_old2/img/LevelC/Category3/LevelCCat3Lesson6/ HTTP/1.1" 200 470 "-" "Mozilla/5.0 (compatible; MJ12bot/v1.4.8; http://mj12bot.com/)"
114.119.141.73 - - [13/Nov/2022:15:26:39 +0100] "GET /apps/school/www_old8/img/LevelC/Category1/LevelCCat1Lesson23/?C=D%3BO%3DA HTTP/1.1" 200 451 "http://kulturdokumentation.se/apps/school/www_old8/img/LevelC/Category1/LevelCCat1Lesson23/?C=D%3BO%3DA" "Mozilla/5.0 (Linux; Android 7.0;) AppleWebKit/537.36 (KHTML, like Gecko) Mobile Safari/537.36 (compatible; PetalBot;+https://webmaster.petalsearch.com/site/petalbot)"
54.36.149.72 - - [13/Nov/2022:15:26:40 +0100] "GET /apps/school/www_old6/img/LevelD/Category2/LevelDCat2Lesson16/?C=S;O=A HTTP/1.1" 200 539 "-" "Mozilla/5.0 (compatible; AhrefsBot/7.0; +http://ahrefs.com/robot/)"
135.181.212.177 - - [13/Nov/2022:15:26:40 +0100] "GET /apps/school/www_old6/img/LevelG/Category2/LevelGCat2Lesson09/ HTTP/1.1" 200 463 "-" "Mozilla/5.0 (compatible; MJ12bot/v1.4.8; http://mj12bot.com/)"
150.158.90.82 - - [13/Nov/2022:15:26:40 +0100] "POST /xmlrpc.php HTTP/1.1" 200 217 "https://www.astacus.se/xmlrpc.php" "python-requests/2.27.1"
135.181.213.219 - - [13/Nov/2022:15:26:41 +0100] "GET /apps/school/www_old2/img/LevelC/Category3/LevelCCat3Lesson7/ HTTP/1.1" 200 539 "-" "Mozilla/5.0 (compatible; MJ12bot/v1.4.8; http://mj12bot.com/)"
135.181.212.177 - - [13/Nov/2022:15:26:42 +0100] "GET /apps/school/www_old6/img/LevelG/Category2/LevelGCat2Lesson10/ HTTP/1.1" 200 476 "-" "Mozilla/5.0 (compatible; MJ12bot/v1.4.8; http://mj12bot.com/)"
135.181.213.219 - - [13/Nov/2022:15:26:42 +0100] "GET /apps/school/www_old2/img/LevelC/Category3/LevelCCat3Lesson8/ HTTP/1.1" 200 558 "-" "Mozilla/5.0 (compatible; MJ12bot/v1.4.8; http://mj12bot.com/)"
135.181.212.177 - - [13/Nov/2022:15:26:43 +0100] "GET /apps/school/www_old6/img/LevelG/Category2/LevelGCat2Lesson11/ HTTP/1.1" 200 533 "-" "Mozilla/5.0 (compatible; MJ12bot/v1.4.8; http://mj12bot.com/)"
150.158.90.82 - - [13/Nov/2022:15:26:44 +0100] "POST /xmlrpc.php HTTP/1.1" 200 217 "https://www.astacus.se/xmlrpc.php" "python-requests/2.27.1"
135.181.213.219 - - [13/Nov/2022:15:26:44 +0100] "GET /apps/school/www_old2/img/LevelC/Category3/LevelCCat3Lesson9/ HTTP/1.1" 200 558 "-" "Mozilla/5.0 (compatible; MJ12bot/v1.4.8; http://mj12bot.com/)"
135.181.212.177 - - [13/Nov/2022:15:26:45 +0100] "GET /apps/school/www_old6/img/LevelG/Category2/LevelGCat2Lesson12/ HTTP/1.1" 200 493 "-" "Mozilla/5.0 (compatible; MJ12bot/v1.4.8; http://mj12bot.com/)"
150.158.90.82 - - [13/Nov/2022:15:26:45 +0100] "POST /xmlrpc.php HTTP/1.1" 200 217 "https://www.astacus.se/xmlrpc.php" "python-requests/2.27.1"
135.181.213.219 - - [13/Nov/2022:15:26:45 +0100] "GET /apps/school/www_old2/plugins/org.apache.cordova.file/www/ios/ HTTP/1.1" 200 453 "-" "Mozilla/5.0 (compatible; MJ12bot/v1.4.8; http://mj12bot.com/)"
135.181.212.177 - - [13/Nov/2022:15:26:46 +0100] "GET /apps/school/www_old6/img/LevelG/Category2/LevelGCat2Lesson15/ HTTP/1.1" 200 495 "-" "Mozilla/5.0 (compatible; MJ12bot/v1.4.8; http://mj12bot.com/)"
135.181.213.219 - - [13/Nov/2022:15:26:47 +0100] "GET /apps/school/www_old3/img/LevelA/Category1/LevelACat1Lesson22/?C=N;O=A HTTP/1.1" 200 450 "-" "Mozilla/5.0 (compatible; MJ12bot/v1.4.8; http://mj12bot.com/)"
135.181.212.177 - - [13/Nov/2022:15:26:48 +0100] "GET /apps/school/www_old6/img/LevelG/Category2/LevelGCat2Lesson17/ HTTP/1.1" 200 452 "-" "Mozilla/5.0 (compatible; MJ12bot/v1.4.8; http://mj12bot.com/)"
150.158.90.82 - - [13/Nov/2022:15:26:48 +0100] "POST /xmlrpc.php HTTP/1.1" 200 217 "https://www.astacus.se/xmlrpc.php" "python-requests/2.27.1"
135.181.213.219 - - [13/Nov/2022:15:26:49 +0100] "GET /apps/school/www_old3/img/LevelA/Category1/LevelACat1Lesson23/?C=N;O=A HTTP/1.1" 200 449 "-" "Mozilla/5.0 (compatible; MJ12bot/v1.4.8; http://mj12bot.com/)"
135.181.212.177 - - [13/Nov/2022:15:26:49 +0100] "GET /apps/school/www_old6/img/LevelG/Category2/LevelGCat2Lesson18/ HTTP/1.1" 200 452 "-" "Mozilla/5.0 (compatible; MJ12bot/v1.4.8; http://mj12bot.com/)"
150.158.90.82 - - [13/Nov/2022:15:26:49 +0100] "POST /xmlrpc.php HTTP/1.1" 200 217 "https://www.astacus.se/xmlrpc.php" "python-requests/2.27.1"
135.181.213.219 - - [13/Nov/2022:15:26:50 +0100] "GET /apps/school/www_old3/img/LevelA/Category1/LevelACat1Lesson24/?C=N;O=A HTTP/1.1" 200 500 "-" "Mozilla/5.0 (compatible; MJ12bot/v1.4.8; http://mj12bot.com/)"
135.181.212.177 - - [13/Nov/2022:15:26:51 +0100] "GET /apps/school/www_old6/img/LevelG/Category2/LevelGCat2Lesson19/ HTTP/1.1" 200 451 "-" "Mozilla/5.0 (compatible; MJ12bot/v1.4.8; http://mj12bot.com/)"
150.158.90.82 - - [13/Nov/2022:15:26:51 +0100] "POST /xmlrpc.php HTTP/1.1" 200 217 "https://www.astacus.se/xmlrpc.php" "python-requests/2.27.1"
135.181.213.219 - - [13/Nov/2022:15:26:52 +0100] "GET /apps/school/www_old3/img/LevelA/Category1/LevelACat1Lesson24/?C=S;O=A HTTP/1.1" 200 500 "-" "Mozilla/5.0 (compatible; MJ12bot/v1.4.8; http://mj12bot.com/)"
135.181.212.177 - - [13/Nov/2022:15:26:52 +0100] "GET /apps/school/www_old6/img/LevelG/Category2/LevelGCat2Lesson20/ HTTP/1.1" 200 452 "-" "Mozilla/5.0 (compatible; MJ12bot/v1.4.8; http://mj12bot.com/)"
150.158.90.82 - - [13/Nov/2022:15:26:52 +0100] "POST /xmlrpc.php HTTP/1.1" 200 217 "https://www.astacus.se/xmlrpc.php" "python-requests/2.27.1"
135.181.213.219 - - [13/Nov/2022:15:26:54 +0100] "GET /apps/school/www_old3/img/LevelA/Category1/LevelACat1Lesson30/?C=D;O=D HTTP/1.1" 200 519 "-" "Mozilla/5.0 (compatible; MJ12bot/v1.4.8; http://mj12bot.com/)"
135.181.212.177 - - [13/Nov/2022:15:26:54 +0100] "GET /apps/school/www_old6/img/LevelG/Category2/LevelGCat2Lesson21/ HTTP/1.1" 200 472 "-" "Mozilla/5.0 (compatible; MJ12bot/v1.4.8; http://mj12bot.com/)"
135.181.213.219 - - [13/Nov/2022:15:26:55 +0100] "GET /apps/school/www_old3/img/LevelA/Category1/LevelACat1Lesson30/?C=S;O=D HTTP/1.1" 200 519 "-" "Mozilla/5.0 (compatible; MJ12bot/v1.4.8; http://mj12bot.com/)"
135.181.212.177 - - [13/Nov/2022:15:26:55 +0100] "GET /apps/school/www_old6/img/LevelG/Category2/LevelGCat2Lesson22/ HTTP/1.1" 200 447 "-" "Mozilla/5.0 (compatible; MJ12bot/v1.4.8; http://mj12bot.com/)"
135.181.213.219 - - [13/Nov/2022:15:26:57 +0100] "GET /apps/school/www_old3/img/LevelA/Category2/LevelACat2Lesson4/ HTTP/1.1" 200 584 "-" "Mozilla/5.0 (compatible; MJ12bot/v1.4.8; http://mj12bot.com/)"
135.181.212.177 - - [13/Nov/2022:15:26:57 +0100] "GET /apps/school/www_old6/img/LevelG/Category2/LevelGCat2Lesson23/ HTTP/1.1" 200 448 "-" "Mozilla/5.0 (compatible; MJ12bot/v1.4.8; http://mj12bot.com/)"
150.158.90.82 - - [13/Nov/2022:15:26:57 +0100] "POST /xmlrpc.php HTTP/1.1" 200 217 "https://www.astacus.se/xmlrpc.php" "python-requests/2.27.1"
135.181.213.219 - - [13/Nov/2022:15:26:58 +0100] "GET /apps/school/www_old3/img/LevelA/Category2/LevelACat2Lesson5/ HTTP/1.1" 200 474 "-" "Mozilla/5.0 (compatible; MJ12bot/v1.4.8; http://mj12bot.com/)"
135.181.212.177 - - [13/Nov/2022:15:26:58 +0100] "GET /apps/school/www_old6/img/LevelG/Category2/LevelGCat2Lesson24/ HTTP/1.1" 200 502 "-" "Mozilla/5.0 (compatible; MJ12bot/v1.4.8; http://mj12bot.com/)"
135.181.213.219 - - [13/Nov/2022:15:27:00 +0100] "GET /apps/school/www_old3/img/LevelA/Category2/LevelACat2Lesson6/ HTTP/1.1" 200 543 "-" "Mozilla/5.0 (compatible; MJ12bot/v1.4.8; http://mj12bot.com/)"
135.181.212.177 - - [13/Nov/2022:15:27:00 +0100] "GET /apps/school/www_old6/img/LevelG/Category2/LevelGCat2Lesson25/ HTTP/1.1" 200 451 "-" "Mozilla/5.0 (compatible; MJ12bot/v1.4.8; http://mj12bot.com/)"
150.158.90.82 - - [13/Nov/2022:15:27:00 +0100] "POST /xmlrpc.php HTTP/1.1" 200 217 "https://www.astacus.se/xmlrpc.php" "python-requests/2.27.1"
135.181.212.177 - - [13/Nov/2022:15:27:01 +0100] "GET /apps/school/www_old6/img/LevelG/Category2/LevelGCat2Lesson26/ HTTP/1.1" 200 450 "-" "Mozilla/5.0 (compatible; MJ12bot/v1.4.8; http://mj12bot.com/)"
135.181.213.219 - - [13/Nov/2022:15:27:01 +0100] "GET /apps/school/www_old3/img/LevelB/Category1/LevelBCat1Lesson10/?C=M;O=A HTTP/1.1" 200 526 "-" "Mozilla/5.0 (compatible; MJ12bot/v1.4.8; http://mj12bot.com/)"
150.158.90.82 - - [13/Nov/2022:15:27:03 +0100] "POST /xmlrpc.php HTTP/1.1" 200 217 "https://www.astacus.se/xmlrpc.php" "python-requests/2.27.1"
135.181.212.177 - - [13/Nov/2022:15:27:03 +0100] "GET /apps/school/www_old6/img/LevelG/Category2/LevelGCat2Lesson27/ HTTP/1.1" 200 450 "-" "Mozilla/5.0 (compatible; MJ12bot/v1.4.8; http://mj12bot.com/)"
135.181.213.219 - - [13/Nov/2022:15:27:03 +0100] "GET /apps/school/www_old3/img/LevelB/Category1/LevelBCat1Lesson11/?C=S;O=D HTTP/1.1" 200 519 "-" "Mozilla/5.0 (compatible; MJ12bot/v1.4.8; http://mj12bot.com/)"
135.181.212.177 - - [13/Nov/2022:15:27:04 +0100] "GET /apps/school/www_old6/img/LevelG/Category2/LevelGCat2Lesson28/ HTTP/1.1" 200 451 "-" "Mozilla/5.0 (compatible; MJ12bot/v1.4.8; http://mj12bot.com/)"
135.181.213.219 - - [13/Nov/2022:15:27:04 +0100] "GET /apps/school/www_old3/img/LevelB/Category1/LevelBCat1Lesson16/?C=M;O=D HTTP/1.1" 200 449 "-" "Mozilla/5.0 (compatible; MJ12bot/v1.4.8; http://mj12bot.com/)"
135.181.212.177 - - [13/Nov/2022:15:27:06 +0100] "GET /apps/school/www_old6/img/LevelG/Category2/LevelGCat2Lesson29/ HTTP/1.1" 200 450 "-" "Mozilla/5.0 (compatible; MJ12bot/v1.4.8; http://mj12bot.com/)"
135.181.213.219 - - [13/Nov/2022:15:27:06 +0100] "GET /apps/school/www_old3/img/LevelB/Category1/LevelBCat1Lesson23/?C=M;O=A HTTP/1.1" 200 473 "-" "Mozilla/5.0 (compatible; MJ12bot/v1.4.8; http://mj12bot.com/)"
150.158.90.82 - - [13/Nov/2022:15:27:07 +0100] "POST /xmlrpc.php HTTP/1.1" 200 217 "https://www.astacus.se/xmlrpc.php" "python-requests/2.27.1"
135.181.212.177 - - [13/Nov/2022:15:27:07 +0100] "GET /apps/school/www_old6/img/LevelG/Category2/LevelGCat2Lesson30/ HTTP/1.1" 200 456 "-" "Mozilla/5.0 (compatible; MJ12bot/v1.4.8; http://mj12bot.com/)"
135.181.213.219 - - [13/Nov/2022:15:27:08 +0100] "GET /apps/school/www_old3/img/LevelB/Category1/LevelBCat1Lesson23/?C=N;O=A HTTP/1.1" 200 474 "-" "Mozilla/5.0 (compatible; MJ12bot/v1.4.8; http://mj12bot.com/)"
150.158.90.82 - - [13/Nov/2022:15:27:08 +0100] "POST /xmlrpc.php HTTP/1.1" 200 217 "https://www.astacus.se/xmlrpc.php" "python-requests/2.27.1"
135.181.212.177 - - [13/Nov/2022:15:27:09 +0100] "GET /apps/school/www_old6/img/LevelG/Category2/LevelGCat2Lesson31/ HTTP/1.1" 200 451 "-" "Mozilla/5.0 (compatible; MJ12bot/v1.4.8; http://mj12bot.com/)"
135.181.213.219 - - [13/Nov/2022:15:27:09 +0100] "GET /apps/school/www_old3/img/LevelB/Category1/LevelBCat1Lesson30/?C=N;O=A HTTP/1.1" 200 452 "-" "Mozilla/5.0 (compatible; MJ12bot/v1.4.8; http://mj12bot.com/)"
150.158.90.82 - - [13/Nov/2022:15:27:09 +0100] "POST /xmlrpc.php HTTP/1.1" 200 217 "https://www.astacus.se/xmlrpc.php" "python-requests/2.27.1"
150.158.90.82 - - [13/Nov/2022:15:27:10 +0100] "POST /xmlrpc.php HTTP/1.1" 200 217 "https://www.astacus.se/xmlrpc.php" "python-requests/2.27.1"
135.181.212.177 - - [13/Nov/2022:15:27:11 +0100] "GET /apps/school/www_old6/img/LevelG/Category2/LevelGCat2Lesson32/ HTTP/1.1" 200 454 "-" "Mozilla/5.0 (compatible; MJ12bot/v1.4.8; http://mj12bot.com/)"
135.181.213.219 - - [13/Nov/2022:15:27:11 +0100] "GET /apps/school/www_old3/img/LevelB/Category1/LevelBCat1Lesson30/?C=S;O=A HTTP/1.1" 200 452 "-" "Mozilla/5.0 (compatible; MJ12bot/v1.4.8; http://mj12bot.com/)"
150.158.90.82 - - [13/Nov/2022:15:27:12 +0100] "POST /xmlrpc.php HTTP/1.1" 200 217 "https://www.astacus.se/xmlrpc.php" "python-requests/2.27.1"
135.181.212.177 - - [13/Nov/2022:15:27:12 +0100] "GET /apps/school/www_old6/img/LevelG/Category2/LevelGCat2Lesson33/ HTTP/1.1" 200 479 "-" "Mozilla/5.0 (compatible; MJ12bot/v1.4.8; http://mj12bot.com/)"
135.181.213.219 - - [13/Nov/2022:15:27:12 +0100] "GET /apps/school/www_old3/img/LevelB/Category1/LevelBCat1Lesson31/?C=N;O=A HTTP/1.1" 200 451 "-" "Mozilla/5.0 (compatible; MJ12bot/v1.4.8; http://mj12bot.com/)"
150.158.90.82 - - [13/Nov/2022:15:27:13 +0100] "POST /xmlrpc.php HTTP/1.1" 200 217 "https://www.astacus.se/xmlrpc.php" "python-requests/2.27.1"
135.181.213.219 - - [13/Nov/2022:15:27:14 +0100] "GET /apps/school/www_old3/img/LevelB/Category1/LevelBCat1Lesson38/?C=D;O=A HTTP/1.1" 200 451 "-" "Mozilla/5.0 (compatible; MJ12bot/v1.4.8; http://mj12bot.com/)"
135.181.212.177 - - [13/Nov/2022:15:27:14 +0100] "GET /apps/school/www_old6/img/LevelG/Category2/LevelGCat2Lesson34/ HTTP/1.1" 200 450 "-" "Mozilla/5.0 (compatible; MJ12bot/v1.4.8; http://mj12bot.com/)"
135.181.213.219 - - [13/Nov/2022:15:27:15 +0100] "GET /apps/school/www_old3/img/LevelB/Category1/LevelBCat1Lesson38/?C=M;O=A HTTP/1.1" 200 451 "-" "Mozilla/5.0 (compatible; MJ12bot/v1.4.8; http://mj12bot.com/)"
135.181.212.177 - - [13/Nov/2022:15:27:15 +0100] "GET /apps/school/www_old6/img/LevelG/Category2/LevelGCat2Lesson36/ HTTP/1.1" 200 535 "-" "Mozilla/5.0 (compatible; MJ12bot/v1.4.8; http://mj12bot.com/)"
150.158.90.82 - - [13/Nov/2022:15:27:16 +0100] "POST /xmlrpc.php HTTP/1.1" 200 217 "https://www.astacus.se/xmlrpc.php" "python-requests/2.27.1"
135.181.213.219 - - [13/Nov/2022:15:27:17 +0100] "GET /apps/school/www_old3/img/LevelB/Category1/LevelBCat1Lesson38/?C=N;O=A HTTP/1.1" 200 451 "-" "Mozilla/5.0 (compatible; MJ12bot/v1.4.8; http://mj12bot.com/)"
135.181.212.177 - - [13/Nov/2022:15:27:17 +0100] "GET /apps/school/www_old6/img/LevelG/Category2/LevelGCat2Lesson37/ HTTP/1.1" 200 446 "-" "Mozilla/5.0 (compatible; MJ12bot/v1.4.8; http://mj12bot.com/)"
150.158.90.82 - - [13/Nov/2022:15:27:17 +0100] "POST /xmlrpc.php HTTP/1.1" 200 217 "https://www.astacus.se/xmlrpc.php" "python-requests/2.27.1"
135.181.213.219 - - [13/Nov/2022:15:27:18 +0100] "GET /apps/school/www_old3/img/LevelB/Category1/LevelBCat1Lesson5/?C=N;O=A HTTP/1.1" 200 453 "-" "Mozilla/5.0 (compatible; MJ12bot/v1.4.8; http://mj12bot.com/)"
135.181.212.177 - - [13/Nov/2022:15:27:18 +0100] "GET /apps/school/www_old6/img/LevelG/Category2/LevelGCat2Lesson38/ HTTP/1.1" 200 445 "-" "Mozilla/5.0 (compatible; MJ12bot/v1.4.8; http://mj12bot.com/)"
150.158.90.82 - - [13/Nov/2022:15:27:19 +0100] "POST /xmlrpc.php HTTP/1.1" 200 217 "https://www.astacus.se/xmlrpc.php" "python-requests/2.27.1"
135.181.213.219 - - [13/Nov/2022:15:27:20 +0100] "GET /apps/school/www_old3/img/LevelB/Category1/LevelBCat1Lesson5/?C=S;O=A HTTP/1.1" 200 453 "-" "Mozilla/5.0 (compatible; MJ12bot/v1.4.8; http://mj12bot.com/)"
135.181.212.177 - - [13/Nov/2022:15:27:20 +0100] "GET /apps/school/www_old6/img/LevelG/Category2/LevelGCat2Lesson39/ HTTP/1.1" 200 445 "-" "Mozilla/5.0 (compatible; MJ12bot/v1.4.8; http://mj12bot.com/)"
150.158.90.82 - - [13/Nov/2022:15:27:21 +0100] "POST /xmlrpc.php HTTP/1.1" 200 217 "https://www.astacus.se/xmlrpc.php" "python-requests/2.27.1"
135.181.213.219 - - [13/Nov/2022:15:27:21 +0100] "GET /apps/school/www_old3/img/LevelB/Category2/LevelBCat2Lesson1/?C=D;O=A HTTP/1.1" 200 675 "-" "Mozilla/5.0 (compatible; MJ12bot/v1.4.8; http://mj12bot.com/)"
135.181.212.177 - - [13/Nov/2022:15:27:21 +0100] "GET /apps/school/www_old6/img/LevelG/Category2/LevelGCat2Lesson40/ HTTP/1.1" 200 445 "-" "Mozilla/5.0 (compatible; MJ12bot/v1.4.8; http://mj12bot.com/)"
150.158.90.82 - - [13/Nov/2022:15:27:22 +0100] "POST /xmlrpc.php HTTP/1.1" 200 217 "https://www.astacus.se/xmlrpc.php" "python-requests/2.27.1"
135.181.213.219 - - [13/Nov/2022:15:27:23 +0100] "GET /apps/school/www_old3/img/LevelB/Category2/LevelBCat2Lesson1/?C=M;O=A HTTP/1.1" 200 671 "-" "Mozilla/5.0 (compatible; MJ12bot/v1.4.8; http://mj12bot.com/)"
135.181.212.177 - - [13/Nov/2022:15:27:23 +0100] "GET /apps/school/www_old6/img/LevelG/Category2/LevelGCat2Lesson43/ HTTP/1.1" 200 544 "-" "Mozilla/5.0 (compatible; MJ12bot/v1.4.8; http://mj12bot.com/)"
135.181.212.177 - - [13/Nov/2022:15:27:24 +0100] "GET /apps/school/www_old6/img/LevelG/Category2/LevelGCat2Lesson44/ HTTP/1.1" 200 448 "-" "Mozilla/5.0 (compatible; MJ12bot/v1.4.8; http://mj12bot.com/)"
135.181.213.219 - - [13/Nov/2022:15:27:25 +0100] "GET /apps/school/www_old3/img/LevelB/Category2/LevelBCat2Lesson1/?C=N;O=A HTTP/1.1" 200 675 "-" "Mozilla/5.0 (compatible; MJ12bot/v1.4.8; http://mj12bot.com/)"
150.158.90.82 - - [13/Nov/2022:15:27:25 +0100] "POST /xmlrpc.php HTTP/1.1" 200 217 "https://www.astacus.se/xmlrpc.php" "python-requests/2.27.1"
135.181.212.177 - - [13/Nov/2022:15:27:26 +0100] "GET /apps/school/www_old6/img/LevelH/Category1/LevelHCat1Lesson01/ HTTP/1.1" 200 448 "-" "Mozilla/5.0 (compatible; MJ12bot/v1.4.8; http://mj12bot.com/)"
150.158.90.82 - - [13/Nov/2022:15:27:26 +0100] "POST /xmlrpc.php HTTP/1.1" 200 217 "https://www.astacus.se/xmlrpc.php" "python-requests/2.27.1"
135.181.213.219 - - [13/Nov/2022:15:27:26 +0100] "GET /apps/school/www_old3/img/LevelB/Category2/LevelBCat2Lesson1/?C=S;O=A HTTP/1.1" 200 674 "-" "Mozilla/5.0 (compatible; MJ12bot/v1.4.8; http://mj12bot.com/)"
150.158.90.82 - - [13/Nov/2022:15:27:27 +0100] "POST /xmlrpc.php HTTP/1.1" 200 217 "https://www.astacus.se/xmlrpc.php" "python-requests/2.27.1"
135.181.212.177 - - [13/Nov/2022:15:27:27 +0100] "GET /apps/school/www_old6/img/LevelH/Category1/LevelHCat1Lesson02/ HTTP/1.1" 200 448 "-" "Mozilla/5.0 (compatible; MJ12bot/v1.4.8; http://mj12bot.com/)"
135.181.213.219 - - [13/Nov/2022:15:27:28 +0100] "GET /apps/school/www_old3/img/LevelB/Category2/LevelBCat2Lesson9/?C=M;O=A HTTP/1.1" 200 520 "-" "Mozilla/5.0 (compatible; MJ12bot/v1.4.8; http://mj12bot.com/)"
150.158.90.82 - - [13/Nov/2022:15:27:29 +0100] "POST /xmlrpc.php HTTP/1.1" 200 217 "https://www.astacus.se/xmlrpc.php" "python-requests/2.27.1"
135.181.212.177 - - [13/Nov/2022:15:27:29 +0100] "GET /apps/school/www_old6/img/LevelH/Category1/LevelHCat1Lesson03/ HTTP/1.1" 200 449 "-" "Mozilla/5.0 (compatible; MJ12bot/v1.4.8; http://mj12bot.com/)"
135.181.213.219 - - [13/Nov/2022:15:27:29 +0100] "GET /apps/school/www_old3/img/LevelB/Category2/LevelBCat2Lesson9/?C=N;O=A HTTP/1.1" 200 522 "-" "Mozilla/5.0 (compatible; MJ12bot/v1.4.8; http://mj12bot.com/)"
135.181.212.177 - - [13/Nov/2022:15:27:30 +0100] "GET /apps/school/www_old6/img/LevelH/Category1/LevelHCat1Lesson04/ HTTP/1.1" 200 449 "-" "Mozilla/5.0 (compatible; MJ12bot/v1.4.8; http://mj12bot.com/)"
135.181.213.219 - - [13/Nov/2022:15:27:31 +0100] "GET /apps/school/www_old3/img/LevelB/Category2/LevelBCat2Lesson9/?C=S;O=A HTTP/1.1" 200 516 "-" "Mozilla/5.0 (compatible; MJ12bot/v1.4.8; http://mj12bot.com/)"
135.181.212.177 - - [13/Nov/2022:15:27:32 +0100] "GET /apps/school/www_old6/img/LevelH/Category1/LevelHCat1Lesson05/ HTTP/1.1" 200 448 "-" "Mozilla/5.0 (compatible; MJ12bot/v1.4.8; http://mj12bot.com/)"
150.158.90.82 - - [13/Nov/2022:15:27:32 +0100] "POST /xmlrpc.php HTTP/1.1" 200 217 "https://www.astacus.se/xmlrpc.php" "python-requests/2.27.1"
135.181.213.219 - - [13/Nov/2022:15:27:32 +0100] "GET /apps/school/www_old3/img/LevelC/Category1/?C=S;O=A HTTP/1.1" 200 615 "-" "Mozilla/5.0 (compatible; MJ12bot/v1.4.8; http://mj12bot.com/)"
135.181.212.177 - - [13/Nov/2022:15:27:33 +0100] "GET /apps/school/www_old6/img/LevelH/Category1/LevelHCat1Lesson08/ HTTP/1.1" 200 570 "-" "Mozilla/5.0 (compatible; MJ12bot/v1.4.8; http://mj12bot.com/)"
150.158.90.82 - - [13/Nov/2022:15:27:34 +0100] "POST /xmlrpc.php HTTP/1.1" 200 217 "https://www.astacus.se/xmlrpc.php" "python-requests/2.27.1"
135.181.213.219 - - [13/Nov/2022:15:27:34 +0100] "GET /apps/school/www_old3/img/LevelC/Category1/LevelCCat1Lesson1/?C=M;O=A HTTP/1.1" 200 450 "-" "Mozilla/5.0 (compatible; MJ12bot/v1.4.8; http://mj12bot.com/)"
135.181.212.177 - - [13/Nov/2022:15:27:35 +0100] "GET /apps/school/www_old6/img/LevelH/Category1/LevelHCat1Lesson09/ HTTP/1.1" 200 585 "-" "Mozilla/5.0 (compatible; MJ12bot/v1.4.8; http://mj12bot.com/)"
135.181.213.219 - - [13/Nov/2022:15:27:36 +0100] "GET /apps/school/www_old3/img/LevelC/Category1/LevelCCat1Lesson14/?C=D;O=A HTTP/1.1" 200 467 "-" "Mozilla/5.0 (compatible; MJ12bot/v1.4.8; http://mj12bot.com/)"
114.119.134.155 - - [13/Nov/2022:15:27:36 +0100] "GET /apps/school/www_old8/img/LevelD/Category3/LevelDCat3Lesson26?C=S%3BO%3DA HTTP/1.1" 301 312 "http://kulturdokumentation.com/apps/school/www_old8/img/LevelD/Category3/LevelDCat3Lesson26?C=M%3BO%3DA" "Mozilla/5.0 (Linux; Android 7.0;) AppleWebKit/537.36 (KHTML, like Gecko) Mobile Safari/537.36 (compatible; PetalBot;+https://webmaster.petalsearch.com/site/petalbot)"
114.119.134.155 - - [13/Nov/2022:15:27:36 +0100] "GET /apps/school/www_old8/img/LevelD/Category3/LevelDCat3Lesson26/?C=S%3BO%3DA HTTP/1.1" 200 510 "http://kulturdokumentation.com/apps/school/www_old8/img/LevelD/Category3/LevelDCat3Lesson26?C=M%3BO%3DA" "Mozilla/5.0 (Linux; Android 7.0;) AppleWebKit/537.36 (KHTML, like Gecko) Mobile Safari/537.36 (compatible; PetalBot;+https://webmaster.petalsearch.com/site/petalbot)"
135.181.212.177 - - [13/Nov/2022:15:27:37 +0100] "GET /apps/school/www_old6/img/LevelH/Category1/LevelHCat1Lesson13/ HTTP/1.1" 200 454 "-" "Mozilla/5.0 (compatible; MJ12bot/v1.4.8; http://mj12bot.com/)"
150.158.90.82 - - [13/Nov/2022:15:27:37 +0100] "POST /xmlrpc.php HTTP/1.1" 200 217 "https://www.astacus.se/xmlrpc.php" "python-requests/2.27.1"
135.181.213.219 - - [13/Nov/2022:15:27:37 +0100] "GET /apps/school/www_old3/img/LevelC/Category1/LevelCCat1Lesson14/?C=M;O=A HTTP/1.1" 200 467 "-" "Mozilla/5.0 (compatible; MJ12bot/v1.4.8; http://mj12bot.com/)"
135.181.212.177 - - [13/Nov/2022:15:27:38 +0100] "GET /apps/school/www_old6/img/LevelH/Category1/LevelHCat1Lesson14/ HTTP/1.1" 200 453 "-" "Mozilla/5.0 (compatible; MJ12bot/v1.4.8; http://mj12bot.com/)"
135.181.213.219 - - [13/Nov/2022:15:27:39 +0100] "GET /apps/school/www_old3/img/LevelC/Category1/LevelCCat1Lesson14/?C=N;O=A HTTP/1.1" 200 467 "-" "Mozilla/5.0 (compatible; MJ12bot/v1.4.8; http://mj12bot.com/)"
135.181.212.177 - - [13/Nov/2022:15:27:39 +0100] "GET /apps/school/www_old6/img/LevelH/Category1/LevelHCat1Lesson15/ HTTP/1.1" 200 453 "-" "Mozilla/5.0 (compatible; MJ12bot/v1.4.8; http://mj12bot.com/)"
150.158.90.82 - - [13/Nov/2022:15:27:40 +0100] "POST /xmlrpc.php HTTP/1.1" 200 217 "https://www.astacus.se/xmlrpc.php" "python-requests/2.27.1"
135.181.213.219 - - [13/Nov/2022:15:27:40 +0100] "GET /apps/school/www_old3/img/LevelC/Category1/LevelCCat1Lesson15/?C=N;O=A HTTP/1.1" 200 448 "-" "Mozilla/5.0 (compatible; MJ12bot/v1.4.8; http://mj12bot.com/)"
135.181.212.177 - - [13/Nov/2022:15:27:41 +0100] "GET /apps/school/www_old6/img/LevelH/Category1/LevelHCat1Lesson18/ HTTP/1.1" 200 642 "-" "Mozilla/5.0 (compatible; MJ12bot/v1.4.8; http://mj12bot.com/)"
135.181.213.219 - - [13/Nov/2022:15:27:42 +0100] "GET /apps/school/www_old3/img/LevelC/Category1/LevelCCat1Lesson15/?C=S;O=A HTTP/1.1" 200 448 "-" "Mozilla/5.0 (compatible; MJ12bot/v1.4.8; http://mj12bot.com/)"
135.181.212.177 - - [13/Nov/2022:15:27:42 +0100] "GET /apps/school/www_old6/img/LevelH/Category1/LevelHCat1Lesson22/ HTTP/1.1" 200 445 "-" "Mozilla/5.0 (compatible; MJ12bot/v1.4.8; http://mj12bot.com/)"
135.181.213.219 - - [13/Nov/2022:15:27:43 +0100] "GET /apps/school/www_old3/img/LevelC/Category1/LevelCCat1Lesson2/?C=N;O=A HTTP/1.1" 200 450 "-" "Mozilla/5.0 (compatible; MJ12bot/v1.4.8; http://mj12bot.com/)"
135.181.212.177 - - [13/Nov/2022:15:27:44 +0100] "GET /apps/school/www_old6/img/LevelH/Category1/LevelHCat1Lesson23/ HTTP/1.1" 200 445 "-" "Mozilla/5.0 (compatible; MJ12bot/v1.4.8; http://mj12bot.com/)"
135.181.213.219 - - [13/Nov/2022:15:27:45 +0100] "GET /apps/school/www_old3/img/LevelC/Category1/LevelCCat1Lesson2/?C=S;O=A HTTP/1.1" 200 450 "-" "Mozilla/5.0 (compatible; MJ12bot/v1.4.8; http://mj12bot.com/)"
135.181.212.177 - - [13/Nov/2022:15:27:46 +0100] "GET /apps/school/www_old6/img/LevelH/Category1/LevelHCat1Lesson24/ HTTP/1.1" 200 445 "-" "Mozilla/5.0 (compatible; MJ12bot/v1.4.8; http://mj12bot.com/)"
135.181.213.219 - - [13/Nov/2022:15:27:46 +0100] "GET /apps/school/www_old3/img/LevelC/Category1/LevelCCat1Lesson20/?C=D;O=A HTTP/1.1" 200 476 "-" "Mozilla/5.0 (compatible; MJ12bot/v1.4.8; http://mj12bot.com/)"
150.158.90.82 - - [13/Nov/2022:15:27:47 +0100] "POST /xmlrpc.php HTTP/1.1" 200 217 "https://www.astacus.se/xmlrpc.php" "python-requests/2.27.1"
135.181.212.177 - - [13/Nov/2022:15:27:47 +0100] "GET /apps/school/www_old6/img/LevelH/Category1/LevelHCat1Lesson25/ HTTP/1.1" 200 445 "-" "Mozilla/5.0 (compatible; MJ12bot/v1.4.8; http://mj12bot.com/)"
135.181.213.219 - - [13/Nov/2022:15:27:48 +0100] "GET /apps/school/www_old3/img/LevelC/Category1/LevelCCat1Lesson20/?C=M;O=A HTTP/1.1" 200 476 "-" "Mozilla/5.0 (compatible; MJ12bot/v1.4.8; http://mj12bot.com/)"
135.181.212.177 - - [13/Nov/2022:15:27:49 +0100] "GET /apps/school/www_old6/img/LevelH/Category1/LevelHCat1Lesson30/ HTTP/1.1" 200 447 "-" "Mozilla/5.0 (compatible; MJ12bot/v1.4.8; http://mj12bot.com/)"
135.181.213.219 - - [13/Nov/2022:15:27:49 +0100] "GET /apps/school/www_old3/img/LevelC/Category1/LevelCCat1Lesson20/?C=N;O=A HTTP/1.1" 200 476 "-" "Mozilla/5.0 (compatible; MJ12bot/v1.4.8; http://mj12bot.com/)"
135.181.212.177 - - [13/Nov/2022:15:27:50 +0100] "GET /apps/school/www_old6/img/LevelH/Category1/LevelHCat1Lesson35/ HTTP/1.1" 200 452 "-" "Mozilla/5.0 (compatible; MJ12bot/v1.4.8; http://mj12bot.com/)"
135.181.213.219 - - [13/Nov/2022:15:27:51 +0100] "GET /apps/school/www_old3/img/LevelC/Category1/LevelCCat1Lesson21/?C=D;O=A HTTP/1.1" 200 488 "-" "Mozilla/5.0 (compatible; MJ12bot/v1.4.8; http://mj12bot.com/)"
135.181.212.177 - - [13/Nov/2022:15:27:52 +0100] "GET /apps/school/www_old6/img/LevelH/Category1/LevelHCat1Lesson36/ HTTP/1.1" 200 451 "-" "Mozilla/5.0 (compatible; MJ12bot/v1.4.8; http://mj12bot.com/)"
150.158.90.82 - - [13/Nov/2022:15:27:52 +0100] "POST /xmlrpc.php HTTP/1.1" 200 217 "https://www.astacus.se/xmlrpc.php" "python-requests/2.27.1"
135.181.213.219 - - [13/Nov/2022:15:27:53 +0100] "GET /apps/school/www_old3/img/LevelC/Category1/LevelCCat1Lesson21/?C=N;O=A HTTP/1.1" 200 488 "-" "Mozilla/5.0 (compatible; MJ12bot/v1.4.8; http://mj12bot.com/)"
135.181.212.177 - - [13/Nov/2022:15:27:53 +0100] "GET /apps/school/www_old6/img/LevelH/Category1/LevelHCat1Lesson37/ HTTP/1.1" 200 451 "-" "Mozilla/5.0 (compatible; MJ12bot/v1.4.8; http://mj12bot.com/)"
150.158.90.82 - - [13/Nov/2022:15:27:53 +0100] "POST /xmlrpc.php HTTP/1.1" 200 217 "https://www.astacus.se/xmlrpc.php" "python-requests/2.27.1"
135.181.213.219 - - [13/Nov/2022:15:27:54 +0100] "GET /apps/school/www_old3/img/LevelC/Category1/LevelCCat1Lesson22/?C=N;O=A HTTP/1.1" 200 455 "-" "Mozilla/5.0 (compatible; MJ12bot/v1.4.8; http://mj12bot.com/)"
150.158.90.82 - - [13/Nov/2022:15:27:54 +0100] "POST /xmlrpc.php HTTP/1.1" 200 217 "https://www.astacus.se/xmlrpc.php" "python-requests/2.27.1"
135.181.212.177 - - [13/Nov/2022:15:27:54 +0100] "GET /apps/school/www_old6/img/LevelH/Category1/LevelHCat1Lesson38/ HTTP/1.1" 200 452 "-" "Mozilla/5.0 (compatible; MJ12bot/v1.4.8; http://mj12bot.com/)"
135.181.213.219 - - [13/Nov/2022:15:27:56 +0100] "GET /apps/school/www_old3/img/LevelC/Category1/LevelCCat1Lesson22/?C=S;O=A HTTP/1.1" 200 455 "-" "Mozilla/5.0 (compatible; MJ12bot/v1.4.8; http://mj12bot.com/)"
150.158.90.82 - - [13/Nov/2022:15:27:56 +0100] "POST /xmlrpc.php HTTP/1.1" 200 217 "https://www.astacus.se/xmlrpc.php" "python-requests/2.27.1"
135.181.212.177 - - [13/Nov/2022:15:27:56 +0100] "GET /apps/school/www_old6/img/LevelH/Category1/LevelHCat1Lesson39/ HTTP/1.1" 200 451 "-" "Mozilla/5.0 (compatible; MJ12bot/v1.4.8; http://mj12bot.com/)"
135.181.213.219 - - [13/Nov/2022:15:27:57 +0100] "GET /apps/school/www_old3/img/LevelC/Category1/LevelCCat1Lesson24/?C=M;O=A HTTP/1.1" 200 453 "-" "Mozilla/5.0 (compatible; MJ12bot/v1.4.8; http://mj12bot.com/)"
135.181.212.177 - - [13/Nov/2022:15:27:58 +0100] "GET /apps/school/www_old6/img/LevelH/Category1/LevelHCat1Lesson41/ HTTP/1.1" 200 485 "-" "Mozilla/5.0 (compatible; MJ12bot/v1.4.8; http://mj12bot.com/)"
150.158.90.82 - - [13/Nov/2022:15:27:58 +0100] "POST /xmlrpc.php HTTP/1.1" 200 217 "https://www.astacus.se/xmlrpc.php" "python-requests/2.27.1"
135.181.213.219 - - [13/Nov/2022:15:27:59 +0100] "GET /apps/school/www_old3/img/LevelC/Category1/LevelCCat1Lesson24/?C=N;O=A HTTP/1.1" 200 452 "-" "Mozilla/5.0 (compatible; MJ12bot/v1.4.8; http://mj12bot.com/)"
135.181.212.177 - - [13/Nov/2022:15:27:59 +0100] "GET /apps/school/www_old6/img/LevelH/Category1/LevelHCat1Lesson42/ HTTP/1.1" 200 498 "-" "Mozilla/5.0 (compatible; MJ12bot/v1.4.8; http://mj12bot.com/)"
150.158.90.82 - - [13/Nov/2022:15:28:00 +0100] "POST /xmlrpc.php HTTP/1.1" 200 217 "https://www.astacus.se/xmlrpc.php" "python-requests/2.27.1"
135.181.213.219 - - [13/Nov/2022:15:28:00 +0100] "GET /apps/school/www_old3/img/LevelC/Category1/LevelCCat1Lesson4/?C=D;O=A HTTP/1.1" 200 448 "-" "Mozilla/5.0 (compatible; MJ12bot/v1.4.8; http://mj12bot.com/)"
135.181.212.177 - - [13/Nov/2022:15:28:01 +0100] "GET /apps/school/www_old6/img/LevelH/Category1/LevelHCat1Lesson45/ HTTP/1.1" 200 464 "-" "Mozilla/5.0 (compatible; MJ12bot/v1.4.8; http://mj12bot.com/)"
135.181.213.219 - - [13/Nov/2022:15:28:02 +0100] "GET /apps/school/www_old3/img/LevelC/Category1/LevelCCat1Lesson4/?C=S;O=A HTTP/1.1" 200 449 "-" "Mozilla/5.0 (compatible; MJ12bot/v1.4.8; http://mj12bot.com/)"
150.158.90.82 - - [13/Nov/2022:15:28:02 +0100] "POST /xmlrpc.php HTTP/1.1" 200 217 "https://www.astacus.se/xmlrpc.php" "python-requests/2.27.1"
135.181.212.177 - - [13/Nov/2022:15:28:02 +0100] "GET /apps/school/www_old6/res/icon/ios/ HTTP/1.1" 200 368 "-" "Mozilla/5.0 (compatible; MJ12bot/v1.4.8; http://mj12bot.com/)"
135.181.213.219 - - [13/Nov/2022:15:28:03 +0100] "GET /apps/school/www_old3/img/LevelC/Category1/LevelCCat1Lesson6/?C=M;O=A HTTP/1.1" 200 517 "-" "Mozilla/5.0 (compatible; MJ12bot/v1.4.8; http://mj12bot.com/)"
135.181.212.177 - - [13/Nov/2022:15:28:04 +0100] "GET /apps/school/www_old6/res/screen/ios/ HTTP/1.1" 200 370 "-" "Mozilla/5.0 (compatible; MJ12bot/v1.4.8; http://mj12bot.com/)"
135.181.213.219 - - [13/Nov/2022:15:28:05 +0100] "GET /apps/school/www_old3/img/LevelC/Category1/LevelCCat1Lesson6/?C=N;O=A HTTP/1.1" 200 518 "-" "Mozilla/5.0 (compatible; MJ12bot/v1.4.8; http://mj12bot.com/)"
135.181.212.177 - - [13/Nov/2022:15:28:06 +0100] "GET /apps/school/www_old7/ HTTP/1.1" 200 2083 "-" "Mozilla/5.0 (compatible; MJ12bot/v1.4.8; http://mj12bot.com/)"
150.158.90.82 - - [13/Nov/2022:15:28:06 +0100] "POST /xmlrpc.php HTTP/1.1" 200 217 "https://www.astacus.se/xmlrpc.php" "python-requests/2.27.1"
135.181.213.219 - - [13/Nov/2022:15:28:06 +0100] "GET /apps/school/www_old3/img/LevelC/Category1/LevelCCat1Lesson6/?C=S;O=A HTTP/1.1" 200 520 "-" "Mozilla/5.0 (compatible; MJ12bot/v1.4.8; http://mj12bot.com/)"
150.158.90.82 - - [13/Nov/2022:15:28:07 +0100] "POST /xmlrpc.php HTTP/1.1" 200 217 "https://www.astacus.se/xmlrpc.php" "python-requests/2.27.1"
54.36.148.92 - - [13/Nov/2022:15:28:07 +0100] "GET /apps/school/www_old6/img/LevelD/Category2/LevelDCat2Lesson16/?C=D;O=A HTTP/1.1" 200 539 "-" "Mozilla/5.0 (compatible; AhrefsBot/7.0; +http://ahrefs.com/robot/)"
135.181.212.177 - - [13/Nov/2022:15:28:07 +0100] "GET /apps/school/www_old8/ HTTP/1.1" 200 781 "-" "Mozilla/5.0 (compatible; MJ12bot/v1.4.8; http://mj12bot.com/)"
135.181.213.219 - - [13/Nov/2022:15:28:08 +0100] "GET /apps/school/www_old3/img/LevelC/Category1/LevelCCat1Lesson9/?C=D;O=A HTTP/1.1" 200 466 "-" "Mozilla/5.0 (compatible; MJ12bot/v1.4.8; http://mj12bot.com/)"
135.181.213.219 - - [13/Nov/2022:15:28:09 +0100] "GET /apps/school/www_old3/img/LevelC/Category1/LevelCCat1Lesson9/?C=M;O=A HTTP/1.1" 200 466 "-" "Mozilla/5.0 (compatible; MJ12bot/v1.4.8; http://mj12bot.com/)"
150.158.90.82 - - [13/Nov/2022:15:28:09 +0100] "POST /xmlrpc.php HTTP/1.1" 200 217 "https://www.astacus.se/xmlrpc.php" "python-requests/2.27.1"
150.158.90.82 - - [13/Nov/2022:15:28:10 +0100] "POST /xmlrpc.php HTTP/1.1" 200 217 "https://www.astacus.se/xmlrpc.php" "python-requests/2.27.1"
135.181.213.219 - - [13/Nov/2022:15:28:11 +0100] "GET /apps/school/www_old3/img/LevelC/Category1/LevelCCat1Lesson9/?C=S;O=A HTTP/1.1" 200 466 "-" "Mozilla/5.0 (compatible; MJ12bot/v1.4.8; http://mj12bot.com/)"
150.158.90.82 - - [13/Nov/2022:15:28:12 +0100] "POST /xmlrpc.php HTTP/1.1" 200 217 "https://www.astacus.se/xmlrpc.php" "python-requests/2.27.1"
135.181.213.219 - - [13/Nov/2022:15:28:12 +0100] "GET /apps/school/www_old3/img/LevelC/Category2/LevelCCat2Lesson13/?C=D;O=A HTTP/1.1" 200 594 "-" "Mozilla/5.0 (compatible; MJ12bot/v1.4.8; http://mj12bot.com/)"
150.158.90.82 - - [13/Nov/2022:15:28:13 +0100] "POST /xmlrpc.php HTTP/1.1" 200 217 "https://www.astacus.se/xmlrpc.php" "python-requests/2.27.1"
135.181.213.219 - - [13/Nov/2022:15:28:14 +0100] "GET /apps/school/www_old3/img/LevelC/Category2/LevelCCat2Lesson13/?C=M;O=A HTTP/1.1" 200 597 "-" "Mozilla/5.0 (compatible; MJ12bot/v1.4.8; http://mj12bot.com/)"
135.181.213.219 - - [13/Nov/2022:15:28:15 +0100] "GET /apps/school/www_old3/img/LevelC/Category2/LevelCCat2Lesson13/?C=N;O=D HTTP/1.1" 200 591 "-" "Mozilla/5.0 (compatible; MJ12bot/v1.4.8; http://mj12bot.com/)"
135.181.213.219 - - [13/Nov/2022:15:28:17 +0100] "GET /apps/school/www_old3/img/LevelC/Category2/LevelCCat2Lesson13/?C=S;O=A HTTP/1.1" 200 599 "-" "Mozilla/5.0 (compatible; MJ12bot/v1.4.8; http://mj12bot.com/)"
135.181.213.219 - - [13/Nov/2022:15:28:18 +0100] "GET /apps/school/www_old3/img/LevelD/Category1/?C=D;O=A HTTP/1.1" 200 636 "-" "Mozilla/5.0 (compatible; MJ12bot/v1.4.8; http://mj12bot.com/)"
135.181.213.219 - - [13/Nov/2022:15:28:20 +0100] "GET /apps/school/www_old3/img/LevelD/Category1/LevelDCat1Lesson10/?C=S;O=D HTTP/1.1" 200 496 "-" "Mozilla/5.0 (compatible; MJ12bot/v1.4.8; http://mj12bot.com/)"
135.181.213.219 - - [13/Nov/2022:15:28:22 +0100] "GET /apps/school/www_old3/img/LevelD/Category1/LevelDCat1Lesson26/?C=D;O=A HTTP/1.1" 200 453 "-" "Mozilla/5.0 (compatible; MJ12bot/v1.4.8; http://mj12bot.com/)"
135.181.213.219 - - [13/Nov/2022:15:28:23 +0100] "GET /apps/school/www_old3/img/LevelD/Category1/LevelDCat1Lesson26/?C=M;O=A HTTP/1.1" 200 453 "-" "Mozilla/5.0 (compatible; MJ12bot/v1.4.8; http://mj12bot.com/)"
135.181.213.219 - - [13/Nov/2022:15:28:25 +0100] "GET /apps/school/www_old3/img/LevelD/Category1/LevelDCat1Lesson26/?C=S;O=A HTTP/1.1" 200 453 "-" "Mozilla/5.0 (compatible; MJ12bot/v1.4.8; http://mj12bot.com/)"
135.181.213.219 - - [13/Nov/2022:15:28:26 +0100] "GET /apps/school/www_old3/img/LevelD/Category1/LevelDCat1Lesson29/?C=S;O=A HTTP/1.1" 200 447 "-" "Mozilla/5.0 (compatible; MJ12bot/v1.4.8; http://mj12bot.com/)"
135.181.213.219 - - [13/Nov/2022:15:28:28 +0100] "GET /apps/school/www_old3/img/LevelD/Category1/LevelDCat1Lesson3/?C=D;O=A HTTP/1.1" 200 449 "-" "Mozilla/5.0 (compatible; MJ12bot/v1.4.8; http://mj12bot.com/)"
135.181.213.219 - - [13/Nov/2022:15:28:29 +0100] "GET /apps/school/www_old3/img/LevelD/Category1/LevelDCat1Lesson30/?C=N;O=D HTTP/1.1" 200 473 "-" "Mozilla/5.0 (compatible; MJ12bot/v1.4.8; http://mj12bot.com/)"
135.181.213.219 - - [13/Nov/2022:15:28:31 +0100] "GET /apps/school/www_old3/img/LevelD/Category1/LevelDCat1Lesson30/?C=S;O=A HTTP/1.1" 200 475 "-" "Mozilla/5.0 (compatible; MJ12bot/v1.4.8; http://mj12bot.com/)"
135.181.213.219 - - [13/Nov/2022:15:28:32 +0100] "GET /apps/school/www_old3/img/LevelD/Category1/LevelDCat1Lesson31/?C=D;O=A HTTP/1.1" 200 454 "-" "Mozilla/5.0 (compatible; MJ12bot/v1.4.8; http://mj12bot.com/)"
135.181.213.219 - - [13/Nov/2022:15:28:34 +0100] "GET /apps/school/www_old3/img/LevelD/Category1/LevelDCat1Lesson31/?C=M;O=A HTTP/1.1" 200 454 "-" "Mozilla/5.0 (compatible; MJ12bot/v1.4.8; http://mj12bot.com/)"
135.181.213.219 - - [13/Nov/2022:15:28:35 +0100] "GET /apps/school/www_old3/img/LevelD/Category1/LevelDCat1Lesson32/?C=S;O=A HTTP/1.1" 200 446 "-" "Mozilla/5.0 (compatible; MJ12bot/v1.4.8; http://mj12bot.com/)"
135.181.213.219 - - [13/Nov/2022:15:28:37 +0100] "GET /apps/school/www_old3/img/LevelD/Category1/LevelDCat1Lesson33/?C=D;O=A HTTP/1.1" 200 510 "-" "Mozilla/5.0 (compatible; MJ12bot/v1.4.8; http://mj12bot.com/)"
135.181.213.219 - - [13/Nov/2022:15:28:38 +0100] "GET /apps/school/www_old3/img/LevelD/Category1/LevelDCat1Lesson33/?C=N;O=D HTTP/1.1" 200 506 "-" "Mozilla/5.0 (compatible; MJ12bot/v1.4.8; http://mj12bot.com/)"
135.181.213.219 - - [13/Nov/2022:15:28:40 +0100] "GET /apps/school/www_old3/img/LevelD/Category1/LevelDCat1Lesson33/?C=S;O=A HTTP/1.1" 200 508 "-" "Mozilla/5.0 (compatible; MJ12bot/v1.4.8; http://mj12bot.com/)"
135.181.213.219 - - [13/Nov/2022:15:28:42 +0100] "GET /apps/school/www_old3/img/LevelD/Category1/LevelDCat1Lesson35/?C=D;O=A HTTP/1.1" 200 543 "-" "Mozilla/5.0 (compatible; MJ12bot/v1.4.8; http://mj12bot.com/)"
135.181.213.219 - - [13/Nov/2022:15:28:43 +0100] "GET /apps/school/www_old3/img/LevelD/Category1/LevelDCat1Lesson35/?C=M;O=A HTTP/1.1" 200 545 "-" "Mozilla/5.0 (compatible; MJ12bot/v1.4.8; http://mj12bot.com/)"
135.181.213.219 - - [13/Nov/2022:15:28:45 +0100] "GET /apps/school/www_old3/img/LevelD/Category1/LevelDCat1Lesson35/?C=N;O=D HTTP/1.1" 200 542 "-" "Mozilla/5.0 (compatible; MJ12bot/v1.4.8; http://mj12bot.com/)"
135.181.213.219 - - [13/Nov/2022:15:28:46 +0100] "GET /apps/school/www_old3/img/LevelD/Category1/LevelDCat1Lesson35/?C=S;O=A HTTP/1.1" 200 541 "-" "Mozilla/5.0 (compatible; MJ12bot/v1.4.8; http://mj12bot.com/)"
135.181.213.219 - - [13/Nov/2022:15:28:48 +0100] "GET /apps/school/www_old3/img/LevelD/Category1/LevelDCat1Lesson36/?C=D;O=A HTTP/1.1" 200 499 "-" "Mozilla/5.0 (compatible; MJ12bot/v1.4.8; http://mj12bot.com/)"
135.181.213.219 - - [13/Nov/2022:15:28:49 +0100] "GET /apps/school/www_old3/img/LevelD/Category1/LevelDCat1Lesson36/?C=M;O=A HTTP/1.1" 200 499 "-" "Mozilla/5.0 (compatible; MJ12bot/v1.4.8; http://mj12bot.com/)"
135.181.213.219 - - [13/Nov/2022:15:28:50 +0100] "GET /apps/school/www_old3/img/LevelD/Category1/LevelDCat1Lesson36/?C=N;O=D HTTP/1.1" 200 498 "-" "Mozilla/5.0 (compatible; MJ12bot/v1.4.8; http://mj12bot.com/)"
135.181.213.219 - - [13/Nov/2022:15:28:52 +0100] "GET /apps/school/www_old3/img/LevelD/Category1/LevelDCat1Lesson36/?C=S;O=A HTTP/1.1" 200 499 "-" "Mozilla/5.0 (compatible; MJ12bot/v1.4.8; http://mj12bot.com/)"
135.181.213.219 - - [13/Nov/2022:15:28:53 +0100] "GET /apps/school/www_old3/img/LevelD/Category1/LevelDCat1Lesson37/?C=D;O=A HTTP/1.1" 200 452 "-" "Mozilla/5.0 (compatible; MJ12bot/v1.4.8; http://mj12bot.com/)"
135.181.213.219 - - [13/Nov/2022:15:28:55 +0100] "GET /apps/school/www_old3/img/LevelD/Category1/LevelDCat1Lesson37/?C=M;O=A HTTP/1.1" 200 452 "-" "Mozilla/5.0 (compatible; MJ12bot/v1.4.8; http://mj12bot.com/)"
135.181.213.219 - - [13/Nov/2022:15:28:56 +0100] "GET /apps/school/www_old3/img/LevelD/Category1/LevelDCat1Lesson37/?C=N;O=D HTTP/1.1" 200 450 "-" "Mozilla/5.0 (compatible; MJ12bot/v1.4.8; http://mj12bot.com/)"
135.181.213.219 - - [13/Nov/2022:15:28:58 +0100] "GET /apps/school/www_old3/img/LevelD/Category1/LevelDCat1Lesson37/?C=S;O=A HTTP/1.1" 200 452 "-" "Mozilla/5.0 (compatible; MJ12bot/v1.4.8; http://mj12bot.com/)"
135.181.213.219 - - [13/Nov/2022:15:28:59 +0100] "GET /apps/school/www_old3/img/LevelD/Category1/LevelDCat1Lesson4/?C=D;O=A HTTP/1.1" 200 448 "-" "Mozilla/5.0 (compatible; MJ12bot/v1.4.8; http://mj12bot.com/)"
135.181.213.219 - - [13/Nov/2022:15:29:01 +0100] "GET /apps/school/www_old3/img/LevelD/Category1/LevelDCat1Lesson4/?C=M;O=A HTTP/1.1" 200 448 "-" "Mozilla/5.0 (compatible; MJ12bot/v1.4.8; http://mj12bot.com/)"
135.181.213.219 - - [13/Nov/2022:15:29:02 +0100] "GET /apps/school/www_old3/img/LevelD/Category1/LevelDCat1Lesson4/?C=N;O=D HTTP/1.1" 200 446 "-" "Mozilla/5.0 (compatible; MJ12bot/v1.4.8; http://mj12bot.com/)"
135.181.213.219 - - [13/Nov/2022:15:29:04 +0100] "GET /apps/school/www_old3/img/LevelD/Category1/LevelDCat1Lesson4/?C=S;O=A HTTP/1.1" 200 448 "-" "Mozilla/5.0 (compatible; MJ12bot/v1.4.8; http://mj12bot.com/)"
135.181.213.219 - - [13/Nov/2022:15:29:05 +0100] "GET /apps/school/www_old3/img/LevelD/Category1/LevelDCat1Lesson5/?C=N;O=D HTTP/1.1" 200 444 "-" "Mozilla/5.0 (compatible; MJ12bot/v1.4.8; http://mj12bot.com/)"
135.181.213.219 - - [13/Nov/2022:15:29:07 +0100] "GET /apps/school/www_old3/img/LevelD/Category1/LevelDCat1Lesson6/?C=D;O=A HTTP/1.1" 200 449 "-" "Mozilla/5.0 (compatible; MJ12bot/v1.4.8; http://mj12bot.com/)"
135.181.213.219 - - [13/Nov/2022:15:29:09 +0100] "GET /apps/school/www_old3/img/LevelD/Category1/LevelDCat1Lesson6/?C=M;O=A HTTP/1.1" 200 449 "-" "Mozilla/5.0 (compatible; MJ12bot/v1.4.8; http://mj12bot.com/)"
135.181.213.219 - - [13/Nov/2022:15:29:10 +0100] "GET /apps/school/www_old3/img/LevelD/Category1/LevelDCat1Lesson6/?C=N;O=D HTTP/1.1" 200 447 "-" "Mozilla/5.0 (compatible; MJ12bot/v1.4.8; http://mj12bot.com/)"
135.181.213.219 - - [13/Nov/2022:15:29:12 +0100] "GET /apps/school/www_old3/img/LevelD/Category1/LevelDCat1Lesson6/?C=S;O=A HTTP/1.1" 200 449 "-" "Mozilla/5.0 (compatible; MJ12bot/v1.4.8; http://mj12bot.com/)"
135.181.213.219 - - [13/Nov/2022:15:29:14 +0100] "GET /apps/school/www_old3/img/LevelD/Category1/LevelDCat1Lesson8/?C=D;O=A HTTP/1.1" 200 449 "-" "Mozilla/5.0 (compatible; MJ12bot/v1.4.8; http://mj12bot.com/)"
135.181.213.219 - - [13/Nov/2022:15:29:15 +0100] "GET /apps/school/www_old3/img/LevelD/Category1/LevelDCat1Lesson8/?C=M;O=A HTTP/1.1" 200 449 "-" "Mozilla/5.0 (compatible; MJ12bot/v1.4.8; http://mj12bot.com/)"
135.181.213.219 - - [13/Nov/2022:15:29:17 +0100] "GET /apps/school/www_old3/img/LevelD/Category1/LevelDCat1Lesson8/?C=N;O=D HTTP/1.1" 200 447 "-" "Mozilla/5.0 (compatible; MJ12bot/v1.4.8; http://mj12bot.com/)"
135.181.213.219 - - [13/Nov/2022:15:29:18 +0100] "GET /apps/school/www_old3/img/LevelD/Category1/LevelDCat1Lesson8/?C=S;O=A HTTP/1.1" 200 449 "-" "Mozilla/5.0 (compatible; MJ12bot/v1.4.8; http://mj12bot.com/)"
135.181.213.219 - - [13/Nov/2022:15:29:20 +0100] "GET /apps/school/www_old3/img/LevelD/Category1/LevelDCat1Lesson9/?C=N;O=D HTTP/1.1" 200 514 "-" "Mozilla/5.0 (compatible; MJ12bot/v1.4.8; http://mj12bot.com/)"
135.181.213.219 - - [13/Nov/2022:15:29:21 +0100] "GET /apps/school/www_old3/img/LevelD/Category2/?C=D;O=A HTTP/1.1" 200 608 "-" "Mozilla/5.0 (compatible; MJ12bot/v1.4.8; http://mj12bot.com/)"
135.181.213.219 - - [13/Nov/2022:15:29:23 +0100] "GET /apps/school/www_old3/img/LevelD/Category2/?C=M;O=A HTTP/1.1" 200 597 "-" "Mozilla/5.0 (compatible; MJ12bot/v1.4.8; http://mj12bot.com/)"
135.181.213.219 - - [13/Nov/2022:15:29:24 +0100] "GET /apps/school/www_old3/img/LevelD/Category2/?C=N;O=D HTTP/1.1" 200 595 "-" "Mozilla/5.0 (compatible; MJ12bot/v1.4.8; http://mj12bot.com/)"
135.181.213.219 - - [13/Nov/2022:15:29:26 +0100] "GET /apps/school/www_old3/img/LevelD/Category2/?C=S;O=A HTTP/1.1" 200 609 "-" "Mozilla/5.0 (compatible; MJ12bot/v1.4.8; http://mj12bot.com/)"
135.181.213.219 - - [13/Nov/2022:15:29:27 +0100] "GET /apps/school/www_old3/img/LevelD/Category2/LevelDCat2Lesson1/ HTTP/1.1" 200 694 "-" "Mozilla/5.0 (compatible; MJ12bot/v1.4.8; http://mj12bot.com/)"
135.181.213.219 - - [13/Nov/2022:15:29:29 +0100] "GET /apps/school/www_old3/img/LevelD/Category2/LevelDCat2Lesson11/?C=N;O=D HTTP/1.1" 200 558 "-" "Mozilla/5.0 (compatible; MJ12bot/v1.4.8; http://mj12bot.com/)"
135.181.213.219 - - [13/Nov/2022:15:29:30 +0100] "GET /apps/school/www_old3/img/LevelD/Category2/LevelDCat2Lesson12/?C=D;O=A HTTP/1.1" 200 518 "-" "Mozilla/5.0 (compatible; MJ12bot/v1.4.8; http://mj12bot.com/)"
135.181.213.219 - - [13/Nov/2022:15:29:32 +0100] "GET /apps/school/www_old3/img/LevelD/Category2/LevelDCat2Lesson12/?C=M;O=A HTTP/1.1" 200 517 "-" "Mozilla/5.0 (compatible; MJ12bot/v1.4.8; http://mj12bot.com/)"
135.181.213.219 - - [13/Nov/2022:15:29:34 +0100] "GET /apps/school/www_old3/img/LevelD/Category2/LevelDCat2Lesson12/?C=N;O=D HTTP/1.1" 200 514 "-" "Mozilla/5.0 (compatible; MJ12bot/v1.4.8; http://mj12bot.com/)"
135.181.213.219 - - [13/Nov/2022:15:29:35 +0100] "GET /apps/school/www_old3/img/LevelD/Category2/LevelDCat2Lesson12/?C=S;O=A HTTP/1.1" 200 515 "-" "Mozilla/5.0 (compatible; MJ12bot/v1.4.8; http://mj12bot.com/)"
135.181.213.219 - - [13/Nov/2022:15:29:37 +0100] "GET /apps/school/www_old3/img/LevelD/Category2/LevelDCat2Lesson13/?C=D;O=A HTTP/1.1" 200 473 "-" "Mozilla/5.0 (compatible; MJ12bot/v1.4.8; http://mj12bot.com/)"
54.36.148.201 - - [13/Nov/2022:15:29:37 +0100] "GET /apps/school/www_old6/img/LevelG/Category2/LevelGCat2Lesson40/?C=D;O=A HTTP/1.1" 200 445 "-" "Mozilla/5.0 (compatible; AhrefsBot/7.0; +http://ahrefs.com/robot/)"
135.181.213.219 - - [13/Nov/2022:15:29:38 +0100] "GET /apps/school/www_old3/img/LevelD/Category2/LevelDCat2Lesson13/?C=M;O=A HTTP/1.1" 200 473 "-" "Mozilla/5.0 (compatible; MJ12bot/v1.4.8; http://mj12bot.com/)"
135.181.213.219 - - [13/Nov/2022:15:29:40 +0100] "GET /apps/school/www_old3/img/LevelD/Category2/LevelDCat2Lesson13/?C=N;O=D HTTP/1.1" 200 471 "-" "Mozilla/5.0 (compatible; MJ12bot/v1.4.8; http://mj12bot.com/)"
135.181.213.219 - - [13/Nov/2022:15:29:41 +0100] "GET /apps/school/www_old3/img/LevelD/Category2/LevelDCat2Lesson13/?C=S;O=A HTTP/1.1" 200 473 "-" "Mozilla/5.0 (compatible; MJ12bot/v1.4.8; http://mj12bot.com/)"
135.181.213.219 - - [13/Nov/2022:15:29:43 +0100] "GET /apps/school/www_old3/img/LevelD/Category2/LevelDCat2Lesson18/?C=D;O=A HTTP/1.1" 200 522 "-" "Mozilla/5.0 (compatible; MJ12bot/v1.4.8; http://mj12bot.com/)"
135.181.213.219 - - [13/Nov/2022:15:29:45 +0100] "GET /apps/school/www_old3/img/LevelD/Category2/LevelDCat2Lesson18/?C=M;O=A HTTP/1.1" 200 523 "-" "Mozilla/5.0 (compatible; MJ12bot/v1.4.8; http://mj12bot.com/)"
135.181.213.219 - - [13/Nov/2022:15:29:46 +0100] "GET /apps/school/www_old3/img/LevelD/Category2/LevelDCat2Lesson18/?C=N;O=D HTTP/1.1" 200 521 "-" "Mozilla/5.0 (compatible; MJ12bot/v1.4.8; http://mj12bot.com/)"
135.181.213.219 - - [13/Nov/2022:15:29:47 +0100] "GET /apps/school/www_old3/img/LevelD/Category2/LevelDCat2Lesson18/?C=S;O=A HTTP/1.1" 200 523 "-" "Mozilla/5.0 (compatible; MJ12bot/v1.4.8; http://mj12bot.com/)"
135.181.213.219 - - [13/Nov/2022:15:29:49 +0100] "GET /apps/school/www_old3/img/LevelD/Category2/LevelDCat2Lesson6/?C=D;O=D HTTP/1.1" 200 458 "-" "Mozilla/5.0 (compatible; MJ12bot/v1.4.8; http://mj12bot.com/)"
135.181.213.219 - - [13/Nov/2022:15:29:51 +0100] "GET /apps/school/www_old3/img/LevelD/Category2/LevelDCat2Lesson6/?C=M;O=D HTTP/1.1" 200 459 "-" "Mozilla/5.0 (compatible; MJ12bot/v1.4.8; http://mj12bot.com/)"
135.181.213.219 - - [13/Nov/2022:15:29:52 +0100] "GET /apps/school/www_old3/img/LevelD/Category2/LevelDCat2Lesson6/?C=N;O=A HTTP/1.1" 200 461 "-" "Mozilla/5.0 (compatible; MJ12bot/v1.4.8; http://mj12bot.com/)"
135.181.213.219 - - [13/Nov/2022:15:29:54 +0100] "GET /apps/school/www_old3/img/LevelD/Category2/LevelDCat2Lesson6/?C=S;O=D HTTP/1.1" 200 458 "-" "Mozilla/5.0 (compatible; MJ12bot/v1.4.8; http://mj12bot.com/)"
135.181.213.219 - - [13/Nov/2022:15:29:55 +0100] "GET /apps/school/www_old3/img/LevelD/Category3/LevelDCat3Lesson26/?C=N;O=D HTTP/1.1" 200 518 "-" "Mozilla/5.0 (compatible; MJ12bot/v1.4.8; http://mj12bot.com/)"
135.181.213.219 - - [13/Nov/2022:15:29:57 +0100] "GET /apps/school/www_old3/img/LevelD/Category3/LevelDCat3Lesson27/?C=D;O=A HTTP/1.1" 200 522 "-" "Mozilla/5.0 (compatible; MJ12bot/v1.4.8; http://mj12bot.com/)"
135.181.213.219 - - [13/Nov/2022:15:29:58 +0100] "GET /apps/school/www_old3/img/LevelD/Category3/LevelDCat3Lesson27/?C=M;O=A HTTP/1.1" 200 521 "-" "Mozilla/5.0 (compatible; MJ12bot/v1.4.8; http://mj12bot.com/)"
135.181.213.219 - - [13/Nov/2022:15:30:00 +0100] "GET /apps/school/www_old3/img/LevelD/Category3/LevelDCat3Lesson27/?C=N;O=D HTTP/1.1" 200 521 "-" "Mozilla/5.0 (compatible; MJ12bot/v1.4.8; http://mj12bot.com/)"
135.181.213.219 - - [13/Nov/2022:15:30:02 +0100] "GET /apps/school/www_old3/img/LevelD/Category3/LevelDCat3Lesson27/?C=S;O=A HTTP/1.1" 200 524 "-" "Mozilla/5.0 (compatible; MJ12bot/v1.4.8; http://mj12bot.com/)"
135.181.213.219 - - [13/Nov/2022:15:30:03 +0100] "GET /apps/school/www_old3/img/LevelD/Category3/LevelDCat3Lesson27/?C=S;O=D HTTP/1.1" 200 517 "-" "Mozilla/5.0 (compatible; MJ12bot/v1.4.8; http://mj12bot.com/)"
135.181.213.219 - - [13/Nov/2022:15:30:05 +0100] "GET /apps/school/www_old3/img/LevelD/Category3/LevelDCat3Lesson4/?C=D;O=A HTTP/1.1" 200 500 "-" "Mozilla/5.0 (compatible; MJ12bot/v1.4.8; http://mj12bot.com/)"
135.181.213.219 - - [13/Nov/2022:15:30:06 +0100] "GET /apps/school/www_old3/img/LevelD/Category3/LevelDCat3Lesson4/?C=M;O=A HTTP/1.1" 200 501 "-" "Mozilla/5.0 (compatible; MJ12bot/v1.4.8; http://mj12bot.com/)"
135.181.213.219 - - [13/Nov/2022:15:30:08 +0100] "GET /apps/school/www_old4/img/LevelA/Category1/LevelACat1Lesson11/?C=N;O=A HTTP/1.1" 200 493 "-" "Mozilla/5.0 (compatible; MJ12bot/v1.4.8; http://mj12bot.com/)"
135.181.213.219 - - [13/Nov/2022:15:30:09 +0100] "GET /apps/school/www_old4/img/LevelA/Category1/LevelACat1Lesson11/?C=S;O=D HTTP/1.1" 200 492 "-" "Mozilla/5.0 (compatible; MJ12bot/v1.4.8; http://mj12bot.com/)"
135.181.213.219 - - [13/Nov/2022:15:30:11 +0100] "GET /apps/school/www_old4/img/LevelA/Category1/LevelACat1Lesson14/?C=D;O=D HTTP/1.1" 200 444 "-" "Mozilla/5.0 (compatible; MJ12bot/v1.4.8; http://mj12bot.com/)"
135.181.213.219 - - [13/Nov/2022:15:30:12 +0100] "GET /apps/school/www_old4/img/LevelA/Category1/LevelACat1Lesson14/?C=M;O=D HTTP/1.1" 200 444 "-" "Mozilla/5.0 (compatible; MJ12bot/v1.4.8; http://mj12bot.com/)"
135.181.213.219 - - [13/Nov/2022:15:30:14 +0100] "GET /apps/school/www_old4/img/LevelA/Category1/LevelACat1Lesson14/?C=N;O=A HTTP/1.1" 200 446 "-" "Mozilla/5.0 (compatible; MJ12bot/v1.4.8; http://mj12bot.com/)"
135.181.213.219 - - [13/Nov/2022:15:30:16 +0100] "GET /apps/school/www_old4/img/LevelA/Category1/LevelACat1Lesson14/?C=S;O=D HTTP/1.1" 200 444 "-" "Mozilla/5.0 (compatible; MJ12bot/v1.4.8; http://mj12bot.com/)"
135.181.213.219 - - [13/Nov/2022:15:30:17 +0100] "GET /apps/school/www_old4/img/LevelA/Category1/LevelACat1Lesson15/?C=D;O=D HTTP/1.1" 200 447 "-" "Mozilla/5.0 (compatible; MJ12bot/v1.4.8; http://mj12bot.com/)"
135.181.213.219 - - [13/Nov/2022:15:30:19 +0100] "GET /apps/school/www_old4/img/LevelA/Category1/LevelACat1Lesson15/?C=M;O=D HTTP/1.1" 200 447 "-" "Mozilla/5.0 (compatible; MJ12bot/v1.4.8; http://mj12bot.com/)"
135.181.213.219 - - [13/Nov/2022:15:30:20 +0100] "GET /apps/school/www_old4/img/LevelA/Category1/LevelACat1Lesson15/?C=N;O=A HTTP/1.1" 200 448 "-" "Mozilla/5.0 (compatible; MJ12bot/v1.4.8; http://mj12bot.com/)"
