65.109.26.42 - - [13/Nov/2022:10:32:34 +0100] "GET /apps/school/www_old5/img/LevelE/Category1/LevelECat1Lesson42/?C=S;O=D HTTP/1.1" 200 452 "-" "Mozilla/5.0 (compatible; MJ12bot/v1.4.8; http://mj12bot.com/)"
94.23.209.55 - - [13/Nov/2022:10:32:35 +0100] "GET /apps/school/www_old6/img/LevelC/Category1/LevelCCat1Lesson11/?C=N;O=A HTTP/1.1" 200 506 "-" "Mozilla/5.0 (compatible; MJ12bot/v1.4.8; http://mj12bot.com/)"
65.109.26.42 - - [13/Nov/2022:10:32:35 +0100] "GET /apps/school/www_old5/img/LevelE/Category1/LevelECat1Lesson43/?C=D;O=D HTTP/1.1" 200 450 "-" "Mozilla/5.0 (compatible; MJ12bot/v1.4.8; http://mj12bot.com/)"
65.109.26.42 - - [13/Nov/2022:10:32:37 +0100] "GET /apps/school/www_old5/img/LevelE/Category1/LevelECat1Lesson43/?C=M;O=D HTTP/1.1" 200 450 "-" "Mozilla/5.0 (compatible; MJ12bot/v1.4.8; http://mj12bot.com/)"
94.23.209.55 - - [13/Nov/2022:10:32:37 +0100] "GET /apps/school/www_old6/img/LevelC/Category1/LevelCCat1Lesson14/?C=N;O=A HTTP/1.1" 200 467 "-" "Mozilla/5.0 (compatible; MJ12bot/v1.4.8; http://mj12bot.com/)"
65.109.26.42 - - [13/Nov/2022:10:32:38 +0100] "GET /apps/school/www_old5/img/LevelE/Category1/LevelECat1Lesson43/?C=N;O=A HTTP/1.1" 200 451 "-" "Mozilla/5.0 (compatible; MJ12bot/v1.4.8; http://mj12bot.com/)"
94.23.209.55 - - [13/Nov/2022:10:32:39 +0100] "GET /apps/school/www_old6/img/LevelC/Category1/LevelCCat1Lesson16/?C=D;O=A HTTP/1.1" 200 448 "-" "Mozilla/5.0 (compatible; MJ12bot/v1.4.8; http://mj12bot.com/)"
65.109.26.42 - - [13/Nov/2022:10:32:40 +0100] "GET /apps/school/www_old5/img/LevelE/Category1/LevelECat1Lesson43/?C=S;O=D HTTP/1.1" 200 450 "-" "Mozilla/5.0 (compatible; MJ12bot/v1.4.8; http://mj12bot.com/)"
94.23.209.55 - - [13/Nov/2022:10:32:41 +0100] "GET /apps/school/www_old6/img/LevelC/Category1/LevelCCat1Lesson16/?C=D;O=D HTTP/1.1" 200 446 "-" "Mozilla/5.0 (compatible; MJ12bot/v1.4.8; http://mj12bot.com/)"
65.109.26.42 - - [13/Nov/2022:10:32:41 +0100] "GET /apps/school/www_old5/img/LevelE/Category1/LevelECat1Lesson44/?C=D;O=D HTTP/1.1" 200 450 "-" "Mozilla/5.0 (compatible; MJ12bot/v1.4.8; http://mj12bot.com/)"
65.109.26.42 - - [13/Nov/2022:10:32:43 +0100] "GET /apps/school/www_old5/img/LevelE/Category1/LevelECat1Lesson44/?C=M;O=D HTTP/1.1" 200 450 "-" "Mozilla/5.0 (compatible; MJ12bot/v1.4.8; http://mj12bot.com/)"
94.23.209.55 - - [13/Nov/2022:10:32:44 +0100] "GET /apps/school/www_old6/img/LevelC/Category1/LevelCCat1Lesson16/?C=M;O=A HTTP/1.1" 200 447 "-" "Mozilla/5.0 (compatible; MJ12bot/v1.4.8; http://mj12bot.com/)"
65.109.26.42 - - [13/Nov/2022:10:32:44 +0100] "GET /apps/school/www_old5/img/LevelE/Category1/LevelECat1Lesson44/?C=S;O=D HTTP/1.1" 200 450 "-" "Mozilla/5.0 (compatible; MJ12bot/v1.4.8; http://mj12bot.com/)"
65.109.26.42 - - [13/Nov/2022:10:32:46 +0100] "GET /apps/school/www_old5/img/LevelE/Category1/LevelECat1Lesson47/?C=D;O=D HTTP/1.1" 200 448 "-" "Mozilla/5.0 (compatible; MJ12bot/v1.4.8; http://mj12bot.com/)"
65.109.26.42 - - [13/Nov/2022:10:32:47 +0100] "GET /apps/school/www_old5/img/LevelE/Category1/LevelECat1Lesson47/?C=M;O=D HTTP/1.1" 200 448 "-" "Mozilla/5.0 (compatible; MJ12bot/v1.4.8; http://mj12bot.com/)"
94.23.209.55 - - [13/Nov/2022:10:32:48 +0100] "GET /apps/school/www_old6/img/LevelC/Category1/LevelCCat1Lesson16/?C=M;O=D HTTP/1.1" 200 446 "-" "Mozilla/5.0 (compatible; MJ12bot/v1.4.8; http://mj12bot.com/)"
65.109.26.42 - - [13/Nov/2022:10:32:49 +0100] "GET /apps/school/www_old5/img/LevelE/Category1/LevelECat1Lesson50/?C=D;O=A HTTP/1.1" 200 537 "-" "Mozilla/5.0 (compatible; MJ12bot/v1.4.8; http://mj12bot.com/)"
94.23.209.55 - - [13/Nov/2022:10:32:50 +0100] "GET /apps/school/www_old6/img/LevelC/Category1/LevelCCat1Lesson16/?C=N;O=A HTTP/1.1" 200 448 "-" "Mozilla/5.0 (compatible; MJ12bot/v1.4.8; http://mj12bot.com/)"
65.109.26.42 - - [13/Nov/2022:10:32:50 +0100] "GET /apps/school/www_old5/img/LevelE/Category1/LevelECat1Lesson50/?C=M;O=A HTTP/1.1" 200 536 "-" "Mozilla/5.0 (compatible; MJ12bot/v1.4.8; http://mj12bot.com/)"
65.109.26.42 - - [13/Nov/2022:10:32:52 +0100] "GET /apps/school/www_old5/img/LevelE/Category1/LevelECat1Lesson50/?C=N;O=D HTTP/1.1" 200 533 "-" "Mozilla/5.0 (compatible; MJ12bot/v1.4.8; http://mj12bot.com/)"
94.23.209.55 - - [13/Nov/2022:10:32:52 +0100] "GET /apps/school/www_old6/img/LevelC/Category1/LevelCCat1Lesson16/?C=N;O=D HTTP/1.1" 200 446 "-" "Mozilla/5.0 (compatible; MJ12bot/v1.4.8; http://mj12bot.com/)"
65.109.26.42 - - [13/Nov/2022:10:32:53 +0100] "GET /apps/school/www_old5/img/LevelE/Category1/LevelECat1Lesson50/?C=S;O=A HTTP/1.1" 200 536 "-" "Mozilla/5.0 (compatible; MJ12bot/v1.4.8; http://mj12bot.com/)"
65.109.26.42 - - [13/Nov/2022:10:32:55 +0100] "GET /apps/school/www_old5/img/LevelE/Category1/LevelECat1Lesson51/?C=N;O=A HTTP/1.1" 200 453 "-" "Mozilla/5.0 (compatible; MJ12bot/v1.4.8; http://mj12bot.com/)"
94.23.209.55 - - [13/Nov/2022:10:32:55 +0100] "GET /apps/school/www_old6/img/LevelC/Category1/LevelCCat1Lesson16/?C=S;O=A HTTP/1.1" 200 447 "-" "Mozilla/5.0 (compatible; MJ12bot/v1.4.8; http://mj12bot.com/)"
65.109.26.42 - - [13/Nov/2022:10:32:56 +0100] "GET /apps/school/www_old5/img/LevelE/Category2/LevelECat2Lesson01/?C=N;O=D HTTP/1.1" 200 483 "-" "Mozilla/5.0 (compatible; MJ12bot/v1.4.8; http://mj12bot.com/)"
94.23.209.55 - - [13/Nov/2022:10:32:57 +0100] "GET /apps/school/www_old6/img/LevelC/Category1/LevelCCat1Lesson16/?C=S;O=D HTTP/1.1" 200 446 "-" "Mozilla/5.0 (compatible; MJ12bot/v1.4.8; http://mj12bot.com/)"
65.109.26.42 - - [13/Nov/2022:10:32:58 +0100] "GET /apps/school/www_old5/img/LevelE/Category2/LevelECat2Lesson01/?C=S;O=D HTTP/1.1" 200 483 "-" "Mozilla/5.0 (compatible; MJ12bot/v1.4.8; http://mj12bot.com/)"
94.23.209.55 - - [13/Nov/2022:10:32:59 +0100] "GET /apps/school/www_old6/img/LevelC/Category1/LevelCCat1Lesson18/?C=D;O=A HTTP/1.1" 200 454 "-" "Mozilla/5.0 (compatible; MJ12bot/v1.4.8; http://mj12bot.com/)"
65.109.26.42 - - [13/Nov/2022:10:32:59 +0100] "GET /apps/school/www_old5/img/LevelE/Category2/LevelECat2Lesson02/?C=D;O=A HTTP/1.1" 200 486 "-" "Mozilla/5.0 (compatible; MJ12bot/v1.4.8; http://mj12bot.com/)"
94.23.209.55 - - [13/Nov/2022:10:33:00 +0100] "GET /apps/school/www_old6/img/LevelC/Category1/LevelCCat1Lesson18/?C=D;O=D HTTP/1.1" 200 452 "-" "Mozilla/5.0 (compatible; MJ12bot/v1.4.8; http://mj12bot.com/)"
65.109.26.42 - - [13/Nov/2022:10:33:01 +0100] "GET /apps/school/www_old5/img/LevelE/Category2/LevelECat2Lesson02/?C=D;O=D HTTP/1.1" 200 485 "-" "Mozilla/5.0 (compatible; MJ12bot/v1.4.8; http://mj12bot.com/)"
94.23.209.55 - - [13/Nov/2022:10:33:03 +0100] "GET /apps/school/www_old6/img/LevelC/Category1/LevelCCat1Lesson18/?C=M;O=A HTTP/1.1" 200 454 "-" "Mozilla/5.0 (compatible; MJ12bot/v1.4.8; http://mj12bot.com/)"
65.109.26.42 - - [13/Nov/2022:10:33:03 +0100] "GET /apps/school/www_old5/img/LevelE/Category2/LevelECat2Lesson02/?C=M;O=A HTTP/1.1" 200 486 "-" "Mozilla/5.0 (compatible; MJ12bot/v1.4.8; http://mj12bot.com/)"
65.109.26.42 - - [13/Nov/2022:10:33:04 +0100] "GET /apps/school/www_old5/img/LevelE/Category2/LevelECat2Lesson02/?C=M;O=D HTTP/1.1" 200 485 "-" "Mozilla/5.0 (compatible; MJ12bot/v1.4.8; http://mj12bot.com/)"
94.23.209.55 - - [13/Nov/2022:10:33:05 +0100] "GET /apps/school/www_old6/img/LevelC/Category1/LevelCCat1Lesson18/?C=M;O=D HTTP/1.1" 200 452 "-" "Mozilla/5.0 (compatible; MJ12bot/v1.4.8; http://mj12bot.com/)"
65.109.26.42 - - [13/Nov/2022:10:33:06 +0100] "GET /apps/school/www_old5/img/LevelE/Category2/LevelECat2Lesson02/?C=N;O=A HTTP/1.1" 200 486 "-" "Mozilla/5.0 (compatible; MJ12bot/v1.4.8; http://mj12bot.com/)"
65.109.26.42 - - [13/Nov/2022:10:33:07 +0100] "GET /apps/school/www_old5/img/LevelE/Category2/LevelECat2Lesson02/?C=N;O=D HTTP/1.1" 200 485 "-" "Mozilla/5.0 (compatible; MJ12bot/v1.4.8; http://mj12bot.com/)"
94.23.209.55 - - [13/Nov/2022:10:33:08 +0100] "GET /apps/school/www_old6/img/LevelC/Category1/LevelCCat1Lesson18/?C=N;O=A HTTP/1.1" 200 454 "-" "Mozilla/5.0 (compatible; MJ12bot/v1.4.8; http://mj12bot.com/)"
65.109.26.42 - - [13/Nov/2022:10:33:09 +0100] "GET /apps/school/www_old5/img/LevelE/Category2/LevelECat2Lesson04/?C=N;O=A HTTP/1.1" 200 477 "-" "Mozilla/5.0 (compatible; MJ12bot/v1.4.8; http://mj12bot.com/)"
94.23.209.55 - - [13/Nov/2022:10:33:10 +0100] "GET /apps/school/www_old6/img/LevelC/Category1/LevelCCat1Lesson18/?C=N;O=D HTTP/1.1" 200 452 "-" "Mozilla/5.0 (compatible; MJ12bot/v1.4.8; http://mj12bot.com/)"
65.109.26.42 - - [13/Nov/2022:10:33:10 +0100] "GET /apps/school/www_old5/img/LevelE/Category2/LevelECat2Lesson05/?C=N;O=D HTTP/1.1" 200 512 "-" "Mozilla/5.0 (compatible; MJ12bot/v1.4.8; http://mj12bot.com/)"
65.109.26.42 - - [13/Nov/2022:10:33:12 +0100] "GET /apps/school/www_old5/img/LevelE/Category2/LevelECat2Lesson05/?C=S;O=D HTTP/1.1" 200 510 "-" "Mozilla/5.0 (compatible; MJ12bot/v1.4.8; http://mj12bot.com/)"
94.23.209.55 - - [13/Nov/2022:10:33:12 +0100] "GET /apps/school/www_old6/img/LevelC/Category1/LevelCCat1Lesson18/?C=S;O=A HTTP/1.1" 200 454 "-" "Mozilla/5.0 (compatible; MJ12bot/v1.4.8; http://mj12bot.com/)"
65.109.26.42 - - [13/Nov/2022:10:33:13 +0100] "GET /apps/school/www_old5/img/LevelE/Category2/LevelECat2Lesson06/?C=D;O=A HTTP/1.1" 200 447 "-" "Mozilla/5.0 (compatible; MJ12bot/v1.4.8; http://mj12bot.com/)"
94.23.209.55 - - [13/Nov/2022:10:33:14 +0100] "GET /apps/school/www_old6/img/LevelC/Category1/LevelCCat1Lesson18/?C=S;O=D HTTP/1.1" 200 452 "-" "Mozilla/5.0 (compatible; MJ12bot/v1.4.8; http://mj12bot.com/)"
65.109.26.42 - - [13/Nov/2022:10:33:15 +0100] "GET /apps/school/www_old5/img/LevelE/Category2/LevelECat2Lesson06/?C=D;O=D HTTP/1.1" 200 445 "-" "Mozilla/5.0 (compatible; MJ12bot/v1.4.8; http://mj12bot.com/)"
65.109.26.42 - - [13/Nov/2022:10:33:16 +0100] "GET /apps/school/www_old5/img/LevelE/Category2/LevelECat2Lesson06/?C=M;O=A HTTP/1.1" 200 447 "-" "Mozilla/5.0 (compatible; MJ12bot/v1.4.8; http://mj12bot.com/)"
94.23.209.55 - - [13/Nov/2022:10:33:17 +0100] "GET /apps/school/www_old6/img/LevelC/Category1/LevelCCat1Lesson21/?C=N;O=A HTTP/1.1" 200 485 "-" "Mozilla/5.0 (compatible; MJ12bot/v1.4.8; http://mj12bot.com/)"
65.109.26.42 - - [13/Nov/2022:10:33:18 +0100] "GET /apps/school/www_old5/img/LevelE/Category2/LevelECat2Lesson06/?C=M;O=D HTTP/1.1" 200 445 "-" "Mozilla/5.0 (compatible; MJ12bot/v1.4.8; http://mj12bot.com/)"
94.23.209.55 - - [13/Nov/2022:10:33:19 +0100] "GET /apps/school/www_old6/img/LevelC/Category1/LevelCCat1Lesson22/?C=N;O=A HTTP/1.1" 200 455 "-" "Mozilla/5.0 (compatible; MJ12bot/v1.4.8; http://mj12bot.com/)"
65.109.26.42 - - [13/Nov/2022:10:33:20 +0100] "GET /apps/school/www_old5/img/LevelE/Category2/LevelECat2Lesson06/?C=N;O=A HTTP/1.1" 200 447 "-" "Mozilla/5.0 (compatible; MJ12bot/v1.4.8; http://mj12bot.com/)"
65.109.26.42 - - [13/Nov/2022:10:33:21 +0100] "GET /apps/school/www_old5/img/LevelE/Category2/LevelECat2Lesson06/?C=N;O=D HTTP/1.1" 200 445 "-" "Mozilla/5.0 (compatible; MJ12bot/v1.4.8; http://mj12bot.com/)"
66.249.64.157 - - [13/Nov/2022:10:33:21 +0100] "GET /favicon.ico HTTP/1.1" 404 209 "-" "Googlebot-Image/1.0"
94.23.209.55 - - [13/Nov/2022:10:33:21 +0100] "GET /apps/school/www_old6/img/LevelC/Category1/LevelCCat1Lesson24/?C=N;O=A HTTP/1.1" 200 452 "-" "Mozilla/5.0 (compatible; MJ12bot/v1.4.8; http://mj12bot.com/)"
65.109.26.42 - - [13/Nov/2022:10:33:23 +0100] "GET /apps/school/www_old5/img/LevelE/Category2/LevelECat2Lesson06/?C=S;O=A HTTP/1.1" 200 447 "-" "Mozilla/5.0 (compatible; MJ12bot/v1.4.8; http://mj12bot.com/)"
94.23.209.55 - - [13/Nov/2022:10:33:24 +0100] "GET /apps/school/www_old6/img/LevelC/Category1/LevelCCat1Lesson25/?C=N;O=A HTTP/1.1" 200 455 "-" "Mozilla/5.0 (compatible; MJ12bot/v1.4.8; http://mj12bot.com/)"
65.109.26.42 - - [13/Nov/2022:10:33:24 +0100] "GET /apps/school/www_old5/img/LevelE/Category2/LevelECat2Lesson08/?C=D;O=A HTTP/1.1" 200 611 "-" "Mozilla/5.0 (compatible; MJ12bot/v1.4.8; http://mj12bot.com/)"
65.109.26.42 - - [13/Nov/2022:10:33:26 +0100] "GET /apps/school/www_old5/img/LevelE/Category2/LevelECat2Lesson08/?C=M;O=A HTTP/1.1" 200 610 "-" "Mozilla/5.0 (compatible; MJ12bot/v1.4.8; http://mj12bot.com/)"
94.23.209.55 - - [13/Nov/2022:10:33:26 +0100] "GET /apps/school/www_old6/img/LevelC/Category1/LevelCCat1Lesson27/?C=N;O=A HTTP/1.1" 200 450 "-" "Mozilla/5.0 (compatible; MJ12bot/v1.4.8; http://mj12bot.com/)"
65.109.26.42 - - [13/Nov/2022:10:33:27 +0100] "GET /apps/school/www_old5/img/LevelE/Category2/LevelECat2Lesson08/?C=N;O=A HTTP/1.1" 200 611 "-" "Mozilla/5.0 (compatible; MJ12bot/v1.4.8; http://mj12bot.com/)"
94.23.209.55 - - [13/Nov/2022:10:33:28 +0100] "GET /apps/school/www_old6/img/LevelC/Category2/?C=N;O=D HTTP/1.1" 200 547 "-" "Mozilla/5.0 (compatible; MJ12bot/v1.4.8; http://mj12bot.com/)"
65.109.26.42 - - [13/Nov/2022:10:33:29 +0100] "GET /apps/school/www_old5/img/LevelE/Category2/LevelECat2Lesson08/?C=N;O=D HTTP/1.1" 200 604 "-" "Mozilla/5.0 (compatible; MJ12bot/v1.4.8; http://mj12bot.com/)"
94.23.209.55 - - [13/Nov/2022:10:33:30 +0100] "GET /apps/school/www_old6/img/LevelC/Category2/LevelCCat2Lesson05/?C=M;O=D HTTP/1.1" 200 541 "-" "Mozilla/5.0 (compatible; MJ12bot/v1.4.8; http://mj12bot.com/)"
65.109.26.42 - - [13/Nov/2022:10:33:30 +0100] "GET /apps/school/www_old5/img/LevelE/Category2/LevelECat2Lesson08/?C=S;O=A HTTP/1.1" 200 616 "-" "Mozilla/5.0 (compatible; MJ12bot/v1.4.8; http://mj12bot.com/)"
65.109.26.42 - - [13/Nov/2022:10:33:32 +0100] "GET /apps/school/www_old5/img/LevelE/Category2/LevelECat2Lesson08/?C=S;O=D HTTP/1.1" 200 610 "-" "Mozilla/5.0 (compatible; MJ12bot/v1.4.8; http://mj12bot.com/)"
94.23.209.55 - - [13/Nov/2022:10:33:32 +0100] "GET /apps/school/www_old6/img/LevelC/Category2/LevelCCat2Lesson12/?C=M;O=A HTTP/1.1" 200 565 "-" "Mozilla/5.0 (compatible; MJ12bot/v1.4.8; http://mj12bot.com/)"
65.109.26.42 - - [13/Nov/2022:10:33:33 +0100] "GET /apps/school/www_old5/img/LevelE/Category2/LevelECat2Lesson09/?C=D;O=A HTTP/1.1" 200 448 "-" "Mozilla/5.0 (compatible; MJ12bot/v1.4.8; http://mj12bot.com/)"
65.109.26.42 - - [13/Nov/2022:10:33:35 +0100] "GET /apps/school/www_old5/img/LevelE/Category2/LevelECat2Lesson09/?C=D;O=D HTTP/1.1" 200 446 "-" "Mozilla/5.0 (compatible; MJ12bot/v1.4.8; http://mj12bot.com/)"
94.23.209.55 - - [13/Nov/2022:10:33:35 +0100] "GET /apps/school/www_old6/img/LevelC/Category2/LevelCCat2Lesson12/?C=N;O=D HTTP/1.1" 200 569 "-" "Mozilla/5.0 (compatible; MJ12bot/v1.4.8; http://mj12bot.com/)"
65.109.26.42 - - [13/Nov/2022:10:33:36 +0100] "GET /apps/school/www_old5/img/LevelE/Category2/LevelECat2Lesson09/?C=M;O=A HTTP/1.1" 200 448 "-" "Mozilla/5.0 (compatible; MJ12bot/v1.4.8; http://mj12bot.com/)"
94.23.209.55 - - [13/Nov/2022:10:33:37 +0100] "GET /apps/school/www_old6/img/LevelC/Category2/LevelCCat2Lesson12/?C=S;O=A HTTP/1.1" 200 565 "-" "Mozilla/5.0 (compatible; MJ12bot/v1.4.8; http://mj12bot.com/)"
65.109.26.42 - - [13/Nov/2022:10:33:38 +0100] "GET /apps/school/www_old5/img/LevelE/Category2/LevelECat2Lesson09/?C=N;O=A HTTP/1.1" 200 448 "-" "Mozilla/5.0 (compatible; MJ12bot/v1.4.8; http://mj12bot.com/)"
94.23.209.55 - - [13/Nov/2022:10:33:39 +0100] "GET /apps/school/www_old6/img/LevelC/Category2/LevelCCat2Lesson13/?C=D;O=A HTTP/1.1" 200 584 "-" "Mozilla/5.0 (compatible; MJ12bot/v1.4.8; http://mj12bot.com/)"
65.109.26.42 - - [13/Nov/2022:10:33:39 +0100] "GET /apps/school/www_old5/img/LevelE/Category2/LevelECat2Lesson09/?C=N;O=D HTTP/1.1" 200 446 "-" "Mozilla/5.0 (compatible; MJ12bot/v1.4.8; http://mj12bot.com/)"
65.109.26.42 - - [13/Nov/2022:10:33:41 +0100] "GET /apps/school/www_old5/img/LevelE/Category2/LevelECat2Lesson09/?C=S;O=A HTTP/1.1" 200 448 "-" "Mozilla/5.0 (compatible; MJ12bot/v1.4.8; http://mj12bot.com/)"
94.23.209.55 - - [13/Nov/2022:10:33:41 +0100] "GET /apps/school/www_old6/img/LevelC/Category2/LevelCCat2Lesson13/?C=N;O=A HTTP/1.1" 200 584 "-" "Mozilla/5.0 (compatible; MJ12bot/v1.4.8; http://mj12bot.com/)"
65.109.26.42 - - [13/Nov/2022:10:33:42 +0100] "GET /apps/school/www_old5/img/LevelE/Category2/LevelECat2Lesson09/?C=S;O=D HTTP/1.1" 200 446 "-" "Mozilla/5.0 (compatible; MJ12bot/v1.4.8; http://mj12bot.com/)"
94.23.209.55 - - [13/Nov/2022:10:33:43 +0100] "GET /apps/school/www_old6/img/LevelC/Category2/LevelCCat2Lesson13/?C=S;O=A HTTP/1.1" 200 585 "-" "Mozilla/5.0 (compatible; MJ12bot/v1.4.8; http://mj12bot.com/)"
65.109.26.42 - - [13/Nov/2022:10:33:44 +0100] "GET /apps/school/www_old5/img/LevelE/Category2/LevelECat2Lesson11/?C=D;O=A HTTP/1.1" 200 481 "-" "Mozilla/5.0 (compatible; MJ12bot/v1.4.8; http://mj12bot.com/)"
94.23.209.55 - - [13/Nov/2022:10:33:45 +0100] "GET /apps/school/www_old6/img/LevelC/Category2/LevelCCat2Lesson15/?C=D;O=A HTTP/1.1" 200 494 "-" "Mozilla/5.0 (compatible; MJ12bot/v1.4.8; http://mj12bot.com/)"
65.109.26.42 - - [13/Nov/2022:10:33:46 +0100] "GET /apps/school/www_old5/img/LevelE/Category2/LevelECat2Lesson11/?C=M;O=A HTTP/1.1" 200 481 "-" "Mozilla/5.0 (compatible; MJ12bot/v1.4.8; http://mj12bot.com/)"
65.109.26.42 - - [13/Nov/2022:10:33:47 +0100] "GET /apps/school/www_old5/img/LevelE/Category2/LevelECat2Lesson11/?C=N;O=D HTTP/1.1" 200 479 "-" "Mozilla/5.0 (compatible; MJ12bot/v1.4.8; http://mj12bot.com/)"
94.23.209.55 - - [13/Nov/2022:10:33:48 +0100] "GET /apps/school/www_old6/img/LevelC/Category2/LevelCCat2Lesson15/?C=M;O=A HTTP/1.1" 200 495 "-" "Mozilla/5.0 (compatible; MJ12bot/v1.4.8; http://mj12bot.com/)"
65.109.26.42 - - [13/Nov/2022:10:33:49 +0100] "GET /apps/school/www_old5/img/LevelE/Category2/LevelECat2Lesson11/?C=S;O=A HTTP/1.1" 200 482 "-" "Mozilla/5.0 (compatible; MJ12bot/v1.4.8; http://mj12bot.com/)"
94.23.209.55 - - [13/Nov/2022:10:33:50 +0100] "GET /apps/school/www_old6/img/LevelC/Category2/LevelCCat2Lesson15/?C=N;O=A HTTP/1.1" 200 494 "-" "Mozilla/5.0 (compatible; MJ12bot/v1.4.8; http://mj12bot.com/)"
65.109.26.42 - - [13/Nov/2022:10:33:50 +0100] "GET /apps/school/www_old5/img/LevelE/Category2/LevelECat2Lesson12/?C=N;O=A HTTP/1.1" 200 539 "-" "Mozilla/5.0 (compatible; MJ12bot/v1.4.8; http://mj12bot.com/)"
94.23.209.55 - - [13/Nov/2022:10:33:52 +0100] "GET /apps/school/www_old6/img/LevelC/Category2/LevelCCat2Lesson15/?C=S;O=A HTTP/1.1" 200 496 "-" "Mozilla/5.0 (compatible; MJ12bot/v1.4.8; http://mj12bot.com/)"
65.109.26.42 - - [13/Nov/2022:10:33:52 +0100] "GET /apps/school/www_old5/img/LevelE/Category2/LevelECat2Lesson13/?C=D;O=A HTTP/1.1" 200 449 "-" "Mozilla/5.0 (compatible; MJ12bot/v1.4.8; http://mj12bot.com/)"
65.109.26.42 - - [13/Nov/2022:10:33:53 +0100] "GET /apps/school/www_old5/img/LevelE/Category2/LevelECat2Lesson13/?C=D;O=D HTTP/1.1" 200 448 "-" "Mozilla/5.0 (compatible; MJ12bot/v1.4.8; http://mj12bot.com/)"
94.23.209.55 - - [13/Nov/2022:10:33:54 +0100] "GET /apps/school/www_old6/img/LevelC/Category2/LevelCCat2Lesson16/?C=D;O=A HTTP/1.1" 200 517 "-" "Mozilla/5.0 (compatible; MJ12bot/v1.4.8; http://mj12bot.com/)"
65.109.26.42 - - [13/Nov/2022:10:33:55 +0100] "GET /apps/school/www_old5/img/LevelE/Category2/LevelECat2Lesson13/?C=M;O=A HTTP/1.1" 200 450 "-" "Mozilla/5.0 (compatible; MJ12bot/v1.4.8; http://mj12bot.com/)"
65.109.26.42 - - [13/Nov/2022:10:33:56 +0100] "GET /apps/school/www_old5/img/LevelE/Category2/LevelECat2Lesson13/?C=M;O=D HTTP/1.1" 200 448 "-" "Mozilla/5.0 (compatible; MJ12bot/v1.4.8; http://mj12bot.com/)"
94.23.209.55 - - [13/Nov/2022:10:33:57 +0100] "GET /apps/school/www_old6/img/LevelC/Category2/LevelCCat2Lesson16/?C=M;O=A HTTP/1.1" 200 514 "-" "Mozilla/5.0 (compatible; MJ12bot/v1.4.8; http://mj12bot.com/)"
65.109.26.42 - - [13/Nov/2022:10:33:58 +0100] "GET /apps/school/www_old5/img/LevelE/Category2/LevelECat2Lesson13/?C=N;O=A HTTP/1.1" 200 449 "-" "Mozilla/5.0 (compatible; MJ12bot/v1.4.8; http://mj12bot.com/)"
94.23.209.55 - - [13/Nov/2022:10:33:59 +0100] "GET /apps/school/www_old6/img/LevelC/Category2/LevelCCat2Lesson16/?C=N;O=A HTTP/1.1" 200 517 "-" "Mozilla/5.0 (compatible; MJ12bot/v1.4.8; http://mj12bot.com/)"
65.109.26.42 - - [13/Nov/2022:10:34:00 +0100] "GET /apps/school/www_old5/img/LevelE/Category2/LevelECat2Lesson13/?C=N;O=D HTTP/1.1" 200 448 "-" "Mozilla/5.0 (compatible; MJ12bot/v1.4.8; http://mj12bot.com/)"
94.23.209.55 - - [13/Nov/2022:10:34:01 +0100] "GET /apps/school/www_old6/img/LevelC/Category2/LevelCCat2Lesson16/?C=S;O=A HTTP/1.1" 200 524 "-" "Mozilla/5.0 (compatible; MJ12bot/v1.4.8; http://mj12bot.com/)"
65.109.26.42 - - [13/Nov/2022:10:34:01 +0100] "GET /apps/school/www_old5/img/LevelE/Category2/LevelECat2Lesson13/?C=S;O=A HTTP/1.1" 200 450 "-" "Mozilla/5.0 (compatible; MJ12bot/v1.4.8; http://mj12bot.com/)"
65.109.26.42 - - [13/Nov/2022:10:34:03 +0100] "GET /apps/school/www_old5/img/LevelE/Category2/LevelECat2Lesson14/?C=D;O=A HTTP/1.1" 200 829 "-" "Mozilla/5.0 (compatible; MJ12bot/v1.4.8; http://mj12bot.com/)"
94.23.209.55 - - [13/Nov/2022:10:34:03 +0100] "GET /apps/school/www_old6/img/LevelC/Category2/LevelCCat2Lesson18/?C=D;O=A HTTP/1.1" 200 526 "-" "Mozilla/5.0 (compatible; MJ12bot/v1.4.8; http://mj12bot.com/)"
65.109.26.42 - - [13/Nov/2022:10:34:04 +0100] "GET /apps/school/www_old5/img/LevelE/Category2/LevelECat2Lesson14/?C=D;O=D HTTP/1.1" 200 841 "-" "Mozilla/5.0 (compatible; MJ12bot/v1.4.8; http://mj12bot.com/)"
94.23.209.55 - - [13/Nov/2022:10:34:05 +0100] "GET /apps/school/www_old6/img/LevelC/Category2/LevelCCat2Lesson18/?C=M;O=A HTTP/1.1" 200 526 "-" "Mozilla/5.0 (compatible; MJ12bot/v1.4.8; http://mj12bot.com/)"
65.109.26.42 - - [13/Nov/2022:10:34:06 +0100] "GET /apps/school/www_old5/img/LevelE/Category2/LevelECat2Lesson14/?C=M;O=A HTTP/1.1" 200 824 "-" "Mozilla/5.0 (compatible; MJ12bot/v1.4.8; http://mj12bot.com/)"
94.23.209.55 - - [13/Nov/2022:10:34:07 +0100] "GET /apps/school/www_old6/img/LevelC/Category2/LevelCCat2Lesson18/?C=S;O=A HTTP/1.1" 200 527 "-" "Mozilla/5.0 (compatible; MJ12bot/v1.4.8; http://mj12bot.com/)"
65.109.26.42 - - [13/Nov/2022:10:34:08 +0100] "GET /apps/school/www_old5/img/LevelE/Category2/LevelECat2Lesson14/?C=N;O=A HTTP/1.1" 200 829 "-" "Mozilla/5.0 (compatible; MJ12bot/v1.4.8; http://mj12bot.com/)"
65.109.26.42 - - [13/Nov/2022:10:34:09 +0100] "GET /apps/school/www_old5/img/LevelE/Category2/LevelECat2Lesson14/?C=N;O=D HTTP/1.1" 200 841 "-" "Mozilla/5.0 (compatible; MJ12bot/v1.4.8; http://mj12bot.com/)"
94.23.209.55 - - [13/Nov/2022:10:34:09 +0100] "GET /apps/school/www_old6/img/LevelC/Category3/?C=S;O=D HTTP/1.1" 200 597 "-" "Mozilla/5.0 (compatible; MJ12bot/v1.4.8; http://mj12bot.com/)"
65.109.26.42 - - [13/Nov/2022:10:34:11 +0100] "GET /apps/school/www_old5/img/LevelE/Category2/LevelECat2Lesson14/?C=S;O=A HTTP/1.1" 200 844 "-" "Mozilla/5.0 (compatible; MJ12bot/v1.4.8; http://mj12bot.com/)"
94.23.209.55 - - [13/Nov/2022:10:34:11 +0100] "GET /apps/school/www_old6/img/LevelC/Category3/LevelCCat3Lesson05/?C=D;O=A HTTP/1.1" 200 490 "-" "Mozilla/5.0 (compatible; MJ12bot/v1.4.8; http://mj12bot.com/)"
65.109.26.42 - - [13/Nov/2022:10:34:13 +0100] "GET /apps/school/www_old5/img/LevelE/Category2/LevelECat2Lesson18/?C=D;O=A HTTP/1.1" 200 569 "-" "Mozilla/5.0 (compatible; MJ12bot/v1.4.8; http://mj12bot.com/)"
94.23.209.55 - - [13/Nov/2022:10:34:13 +0100] "GET /apps/school/www_old6/img/LevelC/Category3/LevelCCat3Lesson05/?C=M;O=A HTTP/1.1" 200 490 "-" "Mozilla/5.0 (compatible; MJ12bot/v1.4.8; http://mj12bot.com/)"
65.109.26.42 - - [13/Nov/2022:10:34:14 +0100] "GET /apps/school/www_old5/img/LevelE/Category2/LevelECat2Lesson18/?C=D;O=D HTTP/1.1" 200 568 "-" "Mozilla/5.0 (compatible; MJ12bot/v1.4.8; http://mj12bot.com/)"
94.23.209.55 - - [13/Nov/2022:10:34:15 +0100] "GET /apps/school/www_old6/img/LevelC/Category3/LevelCCat3Lesson05/?C=N;O=A HTTP/1.1" 200 490 "-" "Mozilla/5.0 (compatible; MJ12bot/v1.4.8; http://mj12bot.com/)"
65.109.26.42 - - [13/Nov/2022:10:34:16 +0100] "GET /apps/school/www_old5/img/LevelE/Category2/LevelECat2Lesson18/?C=M;O=D HTTP/1.1" 200 565 "-" "Mozilla/5.0 (compatible; MJ12bot/v1.4.8; http://mj12bot.com/)"
94.23.209.55 - - [13/Nov/2022:10:34:17 +0100] "GET /apps/school/www_old6/img/LevelC/Category3/LevelCCat3Lesson05/?C=S;O=A HTTP/1.1" 200 490 "-" "Mozilla/5.0 (compatible; MJ12bot/v1.4.8; http://mj12bot.com/)"
65.109.26.42 - - [13/Nov/2022:10:34:18 +0100] "GET /apps/school/www_old5/img/LevelE/Category2/LevelECat2Lesson18/?C=N;O=A HTTP/1.1" 200 569 "-" "Mozilla/5.0 (compatible; MJ12bot/v1.4.8; http://mj12bot.com/)"
94.23.209.55 - - [13/Nov/2022:10:34:19 +0100] "GET /apps/school/www_old6/img/LevelC/Category3/LevelCCat3Lesson06/?C=D;O=A HTTP/1.1" 200 471 "-" "Mozilla/5.0 (compatible; MJ12bot/v1.4.8; http://mj12bot.com/)"
65.109.26.42 - - [13/Nov/2022:10:34:19 +0100] "GET /apps/school/www_old5/img/LevelE/Category2/LevelECat2Lesson18/?C=N;O=D HTTP/1.1" 200 568 "-" "Mozilla/5.0 (compatible; MJ12bot/v1.4.8; http://mj12bot.com/)"
65.109.26.42 - - [13/Nov/2022:10:34:21 +0100] "GET /apps/school/www_old5/img/LevelE/Category2/LevelECat2Lesson18/?C=S;O=A HTTP/1.1" 200 569 "-" "Mozilla/5.0 (compatible; MJ12bot/v1.4.8; http://mj12bot.com/)"
94.23.209.55 - - [13/Nov/2022:10:34:21 +0100] "GET /apps/school/www_old6/img/LevelC/Category3/LevelCCat3Lesson06/?C=M;O=A HTTP/1.1" 200 471 "-" "Mozilla/5.0 (compatible; MJ12bot/v1.4.8; http://mj12bot.com/)"
65.109.26.42 - - [13/Nov/2022:10:34:22 +0100] "GET /apps/school/www_old5/img/LevelE/Category2/LevelECat2Lesson18/?C=S;O=D HTTP/1.1" 200 566 "-" "Mozilla/5.0 (compatible; MJ12bot/v1.4.8; http://mj12bot.com/)"
94.23.209.55 - - [13/Nov/2022:10:34:23 +0100] "GET /apps/school/www_old6/img/LevelC/Category3/LevelCCat3Lesson06/?C=N;O=D HTTP/1.1" 200 469 "-" "Mozilla/5.0 (compatible; MJ12bot/v1.4.8; http://mj12bot.com/)"
65.109.26.42 - - [13/Nov/2022:10:34:24 +0100] "GET /apps/school/www_old5/img/LevelE/Category2/LevelECat2Lesson19/?C=N;O=A HTTP/1.1" 200 446 "-" "Mozilla/5.0 (compatible; MJ12bot/v1.4.8; http://mj12bot.com/)"
94.23.209.55 - - [13/Nov/2022:10:34:25 +0100] "GET /apps/school/www_old6/img/LevelC/Category3/LevelCCat3Lesson06/?C=S;O=A HTTP/1.1" 200 471 "-" "Mozilla/5.0 (compatible; MJ12bot/v1.4.8; http://mj12bot.com/)"
65.109.26.42 - - [13/Nov/2022:10:34:26 +0100] "GET /apps/school/www_old5/img/LevelE/Category2/LevelECat2Lesson20/?C=N;O=D HTTP/1.1" 200 781 "-" "Mozilla/5.0 (compatible; MJ12bot/v1.4.8; http://mj12bot.com/)"
94.23.209.55 - - [13/Nov/2022:10:34:27 +0100] "GET /apps/school/www_old6/img/LevelC/Category3/LevelCCat3Lesson07/?C=D;O=A HTTP/1.1" 200 571 "-" "Mozilla/5.0 (compatible; MJ12bot/v1.4.8; http://mj12bot.com/)"
65.109.26.42 - - [13/Nov/2022:10:34:27 +0100] "GET /apps/school/www_old5/img/LevelE/Category2/LevelECat2Lesson21/?C=D;O=A HTTP/1.1" 200 446 "-" "Mozilla/5.0 (compatible; MJ12bot/v1.4.8; http://mj12bot.com/)"
94.23.209.55 - - [13/Nov/2022:10:34:29 +0100] "GET /apps/school/www_old6/img/LevelC/Category3/LevelCCat3Lesson07/?C=M;O=A HTTP/1.1" 200 570 "-" "Mozilla/5.0 (compatible; MJ12bot/v1.4.8; http://mj12bot.com/)"
110.51.201.73 - - [13/Nov/2022:10:34:29 +0100] "GET / HTTP/1.0" 400 362 "-" "-"
65.109.26.42 - - [13/Nov/2022:10:34:29 +0100] "GET /apps/school/www_old5/img/LevelE/Category2/LevelECat2Lesson21/?C=M;O=A HTTP/1.1" 200 446 "-" "Mozilla/5.0 (compatible; MJ12bot/v1.4.8; http://mj12bot.com/)"
65.109.26.42 - - [13/Nov/2022:10:34:31 +0100] "GET /apps/school/www_old5/img/LevelE/Category2/LevelECat2Lesson21/?C=N;O=D HTTP/1.1" 200 444 "-" "Mozilla/5.0 (compatible; MJ12bot/v1.4.8; http://mj12bot.com/)"
94.23.209.55 - - [13/Nov/2022:10:34:31 +0100] "GET /apps/school/www_old6/img/LevelC/Category3/LevelCCat3Lesson07/?C=N;O=A HTTP/1.1" 200 571 "-" "Mozilla/5.0 (compatible; MJ12bot/v1.4.8; http://mj12bot.com/)"
65.109.26.42 - - [13/Nov/2022:10:34:32 +0100] "GET /apps/school/www_old5/img/LevelE/Category2/LevelECat2Lesson21/?C=S;O=A HTTP/1.1" 200 446 "-" "Mozilla/5.0 (compatible; MJ12bot/v1.4.8; http://mj12bot.com/)"
65.109.26.42 - - [13/Nov/2022:10:34:34 +0100] "GET /apps/school/www_old5/img/LevelE/Category2/LevelECat2Lesson24/?C=N;O=D HTTP/1.1" 200 491 "-" "Mozilla/5.0 (compatible; MJ12bot/v1.4.8; http://mj12bot.com/)"
94.23.209.55 - - [13/Nov/2022:10:34:35 +0100] "GET /apps/school/www_old6/img/LevelC/Category3/LevelCCat3Lesson07/?C=S;O=A HTTP/1.1" 200 570 "-" "Mozilla/5.0 (compatible; MJ12bot/v1.4.8; http://mj12bot.com/)"
65.109.26.42 - - [13/Nov/2022:10:34:36 +0100] "GET /apps/school/www_old5/img/LevelE/Category2/LevelECat2Lesson25/?C=N;O=D HTTP/1.1" 200 560 "-" "Mozilla/5.0 (compatible; MJ12bot/v1.4.8; http://mj12bot.com/)"
65.109.26.42 - - [13/Nov/2022:10:34:37 +0100] "GET /apps/school/www_old5/img/LevelE/Category3/LevelECat3Lesson01/?C=M;O=D HTTP/1.1" 200 446 "-" "Mozilla/5.0 (compatible; MJ12bot/v1.4.8; http://mj12bot.com/)"
94.23.209.55 - - [13/Nov/2022:10:34:38 +0100] "GET /apps/school/www_old6/img/LevelC/Category3/LevelCCat3Lesson07/Thumbs.db HTTP/1.1" 200 202240 "-" "Mozilla/5.0 (compatible; MJ12bot/v1.4.8; http://mj12bot.com/)"
65.109.26.42 - - [13/Nov/2022:10:34:39 +0100] "GET /apps/school/www_old5/img/LevelE/Category3/LevelECat3Lesson04/?C=N;O=A HTTP/1.1" 200 451 "-" "Mozilla/5.0 (compatible; MJ12bot/v1.4.8; http://mj12bot.com/)"
94.23.209.55 - - [13/Nov/2022:10:34:40 +0100] "GET /apps/school/www_old6/img/LevelC/Category3/LevelCCat3Lesson08/?C=D;O=A HTTP/1.1" 200 559 "-" "Mozilla/5.0 (compatible; MJ12bot/v1.4.8; http://mj12bot.com/)"
65.109.26.42 - - [13/Nov/2022:10:34:41 +0100] "GET /apps/school/www_old5/img/LevelE/Category3/LevelECat3Lesson08/?C=N;O=A HTTP/1.1" 200 581 "-" "Mozilla/5.0 (compatible; MJ12bot/v1.4.8; http://mj12bot.com/)"
65.109.26.42 - - [13/Nov/2022:10:34:42 +0100] "GET /apps/school/www_old5/img/LevelE/Category3/LevelECat3Lesson09/?C=N;O=A HTTP/1.1" 200 498 "-" "Mozilla/5.0 (compatible; MJ12bot/v1.4.8; http://mj12bot.com/)"
94.23.209.55 - - [13/Nov/2022:10:34:42 +0100] "GET /apps/school/www_old6/img/LevelC/Category3/LevelCCat3Lesson08/?C=M;O=A HTTP/1.1" 200 560 "-" "Mozilla/5.0 (compatible; MJ12bot/v1.4.8; http://mj12bot.com/)"
65.109.26.42 - - [13/Nov/2022:10:34:44 +0100] "GET /apps/school/www_old5/img/LevelE/Category3/LevelECat3Lesson10/?C=N;O=A HTTP/1.1" 200 448 "-" "Mozilla/5.0 (compatible; MJ12bot/v1.4.8; http://mj12bot.com/)"
65.109.26.42 - - [13/Nov/2022:10:34:46 +0100] "GET /apps/school/www_old5/img/LevelE/Category3/LevelECat3Lesson11/?C=N;O=A HTTP/1.1" 200 445 "-" "Mozilla/5.0 (compatible; MJ12bot/v1.4.8; http://mj12bot.com/)"
94.23.209.55 - - [13/Nov/2022:10:34:46 +0100] "GET /apps/school/www_old6/img/LevelC/Category3/LevelCCat3Lesson08/?C=N;O=A HTTP/1.1" 200 559 "-" "Mozilla/5.0 (compatible; MJ12bot/v1.4.8; http://mj12bot.com/)"
65.109.26.42 - - [13/Nov/2022:10:34:47 +0100] "GET /apps/school/www_old5/img/LevelE/Category3/LevelECat3Lesson23/?C=D;O=A HTTP/1.1" 200 444 "-" "Mozilla/5.0 (compatible; MJ12bot/v1.4.8; http://mj12bot.com/)"
94.23.209.55 - - [13/Nov/2022:10:34:48 +0100] "GET /apps/school/www_old6/img/LevelC/Category3/LevelCCat3Lesson08/?C=S;O=A HTTP/1.1" 200 558 "-" "Mozilla/5.0 (compatible; MJ12bot/v1.4.8; http://mj12bot.com/)"
65.109.26.42 - - [13/Nov/2022:10:34:49 +0100] "GET /apps/school/www_old5/img/LevelE/Category3/LevelECat3Lesson23/?C=M;O=A HTTP/1.1" 200 444 "-" "Mozilla/5.0 (compatible; MJ12bot/v1.4.8; http://mj12bot.com/)"
65.109.26.42 - - [13/Nov/2022:10:34:50 +0100] "GET /apps/school/www_old5/img/LevelE/Category3/LevelECat3Lesson23/?C=N;O=D HTTP/1.1" 200 442 "-" "Mozilla/5.0 (compatible; MJ12bot/v1.4.8; http://mj12bot.com/)"
94.23.209.55 - - [13/Nov/2022:10:34:50 +0100] "GET /apps/school/www_old6/img/LevelC/Category3/LevelCCat3Lesson12/?C=D;O=A HTTP/1.1" 200 488 "-" "Mozilla/5.0 (compatible; MJ12bot/v1.4.8; http://mj12bot.com/)"
65.109.26.42 - - [13/Nov/2022:10:34:52 +0100] "GET /apps/school/www_old5/img/LevelE/Category3/LevelECat3Lesson23/?C=S;O=A HTTP/1.1" 200 444 "-" "Mozilla/5.0 (compatible; MJ12bot/v1.4.8; http://mj12bot.com/)"
65.109.26.42 - - [13/Nov/2022:10:34:54 +0100] "GET /apps/school/www_old5/img/LevelE/Category3/LevelECat3Lesson24/?C=D;O=A HTTP/1.1" 200 445 "-" "Mozilla/5.0 (compatible; MJ12bot/v1.4.8; http://mj12bot.com/)"
94.23.209.55 - - [13/Nov/2022:10:34:54 +0100] "GET /apps/school/www_old6/img/LevelC/Category3/LevelCCat3Lesson12/?C=M;O=A HTTP/1.1" 200 488 "-" "Mozilla/5.0 (compatible; MJ12bot/v1.4.8; http://mj12bot.com/)"
65.109.26.42 - - [13/Nov/2022:10:34:55 +0100] "GET /apps/school/www_old5/img/LevelE/Category3/LevelECat3Lesson24/?C=N;O=A HTTP/1.1" 200 445 "-" "Mozilla/5.0 (compatible; MJ12bot/v1.4.8; http://mj12bot.com/)"
94.23.209.55 - - [13/Nov/2022:10:34:56 +0100] "GET /apps/school/www_old6/img/LevelC/Category3/LevelCCat3Lesson12/?C=N;O=A HTTP/1.1" 200 488 "-" "Mozilla/5.0 (compatible; MJ12bot/v1.4.8; http://mj12bot.com/)"
65.109.26.42 - - [13/Nov/2022:10:34:57 +0100] "GET /apps/school/www_old5/img/LevelE/Category3/LevelECat3Lesson26/?C=D;O=A HTTP/1.1" 200 502 "-" "Mozilla/5.0 (compatible; MJ12bot/v1.4.8; http://mj12bot.com/)"
94.23.209.55 - - [13/Nov/2022:10:34:58 +0100] "GET /apps/school/www_old6/img/LevelC/Category3/LevelCCat3Lesson18/?C=M;O=A HTTP/1.1" 200 494 "-" "Mozilla/5.0 (compatible; MJ12bot/v1.4.8; http://mj12bot.com/)"
65.109.26.42 - - [13/Nov/2022:10:34:58 +0100] "GET /apps/school/www_old5/img/LevelE/Category3/LevelECat3Lesson26/?C=M;O=A HTTP/1.1" 200 502 "-" "Mozilla/5.0 (compatible; MJ12bot/v1.4.8; http://mj12bot.com/)"
94.23.209.55 - - [13/Nov/2022:10:35:00 +0100] "GET /apps/school/www_old6/img/LevelC/Category3/LevelCCat3Lesson18/?C=N;O=A HTTP/1.1" 200 494 "-" "Mozilla/5.0 (compatible; MJ12bot/v1.4.8; http://mj12bot.com/)"
65.109.26.42 - - [13/Nov/2022:10:35:00 +0100] "GET /apps/school/www_old5/img/LevelE/Category3/LevelECat3Lesson26/?C=N;O=D HTTP/1.1" 200 501 "-" "Mozilla/5.0 (compatible; MJ12bot/v1.4.8; http://mj12bot.com/)"
65.109.26.42 - - [13/Nov/2022:10:35:02 +0100] "GET /apps/school/www_old5/img/LevelE/Category3/LevelECat3Lesson26/?C=S;O=A HTTP/1.1" 200 502 "-" "Mozilla/5.0 (compatible; MJ12bot/v1.4.8; http://mj12bot.com/)"
94.23.209.55 - - [13/Nov/2022:10:35:02 +0100] "GET /apps/school/www_old6/img/LevelC/Category3/LevelCCat3Lesson18/?C=S;O=A HTTP/1.1" 200 494 "-" "Mozilla/5.0 (compatible; MJ12bot/v1.4.8; http://mj12bot.com/)"
65.109.26.42 - - [13/Nov/2022:10:35:04 +0100] "GET /apps/school/www_old5/img/LevelE/Category3/LevelECat3Lesson27/?C=D;O=D HTTP/1.1" 200 678 "-" "Mozilla/5.0 (compatible; MJ12bot/v1.4.8; http://mj12bot.com/)"
94.23.209.55 - - [13/Nov/2022:10:35:04 +0100] "GET /apps/school/www_old6/img/LevelD/Category1/?C=D;O=D HTTP/1.1" 200 656 "-" "Mozilla/5.0 (compatible; MJ12bot/v1.4.8; http://mj12bot.com/)"
65.109.26.42 - - [13/Nov/2022:10:35:05 +0100] "GET /apps/school/www_old5/img/LevelE/Category3/LevelECat3Lesson30/?C=D;O=D HTTP/1.1" 200 448 "-" "Mozilla/5.0 (compatible; MJ12bot/v1.4.8; http://mj12bot.com/)"
94.23.209.55 - - [13/Nov/2022:10:35:07 +0100] "GET /apps/school/www_old6/img/LevelD/Category1/?C=M;O=D HTTP/1.1" 200 656 "-" "Mozilla/5.0 (compatible; MJ12bot/v1.4.8; http://mj12bot.com/)"
65.109.26.42 - - [13/Nov/2022:10:35:07 +0100] "GET /apps/school/www_old5/img/LevelE/Category3/LevelECat3Lesson30/?C=M;O=D HTTP/1.1" 200 448 "-" "Mozilla/5.0 (compatible; MJ12bot/v1.4.8; http://mj12bot.com/)"
94.23.209.55 - - [13/Nov/2022:10:35:08 +0100] "GET /apps/school/www_old6/img/LevelD/Category1/?C=N;O=A HTTP/1.1" 200 658 "-" "Mozilla/5.0 (compatible; MJ12bot/v1.4.8; http://mj12bot.com/)"
65.109.26.42 - - [13/Nov/2022:10:35:09 +0100] "GET /apps/school/www_old5/img/LevelE/Category3/LevelECat3Lesson30/?C=N;O=A HTTP/1.1" 200 450 "-" "Mozilla/5.0 (compatible; MJ12bot/v1.4.8; http://mj12bot.com/)"
94.23.209.55 - - [13/Nov/2022:10:35:10 +0100] "GET /apps/school/www_old6/img/LevelD/Category1/?C=S;O=D HTTP/1.1" 200 656 "-" "Mozilla/5.0 (compatible; MJ12bot/v1.4.8; http://mj12bot.com/)"
65.109.26.42 - - [13/Nov/2022:10:35:10 +0100] "GET /apps/school/www_old5/img/LevelE/Category3/LevelECat3Lesson30/?C=S;O=D HTTP/1.1" 200 448 "-" "Mozilla/5.0 (compatible; MJ12bot/v1.4.8; http://mj12bot.com/)"
94.23.209.55 - - [13/Nov/2022:10:35:12 +0100] "GET /apps/school/www_old6/img/LevelD/Category1/LevelDCat1Lesson02/?C=N;O=A HTTP/1.1" 200 452 "-" "Mozilla/5.0 (compatible; MJ12bot/v1.4.8; http://mj12bot.com/)"
65.109.26.42 - - [13/Nov/2022:10:35:12 +0100] "GET /apps/school/www_old5/img/LevelF/Category1/LevelFCat1Lesson03/?C=M;O=A HTTP/1.1" 200 448 "-" "Mozilla/5.0 (compatible; MJ12bot/v1.4.8; http://mj12bot.com/)"
65.109.26.42 - - [13/Nov/2022:10:35:14 +0100] "GET /apps/school/www_old5/img/LevelF/Category1/LevelFCat1Lesson09/?C=S;O=A HTTP/1.1" 200 619 "-" "Mozilla/5.0 (compatible; MJ12bot/v1.4.8; http://mj12bot.com/)"
94.23.209.55 - - [13/Nov/2022:10:35:14 +0100] "GET /apps/school/www_old6/img/LevelD/Category1/LevelDCat1Lesson03/?C=N;O=D HTTP/1.1" 200 448 "-" "Mozilla/5.0 (compatible; MJ12bot/v1.4.8; http://mj12bot.com/)"
65.109.26.42 - - [13/Nov/2022:10:35:15 +0100] "GET /apps/school/www_old5/img/LevelF/Category1/LevelFCat1Lesson10/?C=D;O=A HTTP/1.1" 200 478 "-" "Mozilla/5.0 (compatible; MJ12bot/v1.4.8; http://mj12bot.com/)"
94.23.209.55 - - [13/Nov/2022:10:35:16 +0100] "GET /apps/school/www_old6/img/LevelD/Category1/LevelDCat1Lesson04/?C=D;O=A HTTP/1.1" 200 450 "-" "Mozilla/5.0 (compatible; MJ12bot/v1.4.8; http://mj12bot.com/)"
65.109.26.42 - - [13/Nov/2022:10:35:17 +0100] "GET /apps/school/www_old5/img/LevelF/Category1/LevelFCat1Lesson10/?C=M;O=A HTTP/1.1" 200 479 "-" "Mozilla/5.0 (compatible; MJ12bot/v1.4.8; http://mj12bot.com/)"
94.23.209.55 - - [13/Nov/2022:10:35:18 +0100] "GET /apps/school/www_old6/img/LevelD/Category1/LevelDCat1Lesson04/?C=M;O=A HTTP/1.1" 200 451 "-" "Mozilla/5.0 (compatible; MJ12bot/v1.4.8; http://mj12bot.com/)"
65.109.26.42 - - [13/Nov/2022:10:35:19 +0100] "GET /apps/school/www_old5/img/LevelF/Category1/LevelFCat1Lesson10/?C=N;O=D HTTP/1.1" 200 477 "-" "Mozilla/5.0 (compatible; MJ12bot/v1.4.8; http://mj12bot.com/)"
94.23.209.55 - - [13/Nov/2022:10:35:20 +0100] "GET /apps/school/www_old6/img/LevelD/Category1/LevelDCat1Lesson04/?C=N;O=D HTTP/1.1" 200 448 "-" "Mozilla/5.0 (compatible; MJ12bot/v1.4.8; http://mj12bot.com/)"
65.109.26.42 - - [13/Nov/2022:10:35:20 +0100] "GET /apps/school/www_old5/img/LevelF/Category1/LevelFCat1Lesson10/?C=S;O=A HTTP/1.1" 200 478 "-" "Mozilla/5.0 (compatible; MJ12bot/v1.4.8; http://mj12bot.com/)"
65.109.26.42 - - [13/Nov/2022:10:35:22 +0100] "GET /apps/school/www_old5/img/LevelF/Category1/LevelFCat1Lesson12/?C=D;O=A HTTP/1.1" 200 450 "-" "Mozilla/5.0 (compatible; MJ12bot/v1.4.8; http://mj12bot.com/)"
94.23.209.55 - - [13/Nov/2022:10:35:22 +0100] "GET /apps/school/www_old6/img/LevelD/Category1/LevelDCat1Lesson04/?C=S;O=A HTTP/1.1" 200 451 "-" "Mozilla/5.0 (compatible; MJ12bot/v1.4.8; http://mj12bot.com/)"
65.109.26.42 - - [13/Nov/2022:10:35:24 +0100] "GET /apps/school/www_old5/img/LevelF/Category1/LevelFCat1Lesson13/?C=M;O=A HTTP/1.1" 200 478 "-" "Mozilla/5.0 (compatible; MJ12bot/v1.4.8; http://mj12bot.com/)"
94.23.209.55 - - [13/Nov/2022:10:35:24 +0100] "GET /apps/school/www_old6/img/LevelD/Category1/LevelDCat1Lesson05/?C=D;O=A HTTP/1.1" 200 447 "-" "Mozilla/5.0 (compatible; MJ12bot/v1.4.8; http://mj12bot.com/)"
65.109.26.42 - - [13/Nov/2022:10:35:25 +0100] "GET /apps/school/www_old5/img/LevelF/Category1/LevelFCat1Lesson13/?C=S;O=A HTTP/1.1" 200 478 "-" "Mozilla/5.0 (compatible; MJ12bot/v1.4.8; http://mj12bot.com/)"
94.23.209.55 - - [13/Nov/2022:10:35:26 +0100] "GET /apps/school/www_old6/img/LevelD/Category1/LevelDCat1Lesson05/?C=M;O=A HTTP/1.1" 200 446 "-" "Mozilla/5.0 (compatible; MJ12bot/v1.4.8; http://mj12bot.com/)"
54.36.148.115 - - [13/Nov/2022:10:35:26 +0100] "GET /apps/school/www_old6/Html/LevelH/Category1/?C=M;O=A HTTP/1.1" 200 976 "-" "Mozilla/5.0 (compatible; AhrefsBot/7.0; +http://ahrefs.com/robot/)"
65.109.26.42 - - [13/Nov/2022:10:35:27 +0100] "GET /apps/school/www_old5/img/LevelF/Category1/LevelFCat1Lesson15/?C=M;O=A HTTP/1.1" 200 450 "-" "Mozilla/5.0 (compatible; MJ12bot/v1.4.8; http://mj12bot.com/)"
94.23.209.55 - - [13/Nov/2022:10:35:27 +0100] "GET /apps/school/www_old6/img/LevelD/Category1/LevelDCat1Lesson05/?C=N;O=D HTTP/1.1" 200 446 "-" "Mozilla/5.0 (compatible; MJ12bot/v1.4.8; http://mj12bot.com/)"
65.109.26.42 - - [13/Nov/2022:10:35:29 +0100] "GET /apps/school/www_old5/img/LevelF/Category1/LevelFCat1Lesson15/?C=N;O=D HTTP/1.1" 200 447 "-" "Mozilla/5.0 (compatible; MJ12bot/v1.4.8; http://mj12bot.com/)"
94.23.209.55 - - [13/Nov/2022:10:35:29 +0100] "GET /apps/school/www_old6/img/LevelD/Category1/LevelDCat1Lesson05/?C=S;O=A HTTP/1.1" 200 446 "-" "Mozilla/5.0 (compatible; MJ12bot/v1.4.8; http://mj12bot.com/)"
65.109.26.42 - - [13/Nov/2022:10:35:30 +0100] "GET /apps/school/www_old5/img/LevelF/Category1/LevelFCat1Lesson15/?C=S;O=A HTTP/1.1" 200 450 "-" "Mozilla/5.0 (compatible; MJ12bot/v1.4.8; http://mj12bot.com/)"
65.109.26.42 - - [13/Nov/2022:10:35:32 +0100] "GET /apps/school/www_old5/img/LevelF/Category1/LevelFCat1Lesson16/?C=D;O=A HTTP/1.1" 200 450 "-" "Mozilla/5.0 (compatible; MJ12bot/v1.4.8; http://mj12bot.com/)"
94.23.209.55 - - [13/Nov/2022:10:35:32 +0100] "GET /apps/school/www_old6/img/LevelD/Category1/LevelDCat1Lesson06/?C=D;O=A HTTP/1.1" 200 450 "-" "Mozilla/5.0 (compatible; MJ12bot/v1.4.8; http://mj12bot.com/)"
65.109.26.42 - - [13/Nov/2022:10:35:33 +0100] "GET /apps/school/www_old5/img/LevelF/Category1/LevelFCat1Lesson16/?C=M;O=A HTTP/1.1" 200 450 "-" "Mozilla/5.0 (compatible; MJ12bot/v1.4.8; http://mj12bot.com/)"
94.23.209.55 - - [13/Nov/2022:10:35:34 +0100] "GET /apps/school/www_old6/img/LevelD/Category1/LevelDCat1Lesson06/?C=N;O=D HTTP/1.1" 200 449 "-" "Mozilla/5.0 (compatible; MJ12bot/v1.4.8; http://mj12bot.com/)"
65.109.26.42 - - [13/Nov/2022:10:35:35 +0100] "GET /apps/school/www_old5/img/LevelF/Category1/LevelFCat1Lesson16/?C=N;O=D HTTP/1.1" 200 448 "-" "Mozilla/5.0 (compatible; MJ12bot/v1.4.8; http://mj12bot.com/)"
94.23.209.55 - - [13/Nov/2022:10:35:36 +0100] "GET /apps/school/www_old6/img/LevelD/Category1/LevelDCat1Lesson08/?C=D;O=A HTTP/1.1" 200 451 "-" "Mozilla/5.0 (compatible; MJ12bot/v1.4.8; http://mj12bot.com/)"
65.109.26.42 - - [13/Nov/2022:10:35:36 +0100] "GET /apps/school/www_old5/img/LevelF/Category1/LevelFCat1Lesson16/?C=S;O=A HTTP/1.1" 200 450 "-" "Mozilla/5.0 (compatible; MJ12bot/v1.4.8; http://mj12bot.com/)"
94.23.209.55 - - [13/Nov/2022:10:35:38 +0100] "GET /apps/school/www_old6/img/LevelD/Category1/LevelDCat1Lesson08/?C=M;O=A HTTP/1.1" 200 451 "-" "Mozilla/5.0 (compatible; MJ12bot/v1.4.8; http://mj12bot.com/)"
65.109.26.42 - - [13/Nov/2022:10:35:39 +0100] "GET /apps/school/www_old5/img/LevelF/Category1/LevelFCat1Lesson17/?C=D;O=A HTTP/1.1" 200 449 "-" "Mozilla/5.0 (compatible; MJ12bot/v1.4.8; http://mj12bot.com/)"
94.23.209.55 - - [13/Nov/2022:10:35:39 +0100] "GET /apps/school/www_old6/img/LevelD/Category1/LevelDCat1Lesson08/?C=N;O=D HTTP/1.1" 200 449 "-" "Mozilla/5.0 (compatible; MJ12bot/v1.4.8; http://mj12bot.com/)"
65.109.26.42 - - [13/Nov/2022:10:35:40 +0100] "GET /apps/school/www_old5/img/LevelF/Category1/LevelFCat1Lesson32/?C=N;O=A HTTP/1.1" 200 503 "-" "Mozilla/5.0 (compatible; MJ12bot/v1.4.8; http://mj12bot.com/)"
94.23.209.55 - - [13/Nov/2022:10:35:42 +0100] "GET /apps/school/www_old6/img/LevelD/Category1/LevelDCat1Lesson08/?C=S;O=A HTTP/1.1" 200 451 "-" "Mozilla/5.0 (compatible; MJ12bot/v1.4.8; http://mj12bot.com/)"
65.109.26.42 - - [13/Nov/2022:10:35:42 +0100] "GET /apps/school/www_old5/img/LevelF/Category1/LevelFCat1Lesson33/?C=D;O=D HTTP/1.1" 200 446 "-" "Mozilla/5.0 (compatible; MJ12bot/v1.4.8; http://mj12bot.com/)"
65.109.26.42 - - [13/Nov/2022:10:35:43 +0100] "GET /apps/school/www_old5/img/LevelF/Category1/LevelFCat1Lesson33/?C=M;O=D HTTP/1.1" 200 446 "-" "Mozilla/5.0 (compatible; MJ12bot/v1.4.8; http://mj12bot.com/)"
94.23.209.55 - - [13/Nov/2022:10:35:44 +0100] "GET /apps/school/www_old6/img/LevelD/Category1/LevelDCat1Lesson09/?C=D;O=A HTTP/1.1" 200 508 "-" "Mozilla/5.0 (compatible; MJ12bot/v1.4.8; http://mj12bot.com/)"
65.109.26.42 - - [13/Nov/2022:10:35:45 +0100] "GET /apps/school/www_old5/img/LevelF/Category1/LevelFCat1Lesson33/?C=S;O=D HTTP/1.1" 200 446 "-" "Mozilla/5.0 (compatible; MJ12bot/v1.4.8; http://mj12bot.com/)"
94.23.209.55 - - [13/Nov/2022:10:35:46 +0100] "GET /apps/school/www_old6/img/LevelD/Category1/LevelDCat1Lesson09/?C=M;O=A HTTP/1.1" 200 508 "-" "Mozilla/5.0 (compatible; MJ12bot/v1.4.8; http://mj12bot.com/)"
65.109.26.42 - - [13/Nov/2022:10:35:47 +0100] "GET /apps/school/www_old5/img/LevelF/Category2/LevelFCat2Lesson02/?C=M;O=D HTTP/1.1" 200 449 "-" "Mozilla/5.0 (compatible; MJ12bot/v1.4.8; http://mj12bot.com/)"
94.23.209.55 - - [13/Nov/2022:10:35:49 +0100] "GET /apps/school/www_old6/img/LevelD/Category1/LevelDCat1Lesson09/?C=N;O=D HTTP/1.1" 200 508 "-" "Mozilla/5.0 (compatible; MJ12bot/v1.4.8; http://mj12bot.com/)"
65.109.26.42 - - [13/Nov/2022:10:35:49 +0100] "GET /apps/school/www_old5/img/LevelF/Category2/LevelFCat2Lesson02/?C=N;O=A HTTP/1.1" 200 451 "-" "Mozilla/5.0 (compatible; MJ12bot/v1.4.8; http://mj12bot.com/)"
94.23.209.55 - - [13/Nov/2022:10:35:50 +0100] "GET /apps/school/www_old6/img/LevelD/Category1/LevelDCat1Lesson09/?C=S;O=A HTTP/1.1" 200 508 "-" "Mozilla/5.0 (compatible; MJ12bot/v1.4.8; http://mj12bot.com/)"
65.109.26.42 - - [13/Nov/2022:10:35:50 +0100] "GET /apps/school/www_old5/img/LevelF/Category2/LevelFCat2Lesson02/?C=S;O=D HTTP/1.1" 200 449 "-" "Mozilla/5.0 (compatible; MJ12bot/v1.4.8; http://mj12bot.com/)"
65.109.26.42 - - [13/Nov/2022:10:35:52 +0100] "GET /apps/school/www_old5/img/LevelF/Category2/LevelFCat2Lesson03/?C=M;O=D HTTP/1.1" 200 448 "-" "Mozilla/5.0 (compatible; MJ12bot/v1.4.8; http://mj12bot.com/)"
94.23.209.55 - - [13/Nov/2022:10:35:52 +0100] "GET /apps/school/www_old6/img/LevelD/Category1/LevelDCat1Lesson10/?C=D;O=A HTTP/1.1" 200 498 "-" "Mozilla/5.0 (compatible; MJ12bot/v1.4.8; http://mj12bot.com/)"
65.109.26.42 - - [13/Nov/2022:10:35:54 +0100] "GET /apps/school/www_old5/img/LevelF/Category2/LevelFCat2Lesson03/?C=N;O=A HTTP/1.1" 200 450 "-" "Mozilla/5.0 (compatible; MJ12bot/v1.4.8; http://mj12bot.com/)"
94.23.209.55 - - [13/Nov/2022:10:35:54 +0100] "GET /apps/school/www_old6/img/LevelD/Category1/LevelDCat1Lesson10/?C=M;O=A HTTP/1.1" 200 498 "-" "Mozilla/5.0 (compatible; MJ12bot/v1.4.8; http://mj12bot.com/)"
65.109.26.42 - - [13/Nov/2022:10:35:55 +0100] "GET /apps/school/www_old5/img/LevelF/Category2/LevelFCat2Lesson03/?C=S;O=D HTTP/1.1" 200 448 "-" "Mozilla/5.0 (compatible; MJ12bot/v1.4.8; http://mj12bot.com/)"
94.23.209.55 - - [13/Nov/2022:10:35:57 +0100] "GET /apps/school/www_old6/img/LevelD/Category1/LevelDCat1Lesson10/?C=N;O=D HTTP/1.1" 200 498 "-" "Mozilla/5.0 (compatible; MJ12bot/v1.4.8; http://mj12bot.com/)"
65.109.26.42 - - [13/Nov/2022:10:35:57 +0100] "GET /apps/school/www_old5/img/LevelF/Category2/LevelFCat2Lesson04/?C=M;O=D HTTP/1.1" 200 449 "-" "Mozilla/5.0 (compatible; MJ12bot/v1.4.8; http://mj12bot.com/)"
94.23.209.55 - - [13/Nov/2022:10:35:59 +0100] "GET /apps/school/www_old6/img/LevelD/Category1/LevelDCat1Lesson10/?C=S;O=A HTTP/1.1" 200 497 "-" "Mozilla/5.0 (compatible; MJ12bot/v1.4.8; http://mj12bot.com/)"
65.109.26.42 - - [13/Nov/2022:10:35:59 +0100] "GET /apps/school/www_old5/img/LevelF/Category2/LevelFCat2Lesson04/?C=S;O=D HTTP/1.1" 200 449 "-" "Mozilla/5.0 (compatible; MJ12bot/v1.4.8; http://mj12bot.com/)"
65.109.26.42 - - [13/Nov/2022:10:36:01 +0100] "GET /apps/school/www_old5/img/LevelF/Category2/LevelFCat2Lesson05/?C=D;O=D HTTP/1.1" 200 449 "-" "Mozilla/5.0 (compatible; MJ12bot/v1.4.8; http://mj12bot.com/)"
94.23.209.55 - - [13/Nov/2022:10:36:01 +0100] "GET /apps/school/www_old6/img/LevelD/Category1/LevelDCat1Lesson12/?C=D;O=A HTTP/1.1" 200 454 "-" "Mozilla/5.0 (compatible; MJ12bot/v1.4.8; http://mj12bot.com/)"
65.109.26.42 - - [13/Nov/2022:10:36:02 +0100] "GET /apps/school/www_old5/img/LevelF/Category2/LevelFCat2Lesson05/?C=M;O=D HTTP/1.1" 200 449 "-" "Mozilla/5.0 (compatible; MJ12bot/v1.4.8; http://mj12bot.com/)"
94.23.209.55 - - [13/Nov/2022:10:36:03 +0100] "GET /apps/school/www_old6/img/LevelD/Category1/LevelDCat1Lesson12/?C=M;O=A HTTP/1.1" 200 455 "-" "Mozilla/5.0 (compatible; MJ12bot/v1.4.8; http://mj12bot.com/)"
65.109.26.42 - - [13/Nov/2022:10:36:04 +0100] "GET /apps/school/www_old5/img/LevelF/Category2/LevelFCat2Lesson05/?C=N;O=A HTTP/1.1" 200 451 "-" "Mozilla/5.0 (compatible; MJ12bot/v1.4.8; http://mj12bot.com/)"
94.23.209.55 - - [13/Nov/2022:10:36:05 +0100] "GET /apps/school/www_old6/img/LevelD/Category1/LevelDCat1Lesson12/?C=N;O=D HTTP/1.1" 200 452 "-" "Mozilla/5.0 (compatible; MJ12bot/v1.4.8; http://mj12bot.com/)"
65.109.26.42 - - [13/Nov/2022:10:36:06 +0100] "GET /apps/school/www_old5/img/LevelF/Category2/LevelFCat2Lesson05/?C=S;O=D HTTP/1.1" 200 449 "-" "Mozilla/5.0 (compatible; MJ12bot/v1.4.8; http://mj12bot.com/)"
94.23.209.55 - - [13/Nov/2022:10:36:07 +0100] "GET /apps/school/www_old6/img/LevelD/Category1/LevelDCat1Lesson12/?C=S;O=A HTTP/1.1" 200 455 "-" "Mozilla/5.0 (compatible; MJ12bot/v1.4.8; http://mj12bot.com/)"
65.109.26.42 - - [13/Nov/2022:10:36:07 +0100] "GET /apps/school/www_old5/img/LevelF/Category2/LevelFCat2Lesson09/?C=D;O=D HTTP/1.1" 200 447 "-" "Mozilla/5.0 (compatible; MJ12bot/v1.4.8; http://mj12bot.com/)"
94.23.209.55 - - [13/Nov/2022:10:36:09 +0100] "GET /apps/school/www_old6/img/LevelD/Category1/LevelDCat1Lesson28/?C=D;O=A HTTP/1.1" 200 449 "-" "Mozilla/5.0 (compatible; MJ12bot/v1.4.8; http://mj12bot.com/)"
65.109.26.42 - - [13/Nov/2022:10:36:09 +0100] "GET /apps/school/www_old5/img/LevelF/Category2/LevelFCat2Lesson09/?C=M;O=D HTTP/1.1" 200 447 "-" "Mozilla/5.0 (compatible; MJ12bot/v1.4.8; http://mj12bot.com/)"
65.109.26.42 - - [13/Nov/2022:10:36:10 +0100] "GET /apps/school/www_old5/img/LevelF/Category2/LevelFCat2Lesson09/?C=N;O=A HTTP/1.1" 200 449 "-" "Mozilla/5.0 (compatible; MJ12bot/v1.4.8; http://mj12bot.com/)"
94.23.209.55 - - [13/Nov/2022:10:36:12 +0100] "GET /apps/school/www_old6/img/LevelD/Category1/LevelDCat1Lesson28/?C=M;O=A HTTP/1.1" 200 447 "-" "Mozilla/5.0 (compatible; MJ12bot/v1.4.8; http://mj12bot.com/)"
65.109.26.42 - - [13/Nov/2022:10:36:12 +0100] "GET /apps/school/www_old5/img/LevelF/Category2/LevelFCat2Lesson09/?C=S;O=D HTTP/1.1" 200 447 "-" "Mozilla/5.0 (compatible; MJ12bot/v1.4.8; http://mj12bot.com/)"
94.23.209.55 - - [13/Nov/2022:10:36:14 +0100] "GET /apps/school/www_old6/img/LevelD/Category1/LevelDCat1Lesson28/?C=S;O=A HTTP/1.1" 200 447 "-" "Mozilla/5.0 (compatible; MJ12bot/v1.4.8; http://mj12bot.com/)"
65.109.26.42 - - [13/Nov/2022:10:36:14 +0100] "GET /apps/school/www_old5/img/LevelF/Category2/LevelFCat2Lesson10/?C=D;O=A HTTP/1.1" 200 597 "-" "Mozilla/5.0 (compatible; MJ12bot/v1.4.8; http://mj12bot.com/)"
