135.181.212.177 - - [13/Nov/2022:15:23:03 +0100] "GET /apps/school/www_old3/img/LevelD/Category3/LevelDCat3Lesson22/?C=S;O=A HTTP/1.1" 200 445 "-" "Mozilla/5.0 (compatible; MJ12bot/v1.4.8; http://mj12bot.com/)"
150.158.90.82 - - [13/Nov/2022:15:23:03 +0100] "POST /xmlrpc.php HTTP/1.1" 200 217 "https://www.astacus.se/xmlrpc.php" "python-requests/2.27.1"
135.181.212.177 - - [13/Nov/2022:15:23:04 +0100] "GET /apps/school/www_old4/img/LevelA/Category2/LevelACat2Lesson1/?C=D;O=A HTTP/1.1" 200 508 "-" "Mozilla/5.0 (compatible; MJ12bot/v1.4.8; http://mj12bot.com/)"
150.158.90.82 - - [13/Nov/2022:15:23:04 +0100] "POST /xmlrpc.php HTTP/1.1" 200 217 "https://www.astacus.se/xmlrpc.php" "python-requests/2.27.1"
135.181.212.177 - - [13/Nov/2022:15:23:06 +0100] "GET /apps/school/www_old4/img/LevelA/Category2/LevelACat2Lesson17/?C=N;O=D HTTP/1.1" 200 492 "-" "Mozilla/5.0 (compatible; MJ12bot/v1.4.8; http://mj12bot.com/)"
150.158.90.82 - - [13/Nov/2022:15:23:06 +0100] "POST /xmlrpc.php HTTP/1.1" 200 217 "https://www.astacus.se/xmlrpc.php" "python-requests/2.27.1"
135.181.212.177 - - [13/Nov/2022:15:23:07 +0100] "GET /apps/school/www_old4/img/LevelA/Category2/LevelACat2Lesson19/?C=D;O=A HTTP/1.1" 200 502 "-" "Mozilla/5.0 (compatible; MJ12bot/v1.4.8; http://mj12bot.com/)"
150.158.90.82 - - [13/Nov/2022:15:23:07 +0100] "POST /xmlrpc.php HTTP/1.1" 200 217 "https://www.astacus.se/xmlrpc.php" "python-requests/2.27.1"
150.158.90.82 - - [13/Nov/2022:15:23:08 +0100] "POST /xmlrpc.php HTTP/1.1" 200 217 "https://www.astacus.se/xmlrpc.php" "python-requests/2.27.1"
135.181.212.177 - - [13/Nov/2022:15:23:09 +0100] "GET /apps/school/www_old4/img/LevelA/Category2/LevelACat2Lesson19/?C=M;O=A HTTP/1.1" 200 503 "-" "Mozilla/5.0 (compatible; MJ12bot/v1.4.8; http://mj12bot.com/)"
150.158.90.82 - - [13/Nov/2022:15:23:10 +0100] "POST /xmlrpc.php HTTP/1.1" 200 217 "https://www.astacus.se/xmlrpc.php" "python-requests/2.27.1"
135.181.212.177 - - [13/Nov/2022:15:23:10 +0100] "GET /apps/school/www_old4/img/LevelA/Category2/LevelACat2Lesson19/?C=N;O=D HTTP/1.1" 200 500 "-" "Mozilla/5.0 (compatible; MJ12bot/v1.4.8; http://mj12bot.com/)"
150.158.90.82 - - [13/Nov/2022:15:23:11 +0100] "POST /xmlrpc.php HTTP/1.1" 200 217 "https://www.astacus.se/xmlrpc.php" "python-requests/2.27.1"
135.181.212.177 - - [13/Nov/2022:15:23:12 +0100] "GET /apps/school/www_old4/img/LevelA/Category2/LevelACat2Lesson19/?C=S;O=A HTTP/1.1" 200 502 "-" "Mozilla/5.0 (compatible; MJ12bot/v1.4.8; http://mj12bot.com/)"
150.158.90.82 - - [13/Nov/2022:15:23:12 +0100] "POST /xmlrpc.php HTTP/1.1" 200 217 "https://www.astacus.se/xmlrpc.php" "python-requests/2.27.1"
135.181.212.177 - - [13/Nov/2022:15:23:13 +0100] "GET /apps/school/www_old4/img/LevelA/Category2/LevelACat2Lesson20/?C=D;O=A HTTP/1.1" 200 481 "-" "Mozilla/5.0 (compatible; MJ12bot/v1.4.8; http://mj12bot.com/)"
150.158.90.82 - - [13/Nov/2022:15:23:14 +0100] "POST /xmlrpc.php HTTP/1.1" 200 217 "https://www.astacus.se/xmlrpc.php" "python-requests/2.27.1"
135.181.212.177 - - [13/Nov/2022:15:23:14 +0100] "GET /apps/school/www_old4/img/LevelA/Category2/LevelACat2Lesson20/?C=M;O=A HTTP/1.1" 200 481 "-" "Mozilla/5.0 (compatible; MJ12bot/v1.4.8; http://mj12bot.com/)"
150.158.90.82 - - [13/Nov/2022:15:23:15 +0100] "POST /xmlrpc.php HTTP/1.1" 200 217 "https://www.astacus.se/xmlrpc.php" "python-requests/2.27.1"
135.181.212.177 - - [13/Nov/2022:15:23:16 +0100] "GET /apps/school/www_old4/img/LevelD/Category3/LevelDCat3Lesson17/?C=N;O=D HTTP/1.1" 200 652 "-" "Mozilla/5.0 (compatible; MJ12bot/v1.4.8; http://mj12bot.com/)"
150.158.90.82 - - [13/Nov/2022:15:23:16 +0100] "POST /xmlrpc.php HTTP/1.1" 200 217 "https://www.astacus.se/xmlrpc.php" "python-requests/2.27.1"
150.158.90.82 - - [13/Nov/2022:15:23:17 +0100] "POST /xmlrpc.php HTTP/1.1" 200 217 "https://www.astacus.se/xmlrpc.php" "python-requests/2.27.1"
135.181.212.177 - - [13/Nov/2022:15:23:18 +0100] "GET /apps/school/www_old4/img/LevelE/Category1/LevelECat1Lesson18/?C=N;O=A HTTP/1.1" 200 449 "-" "Mozilla/5.0 (compatible; MJ12bot/v1.4.8; http://mj12bot.com/)"
135.181.212.177 - - [13/Nov/2022:15:23:19 +0100] "GET /apps/school/www_old5/img/LevelC/Category3/LevelCCat3Lesson09/?C=D;O=A HTTP/1.1" 200 529 "-" "Mozilla/5.0 (compatible; MJ12bot/v1.4.8; http://mj12bot.com/)"
150.158.90.82 - - [13/Nov/2022:15:23:19 +0100] "POST /xmlrpc.php HTTP/1.1" 200 217 "https://www.astacus.se/xmlrpc.php" "python-requests/2.27.1"
135.181.212.177 - - [13/Nov/2022:15:23:21 +0100] "GET /apps/school/www_old5/img/LevelC/Category3/LevelCCat3Lesson09/?C=M;O=A HTTP/1.1" 200 530 "-" "Mozilla/5.0 (compatible; MJ12bot/v1.4.8; http://mj12bot.com/)"
150.158.90.82 - - [13/Nov/2022:15:23:22 +0100] "POST /xmlrpc.php HTTP/1.1" 200 217 "https://www.astacus.se/xmlrpc.php" "python-requests/2.27.1"
135.181.212.177 - - [13/Nov/2022:15:23:23 +0100] "GET /apps/school/www_old5/img/LevelC/Category3/LevelCCat3Lesson09/?C=N;O=A HTTP/1.1" 200 529 "-" "Mozilla/5.0 (compatible; MJ12bot/v1.4.8; http://mj12bot.com/)"
150.158.90.82 - - [13/Nov/2022:15:23:23 +0100] "POST /xmlrpc.php HTTP/1.1" 200 217 "https://www.astacus.se/xmlrpc.php" "python-requests/2.27.1"
135.181.212.177 - - [13/Nov/2022:15:23:24 +0100] "GET /apps/school/www_old5/img/LevelC/Category3/LevelCCat3Lesson19/?C=D;O=A HTTP/1.1" 200 539 "-" "Mozilla/5.0 (compatible; MJ12bot/v1.4.8; http://mj12bot.com/)"
150.158.90.82 - - [13/Nov/2022:15:23:25 +0100] "POST /xmlrpc.php HTTP/1.1" 200 217 "https://www.astacus.se/xmlrpc.php" "python-requests/2.27.1"
135.181.212.177 - - [13/Nov/2022:15:23:26 +0100] "GET /apps/school/www_old5/img/LevelC/Category3/LevelCCat3Lesson19/?C=N;O=A HTTP/1.1" 200 539 "-" "Mozilla/5.0 (compatible; MJ12bot/v1.4.8; http://mj12bot.com/)"
150.158.90.82 - - [13/Nov/2022:15:23:27 +0100] "POST /xmlrpc.php HTTP/1.1" 200 217 "https://www.astacus.se/xmlrpc.php" "python-requests/2.27.1"
135.181.212.177 - - [13/Nov/2022:15:23:27 +0100] "GET /apps/school/www_old5/img/LevelC/Category3/LevelCCat3Lesson19/?C=S;O=A HTTP/1.1" 200 539 "-" "Mozilla/5.0 (compatible; MJ12bot/v1.4.8; http://mj12bot.com/)"
150.158.90.82 - - [13/Nov/2022:15:23:28 +0100] "POST /xmlrpc.php HTTP/1.1" 200 217 "https://www.astacus.se/xmlrpc.php" "python-requests/2.27.1"
135.181.212.177 - - [13/Nov/2022:15:23:29 +0100] "GET /apps/school/www_old5/img/LevelC/Category3/LevelCCat3Lesson19/Thumbs.db HTTP/1.1" 200 97280 "-" "Mozilla/5.0 (compatible; MJ12bot/v1.4.8; http://mj12bot.com/)"
150.158.90.82 - - [13/Nov/2022:15:23:30 +0100] "POST /xmlrpc.php HTTP/1.1" 200 217 "https://www.astacus.se/xmlrpc.php" "python-requests/2.27.1"
135.181.212.177 - - [13/Nov/2022:15:23:30 +0100] "GET /apps/school/www_old5/img/LevelD/Category1/LevelDCat1Lesson01/?C=D;O=D HTTP/1.1" 200 447 "-" "Mozilla/5.0 (compatible; MJ12bot/v1.4.8; http://mj12bot.com/)"
150.158.90.82 - - [13/Nov/2022:15:23:31 +0100] "POST /xmlrpc.php HTTP/1.1" 200 217 "https://www.astacus.se/xmlrpc.php" "python-requests/2.27.1"
135.181.212.177 - - [13/Nov/2022:15:23:32 +0100] "GET /apps/school/www_old5/img/LevelD/Category1/LevelDCat1Lesson09/?C=M;O=D HTTP/1.1" 200 512 "-" "Mozilla/5.0 (compatible; MJ12bot/v1.4.8; http://mj12bot.com/)"
150.158.90.82 - - [13/Nov/2022:15:23:33 +0100] "POST /xmlrpc.php HTTP/1.1" 200 217 "https://www.astacus.se/xmlrpc.php" "python-requests/2.27.1"
135.181.212.177 - - [13/Nov/2022:15:23:33 +0100] "GET /apps/school/www_old5/img/LevelD/Category1/LevelDCat1Lesson13/?C=N;O=A HTTP/1.1" 200 447 "-" "Mozilla/5.0 (compatible; MJ12bot/v1.4.8; http://mj12bot.com/)"
150.158.90.82 - - [13/Nov/2022:15:23:35 +0100] "POST /xmlrpc.php HTTP/1.1" 200 217 "https://www.astacus.se/xmlrpc.php" "python-requests/2.27.1"
135.181.212.177 - - [13/Nov/2022:15:23:35 +0100] "GET /apps/school/www_old5/img/LevelD/Category1/LevelDCat1Lesson15/?C=N;O=A HTTP/1.1" 200 448 "-" "Mozilla/5.0 (compatible; MJ12bot/v1.4.8; http://mj12bot.com/)"
135.181.212.177 - - [13/Nov/2022:15:23:36 +0100] "GET /apps/school/www_old5/img/LevelD/Category1/LevelDCat1Lesson31/?C=N;O=A HTTP/1.1" 200 454 "-" "Mozilla/5.0 (compatible; MJ12bot/v1.4.8; http://mj12bot.com/)"
150.158.90.82 - - [13/Nov/2022:15:23:37 +0100] "POST /xmlrpc.php HTTP/1.1" 200 217 "https://www.astacus.se/xmlrpc.php" "python-requests/2.27.1"
135.181.212.177 - - [13/Nov/2022:15:23:38 +0100] "GET /apps/school/www_old5/img/LevelD/Category2/LevelDCat2Lesson07/?C=N;O=A HTTP/1.1" 200 487 "-" "Mozilla/5.0 (compatible; MJ12bot/v1.4.8; http://mj12bot.com/)"
150.158.90.82 - - [13/Nov/2022:15:23:39 +0100] "POST /xmlrpc.php HTTP/1.1" 200 217 "https://www.astacus.se/xmlrpc.php" "python-requests/2.27.1"
135.181.212.177 - - [13/Nov/2022:15:23:39 +0100] "GET /apps/school/www_old5/img/LevelD/Category3/LevelDCat3Lesson17/?C=N;O=A HTTP/1.1" 200 654 "-" "Mozilla/5.0 (compatible; MJ12bot/v1.4.8; http://mj12bot.com/)"
150.158.90.82 - - [13/Nov/2022:15:23:40 +0100] "POST /xmlrpc.php HTTP/1.1" 200 217 "https://www.astacus.se/xmlrpc.php" "python-requests/2.27.1"
135.181.212.177 - - [13/Nov/2022:15:23:41 +0100] "GET /apps/school/www_old5/img/LevelE/Category1/LevelECat1Lesson01/?C=D;O=D HTTP/1.1" 200 447 "-" "Mozilla/5.0 (compatible; MJ12bot/v1.4.8; http://mj12bot.com/)"
135.181.212.177 - - [13/Nov/2022:15:23:43 +0100] "GET /apps/school/www_old5/img/LevelE/Category1/LevelECat1Lesson01/?C=M;O=D HTTP/1.1" 200 447 "-" "Mozilla/5.0 (compatible; MJ12bot/v1.4.8; http://mj12bot.com/)"
150.158.90.82 - - [13/Nov/2022:15:23:43 +0100] "POST /xmlrpc.php HTTP/1.1" 200 217 "https://www.astacus.se/xmlrpc.php" "python-requests/2.27.1"
135.181.212.177 - - [13/Nov/2022:15:23:44 +0100] "GET /apps/school/www_old5/img/LevelE/Category1/LevelECat1Lesson01/?C=N;O=A HTTP/1.1" 200 449 "-" "Mozilla/5.0 (compatible; MJ12bot/v1.4.8; http://mj12bot.com/)"
150.158.90.82 - - [13/Nov/2022:15:23:45 +0100] "POST /xmlrpc.php HTTP/1.1" 200 217 "https://www.astacus.se/xmlrpc.php" "python-requests/2.27.1"
135.181.212.177 - - [13/Nov/2022:15:23:46 +0100] "GET /apps/school/www_old5/img/LevelE/Category1/LevelECat1Lesson01/?C=S;O=D HTTP/1.1" 200 447 "-" "Mozilla/5.0 (compatible; MJ12bot/v1.4.8; http://mj12bot.com/)"
150.158.90.82 - - [13/Nov/2022:15:23:47 +0100] "POST /xmlrpc.php HTTP/1.1" 200 217 "https://www.astacus.se/xmlrpc.php" "python-requests/2.27.1"
135.181.212.177 - - [13/Nov/2022:15:23:47 +0100] "GET /apps/school/www_old5/img/LevelE/Category1/LevelECat1Lesson02/?C=D;O=D HTTP/1.1" 200 453 "-" "Mozilla/5.0 (compatible; MJ12bot/v1.4.8; http://mj12bot.com/)"
150.158.90.82 - - [13/Nov/2022:15:23:48 +0100] "POST /xmlrpc.php HTTP/1.1" 200 217 "https://www.astacus.se/xmlrpc.php" "python-requests/2.27.1"
135.181.212.177 - - [13/Nov/2022:15:23:49 +0100] "GET /apps/school/www_old5/img/LevelE/Category1/LevelECat1Lesson02/?C=M;O=D HTTP/1.1" 200 453 "-" "Mozilla/5.0 (compatible; MJ12bot/v1.4.8; http://mj12bot.com/)"
150.158.90.82 - - [13/Nov/2022:15:23:49 +0100] "POST /xmlrpc.php HTTP/1.1" 200 217 "https://www.astacus.se/xmlrpc.php" "python-requests/2.27.1"
135.181.212.177 - - [13/Nov/2022:15:23:50 +0100] "GET /apps/school/www_old5/img/LevelE/Category1/LevelECat1Lesson02/?C=N;O=A HTTP/1.1" 200 455 "-" "Mozilla/5.0 (compatible; MJ12bot/v1.4.8; http://mj12bot.com/)"
54.36.149.26 - - [13/Nov/2022:15:23:51 +0100] "GET /apps/school/www_old6/img/LevelG/Category2/LevelGCat2Lesson23/?C=M;O=A HTTP/1.1" 200 448 "-" "Mozilla/5.0 (compatible; AhrefsBot/7.0; +http://ahrefs.com/robot/)"
135.181.212.177 - - [13/Nov/2022:15:23:52 +0100] "GET /apps/school/www_old5/img/LevelE/Category1/LevelECat1Lesson02/?C=S;O=D HTTP/1.1" 200 453 "-" "Mozilla/5.0 (compatible; MJ12bot/v1.4.8; http://mj12bot.com/)"
150.158.90.82 - - [13/Nov/2022:15:23:52 +0100] "POST /xmlrpc.php HTTP/1.1" 200 217 "https://www.astacus.se/xmlrpc.php" "python-requests/2.27.1"
150.158.90.82 - - [13/Nov/2022:15:23:53 +0100] "POST /xmlrpc.php HTTP/1.1" 200 217 "https://www.astacus.se/xmlrpc.php" "python-requests/2.27.1"
135.181.212.177 - - [13/Nov/2022:15:23:53 +0100] "GET /apps/school/www_old5/img/LevelE/Category1/LevelECat1Lesson03/?C=D;O=D HTTP/1.1" 200 453 "-" "Mozilla/5.0 (compatible; MJ12bot/v1.4.8; http://mj12bot.com/)"
150.158.90.82 - - [13/Nov/2022:15:23:55 +0100] "POST /xmlrpc.php HTTP/1.1" 200 217 "https://www.astacus.se/xmlrpc.php" "python-requests/2.27.1"
135.181.212.177 - - [13/Nov/2022:15:23:55 +0100] "GET /apps/school/www_old5/img/LevelE/Category1/LevelECat1Lesson03/?C=M;O=D HTTP/1.1" 200 453 "-" "Mozilla/5.0 (compatible; MJ12bot/v1.4.8; http://mj12bot.com/)"
135.181.212.177 - - [13/Nov/2022:15:23:57 +0100] "GET /apps/school/www_old5/img/LevelE/Category1/LevelECat1Lesson03/?C=N;O=A HTTP/1.1" 200 455 "-" "Mozilla/5.0 (compatible; MJ12bot/v1.4.8; http://mj12bot.com/)"
150.158.90.82 - - [13/Nov/2022:15:23:58 +0100] "POST /xmlrpc.php HTTP/1.1" 200 217 "https://www.astacus.se/xmlrpc.php" "python-requests/2.27.1"
135.181.212.177 - - [13/Nov/2022:15:23:58 +0100] "GET /apps/school/www_old5/img/LevelE/Category1/LevelECat1Lesson03/?C=S;O=D HTTP/1.1" 200 453 "-" "Mozilla/5.0 (compatible; MJ12bot/v1.4.8; http://mj12bot.com/)"
135.181.212.177 - - [13/Nov/2022:15:24:00 +0100] "GET /apps/school/www_old5/img/LevelE/Category1/LevelECat1Lesson18/?C=D;O=A HTTP/1.1" 200 449 "-" "Mozilla/5.0 (compatible; MJ12bot/v1.4.8; http://mj12bot.com/)"
150.158.90.82 - - [13/Nov/2022:15:24:01 +0100] "POST /xmlrpc.php HTTP/1.1" 200 217 "https://www.astacus.se/xmlrpc.php" "python-requests/2.27.1"
135.181.212.177 - - [13/Nov/2022:15:24:01 +0100] "GET /apps/school/www_old5/img/LevelE/Category1/LevelECat1Lesson18/?C=M;O=A HTTP/1.1" 200 447 "-" "Mozilla/5.0 (compatible; MJ12bot/v1.4.8; http://mj12bot.com/)"
135.181.212.177 - - [13/Nov/2022:15:24:03 +0100] "GET /apps/school/www_old5/img/LevelE/Category1/LevelECat1Lesson18/?C=N;O=A HTTP/1.1" 200 449 "-" "Mozilla/5.0 (compatible; MJ12bot/v1.4.8; http://mj12bot.com/)"
135.181.212.177 - - [13/Nov/2022:15:24:04 +0100] "GET /apps/school/www_old5/img/LevelE/Category1/LevelECat1Lesson18/?C=S;O=A HTTP/1.1" 200 447 "-" "Mozilla/5.0 (compatible; MJ12bot/v1.4.8; http://mj12bot.com/)"
135.181.212.177 - - [13/Nov/2022:15:24:06 +0100] "GET /apps/school/www_old5/img/LevelE/Category1/LevelECat1Lesson19/?C=D;O=A HTTP/1.1" 200 448 "-" "Mozilla/5.0 (compatible; MJ12bot/v1.4.8; http://mj12bot.com/)"
150.158.90.82 - - [13/Nov/2022:15:24:07 +0100] "POST /xmlrpc.php HTTP/1.1" 200 217 "https://www.astacus.se/xmlrpc.php" "python-requests/2.27.1"
135.181.212.177 - - [13/Nov/2022:15:24:08 +0100] "GET /apps/school/www_old5/img/LevelE/Category1/LevelECat1Lesson19/?C=M;O=A HTTP/1.1" 200 447 "-" "Mozilla/5.0 (compatible; MJ12bot/v1.4.8; http://mj12bot.com/)"
150.158.90.82 - - [13/Nov/2022:15:24:09 +0100] "POST /xmlrpc.php HTTP/1.1" 200 217 "https://www.astacus.se/xmlrpc.php" "python-requests/2.27.1"
135.181.212.177 - - [13/Nov/2022:15:24:09 +0100] "GET /apps/school/www_old5/img/LevelE/Category1/LevelECat1Lesson19/?C=N;O=D HTTP/1.1" 200 447 "-" "Mozilla/5.0 (compatible; MJ12bot/v1.4.8; http://mj12bot.com/)"
135.181.212.177 - - [13/Nov/2022:15:24:11 +0100] "GET /apps/school/www_old5/img/LevelE/Category1/LevelECat1Lesson21/?C=N;O=D HTTP/1.1" 200 452 "-" "Mozilla/5.0 (compatible; MJ12bot/v1.4.8; http://mj12bot.com/)"
150.158.90.82 - - [13/Nov/2022:15:24:11 +0100] "POST /xmlrpc.php HTTP/1.1" 200 217 "https://www.astacus.se/xmlrpc.php" "python-requests/2.27.1"
135.181.212.177 - - [13/Nov/2022:15:24:12 +0100] "GET /apps/school/www_old5/img/LevelE/Category1/LevelECat1Lesson23/?C=D;O=A HTTP/1.1" 200 492 "-" "Mozilla/5.0 (compatible; MJ12bot/v1.4.8; http://mj12bot.com/)"
135.181.212.177 - - [13/Nov/2022:15:24:14 +0100] "GET /apps/school/www_old5/img/LevelE/Category1/LevelECat1Lesson23/?C=M;O=A HTTP/1.1" 200 494 "-" "Mozilla/5.0 (compatible; MJ12bot/v1.4.8; http://mj12bot.com/)"
150.158.90.82 - - [13/Nov/2022:15:24:14 +0100] "POST /xmlrpc.php HTTP/1.1" 200 217 "https://www.astacus.se/xmlrpc.php" "python-requests/2.27.1"
135.181.212.177 - - [13/Nov/2022:15:24:15 +0100] "GET /apps/school/www_old5/img/LevelE/Category1/LevelECat1Lesson23/?C=N;O=A HTTP/1.1" 200 492 "-" "Mozilla/5.0 (compatible; MJ12bot/v1.4.8; http://mj12bot.com/)"
150.158.90.82 - - [13/Nov/2022:15:24:17 +0100] "POST /xmlrpc.php HTTP/1.1" 200 217 "https://www.astacus.se/xmlrpc.php" "python-requests/2.27.1"
135.181.212.177 - - [13/Nov/2022:15:24:17 +0100] "GET /apps/school/www_old5/img/LevelE/Category1/LevelECat1Lesson23/?C=S;O=A HTTP/1.1" 200 492 "-" "Mozilla/5.0 (compatible; MJ12bot/v1.4.8; http://mj12bot.com/)"
135.181.212.177 - - [13/Nov/2022:15:24:18 +0100] "GET /apps/school/www_old5/img/LevelE/Category1/LevelECat1Lesson26/?C=D;O=D HTTP/1.1" 200 456 "-" "Mozilla/5.0 (compatible; MJ12bot/v1.4.8; http://mj12bot.com/)"
150.158.90.82 - - [13/Nov/2022:15:24:19 +0100] "POST /xmlrpc.php HTTP/1.1" 200 217 "https://www.astacus.se/xmlrpc.php" "python-requests/2.27.1"
135.181.212.177 - - [13/Nov/2022:15:24:20 +0100] "GET /apps/school/www_old5/img/LevelE/Category1/LevelECat1Lesson26/?C=M;O=D HTTP/1.1" 200 456 "-" "Mozilla/5.0 (compatible; MJ12bot/v1.4.8; http://mj12bot.com/)"
150.158.90.82 - - [13/Nov/2022:15:24:21 +0100] "POST /xmlrpc.php HTTP/1.1" 200 217 "https://www.astacus.se/xmlrpc.php" "python-requests/2.27.1"
135.181.212.177 - - [13/Nov/2022:15:24:21 +0100] "GET /apps/school/www_old5/img/LevelE/Category1/LevelECat1Lesson26/?C=N;O=A HTTP/1.1" 200 457 "-" "Mozilla/5.0 (compatible; MJ12bot/v1.4.8; http://mj12bot.com/)"
135.181.212.177 - - [13/Nov/2022:15:24:23 +0100] "GET /apps/school/www_old5/img/LevelE/Category1/LevelECat1Lesson26/?C=S;O=D HTTP/1.1" 200 456 "-" "Mozilla/5.0 (compatible; MJ12bot/v1.4.8; http://mj12bot.com/)"
150.158.90.82 - - [13/Nov/2022:15:24:23 +0100] "POST /xmlrpc.php HTTP/1.1" 200 217 "https://www.astacus.se/xmlrpc.php" "python-requests/2.27.1"
135.181.212.177 - - [13/Nov/2022:15:24:25 +0100] "GET /apps/school/www_old5/img/LevelE/Category1/LevelECat1Lesson27/?C=D;O=D HTTP/1.1" 200 448 "-" "Mozilla/5.0 (compatible; MJ12bot/v1.4.8; http://mj12bot.com/)"
150.158.90.82 - - [13/Nov/2022:15:24:25 +0100] "POST /xmlrpc.php HTTP/1.1" 200 217 "https://www.astacus.se/xmlrpc.php" "python-requests/2.27.1"
135.181.212.177 - - [13/Nov/2022:15:24:26 +0100] "GET /apps/school/www_old5/img/LevelE/Category1/LevelECat1Lesson27/?C=M;O=D HTTP/1.1" 200 448 "-" "Mozilla/5.0 (compatible; MJ12bot/v1.4.8; http://mj12bot.com/)"
135.181.212.177 - - [13/Nov/2022:15:24:28 +0100] "GET /apps/school/www_old5/img/LevelE/Category1/LevelECat1Lesson27/?C=N;O=A HTTP/1.1" 200 450 "-" "Mozilla/5.0 (compatible; MJ12bot/v1.4.8; http://mj12bot.com/)"
150.158.90.82 - - [13/Nov/2022:15:24:28 +0100] "POST /xmlrpc.php HTTP/1.1" 200 217 "https://www.astacus.se/xmlrpc.php" "python-requests/2.27.1"
135.181.212.177 - - [13/Nov/2022:15:24:29 +0100] "GET /apps/school/www_old5/img/LevelE/Category1/LevelECat1Lesson27/?C=S;O=D HTTP/1.1" 200 448 "-" "Mozilla/5.0 (compatible; MJ12bot/v1.4.8; http://mj12bot.com/)"
150.158.90.82 - - [13/Nov/2022:15:24:29 +0100] "POST /xmlrpc.php HTTP/1.1" 200 217 "https://www.astacus.se/xmlrpc.php" "python-requests/2.27.1"
135.181.212.177 - - [13/Nov/2022:15:24:31 +0100] "GET /apps/school/www_old5/img/LevelE/Category1/LevelECat1Lesson28/?C=M;O=D HTTP/1.1" 200 449 "-" "Mozilla/5.0 (compatible; MJ12bot/v1.4.8; http://mj12bot.com/)"
150.158.90.82 - - [13/Nov/2022:15:24:31 +0100] "POST /xmlrpc.php HTTP/1.1" 200 217 "https://www.astacus.se/xmlrpc.php" "python-requests/2.27.1"
135.181.212.177 - - [13/Nov/2022:15:24:32 +0100] "GET /apps/school/www_old5/img/LevelE/Category1/LevelECat1Lesson28/?C=S;O=D HTTP/1.1" 200 449 "-" "Mozilla/5.0 (compatible; MJ12bot/v1.4.8; http://mj12bot.com/)"
150.158.90.82 - - [13/Nov/2022:15:24:34 +0100] "POST /xmlrpc.php HTTP/1.1" 200 217 "https://www.astacus.se/xmlrpc.php" "python-requests/2.27.1"
135.181.212.177 - - [13/Nov/2022:15:24:34 +0100] "GET /apps/school/www_old5/img/LevelE/Category1/LevelECat1Lesson29/?C=D;O=D HTTP/1.1" 200 448 "-" "Mozilla/5.0 (compatible; MJ12bot/v1.4.8; http://mj12bot.com/)"
135.181.212.177 - - [13/Nov/2022:15:24:35 +0100] "GET /apps/school/www_old5/img/LevelE/Category1/LevelECat1Lesson29/?C=M;O=D HTTP/1.1" 200 448 "-" "Mozilla/5.0 (compatible; MJ12bot/v1.4.8; http://mj12bot.com/)"
150.158.90.82 - - [13/Nov/2022:15:24:36 +0100] "POST /xmlrpc.php HTTP/1.1" 200 217 "https://www.astacus.se/xmlrpc.php" "python-requests/2.27.1"
135.181.212.177 - - [13/Nov/2022:15:24:37 +0100] "GET /apps/school/www_old5/img/LevelE/Category1/LevelECat1Lesson29/?C=N;O=A HTTP/1.1" 200 450 "-" "Mozilla/5.0 (compatible; MJ12bot/v1.4.8; http://mj12bot.com/)"
150.158.90.82 - - [13/Nov/2022:15:24:37 +0100] "POST /xmlrpc.php HTTP/1.1" 200 217 "https://www.astacus.se/xmlrpc.php" "python-requests/2.27.1"
135.181.212.177 - - [13/Nov/2022:15:24:38 +0100] "GET /apps/school/www_old5/img/LevelE/Category1/LevelECat1Lesson29/?C=S;O=D HTTP/1.1" 200 448 "-" "Mozilla/5.0 (compatible; MJ12bot/v1.4.8; http://mj12bot.com/)"
135.181.212.177 - - [13/Nov/2022:15:24:40 +0100] "GET /apps/school/www_old5/img/LevelE/Category1/LevelECat1Lesson31/?C=D;O=D HTTP/1.1" 200 448 "-" "Mozilla/5.0 (compatible; MJ12bot/v1.4.8; http://mj12bot.com/)"
150.158.90.82 - - [13/Nov/2022:15:24:41 +0100] "POST /xmlrpc.php HTTP/1.1" 200 217 "https://www.astacus.se/xmlrpc.php" "python-requests/2.27.1"
135.181.212.177 - - [13/Nov/2022:15:24:41 +0100] "GET /apps/school/www_old5/img/LevelE/Category1/LevelECat1Lesson31/?C=M;O=D HTTP/1.1" 200 448 "-" "Mozilla/5.0 (compatible; MJ12bot/v1.4.8; http://mj12bot.com/)"
135.181.212.177 - - [13/Nov/2022:15:24:43 +0100] "GET /apps/school/www_old5/img/LevelE/Category1/LevelECat1Lesson31/?C=N;O=A HTTP/1.1" 200 449 "-" "Mozilla/5.0 (compatible; MJ12bot/v1.4.8; http://mj12bot.com/)"
150.158.90.82 - - [13/Nov/2022:15:24:43 +0100] "POST /xmlrpc.php HTTP/1.1" 200 217 "https://www.astacus.se/xmlrpc.php" "python-requests/2.27.1"
135.181.212.177 - - [13/Nov/2022:15:24:44 +0100] "GET /apps/school/www_old5/img/LevelE/Category1/LevelECat1Lesson31/?C=S;O=D HTTP/1.1" 200 448 "-" "Mozilla/5.0 (compatible; MJ12bot/v1.4.8; http://mj12bot.com/)"
150.158.90.82 - - [13/Nov/2022:15:24:45 +0100] "POST /xmlrpc.php HTTP/1.1" 200 217 "https://www.astacus.se/xmlrpc.php" "python-requests/2.27.1"
135.181.212.177 - - [13/Nov/2022:15:24:46 +0100] "GET /apps/school/www_old5/img/LevelE/Category1/LevelECat1Lesson33/?C=D;O=D HTTP/1.1" 200 453 "-" "Mozilla/5.0 (compatible; MJ12bot/v1.4.8; http://mj12bot.com/)"
150.158.90.82 - - [13/Nov/2022:15:24:46 +0100] "POST /xmlrpc.php HTTP/1.1" 200 217 "https://www.astacus.se/xmlrpc.php" "python-requests/2.27.1"
135.181.212.177 - - [13/Nov/2022:15:24:47 +0100] "GET /apps/school/www_old5/img/LevelE/Category1/LevelECat1Lesson33/?C=M;O=D HTTP/1.1" 200 453 "-" "Mozilla/5.0 (compatible; MJ12bot/v1.4.8; http://mj12bot.com/)"
135.181.212.177 - - [13/Nov/2022:15:24:49 +0100] "GET /apps/school/www_old5/img/LevelE/Category1/LevelECat1Lesson33/?C=N;O=A HTTP/1.1" 200 455 "-" "Mozilla/5.0 (compatible; MJ12bot/v1.4.8; http://mj12bot.com/)"
150.158.90.82 - - [13/Nov/2022:15:24:50 +0100] "POST /xmlrpc.php HTTP/1.1" 200 217 "https://www.astacus.se/xmlrpc.php" "python-requests/2.27.1"
135.181.212.177 - - [13/Nov/2022:15:24:50 +0100] "GET /apps/school/www_old5/img/LevelE/Category1/LevelECat1Lesson33/?C=S;O=D HTTP/1.1" 200 453 "-" "Mozilla/5.0 (compatible; MJ12bot/v1.4.8; http://mj12bot.com/)"
150.158.90.82 - - [13/Nov/2022:15:24:51 +0100] "POST /xmlrpc.php HTTP/1.1" 200 217 "https://www.astacus.se/xmlrpc.php" "python-requests/2.27.1"
135.181.212.177 - - [13/Nov/2022:15:24:52 +0100] "GET /apps/school/www_old5/img/LevelE/Category1/LevelECat1Lesson34/?C=D;O=D HTTP/1.1" 200 511 "-" "Mozilla/5.0 (compatible; MJ12bot/v1.4.8; http://mj12bot.com/)"
135.181.212.177 - - [13/Nov/2022:15:24:54 +0100] "GET /apps/school/www_old5/img/LevelE/Category1/LevelECat1Lesson34/?C=M;O=D HTTP/1.1" 200 508 "-" "Mozilla/5.0 (compatible; MJ12bot/v1.4.8; http://mj12bot.com/)"
150.158.90.82 - - [13/Nov/2022:15:24:54 +0100] "POST /xmlrpc.php HTTP/1.1" 200 217 "https://www.astacus.se/xmlrpc.php" "python-requests/2.27.1"
135.181.212.177 - - [13/Nov/2022:15:24:55 +0100] "GET /apps/school/www_old5/img/LevelE/Category1/LevelECat1Lesson34/?C=N;O=A HTTP/1.1" 200 512 "-" "Mozilla/5.0 (compatible; MJ12bot/v1.4.8; http://mj12bot.com/)"
150.158.90.82 - - [13/Nov/2022:15:24:55 +0100] "POST /xmlrpc.php HTTP/1.1" 200 217 "https://www.astacus.se/xmlrpc.php" "python-requests/2.27.1"
135.181.212.177 - - [13/Nov/2022:15:24:57 +0100] "GET /apps/school/www_old5/img/LevelE/Category1/LevelECat1Lesson34/?C=S;O=D HTTP/1.1" 200 509 "-" "Mozilla/5.0 (compatible; MJ12bot/v1.4.8; http://mj12bot.com/)"
135.181.212.177 - - [13/Nov/2022:15:24:58 +0100] "GET /apps/school/www_old5/img/LevelE/Category1/LevelECat1Lesson37/?C=D;O=D HTTP/1.1" 200 526 "-" "Mozilla/5.0 (compatible; MJ12bot/v1.4.8; http://mj12bot.com/)"
135.181.212.177 - - [13/Nov/2022:15:24:59 +0100] "GET /apps/school/www_old5/img/LevelE/Category1/LevelECat1Lesson37/?C=M;O=D HTTP/1.1" 200 524 "-" "Mozilla/5.0 (compatible; MJ12bot/v1.4.8; http://mj12bot.com/)"
150.158.90.82 - - [13/Nov/2022:15:25:00 +0100] "POST /xmlrpc.php HTTP/1.1" 200 217 "https://www.astacus.se/xmlrpc.php" "python-requests/2.27.1"
135.181.212.177 - - [13/Nov/2022:15:25:01 +0100] "GET /apps/school/www_old5/img/LevelE/Category1/LevelECat1Lesson37/?C=N;O=A HTTP/1.1" 200 527 "-" "Mozilla/5.0 (compatible; MJ12bot/v1.4.8; http://mj12bot.com/)"
150.158.90.82 - - [13/Nov/2022:15:25:01 +0100] "POST /xmlrpc.php HTTP/1.1" 200 217 "https://www.astacus.se/xmlrpc.php" "python-requests/2.27.1"
135.181.212.177 - - [13/Nov/2022:15:25:03 +0100] "GET /apps/school/www_old5/img/LevelE/Category1/LevelECat1Lesson37/?C=S;O=D HTTP/1.1" 200 526 "-" "Mozilla/5.0 (compatible; MJ12bot/v1.4.8; http://mj12bot.com/)"
135.181.212.177 - - [13/Nov/2022:15:25:04 +0100] "GET /apps/school/www_old5/img/LevelE/Category1/LevelECat1Lesson38/?C=M;O=D HTTP/1.1" 200 460 "-" "Mozilla/5.0 (compatible; MJ12bot/v1.4.8; http://mj12bot.com/)"
135.181.212.177 - - [13/Nov/2022:15:25:06 +0100] "GET /apps/school/www_old5/img/LevelE/Category1/LevelECat1Lesson38/?C=S;O=D HTTP/1.1" 200 460 "-" "Mozilla/5.0 (compatible; MJ12bot/v1.4.8; http://mj12bot.com/)"
135.181.212.177 - - [13/Nov/2022:15:25:07 +0100] "GET /apps/school/www_old5/img/LevelE/Category1/LevelECat1Lesson39/?C=D;O=D HTTP/1.1" 200 452 "-" "Mozilla/5.0 (compatible; MJ12bot/v1.4.8; http://mj12bot.com/)"
95.163.255.35 - - [13/Nov/2022:15:25:08 +0100] "GET /robots.txt HTTP/1.0" 404 208 "-" "Mozilla/5.0 (compatible; Linux x86_64; Mail.RU_Bot/2.0; +https://help.mail.ru/webmaster/indexing/robots)"
135.181.212.177 - - [13/Nov/2022:15:25:09 +0100] "GET /apps/school/www_old5/img/LevelE/Category1/LevelECat1Lesson39/?C=M;O=D HTTP/1.1" 200 452 "-" "Mozilla/5.0 (compatible; MJ12bot/v1.4.8; http://mj12bot.com/)"
135.181.212.177 - - [13/Nov/2022:15:25:10 +0100] "GET /apps/school/www_old5/img/LevelE/Category1/LevelECat1Lesson39/?C=N;O=A HTTP/1.1" 200 454 "-" "Mozilla/5.0 (compatible; MJ12bot/v1.4.8; http://mj12bot.com/)"
150.158.90.82 - - [13/Nov/2022:15:25:10 +0100] "POST /xmlrpc.php HTTP/1.1" 200 217 "https://www.astacus.se/xmlrpc.php" "python-requests/2.27.1"
66.249.64.151 - - [13/Nov/2022:15:25:11 +0100] "GET /index.php?page=content&id=16 HTTP/1.1" 200 4807 "-" "Mozilla/5.0 (Linux; Android 6.0.1; Nexus 5X Build/MMB29P) AppleWebKit/537.36 (KHTML, like Gecko) Chrome/107.0.5304.110 Mobile Safari/537.36 (compatible; Googlebot/2.1; +http://www.google.com/bot.html)"
95.163.255.37 - - [13/Nov/2022:15:25:11 +0100] "GET / HTTP/1.1" 200 1772 "-" "Mozilla/5.0 (compatible; Linux x86_64; Mail.RU_Bot/2.0; +https://help.mail.ru/webmaster/indexing/robots)"
135.181.212.177 - - [13/Nov/2022:15:25:12 +0100] "GET /apps/school/www_old5/img/LevelE/Category1/LevelECat1Lesson39/?C=S;O=D HTTP/1.1" 200 452 "-" "Mozilla/5.0 (compatible; MJ12bot/v1.4.8; http://mj12bot.com/)"
54.36.148.76 - - [13/Nov/2022:15:25:12 +0100] "GET /apps/school/www_old6/img/LevelG/Category2/LevelGCat2Lesson23/?C=S;O=A HTTP/1.1" 200 448 "-" "Mozilla/5.0 (compatible; AhrefsBot/7.0; +http://ahrefs.com/robot/)"
150.158.90.82 - - [13/Nov/2022:15:25:13 +0100] "POST /xmlrpc.php HTTP/1.1" 200 217 "https://www.astacus.se/xmlrpc.php" "python-requests/2.27.1"
135.181.212.177 - - [13/Nov/2022:15:25:13 +0100] "GET /apps/school/www_old5/img/LevelE/Category1/LevelECat1Lesson40/?C=D;O=D HTTP/1.1" 200 452 "-" "Mozilla/5.0 (compatible; MJ12bot/v1.4.8; http://mj12bot.com/)"
150.158.90.82 - - [13/Nov/2022:15:25:15 +0100] "POST /xmlrpc.php HTTP/1.1" 200 217 "https://www.astacus.se/xmlrpc.php" "python-requests/2.27.1"
135.181.212.177 - - [13/Nov/2022:15:25:15 +0100] "GET /apps/school/www_old5/img/LevelE/Category1/LevelECat1Lesson40/?C=M;O=D HTTP/1.1" 200 452 "-" "Mozilla/5.0 (compatible; MJ12bot/v1.4.8; http://mj12bot.com/)"
135.181.212.177 - - [13/Nov/2022:15:25:16 +0100] "GET /apps/school/www_old5/img/LevelE/Category1/LevelECat1Lesson40/?C=N;O=A HTTP/1.1" 200 454 "-" "Mozilla/5.0 (compatible; MJ12bot/v1.4.8; http://mj12bot.com/)"
135.181.212.177 - - [13/Nov/2022:15:25:18 +0100] "GET /apps/school/www_old6/img/LevelA/Category1/LevelACat1Lesson34/ HTTP/1.1" 200 447 "-" "Mozilla/5.0 (compatible; MJ12bot/v1.4.8; http://mj12bot.com/)"
150.158.90.82 - - [13/Nov/2022:15:25:18 +0100] "POST /xmlrpc.php HTTP/1.1" 200 217 "https://www.astacus.se/xmlrpc.php" "python-requests/2.27.1"
135.181.212.177 - - [13/Nov/2022:15:25:19 +0100] "GET /apps/school/www_old6/img/LevelC/Category1/LevelCCat1Lesson28/ HTTP/1.1" 200 544 "-" "Mozilla/5.0 (compatible; MJ12bot/v1.4.8; http://mj12bot.com/)"
150.158.90.82 - - [13/Nov/2022:15:25:21 +0100] "POST /xmlrpc.php HTTP/1.1" 200 217 "https://www.astacus.se/xmlrpc.php" "python-requests/2.27.1"
135.181.212.177 - - [13/Nov/2022:15:25:21 +0100] "GET /apps/school/www_old6/img/LevelC/Category1/LevelCCat1Lesson29/ HTTP/1.1" 200 486 "-" "Mozilla/5.0 (compatible; MJ12bot/v1.4.8; http://mj12bot.com/)"
150.158.90.82 - - [13/Nov/2022:15:25:22 +0100] "POST /xmlrpc.php HTTP/1.1" 200 217 "https://www.astacus.se/xmlrpc.php" "python-requests/2.27.1"
135.181.212.177 - - [13/Nov/2022:15:25:23 +0100] "GET /apps/school/www_old6/img/LevelD/Category2/LevelDCat2Lesson01/ HTTP/1.1" 200 667 "-" "Mozilla/5.0 (compatible; MJ12bot/v1.4.8; http://mj12bot.com/)"
135.181.212.177 - - [13/Nov/2022:15:25:24 +0100] "GET /apps/school/www_old6/img/LevelD/Category2/LevelDCat2Lesson02/ HTTP/1.1" 200 588 "-" "Mozilla/5.0 (compatible; MJ12bot/v1.4.8; http://mj12bot.com/)"
135.181.212.177 - - [13/Nov/2022:15:25:26 +0100] "GET /apps/school/www_old6/img/LevelD/Category2/LevelDCat2Lesson03/ HTTP/1.1" 200 486 "-" "Mozilla/5.0 (compatible; MJ12bot/v1.4.8; http://mj12bot.com/)"
135.181.212.177 - - [13/Nov/2022:15:25:27 +0100] "GET /apps/school/www_old6/img/LevelD/Category2/LevelDCat2Lesson04/ HTTP/1.1" 200 520 "-" "Mozilla/5.0 (compatible; MJ12bot/v1.4.8; http://mj12bot.com/)"
150.158.90.82 - - [13/Nov/2022:15:25:28 +0100] "POST /xmlrpc.php HTTP/1.1" 200 217 "https://www.astacus.se/xmlrpc.php" "python-requests/2.27.1"
135.181.212.177 - - [13/Nov/2022:15:25:29 +0100] "GET /apps/school/www_old6/img/LevelD/Category2/LevelDCat2Lesson05/ HTTP/1.1" 200 494 "-" "Mozilla/5.0 (compatible; MJ12bot/v1.4.8; http://mj12bot.com/)"
150.158.90.82 - - [13/Nov/2022:15:25:29 +0100] "POST /xmlrpc.php HTTP/1.1" 200 217 "https://www.astacus.se/xmlrpc.php" "python-requests/2.27.1"
135.181.212.177 - - [13/Nov/2022:15:25:30 +0100] "GET /apps/school/www_old6/img/LevelD/Category2/LevelDCat2Lesson06/ HTTP/1.1" 200 462 "-" "Mozilla/5.0 (compatible; MJ12bot/v1.4.8; http://mj12bot.com/)"
150.158.90.82 - - [13/Nov/2022:15:25:30 +0100] "POST /xmlrpc.php HTTP/1.1" 200 217 "https://www.astacus.se/xmlrpc.php" "python-requests/2.27.1"
135.181.212.177 - - [13/Nov/2022:15:25:32 +0100] "GET /apps/school/www_old6/img/LevelD/Category2/LevelDCat2Lesson07/ HTTP/1.1" 200 485 "-" "Mozilla/5.0 (compatible; MJ12bot/v1.4.8; http://mj12bot.com/)"
150.158.90.82 - - [13/Nov/2022:15:25:33 +0100] "POST /xmlrpc.php HTTP/1.1" 200 217 "https://www.astacus.se/xmlrpc.php" "python-requests/2.27.1"
135.181.212.177 - - [13/Nov/2022:15:25:33 +0100] "GET /apps/school/www_old6/img/LevelD/Category2/LevelDCat2Lesson08/ HTTP/1.1" 200 497 "-" "Mozilla/5.0 (compatible; MJ12bot/v1.4.8; http://mj12bot.com/)"
94.102.61.8 - - [13/Nov/2022:15:25:33 +0100] "GET / HTTP/1.1" 200 1772 "-" "Mozilla/5.0 (Windows NT 10.0; Win64; x64) AppleWebKit/537.36 (KHTML, like Gecko) Chrome/88.0.4324.190 Safari/537.36"
135.181.212.177 - - [13/Nov/2022:15:25:35 +0100] "GET /apps/school/www_old6/img/LevelD/Category2/LevelDCat2Lesson09/ HTTP/1.1" 200 518 "-" "Mozilla/5.0 (compatible; MJ12bot/v1.4.8; http://mj12bot.com/)"
150.158.90.82 - - [13/Nov/2022:15:25:35 +0100] "POST /xmlrpc.php HTTP/1.1" 200 217 "https://www.astacus.se/xmlrpc.php" "python-requests/2.27.1"
135.181.212.177 - - [13/Nov/2022:15:25:36 +0100] "GET /apps/school/www_old6/img/LevelD/Category2/LevelDCat2Lesson10/ HTTP/1.1" 200 594 "-" "Mozilla/5.0 (compatible; MJ12bot/v1.4.8; http://mj12bot.com/)"
150.158.90.82 - - [13/Nov/2022:15:25:37 +0100] "POST /xmlrpc.php HTTP/1.1" 200 217 "https://www.astacus.se/xmlrpc.php" "python-requests/2.27.1"
150.158.90.82 - - [13/Nov/2022:15:25:38 +0100] "POST /xmlrpc.php HTTP/1.1" 200 217 "https://www.astacus.se/xmlrpc.php" "python-requests/2.27.1"
135.181.212.177 - - [13/Nov/2022:15:25:38 +0100] "GET /apps/school/www_old6/img/LevelD/Category2/LevelDCat2Lesson11/ HTTP/1.1" 200 544 "-" "Mozilla/5.0 (compatible; MJ12bot/v1.4.8; http://mj12bot.com/)"
150.158.90.82 - - [13/Nov/2022:15:25:39 +0100] "POST /xmlrpc.php HTTP/1.1" 200 217 "https://www.astacus.se/xmlrpc.php" "python-requests/2.27.1"
135.181.212.177 - - [13/Nov/2022:15:25:40 +0100] "GET /apps/school/www_old6/img/LevelD/Category2/LevelDCat2Lesson12/ HTTP/1.1" 200 502 "-" "Mozilla/5.0 (compatible; MJ12bot/v1.4.8; http://mj12bot.com/)"
150.158.90.82 - - [13/Nov/2022:15:25:40 +0100] "POST /xmlrpc.php HTTP/1.1" 200 217 "https://www.astacus.se/xmlrpc.php" "python-requests/2.27.1"
135.181.212.177 - - [13/Nov/2022:15:25:41 +0100] "GET /apps/school/www_old6/img/LevelD/Category2/LevelDCat2Lesson13/ HTTP/1.1" 200 470 "-" "Mozilla/5.0 (compatible; MJ12bot/v1.4.8; http://mj12bot.com/)"
150.158.90.82 - - [13/Nov/2022:15:25:42 +0100] "POST /xmlrpc.php HTTP/1.1" 200 217 "https://www.astacus.se/xmlrpc.php" "python-requests/2.27.1"
135.181.212.177 - - [13/Nov/2022:15:25:43 +0100] "GET /apps/school/www_old6/img/LevelD/Category2/LevelDCat2Lesson14/ HTTP/1.1" 200 507 "-" "Mozilla/5.0 (compatible; MJ12bot/v1.4.8; http://mj12bot.com/)"
135.181.212.177 - - [13/Nov/2022:15:25:44 +0100] "GET /apps/school/www_old6/img/LevelD/Category2/LevelDCat2Lesson16/ HTTP/1.1" 200 539 "-" "Mozilla/5.0 (compatible; MJ12bot/v1.4.8; http://mj12bot.com/)"
150.158.90.82 - - [13/Nov/2022:15:25:46 +0100] "POST /xmlrpc.php HTTP/1.1" 200 217 "https://www.astacus.se/xmlrpc.php" "python-requests/2.27.1"
135.181.212.177 - - [13/Nov/2022:15:25:46 +0100] "GET /apps/school/www_old6/img/LevelD/Category2/LevelDCat2Lesson17/ HTTP/1.1" 200 513 "-" "Mozilla/5.0 (compatible; MJ12bot/v1.4.8; http://mj12bot.com/)"
135.181.212.177 - - [13/Nov/2022:15:25:47 +0100] "GET /apps/school/www_old6/img/LevelD/Category2/LevelDCat2Lesson18/ HTTP/1.1" 200 514 "-" "Mozilla/5.0 (compatible; MJ12bot/v1.4.8; http://mj12bot.com/)"
135.181.212.177 - - [13/Nov/2022:15:25:49 +0100] "GET /apps/school/www_old6/img/LevelD/Category2/LevelDCat2Lesson19/ HTTP/1.1" 200 543 "-" "Mozilla/5.0 (compatible; MJ12bot/v1.4.8; http://mj12bot.com/)"
40.77.167.27 - - [13/Nov/2022:15:25:49 +0100] "GET /index.php?page=change&CompanyId=3020 HTTP/1.1" 200 1772 "-" "Mozilla/5.0 (compatible; bingbot/2.0; +http://www.bing.com/bingbot.htm)"
135.181.212.177 - - [13/Nov/2022:15:25:50 +0100] "GET /apps/school/www_old6/img/LevelD/Category2/LevelDCat2Lesson20/ HTTP/1.1" 200 480 "-" "Mozilla/5.0 (compatible; MJ12bot/v1.4.8; http://mj12bot.com/)"
135.181.212.177 - - [13/Nov/2022:15:25:52 +0100] "GET /apps/school/www_old6/img/LevelD/Category2/LevelDCat2Lesson21/ HTTP/1.1" 200 494 "-" "Mozilla/5.0 (compatible; MJ12bot/v1.4.8; http://mj12bot.com/)"
150.158.90.82 - - [13/Nov/2022:15:25:53 +0100] "POST /xmlrpc.php HTTP/1.1" 200 217 "https://www.astacus.se/xmlrpc.php" "python-requests/2.27.1"
135.181.212.177 - - [13/Nov/2022:15:25:54 +0100] "GET /apps/school/www_old6/img/LevelD/Category2/LevelDCat2Lesson22/ HTTP/1.1" 200 554 "-" "Mozilla/5.0 (compatible; MJ12bot/v1.4.8; http://mj12bot.com/)"
135.181.212.177 - - [13/Nov/2022:15:25:55 +0100] "GET /apps/school/www_old6/img/LevelD/Category2/LevelDCat2Lesson23/ HTTP/1.1" 200 543 "-" "Mozilla/5.0 (compatible; MJ12bot/v1.4.8; http://mj12bot.com/)"
150.158.90.82 - - [13/Nov/2022:15:25:56 +0100] "POST /xmlrpc.php HTTP/1.1" 200 217 "https://www.astacus.se/xmlrpc.php" "python-requests/2.27.1"
135.181.212.177 - - [13/Nov/2022:15:25:57 +0100] "GET /apps/school/www_old6/img/LevelD/Category2/LevelDCat2Lesson24/ HTTP/1.1" 200 506 "-" "Mozilla/5.0 (compatible; MJ12bot/v1.4.8; http://mj12bot.com/)"
150.158.90.82 - - [13/Nov/2022:15:25:57 +0100] "POST /xmlrpc.php HTTP/1.1" 200 217 "https://www.astacus.se/xmlrpc.php" "python-requests/2.27.1"
135.181.212.177 - - [13/Nov/2022:15:25:58 +0100] "GET /apps/school/www_old6/img/LevelD/Category2/LevelDCat2Lesson25/ HTTP/1.1" 200 499 "-" "Mozilla/5.0 (compatible; MJ12bot/v1.4.8; http://mj12bot.com/)"
150.158.90.82 - - [13/Nov/2022:15:26:00 +0100] "POST /xmlrpc.php HTTP/1.1" 200 217 "https://www.astacus.se/xmlrpc.php" "python-requests/2.27.1"
135.181.212.177 - - [13/Nov/2022:15:26:00 +0100] "GET /apps/school/www_old6/img/LevelE/Category2/LevelECat2Lesson01/ HTTP/1.1" 200 479 "-" "Mozilla/5.0 (compatible; MJ12bot/v1.4.8; http://mj12bot.com/)"
135.181.212.177 - - [13/Nov/2022:15:26:01 +0100] "GET /apps/school/www_old6/img/LevelE/Category2/LevelECat2Lesson02/ HTTP/1.1" 200 486 "-" "Mozilla/5.0 (compatible; MJ12bot/v1.4.8; http://mj12bot.com/)"
150.158.90.82 - - [13/Nov/2022:15:26:02 +0100] "POST /xmlrpc.php HTTP/1.1" 200 217 "https://www.astacus.se/xmlrpc.php" "python-requests/2.27.1"
135.181.212.177 - - [13/Nov/2022:15:26:03 +0100] "GET /apps/school/www_old6/img/LevelE/Category2/LevelECat2Lesson03/ HTTP/1.1" 200 626 "-" "Mozilla/5.0 (compatible; MJ12bot/v1.4.8; http://mj12bot.com/)"
150.158.90.82 - - [13/Nov/2022:15:26:03 +0100] "POST /xmlrpc.php HTTP/1.1" 200 217 "https://www.astacus.se/xmlrpc.php" "python-requests/2.27.1"
135.181.212.177 - - [13/Nov/2022:15:26:04 +0100] "GET /apps/school/www_old6/img/LevelE/Category2/LevelECat2Lesson04/ HTTP/1.1" 200 467 "-" "Mozilla/5.0 (compatible; MJ12bot/v1.4.8; http://mj12bot.com/)"
150.158.90.82 - - [13/Nov/2022:15:26:04 +0100] "POST /xmlrpc.php HTTP/1.1" 200 217 "https://www.astacus.se/xmlrpc.php" "python-requests/2.27.1"
135.181.213.219 - - [13/Nov/2022:15:26:05 +0100] "GET /robots.txt HTTP/1.1" 404 208 "-" "Mozilla/5.0 (compatible; MJ12bot/v1.4.8; http://mj12bot.com/)"
135.181.212.177 - - [13/Nov/2022:15:26:06 +0100] "GET /apps/school/www_old6/img/LevelE/Category2/LevelECat2Lesson05/ HTTP/1.1" 200 508 "-" "Mozilla/5.0 (compatible; MJ12bot/v1.4.8; http://mj12bot.com/)"
135.181.213.219 - - [13/Nov/2022:15:26:06 +0100] "GET /apps/school/www_old2/img/LevelC/Category2/LevelCCat2Lesson16/ HTTP/1.1" 200 517 "-" "Mozilla/5.0 (compatible; MJ12bot/v1.4.8; http://mj12bot.com/)"
135.181.212.177 - - [13/Nov/2022:15:26:07 +0100] "GET /apps/school/www_old6/img/LevelE/Category2/LevelECat2Lesson06/ HTTP/1.1" 200 448 "-" "Mozilla/5.0 (compatible; MJ12bot/v1.4.8; http://mj12bot.com/)"
150.158.90.82 - - [13/Nov/2022:15:26:07 +0100] "POST /xmlrpc.php HTTP/1.1" 200 217 "https://www.astacus.se/xmlrpc.php" "python-requests/2.27.1"
135.181.213.219 - - [13/Nov/2022:15:26:08 +0100] "GET /apps/school/www_old2/img/LevelC/Category2/LevelCCat2Lesson17/ HTTP/1.1" 200 485 "-" "Mozilla/5.0 (compatible; MJ12bot/v1.4.8; http://mj12bot.com/)"
135.181.212.177 - - [13/Nov/2022:15:26:09 +0100] "GET /apps/school/www_old6/img/LevelE/Category2/LevelECat2Lesson08/ HTTP/1.1" 200 587 "-" "Mozilla/5.0 (compatible; MJ12bot/v1.4.8; http://mj12bot.com/)"
135.181.213.219 - - [13/Nov/2022:15:26:09 +0100] "GET /apps/school/www_old2/img/LevelC/Category2/LevelCCat2Lesson18/ HTTP/1.1" 200 526 "-" "Mozilla/5.0 (compatible; MJ12bot/v1.4.8; http://mj12bot.com/)"
150.158.90.82 - - [13/Nov/2022:15:26:10 +0100] "POST /xmlrpc.php HTTP/1.1" 200 217 "https://www.astacus.se/xmlrpc.php" "python-requests/2.27.1"
135.181.212.177 - - [13/Nov/2022:15:26:11 +0100] "GET /apps/school/www_old6/img/LevelE/Category2/LevelECat2Lesson09/ HTTP/1.1" 200 449 "-" "Mozilla/5.0 (compatible; MJ12bot/v1.4.8; http://mj12bot.com/)"
135.181.213.219 - - [13/Nov/2022:15:26:11 +0100] "GET /apps/school/www_old2/img/LevelC/Category2/LevelCCat2Lesson2/ HTTP/1.1" 200 460 "-" "Mozilla/5.0 (compatible; MJ12bot/v1.4.8; http://mj12bot.com/)"
150.158.90.82 - - [13/Nov/2022:15:26:11 +0100] "POST /xmlrpc.php HTTP/1.1" 200 217 "https://www.astacus.se/xmlrpc.php" "python-requests/2.27.1"
135.181.212.177 - - [13/Nov/2022:15:26:12 +0100] "GET /apps/school/www_old6/img/LevelE/Category2/LevelECat2Lesson11/ HTTP/1.1" 200 478 "-" "Mozilla/5.0 (compatible; MJ12bot/v1.4.8; http://mj12bot.com/)"
135.181.213.219 - - [13/Nov/2022:15:26:12 +0100] "GET /apps/school/www_old2/img/LevelC/Category2/LevelCCat2Lesson3/ HTTP/1.1" 200 443 "-" "Mozilla/5.0 (compatible; MJ12bot/v1.4.8; http://mj12bot.com/)"
135.181.212.177 - - [13/Nov/2022:15:26:13 +0100] "GET /apps/school/www_old6/img/LevelE/Category2/LevelECat2Lesson12/ HTTP/1.1" 200 531 "-" "Mozilla/5.0 (compatible; MJ12bot/v1.4.8; http://mj12bot.com/)"
150.158.90.82 - - [13/Nov/2022:15:26:13 +0100] "POST /xmlrpc.php HTTP/1.1" 200 217 "https://www.astacus.se/xmlrpc.php" "python-requests/2.27.1"
135.181.213.219 - - [13/Nov/2022:15:26:14 +0100] "GET /apps/school/www_old2/img/LevelC/Category2/LevelCCat2Lesson4/ HTTP/1.1" 200 465 "-" "Mozilla/5.0 (compatible; MJ12bot/v1.4.8; http://mj12bot.com/)"
135.181.212.177 - - [13/Nov/2022:15:26:15 +0100] "GET /apps/school/www_old6/img/LevelE/Category2/LevelECat2Lesson13/ HTTP/1.1" 200 450 "-" "Mozilla/5.0 (compatible; MJ12bot/v1.4.8; http://mj12bot.com/)"
150.158.90.82 - - [13/Nov/2022:15:26:15 +0100] "POST /xmlrpc.php HTTP/1.1" 200 217 "https://www.astacus.se/xmlrpc.php" "python-requests/2.27.1"
135.181.213.219 - - [13/Nov/2022:15:26:16 +0100] "GET /apps/school/www_old2/img/LevelC/Category2/LevelCCat2Lesson5/ HTTP/1.1" 200 540 "-" "Mozilla/5.0 (compatible; MJ12bot/v1.4.8; http://mj12bot.com/)"
185.191.171.37 - - [13/Nov/2022:15:26:16 +0100] "GET /notes-online-2-0-finns-i-app-storen/ HTTP/1.1" 200 9751 "-" "Mozilla/5.0 (compatible; SemrushBot/7~bl; +http://www.semrush.com/bot.html)"
150.158.90.82 - - [13/Nov/2022:15:26:16 +0100] "POST /xmlrpc.php HTTP/1.1" 200 217 "https://www.astacus.se/xmlrpc.php" "python-requests/2.27.1"
135.181.212.177 - - [13/Nov/2022:15:26:17 +0100] "GET /apps/school/www_old6/img/LevelE/Category2/LevelECat2Lesson14/ HTTP/1.1" 200 759 "-" "Mozilla/5.0 (compatible; MJ12bot/v1.4.8; http://mj12bot.com/)"
135.181.213.219 - - [13/Nov/2022:15:26:17 +0100] "GET /apps/school/www_old2/img/LevelC/Category2/LevelCCat2Lesson6/ HTTP/1.1" 200 500 "-" "Mozilla/5.0 (compatible; MJ12bot/v1.4.8; http://mj12bot.com/)"
114.119.144.51 - - [13/Nov/2022:15:26:18 +0100] "GET / HTTP/1.1" 200 4586 "-" "Mozilla/5.0 (Linux; Android 7.0;) AppleWebKit/537.36 (KHTML, like Gecko) Mobile Safari/537.36 (compatible; PetalBot;+https://webmaster.petalsearch.com/site/petalbot)"
135.181.212.177 - - [13/Nov/2022:15:26:18 +0100] "GET /apps/school/www_old6/img/LevelE/Category2/LevelECat2Lesson18/ HTTP/1.1" 200 562 "-" "Mozilla/5.0 (compatible; MJ12bot/v1.4.8; http://mj12bot.com/)"
150.158.90.82 - - [13/Nov/2022:15:26:19 +0100] "POST /xmlrpc.php HTTP/1.1" 200 217 "https://www.astacus.se/xmlrpc.php" "python-requests/2.27.1"
135.181.213.219 - - [13/Nov/2022:15:26:19 +0100] "GET /apps/school/www_old2/img/LevelC/Category2/LevelCCat2Lesson7/ HTTP/1.1" 200 444 "-" "Mozilla/5.0 (compatible; MJ12bot/v1.4.8; http://mj12bot.com/)"
135.181.212.177 - - [13/Nov/2022:15:26:20 +0100] "GET /apps/school/www_old6/img/LevelE/Category2/LevelECat2Lesson19/ HTTP/1.1" 200 446 "-" "Mozilla/5.0 (compatible; MJ12bot/v1.4.8; http://mj12bot.com/)"
135.181.213.219 - - [13/Nov/2022:15:26:20 +0100] "GET /apps/school/www_old2/img/LevelC/Category3/LevelCCat3Lesson1/ HTTP/1.1" 200 627 "-" "Mozilla/5.0 (compatible; MJ12bot/v1.4.8; http://mj12bot.com/)"
150.158.90.82 - - [13/Nov/2022:15:26:21 +0100] "POST /xmlrpc.php HTTP/1.1" 200 217 "https://www.astacus.se/xmlrpc.php" "python-requests/2.27.1"
135.181.212.177 - - [13/Nov/2022:15:26:21 +0100] "GET /apps/school/www_old6/img/LevelE/Category2/LevelECat2Lesson20/ HTTP/1.1" 200 708 "-" "Mozilla/5.0 (compatible; MJ12bot/v1.4.8; http://mj12bot.com/)"
135.181.213.219 - - [13/Nov/2022:15:26:22 +0100] "GET /apps/school/www_old2/img/LevelC/Category3/LevelCCat3Lesson12/ HTTP/1.1" 200 488 "-" "Mozilla/5.0 (compatible; MJ12bot/v1.4.8; http://mj12bot.com/)"
135.181.212.177 - - [13/Nov/2022:15:26:23 +0100] "GET /apps/school/www_old6/img/LevelE/Category2/LevelECat2Lesson21/ HTTP/1.1" 200 446 "-" "Mozilla/5.0 (compatible; MJ12bot/v1.4.8; http://mj12bot.com/)"
150.158.90.82 - - [13/Nov/2022:15:26:23 +0100] "POST /xmlrpc.php HTTP/1.1" 200 217 "https://www.astacus.se/xmlrpc.php" "python-requests/2.27.1"
135.181.213.219 - - [13/Nov/2022:15:26:24 +0100] "GET /apps/school/www_old2/img/LevelC/Category3/LevelCCat3Lesson15/ HTTP/1.1" 200 587 "-" "Mozilla/5.0 (compatible; MJ12bot/v1.4.8; http://mj12bot.com/)"
135.181.212.177 - - [13/Nov/2022:15:26:24 +0100] "GET /apps/school/www_old6/img/LevelE/Category2/LevelECat2Lesson24/ HTTP/1.1" 200 490 "-" "Mozilla/5.0 (compatible; MJ12bot/v1.4.8; http://mj12bot.com/)"
135.181.213.219 - - [13/Nov/2022:15:26:25 +0100] "GET /apps/school/www_old2/img/LevelC/Category3/LevelCCat3Lesson16/ HTTP/1.1" 200 596 "-" "Mozilla/5.0 (compatible; MJ12bot/v1.4.8; http://mj12bot.com/)"
150.158.90.82 - - [13/Nov/2022:15:26:25 +0100] "POST /xmlrpc.php HTTP/1.1" 200 217 "https://www.astacus.se/xmlrpc.php" "python-requests/2.27.1"
135.181.212.177 - - [13/Nov/2022:15:26:26 +0100] "GET /apps/school/www_old6/img/LevelE/Category2/LevelECat2Lesson25/ HTTP/1.1" 200 532 "-" "Mozilla/5.0 (compatible; MJ12bot/v1.4.8; http://mj12bot.com/)"
135.181.213.219 - - [13/Nov/2022:15:26:27 +0100] "GET /apps/school/www_old2/img/LevelC/Category3/LevelCCat3Lesson17/ HTTP/1.1" 200 555 "-" "Mozilla/5.0 (compatible; MJ12bot/v1.4.8; http://mj12bot.com/)"
135.181.212.177 - - [13/Nov/2022:15:26:27 +0100] "GET /apps/school/www_old6/img/LevelG/Category2/LevelGCat2Lesson01/ HTTP/1.1" 200 448 "-" "Mozilla/5.0 (compatible; MJ12bot/v1.4.8; http://mj12bot.com/)"
135.181.213.219 - - [13/Nov/2022:15:26:28 +0100] "GET /apps/school/www_old2/img/LevelC/Category3/LevelCCat3Lesson2/ HTTP/1.1" 200 541 "-" "Mozilla/5.0 (compatible; MJ12bot/v1.4.8; http://mj12bot.com/)"
135.181.212.177 - - [13/Nov/2022:15:26:29 +0100] "GET /apps/school/www_old6/img/LevelG/Category2/LevelGCat2Lesson02/ HTTP/1.1" 200 448 "-" "Mozilla/5.0 (compatible; MJ12bot/v1.4.8; http://mj12bot.com/)"
135.181.213.219 - - [13/Nov/2022:15:26:30 +0100] "GET /apps/school/www_old2/img/LevelC/Category3/LevelCCat3Lesson20/ HTTP/1.1" 200 574 "-" "Mozilla/5.0 (compatible; MJ12bot/v1.4.8; http://mj12bot.com/)"
135.181.212.177 - - [13/Nov/2022:15:26:31 +0100] "GET /apps/school/www_old6/img/LevelG/Category2/LevelGCat2Lesson03/ HTTP/1.1" 200 449 "-" "Mozilla/5.0 (compatible; MJ12bot/v1.4.8; http://mj12bot.com/)"
150.158.90.82 - - [13/Nov/2022:15:26:30 +0100] "POST /xmlrpc.php HTTP/1.1" 200 217 "https://www.astacus.se/xmlrpc.php" "python-requests/2.27.1"
135.181.213.219 - - [13/Nov/2022:15:26:31 +0100] "GET /apps/school/www_old2/img/LevelC/Category3/LevelCCat3Lesson21/ HTTP/1.1" 200 581 "-" "Mozilla/5.0 (compatible; MJ12bot/v1.4.8; http://mj12bot.com/)"
150.158.90.82 - - [13/Nov/2022:15:26:32 +0100] "POST /xmlrpc.php HTTP/1.1" 200 217 "https://www.astacus.se/xmlrpc.php" "python-requests/2.27.1"
135.181.212.177 - - [13/Nov/2022:15:26:32 +0100] "GET /apps/school/www_old6/img/LevelG/Category2/LevelGCat2Lesson04/ HTTP/1.1" 200 449 "-" "Mozilla/5.0 (compatible; MJ12bot/v1.4.8; http://mj12bot.com/)"
135.181.213.219 - - [13/Nov/2022:15:26:33 +0100] "GET /apps/school/www_old2/img/LevelC/Category3/LevelCCat3Lesson22/ HTTP/1.1" 200 555 "-" "Mozilla/5.0 (compatible; MJ12bot/v1.4.8; http://mj12bot.com/)"
150.158.90.82 - - [13/Nov/2022:15:26:33 +0100] "POST /xmlrpc.php HTTP/1.1" 200 217 "https://www.astacus.se/xmlrpc.php" "python-requests/2.27.1"
135.181.212.177 - - [13/Nov/2022:15:26:34 +0100] "GET /apps/school/www_old6/img/LevelG/Category2/LevelGCat2Lesson05/ HTTP/1.1" 200 449 "-" "Mozilla/5.0 (compatible; MJ12bot/v1.4.8; http://mj12bot.com/)"
135.181.213.219 - - [13/Nov/2022:15:26:34 +0100] "GET /apps/school/www_old2/img/LevelC/Category3/LevelCCat3Lesson3/ HTTP/1.1" 200 540 "-" "Mozilla/5.0 (compatible; MJ12bot/v1.4.8; http://mj12bot.com/)"
135.181.212.177 - - [13/Nov/2022:15:26:35 +0100] "GET /apps/school/www_old6/img/LevelG/Category2/LevelGCat2Lesson06/ HTTP/1.1" 200 465 "-" "Mozilla/5.0 (compatible; MJ12bot/v1.4.8; http://mj12bot.com/)"
135.181.213.219 - - [13/Nov/2022:15:26:36 +0100] "GET /apps/school/www_old2/img/LevelC/Category3/LevelCCat3Lesson4/ HTTP/1.1" 200 504 "-" "Mozilla/5.0 (compatible; MJ12bot/v1.4.8; http://mj12bot.com/)"
135.181.212.177 - - [13/Nov/2022:15:26:37 +0100] "GET /apps/school/www_old6/img/LevelG/Category2/LevelGCat2Lesson07/ HTTP/1.1" 200 464 "-" "Mozilla/5.0 (compatible; MJ12bot/v1.4.8; http://mj12bot.com/)"
150.158.90.82 - - [13/Nov/2022:15:26:37 +0100] "POST /xmlrpc.php HTTP/1.1" 200 217 "https://www.astacus.se/xmlrpc.php" "python-requests/2.27.1"
135.181.213.219 - - [13/Nov/2022:15:26:38 +0100] "GET /apps/school/www_old2/img/LevelC/Category3/LevelCCat3Lesson5/ HTTP/1.1" 200 488 "-" "Mozilla/5.0 (compatible; MJ12bot/v1.4.8; http://mj12bot.com/)"
135.181.212.177 - - [13/Nov/2022:15:26:39 +0100] "GET /apps/school/www_old6/img/LevelG/Category2/LevelGCat2Lesson08/ HTTP/1.1" 200 462 "-" "Mozilla/5.0 (compatible; MJ12bot/v1.4.8; http://mj12bot.com/)"
150.158.90.82 - - [13/Nov/2022:15:26:39 +0100] "POST /xmlrpc.php HTTP/1.1" 200 217 "https://www.astacus.se/xmlrpc.php" "python-requests/2.27.1"
