88.131.253.147 - - [21/Nov/2022:08:29:28 +0100] "GET /wp-content/uploads/2020/04/dronare3.jpg HTTP/1.1" 200 71537 "https://www.astacus.se/" "Mozilla/5.0 (Windows NT 10.0; Win64; x64) AppleWebKit/537.36 (KHTML, like Gecko) Chrome/106.0.0.0 Safari/537.36 OPR/92.0.0.0"
88.131.253.147 - - [21/Nov/2022:08:29:28 +0100] "GET /wp-content/uploads/2020/04/scb-881x492.jpg HTTP/1.1" 200 29812 "https://www.astacus.se/" "Mozilla/5.0 (Windows NT 10.0; Win64; x64) AppleWebKit/537.36 (KHTML, like Gecko) Chrome/106.0.0.0 Safari/537.36 OPR/92.0.0.0"
88.131.253.147 - - [21/Nov/2022:08:29:28 +0100] "GET /wp-content/uploads/2020/04/profi.jpg HTTP/1.1" 200 23316 "https://www.astacus.se/" "Mozilla/5.0 (Windows NT 10.0; Win64; x64) AppleWebKit/537.36 (KHTML, like Gecko) Chrome/106.0.0.0 Safari/537.36 OPR/92.0.0.0"
88.131.253.147 - - [21/Nov/2022:08:29:28 +0100] "GET /wp-content/uploads/2020/04/tv.jpg HTTP/1.1" 200 29384 "https://www.astacus.se/" "Mozilla/5.0 (Windows NT 10.0; Win64; x64) AppleWebKit/537.36 (KHTML, like Gecko) Chrome/106.0.0.0 Safari/537.36 OPR/92.0.0.0"
88.131.253.147 - - [21/Nov/2022:08:29:28 +0100] "GET /wp-content/uploads/2020/04/arvid.jpg HTTP/1.1" 200 29060 "https://www.astacus.se/" "Mozilla/5.0 (Windows NT 10.0; Win64; x64) AppleWebKit/537.36 (KHTML, like Gecko) Chrome/106.0.0.0 Safari/537.36 OPR/92.0.0.0"
88.131.253.147 - - [21/Nov/2022:08:29:28 +0100] "GET /wp-content/uploads/2021/07/wrslam.jpg HTTP/1.1" 200 154033 "https://www.astacus.se/" "Mozilla/5.0 (Windows NT 10.0; Win64; x64) AppleWebKit/537.36 (KHTML, like Gecko) Chrome/106.0.0.0 Safari/537.36 OPR/92.0.0.0"
88.131.253.147 - - [21/Nov/2022:08:29:28 +0100] "GET /wp-content/uploads/2020/04/lanssto.jpg HTTP/1.1" 200 37715 "https://www.astacus.se/" "Mozilla/5.0 (Windows NT 10.0; Win64; x64) AppleWebKit/537.36 (KHTML, like Gecko) Chrome/106.0.0.0 Safari/537.36 OPR/92.0.0.0"
88.131.253.147 - - [21/Nov/2022:08:29:28 +0100] "GET /wp-content/uploads/2017/08/SCAB_ISO_14001_Sve_RGB.png HTTP/1.1" 200 16510 "https://www.astacus.se/" "Mozilla/5.0 (Windows NT 10.0; Win64; x64) AppleWebKit/537.36 (KHTML, like Gecko) Chrome/106.0.0.0 Safari/537.36 OPR/92.0.0.0"
88.131.253.147 - - [21/Nov/2022:08:29:28 +0100] "GET /wp-content/plugins/revslider/public/assets/js/jquery.themepunch.tools.min.js?ver=5.4.8 HTTP/1.1" 200 38337 "https://www.astacus.se/" "Mozilla/5.0 (Windows NT 10.0; Win64; x64) AppleWebKit/537.36 (KHTML, like Gecko) Chrome/106.0.0.0 Safari/537.36 OPR/92.0.0.0"
88.131.253.147 - - [21/Nov/2022:08:29:28 +0100] "GET /wp-includes/js/wp-emoji-release.min.js?ver=4.8.1 HTTP/1.1" 200 4299 "https://www.astacus.se/" "Mozilla/5.0 (Windows NT 10.0; Win64; x64) AppleWebKit/537.36 (KHTML, like Gecko) Chrome/106.0.0.0 Safari/537.36 OPR/92.0.0.0"
88.131.253.147 - - [21/Nov/2022:08:29:28 +0100] "GET /wp-content/plugins/revslider/public/assets/js/jquery.themepunch.revolution.min.js?ver=5.4.8 HTTP/1.1" 200 18090 "https://www.astacus.se/" "Mozilla/5.0 (Windows NT 10.0; Win64; x64) AppleWebKit/537.36 (KHTML, like Gecko) Chrome/106.0.0.0 Safari/537.36 OPR/92.0.0.0"
88.131.253.147 - - [21/Nov/2022:08:29:28 +0100] "GET /wp-content/plugins/revslider/public/assets/js/extensions/revolution.extension.parallax.min.js?version=5.4.8 HTTP/1.1" 200 3240 "https://www.astacus.se/" "Mozilla/5.0 (Windows NT 10.0; Win64; x64) AppleWebKit/537.36 (KHTML, like Gecko) Chrome/106.0.0.0 Safari/537.36 OPR/92.0.0.0"
88.131.253.147 - - [21/Nov/2022:08:29:28 +0100] "GET /wp-content/plugins/revslider/public/assets/js/extensions/revolution.extension.slideanims.min.js?version=5.4.8 HTTP/1.1" 200 6880 "https://www.astacus.se/" "Mozilla/5.0 (Windows NT 10.0; Win64; x64) AppleWebKit/537.36 (KHTML, like Gecko) Chrome/106.0.0.0 Safari/537.36 OPR/92.0.0.0"
88.131.253.147 - - [21/Nov/2022:08:29:28 +0100] "GET /wp-content/uploads/2020/04/slide-main.jpg HTTP/1.1" 200 224079 "https://www.astacus.se/" "Mozilla/5.0 (Windows NT 10.0; Win64; x64) AppleWebKit/537.36 (KHTML, like Gecko) Chrome/106.0.0.0 Safari/537.36 OPR/92.0.0.0"
88.131.253.147 - - [21/Nov/2022:08:29:32 +0100] "GET /?page=loggain&goto=approject HTTP/1.1" 200 1269 "https://www.astacus.se/" "Mozilla/5.0 (Windows NT 10.0; Win64; x64) AppleWebKit/537.36 (KHTML, like Gecko) Chrome/106.0.0.0 Safari/537.36 OPR/92.0.0.0"
88.131.253.147 - - [21/Nov/2022:08:29:32 +0100] "GET /images/astacus.jpg HTTP/1.1" 200 2244 "https://icad.astacus.se/?page=loggain&goto=approject" "Mozilla/5.0 (Windows NT 10.0; Win64; x64) AppleWebKit/537.36 (KHTML, like Gecko) Chrome/106.0.0.0 Safari/537.36 OPR/92.0.0.0"
88.131.253.147 - - [21/Nov/2022:08:29:32 +0100] "GET /images/facebook.jpg HTTP/1.1" 200 3874 "https://icad.astacus.se/?page=loggain&goto=approject" "Mozilla/5.0 (Windows NT 10.0; Win64; x64) AppleWebKit/537.36 (KHTML, like Gecko) Chrome/106.0.0.0 Safari/537.36 OPR/92.0.0.0"
14.98.175.41 - - [21/Nov/2022:08:29:36 +0100] "-" 408 - "-" "-"
::1 - - [21/Nov/2022:08:29:46 +0100] "OPTIONS * HTTP/1.0" 200 - "-" "Apache/2.4.7 (Ubuntu) PHP/5.5.9-1ubuntu4.29 OpenSSL/1.0.1f (internal dummy connection)"
14.98.175.41 - - [21/Nov/2022:08:29:45 +0100] "GET /productionzon/index.php?CustomerID=1124&Submit=Show HTTP/1.1" 200 3374 "https://icad.astacus.se/productionzon/index.php" "Mozilla/5.0 (Windows NT 10.0; Win64; x64) AppleWebKit/537.36 (KHTML, like Gecko) Chrome/107.0.0.0 Safari/537.36"
54.37.57.133 - - [21/Nov/2022:08:29:49 +0100] "GET /2021/07/ HTTP/1.1" 200 9700 "-" "-"
88.131.253.147 - - [21/Nov/2022:08:29:59 +0100] "POST /logon.php?action=logon HTTP/1.1" 302 - "https://icad.astacus.se/?page=loggain&goto=approject" "Mozilla/5.0 (Windows NT 10.0; Win64; x64) AppleWebKit/537.36 (KHTML, like Gecko) Chrome/106.0.0.0 Safari/537.36 OPR/92.0.0.0"
88.131.253.147 - - [21/Nov/2022:08:29:59 +0100] "GET /project/index.php?BallId=8552 HTTP/1.1" 200 84778 "https://icad.astacus.se/?page=loggain&goto=approject" "Mozilla/5.0 (Windows NT 10.0; Win64; x64) AppleWebKit/537.36 (KHTML, like Gecko) Chrome/106.0.0.0 Safari/537.36 OPR/92.0.0.0"
88.131.253.147 - - [21/Nov/2022:08:29:59 +0100] "GET /project/sorttable.js HTTP/1.1" 200 5140 "https://icad.astacus.se/project/index.php?BallId=8552" "Mozilla/5.0 (Windows NT 10.0; Win64; x64) AppleWebKit/537.36 (KHTML, like Gecko) Chrome/106.0.0.0 Safari/537.36 OPR/92.0.0.0"
88.131.253.147 - - [21/Nov/2022:08:29:59 +0100] "GET /project/astacusproject_logo.png HTTP/1.1" 200 2670 "https://icad.astacus.se/project/index.php?BallId=8552" "Mozilla/5.0 (Windows NT 10.0; Win64; x64) AppleWebKit/537.36 (KHTML, like Gecko) Chrome/106.0.0.0 Safari/537.36 OPR/92.0.0.0"
88.131.253.147 - - [21/Nov/2022:08:29:59 +0100] "GET /project/jquery.dataTables.min.js HTTP/1.1" 200 28202 "https://icad.astacus.se/project/index.php?BallId=8552" "Mozilla/5.0 (Windows NT 10.0; Win64; x64) AppleWebKit/537.36 (KHTML, like Gecko) Chrome/106.0.0.0 Safari/537.36 OPR/92.0.0.0"
88.131.253.147 - - [21/Nov/2022:08:29:59 +0100] "GET /project/dataTables.fixedHeader.min.js HTTP/1.1" 200 2314 "https://icad.astacus.se/project/index.php?BallId=8552" "Mozilla/5.0 (Windows NT 10.0; Win64; x64) AppleWebKit/537.36 (KHTML, like Gecko) Chrome/106.0.0.0 Safari/537.36 OPR/92.0.0.0"
88.131.253.147 - - [21/Nov/2022:08:29:59 +0100] "GET /project/jquery-1.12.4.js HTTP/1.1" 200 87632 "https://icad.astacus.se/project/index.php?BallId=8552" "Mozilla/5.0 (Windows NT 10.0; Win64; x64) AppleWebKit/537.36 (KHTML, like Gecko) Chrome/106.0.0.0 Safari/537.36 OPR/92.0.0.0"
88.131.253.147 - - [21/Nov/2022:08:30:11 +0100] "GET /project/index.php?companyId=1714&button=Show HTTP/1.1" 200 86021 "https://icad.astacus.se/project/index.php?BallId=8552" "Mozilla/5.0 (Windows NT 10.0; Win64; x64) AppleWebKit/537.36 (KHTML, like Gecko) Chrome/106.0.0.0 Safari/537.36 OPR/92.0.0.0"
::1 - - [21/Nov/2022:08:30:17 +0100] "OPTIONS * HTTP/1.0" 200 - "-" "Apache/2.4.7 (Ubuntu) PHP/5.5.9-1ubuntu4.29 OpenSSL/1.0.1f (internal dummy connection)"
::1 - - [21/Nov/2022:08:30:29 +0100] "OPTIONS * HTTP/1.0" 200 - "-" "Apache/2.4.7 (Ubuntu) PHP/5.5.9-1ubuntu4.29 OpenSSL/1.0.1f (internal dummy connection)"
136.243.228.193 - - [21/Nov/2022:08:30:34 +0100] "GET /comments/feed/ HTTP/1.1" 200 391 "-" "Mozilla/5.0 (compatible; DataForSeoBot/1.0; +https://dataforseo.com/dataforseo-bot)"
185.191.171.8 - - [21/Nov/2022:08:30:39 +0100] "GET /index.php?keyword=Materia&page=result&presentation=true HTTP/1.1" 200 3757 "-" "Mozilla/5.0 (compatible; SemrushBot/7~bl; +http://www.semrush.com/bot.html)"
65.108.64.210 - - [21/Nov/2022:08:31:05 +0100] "GET /robots.txt HTTP/1.1" 404 208 "-" "Mozilla/5.0 (compatible; MJ12bot/v1.4.8; http://mj12bot.com/)"
65.108.64.210 - - [21/Nov/2022:08:31:07 +0100] "GET /apps/school/www_old5/img/LevelE/Category3/?C=D;O=D HTTP/1.1" 200 614 "-" "Mozilla/5.0 (compatible; MJ12bot/v1.4.8; http://mj12bot.com/)"
65.108.64.210 - - [21/Nov/2022:08:31:09 +0100] "GET /apps/school/www_old5/img/LevelE/Category3/?C=M;O=D HTTP/1.1" 200 616 "-" "Mozilla/5.0 (compatible; MJ12bot/v1.4.8; http://mj12bot.com/)"
65.108.64.210 - - [21/Nov/2022:08:31:10 +0100] "GET /apps/school/www_old5/img/LevelE/Category3/?C=N;O=A HTTP/1.1" 200 613 "-" "Mozilla/5.0 (compatible; MJ12bot/v1.4.8; http://mj12bot.com/)"
65.108.64.210 - - [21/Nov/2022:08:31:12 +0100] "GET /apps/school/www_old5/img/LevelE/Category3/?C=S;O=D HTTP/1.1" 200 614 "-" "Mozilla/5.0 (compatible; MJ12bot/v1.4.8; http://mj12bot.com/)"
::1 - - [21/Nov/2022:08:31:12 +0100] "OPTIONS * HTTP/1.0" 200 - "-" "Apache/2.4.7 (Ubuntu) PHP/5.5.9-1ubuntu4.29 OpenSSL/1.0.1f (internal dummy connection)"
88.131.253.147 - - [21/Nov/2022:08:31:50 +0100] "GET /project/index.php?show=archive&companyId=1714&countryId=1&SystemUserId= HTTP/1.1" 200 88999 "https://icad.astacus.se/project/index.php?companyId=1714&button=Show" "Mozilla/5.0 (Windows NT 10.0; Win64; x64) AppleWebKit/537.36 (KHTML, like Gecko) Chrome/106.0.0.0 Safari/537.36 OPR/92.0.0.0"
114.119.141.51 - - [21/Nov/2022:08:31:56 +0100] "GET /apps/school/www_old4/img/LevelE/Category2/LevelECat2Lesson25/?C=S%3BO%3DA HTTP/1.1" 200 558 "http://kulturdokumentation.se/apps/school/www_old4/img/LevelE/Category2/LevelECat2Lesson25/" "Mozilla/5.0 (Linux; Android 7.0;) AppleWebKit/537.36 (KHTML, like Gecko) Mobile Safari/537.36 (compatible; PetalBot;+https://webmaster.petalsearch.com/site/petalbot)"
88.131.253.147 - - [21/Nov/2022:08:31:59 +0100] "GET /project/index.php?companyId=1714&page=project&projectId=32941 HTTP/1.1" 200 9139 "https://icad.astacus.se/project/index.php?show=archive&companyId=1714&countryId=1&SystemUserId=" "Mozilla/5.0 (Windows NT 10.0; Win64; x64) AppleWebKit/537.36 (KHTML, like Gecko) Chrome/106.0.0.0 Safari/537.36 OPR/92.0.0.0"
88.131.253.147 - - [21/Nov/2022:08:31:59 +0100] "GET /project/dhtmlxCalendar/codebase/dhtmlxcalendar.js HTTP/1.1" 200 19750 "https://icad.astacus.se/project/index.php?companyId=1714&page=project&projectId=32941" "Mozilla/5.0 (Windows NT 10.0; Win64; x64) AppleWebKit/537.36 (KHTML, like Gecko) Chrome/106.0.0.0 Safari/537.36 OPR/92.0.0.0"
88.131.253.147 - - [21/Nov/2022:08:31:59 +0100] "GET /images/Back-Arrow.jpg HTTP/1.1" 200 6310 "https://icad.astacus.se/project/index.php?companyId=1714&page=project&projectId=32941" "Mozilla/5.0 (Windows NT 10.0; Win64; x64) AppleWebKit/537.36 (KHTML, like Gecko) Chrome/106.0.0.0 Safari/537.36 OPR/92.0.0.0"
88.131.253.147 - - [21/Nov/2022:08:31:59 +0100] "GET /project/calendar.gif HTTP/1.1" 200 244 "https://icad.astacus.se/project/index.php?companyId=1714&page=project&projectId=32941" "Mozilla/5.0 (Windows NT 10.0; Win64; x64) AppleWebKit/537.36 (KHTML, like Gecko) Chrome/106.0.0.0 Safari/537.36 OPR/92.0.0.0"
88.131.253.147 - - [21/Nov/2022:08:31:59 +0100] "GET /images/icons/folder.gif HTTP/1.1" 200 996 "https://icad.astacus.se/project/index.php?companyId=1714&page=project&projectId=32941" "Mozilla/5.0 (Windows NT 10.0; Win64; x64) AppleWebKit/537.36 (KHTML, like Gecko) Chrome/106.0.0.0 Safari/537.36 OPR/92.0.0.0"
88.131.253.147 - - [21/Nov/2022:08:32:10 +0100] "GET /timereport/addtime.php HTTP/1.1" 200 4774 "http://appsrv.astacus.se/timereport/start.php" "Mozilla/5.0 (Windows NT 10.0; Win64; x64) AppleWebKit/537.36 (KHTML, like Gecko) Chrome/106.0.0.0 Safari/537.36 OPR/92.0.0.0"
60.247.136.130 - - [21/Nov/2022:08:32:23 +0100] "GET /wp-login.php HTTP/1.1" 302 219 "" "Mozilla/5.0 (Windows NT 10.0; Win64; x64; rv:106.0) Gecko/20100101 Firefox/106.0"
60.247.136.130 - - [21/Nov/2022:08:32:25 +0100] "GET /wp-login.php HTTP/1.1" 200 1274 "http://www.astacus.se/wp-login.php" "Mozilla/5.0 (Windows NT 10.0; Win64; x64; rv:106.0) Gecko/20100101 Firefox/106.0"
60.247.136.130 - - [21/Nov/2022:08:32:27 +0100] "GET /wp-json/wp/v2/users HTTP/1.1" 200 1174 "http://www.astacus.se/wp-login.php" "Mozilla/5.0 (Windows NT 10.0; Win64; x64; rv:106.0) Gecko/20100101 Firefox/106.0"
88.131.253.147 - - [21/Nov/2022:08:32:28 +0100] "-" 408 - "-" "-"
60.247.136.130 - - [21/Nov/2022:08:32:28 +0100] "POST /wp-login.php HTTP/1.1" 200 1659 "https://www.astacus.se/wp-login.php?redirect_to=https%3A%2F%2Fwww.astacus.se%2Fwp-admin%2F" "Mozilla/5.0 (Windows NT 10.0; Win64; x64; rv:106.0) Gecko/20100101 Firefox/106.0"
60.247.136.130 - - [21/Nov/2022:08:32:30 +0100] "POST /wp-login.php HTTP/1.1" 200 1653 "https://www.astacus.se/wp-login.php?redirect_to=https%3A%2F%2Fwww.astacus.se%2Fwp-admin%2F" "Mozilla/5.0 (Windows NT 10.0; Win64; x64; rv:106.0) Gecko/20100101 Firefox/106.0"
60.247.136.130 - - [21/Nov/2022:08:32:31 +0100] "POST /wp-login.php HTTP/1.1" 200 1634 "https://www.astacus.se/wp-login.php?redirect_to=https%3A%2F%2Fwww.astacus.se%2Fwp-admin%2F" "Mozilla/5.0 (Windows NT 10.0; Win64; x64; rv:106.0) Gecko/20100101 Firefox/106.0"
::1 - - [21/Nov/2022:08:32:32 +0100] "OPTIONS * HTTP/1.0" 200 - "-" "Apache/2.4.7 (Ubuntu) PHP/5.5.9-1ubuntu4.29 OpenSSL/1.0.1f (internal dummy connection)"
88.131.253.147 - - [21/Nov/2022:08:32:58 +0100] "GET /timereport/savetime.php?str=%22[{\\%22rowid\\%22:1669016231197,\\%22projectid\\%22:\\%2222795\\%22,\\%22activityid\\%22:\\%2210\\%22,\\%22activity\\%22:\\%22%D6vrigt\\%22,\\%22intervall\\%22:\\%2208:15%20-%2016:30%20Rast:%2000:15\\%22,\\%22hrs\\%22:\\%2208:00\\%22,\\%22comment\\%22:\\%22Ovrigt\\%22,\\%22username\\%22:\\%22alvin.palmgren@astacus.se\\%22,\\%22datum\\%22:\\%222022-11-14\\%22}]%22&username=alvin.palmgren@astacus.se&workdate=2022-11-14&type=new HTTP/1.1" 302 - "http://appsrv.astacus.se/timereport/addtime.php" "Mozilla/5.0 (Windows NT 10.0; Win64; x64) AppleWebKit/537.36 (KHTML, like Gecko) Chrome/106.0.0.0 Safari/537.36 OPR/92.0.0.0"
88.131.253.147 - - [21/Nov/2022:08:32:58 +0100] "GET /timereport/addtime.php?message=Tack,%20dina%20tider%20%E4r%20nu%20rapporterade!&result=1 HTTP/1.1" 200 4812 "http://appsrv.astacus.se/timereport/addtime.php" "Mozilla/5.0 (Windows NT 10.0; Win64; x64) AppleWebKit/537.36 (KHTML, like Gecko) Chrome/106.0.0.0 Safari/537.36 OPR/92.0.0.0"
114.119.134.161 - - [21/Nov/2022:08:33:14 +0100] "GET /apps/school/www_old8/img/LevelC/Category3/LevelCCat3Lesson04/ HTTP/1.1" 200 505 "http://kulturdokumentation.com/apps/school/www_old8/img/LevelC/Category3/?C=M%3BO%3DA" "Mozilla/5.0 (Linux; Android 7.0;) AppleWebKit/537.36 (KHTML, like Gecko) Mobile Safari/537.36 (compatible; PetalBot;+https://webmaster.petalsearch.com/site/petalbot)"
54.36.148.238 - - [21/Nov/2022:08:33:23 +0100] "GET /apps/school/www_old4/Html/LevelC/Category2/LevelCCat2Lesson7.html HTTP/1.1" 200 3981 "-" "Mozilla/5.0 (compatible; AhrefsBot/7.0; +http://ahrefs.com/robot/)"
88.131.253.147 - - [21/Nov/2022:08:33:23 +0100] "GET /timereport/savetime.php?str=%22[{\\%22rowid\\%22:1669016256750,\\%22projectid\\%22:\\%2222794\\%22,\\%22activityid\\%22:\\%227\\%22,\\%22activity\\%22:\\%22Filhantering\\%22,\\%22intervall\\%22:\\%2208:15%20-%2016:30%20Rast:%2000:15\\%22,\\%22hrs\\%22:\\%2208:00\\%22,\\%22comment\\%22:\\%22217%20stationer\\%22,\\%22username\\%22:\\%22alvin.palmgren@astacus.se\\%22,\\%22datum\\%22:\\%222022-11-15\\%22}]%22&username=alvin.palmgren@astacus.se&workdate=2022-11-15&type=new HTTP/1.1" 302 - "http://appsrv.astacus.se/timereport/addtime.php?message=Tack,%20dina%20tider%20%E4r%20nu%20rapporterade!&result=1" "Mozilla/5.0 (Windows NT 10.0; Win64; x64) AppleWebKit/537.36 (KHTML, like Gecko) Chrome/106.0.0.0 Safari/537.36 OPR/92.0.0.0"
88.131.253.147 - - [21/Nov/2022:08:33:23 +0100] "GET /timereport/addtime.php?message=Tack,%20dina%20tider%20%E4r%20nu%20rapporterade!&result=1 HTTP/1.1" 200 4812 "http://appsrv.astacus.se/timereport/addtime.php?message=Tack,%20dina%20tider%20%E4r%20nu%20rapporterade!&result=1" "Mozilla/5.0 (Windows NT 10.0; Win64; x64) AppleWebKit/537.36 (KHTML, like Gecko) Chrome/106.0.0.0 Safari/537.36 OPR/92.0.0.0"
216.244.66.203 - - [21/Nov/2022:08:34:21 +0100] "GET /apps/school/www_old5/img/LevelG/Category1/LevelGCat1Lesson25/ HTTP/1.1" 200 1032 "-" "Mozilla/5.0 (compatible; DotBot/1.2; +https://opensiteexplorer.org/dotbot; help@moz.com)"
216.244.66.203 - - [21/Nov/2022:08:34:26 +0100] "GET /apps/school/www_old10/img/LevelH/Category1/LevelHCat1Lesson23/ HTTP/1.1" 200 1017 "-" "Mozilla/5.0 (compatible; DotBot/1.2; +https://opensiteexplorer.org/dotbot; help@moz.com)"
88.131.253.147 - - [21/Nov/2022:08:34:33 +0100] "GET /timereport/savetime.php?str=%22[{\\%22rowid\\%22:1669016304134,\\%22projectid\\%22:\\%2222795\\%22,\\%22activityid\\%22:\\%2210\\%22,\\%22activity\\%22:\\%22%D6vrigt\\%22,\\%22intervall\\%22:\\%2208:00%20-%2012:15%20Rast:%2000:00\\%22,\\%22hrs\\%22:\\%2204:15\\%22,\\%22comment\\%22:\\%22Blandat\\%22,\\%22username\\%22:\\%22alvin.palmgren@astacus.se\\%22,\\%22datum\\%22:\\%222022-11-16\\%22},{\\%22rowid\\%22:1669016323614,\\%22projectid\\%22:\\%2232941\\%22,\\%22activityid\\%22:\\%2213\\%22,\\%22activity\\%22:\\%22Kvalitetss%E4kring\\%22,\\%22intervall\\%22:\\%2212:15%20-%2016:15%20Rast:%2000:15\\%22,\\%22hrs\\%22:\\%2203:45\\%22,\\%22comment\\%22:\\%22\\%22,\\%22username\\%22:\\%22alvin.palmgren@astacus.se\\%22,\\%22datum\\%22:\\%222022-11-16\\%22}]%22&username=alvin.palmgren@astacus.se&workdate=2022-11-16&type=new HTTP/1.1" 302 - "http://appsrv.astacus.se/timereport/addtime.php?message=Tack,%20dina%20tider%20%E4r%20nu%20rapporterade!&result=1" "Mozilla/5.0 (Windows NT 10.0; Win64; x64) AppleWebKit/537.36 (KHTML, like Gecko) Chrome/106.0.0.0 Safari/537.36 OPR/92.0.0.0"
88.131.253.147 - - [21/Nov/2022:08:34:33 +0100] "GET /timereport/addtime.php?message=Tack,%20dina%20tider%20%E4r%20nu%20rapporterade!&result=1 HTTP/1.1" 200 4812 "http://appsrv.astacus.se/timereport/addtime.php?message=Tack,%20dina%20tider%20%E4r%20nu%20rapporterade!&result=1" "Mozilla/5.0 (Windows NT 10.0; Win64; x64) AppleWebKit/537.36 (KHTML, like Gecko) Chrome/106.0.0.0 Safari/537.36 OPR/92.0.0.0"
88.131.253.147 - - [21/Nov/2022:08:34:35 +0100] "GET /timereport/start.php HTTP/1.1" 200 1214 "http://appsrv.astacus.se/timereport/addtime.php?message=Tack,%20dina%20tider%20%E4r%20nu%20rapporterade!&result=1" "Mozilla/5.0 (Windows NT 10.0; Win64; x64) AppleWebKit/537.36 (KHTML, like Gecko) Chrome/106.0.0.0 Safari/537.36 OPR/92.0.0.0"
88.131.253.147 - - [21/Nov/2022:08:34:37 +0100] "GET /timereport/addsick.php?username=alvin.palmgren@astacus.se HTTP/1.1" 200 2100 "http://appsrv.astacus.se/timereport/start.php" "Mozilla/5.0 (Windows NT 10.0; Win64; x64) AppleWebKit/537.36 (KHTML, like Gecko) Chrome/106.0.0.0 Safari/537.36 OPR/92.0.0.0"
88.131.253.147 - - [21/Nov/2022:08:34:37 +0100] "GET /timereport/dhtmlxCalendar/codebase/dhtmlxcalendar.css HTTP/1.1" 200 2329 "http://appsrv.astacus.se/timereport/addsick.php?username=alvin.palmgren@astacus.se" "Mozilla/5.0 (Windows NT 10.0; Win64; x64) AppleWebKit/537.36 (KHTML, like Gecko) Chrome/106.0.0.0 Safari/537.36 OPR/92.0.0.0"
88.131.253.147 - - [21/Nov/2022:08:34:37 +0100] "GET /timereport/dhtmlxCalendar/codebase/dhtmlxcalendar.js HTTP/1.1" 200 19750 "http://appsrv.astacus.se/timereport/addsick.php?username=alvin.palmgren@astacus.se" "Mozilla/5.0 (Windows NT 10.0; Win64; x64) AppleWebKit/537.36 (KHTML, like Gecko) Chrome/106.0.0.0 Safari/537.36 OPR/92.0.0.0"
88.131.253.147 - - [21/Nov/2022:08:34:37 +0100] "GET /timereport/calendar.gif HTTP/1.1" 200 244 "http://appsrv.astacus.se/timereport/addsick.php?username=alvin.palmgren@astacus.se" "Mozilla/5.0 (Windows NT 10.0; Win64; x64) AppleWebKit/537.36 (KHTML, like Gecko) Chrome/106.0.0.0 Safari/537.36 OPR/92.0.0.0"
88.131.253.147 - - [21/Nov/2022:08:34:40 +0100] "GET /timereport/dhtmlxCalendar/codebase/imgs/dhxcalendar_skyblue/dhxcalendar_arrow_left.gif HTTP/1.1" 200 75 "http://appsrv.astacus.se/timereport/dhtmlxCalendar/codebase/dhtmlxcalendar.css" "Mozilla/5.0 (Windows NT 10.0; Win64; x64) AppleWebKit/537.36 (KHTML, like Gecko) Chrome/106.0.0.0 Safari/537.36 OPR/92.0.0.0"
88.131.253.147 - - [21/Nov/2022:08:34:40 +0100] "GET /timereport/dhtmlxCalendar/codebase/imgs/dhxcalendar_skyblue/dhxcalendar_arrow_right.gif HTTP/1.1" 200 75 "http://appsrv.astacus.se/timereport/dhtmlxCalendar/codebase/dhtmlxcalendar.css" "Mozilla/5.0 (Windows NT 10.0; Win64; x64) AppleWebKit/537.36 (KHTML, like Gecko) Chrome/106.0.0.0 Safari/537.36 OPR/92.0.0.0"
88.131.253.147 - - [21/Nov/2022:08:34:40 +0100] "GET /timereport/dhtmlxCalendar/codebase/imgs/dhxcalendar_skyblue/dhxcalendar_clock.gif HTTP/1.1" 200 1384 "http://appsrv.astacus.se/timereport/dhtmlxCalendar/codebase/dhtmlxcalendar.css" "Mozilla/5.0 (Windows NT 10.0; Win64; x64) AppleWebKit/537.36 (KHTML, like Gecko) Chrome/106.0.0.0 Safari/537.36 OPR/92.0.0.0"
::1 - - [21/Nov/2022:08:34:57 +0100] "OPTIONS * HTTP/1.0" 200 - "-" "Apache/2.4.7 (Ubuntu) PHP/5.5.9-1ubuntu4.29 OpenSSL/1.0.1f (internal dummy connection)"
88.131.253.147 - - [21/Nov/2022:08:35:06 +0100] "GET /timereport/saveaway.php?startdate=2022-11-17&stopdate=2022-11-18&days=2&hours=0&page=addsick&type=1&username=alvin.palmgren@astacus.se HTTP/1.1" 302 - "http://appsrv.astacus.se/timereport/addsick.php?username=alvin.palmgren@astacus.se" "Mozilla/5.0 (Windows NT 10.0; Win64; x64) AppleWebKit/537.36 (KHTML, like Gecko) Chrome/106.0.0.0 Safari/537.36 OPR/92.0.0.0"
88.131.253.147 - - [21/Nov/2022:08:35:06 +0100] "GET /timereport/addsick.php?message=Tack,%20dina%20dagar%20%E4r%20nu%20rapporterade!&result=1 HTTP/1.1" 200 2124 "http://appsrv.astacus.se/timereport/addsick.php?username=alvin.palmgren@astacus.se" "Mozilla/5.0 (Windows NT 10.0; Win64; x64) AppleWebKit/537.36 (KHTML, like Gecko) Chrome/106.0.0.0 Safari/537.36 OPR/92.0.0.0"
88.131.253.147 - - [21/Nov/2022:08:35:08 +0100] "GET /timereport/start.php HTTP/1.1" 200 1214 "http://appsrv.astacus.se/timereport/addsick.php?message=Tack,%20dina%20dagar%20%E4r%20nu%20rapporterade!&result=1" "Mozilla/5.0 (Windows NT 10.0; Win64; x64) AppleWebKit/537.36 (KHTML, like Gecko) Chrome/106.0.0.0 Safari/537.36 OPR/92.0.0.0"
88.131.253.147 - - [21/Nov/2022:08:35:11 +0100] "GET /timereport/report_montly.php HTTP/1.1" 200 1287 "http://appsrv.astacus.se/timereport/start.php" "Mozilla/5.0 (Windows NT 10.0; Win64; x64) AppleWebKit/537.36 (KHTML, like Gecko) Chrome/106.0.0.0 Safari/537.36 OPR/92.0.0.0"
88.131.253.147 - - [21/Nov/2022:08:35:12 +0100] "GET /timereport/report_montly.php?month=11&year=2022&username=&show=%3C??%3E HTTP/1.1" 200 1264 "http://appsrv.astacus.se/timereport/report_montly.php" "Mozilla/5.0 (Windows NT 10.0; Win64; x64) AppleWebKit/537.36 (KHTML, like Gecko) Chrome/106.0.0.0 Safari/537.36 OPR/92.0.0.0"
88.131.253.147 - - [21/Nov/2022:08:35:37 +0100] "GET /timereport/report_montly.php?month=10&year=2022&username=&show=%3C?%3C??%3E HTTP/1.1" 200 1289 "http://appsrv.astacus.se/timereport/report_montly.php?month=11&year=2022&username=&show=%3C??%3E" "Mozilla/5.0 (Windows NT 10.0; Win64; x64) AppleWebKit/537.36 (KHTML, like Gecko) Chrome/106.0.0.0 Safari/537.36 OPR/92.0.0.0"
88.131.253.147 - - [21/Nov/2022:08:35:38 +0100] "GET /timereport/report_montly.php?month=9&year=2022&username=&show=%3C?%3C?%3C??%3E HTTP/1.1" 200 1302 "http://appsrv.astacus.se/timereport/report_montly.php?month=10&year=2022&username=&show=%3C?%3C??%3E" "Mozilla/5.0 (Windows NT 10.0; Win64; x64) AppleWebKit/537.36 (KHTML, like Gecko) Chrome/106.0.0.0 Safari/537.36 OPR/92.0.0.0"
88.131.253.147 - - [21/Nov/2022:08:35:39 +0100] "GET /timereport/report_montly.php?month=8&year=2022&username=&show=%3C?%3C?%3C?%3C??%3E HTTP/1.1" 200 1341 "http://appsrv.astacus.se/timereport/report_montly.php?month=9&year=2022&username=&show=%3C?%3C?%3C??%3E" "Mozilla/5.0 (Windows NT 10.0; Win64; x64) AppleWebKit/537.36 (KHTML, like Gecko) Chrome/106.0.0.0 Safari/537.36 OPR/92.0.0.0"
88.131.253.147 - - [21/Nov/2022:08:35:40 +0100] "GET /timereport/report_montly.php?month=9&year=2022&username=&show=%3C?%3C?%3C??%3E HTTP/1.1" 200 1302 "http://appsrv.astacus.se/timereport/report_montly.php?month=10&year=2022&username=&show=%3C?%3C??%3E" "Mozilla/5.0 (Windows NT 10.0; Win64; x64) AppleWebKit/537.36 (KHTML, like Gecko) Chrome/106.0.0.0 Safari/537.36 OPR/92.0.0.0"
88.131.253.147 - - [21/Nov/2022:08:35:40 +0100] "GET /timereport/report_montly.php?month=10&year=2022&username=&show=%3C?%3C??%3E HTTP/1.1" 200 1289 "http://appsrv.astacus.se/timereport/report_montly.php?month=11&year=2022&username=&show=%3C??%3E" "Mozilla/5.0 (Windows NT 10.0; Win64; x64) AppleWebKit/537.36 (KHTML, like Gecko) Chrome/106.0.0.0 Safari/537.36 OPR/92.0.0.0"
88.131.253.147 - - [21/Nov/2022:08:35:40 +0100] "GET /timereport/report_montly.php?month=11&year=2022&username=&show=%3C??%3E HTTP/1.1" 200 1264 "http://appsrv.astacus.se/timereport/report_montly.php" "Mozilla/5.0 (Windows NT 10.0; Win64; x64) AppleWebKit/537.36 (KHTML, like Gecko) Chrome/106.0.0.0 Safari/537.36 OPR/92.0.0.0"
88.131.253.147 - - [21/Nov/2022:08:35:41 +0100] "GET /timereport/report_montly.php HTTP/1.1" 200 1287 "http://appsrv.astacus.se/timereport/start.php" "Mozilla/5.0 (Windows NT 10.0; Win64; x64) AppleWebKit/537.36 (KHTML, like Gecko) Chrome/106.0.0.0 Safari/537.36 OPR/92.0.0.0"
88.131.253.147 - - [21/Nov/2022:08:35:42 +0100] "GET /timereport/employee_montly.php?username=alvin.palmgren@astacus.se HTTP/1.1" 200 1838 "http://appsrv.astacus.se/timereport/start.php" "Mozilla/5.0 (Windows NT 10.0; Win64; x64) AppleWebKit/537.36 (KHTML, like Gecko) Chrome/106.0.0.0 Safari/537.36 OPR/92.0.0.0"
185.191.171.16 - - [21/Nov/2022:08:35:58 +0100] "GET /?keyword=tryck%C3%B6vervakare&page=result HTTP/1.1" 200 3271 "-" "Mozilla/5.0 (compatible; SemrushBot/7~bl; +http://www.semrush.com/bot.html)"
88.131.253.147 - - [21/Nov/2022:08:36:01 +0100] "GET /timereport/addtime.php HTTP/1.1" 200 4774 "http://appsrv.astacus.se/timereport/start.php" "Mozilla/5.0 (Windows NT 10.0; Win64; x64) AppleWebKit/537.36 (KHTML, like Gecko) Chrome/106.0.0.0 Safari/537.36 OPR/92.0.0.0"
114.119.141.71 - - [21/Nov/2022:08:36:35 +0100] "GET /apps/school/www_old_temp/AutodeskForge/learn.forge.viewmodels-nodejs/routes/common/oauth.js HTTP/1.1" 200 1006 "http://kulturdokumentation.se/apps/school/www_old_temp/AutodeskForge/learn.forge.viewmodels-nodejs/routes/common/" "Mozilla/5.0 (Linux; Android 7.0;) AppleWebKit/537.36 (KHTML, like Gecko) Mobile Safari/537.36 (compatible; PetalBot;+https://webmaster.petalsearch.com/site/petalbot)"
90.235.70.60 - - [21/Nov/2022:08:37:19 +0100] "POST /login/scripts/setUserPosition.php HTTP/1.1" 200 114 "-" "Supervision/5.5 (se.astacus.labs.Supervision; build:5.5; iOS 10.3.4) Alamofire/4.5.1"
90.235.70.60 - - [21/Nov/2022:08:37:19 +0100] "POST /login/scripts/setUserPosition.php HTTP/1.1" 200 114 "-" "Supervision/5.5 (se.astacus.labs.Supervision; build:5.5; iOS 10.3.4) Alamofire/4.5.1"
90.235.70.60 - - [21/Nov/2022:08:37:19 +0100] "POST /login/scripts/setUserPosition.php HTTP/1.1" 200 116 "-" "Supervision/5.5 (se.astacus.labs.Supervision; build:5.5; iOS 10.3.4) Alamofire/4.5.1"
90.235.70.60 - - [21/Nov/2022:08:37:19 +0100] "POST /login/scripts/setUserPosition.php HTTP/1.1" 200 116 "-" "Supervision/5.5 (se.astacus.labs.Supervision; build:5.5; iOS 10.3.4) Alamofire/4.5.1"
90.235.70.60 - - [21/Nov/2022:08:37:21 +0100] "POST /login/scripts/setUserPosition.php HTTP/1.1" 200 116 "-" "Supervision/5.5 (se.astacus.labs.Supervision; build:5.5; iOS 10.3.4) Alamofire/4.5.1"
90.235.70.60 - - [21/Nov/2022:08:37:21 +0100] "POST /login/scripts/setUserPosition.php HTTP/1.1" 200 116 "-" "Supervision/5.5 (se.astacus.labs.Supervision; build:5.5; iOS 10.3.4) Alamofire/4.5.1"
90.235.70.60 - - [21/Nov/2022:08:37:22 +0100] "POST /login/scripts/setUserPosition.php HTTP/1.1" 200 116 "-" "Supervision/5.5 (se.astacus.labs.Supervision; build:5.5; iOS 10.3.4) Alamofire/4.5.1"
90.235.70.60 - - [21/Nov/2022:08:37:24 +0100] "POST /login/scripts/setUserPosition.php HTTP/1.1" 200 116 "-" "Supervision/5.5 (se.astacus.labs.Supervision; build:5.5; iOS 10.3.4) Alamofire/4.5.1"
90.235.70.60 - - [21/Nov/2022:08:37:24 +0100] "POST /login/scripts/setUserPosition.php HTTP/1.1" 200 115 "-" "Supervision/5.5 (se.astacus.labs.Supervision; build:5.5; iOS 10.3.4) Alamofire/4.5.1"
90.235.70.60 - - [21/Nov/2022:08:37:25 +0100] "POST /login/scripts/setUserPosition.php HTTP/1.1" 200 115 "-" "Supervision/5.5 (se.astacus.labs.Supervision; build:5.5; iOS 10.3.4) Alamofire/4.5.1"
90.235.70.60 - - [21/Nov/2022:08:37:25 +0100] "POST /login/scripts/setUserPosition.php HTTP/1.1" 200 115 "-" "Supervision/5.5 (se.astacus.labs.Supervision; build:5.5; iOS 10.3.4) Alamofire/4.5.1"
90.235.70.60 - - [21/Nov/2022:08:37:27 +0100] "POST /login/scripts/setUserPosition.php HTTP/1.1" 200 116 "-" "Supervision/5.5 (se.astacus.labs.Supervision; build:5.5; iOS 10.3.4) Alamofire/4.5.1"
90.235.70.60 - - [21/Nov/2022:08:37:27 +0100] "POST /login/scripts/setUserPosition.php HTTP/1.1" 200 114 "-" "Supervision/5.5 (se.astacus.labs.Supervision; build:5.5; iOS 10.3.4) Alamofire/4.5.1"
90.235.70.60 - - [21/Nov/2022:08:37:28 +0100] "POST /login/scripts/setUserPosition.php HTTP/1.1" 200 116 "-" "Supervision/5.5 (se.astacus.labs.Supervision; build:5.5; iOS 10.3.4) Alamofire/4.5.1"
90.235.70.60 - - [21/Nov/2022:08:37:30 +0100] "POST /login/scripts/setUserPosition.php HTTP/1.1" 200 116 "-" "Supervision/5.5 (se.astacus.labs.Supervision; build:5.5; iOS 10.3.4) Alamofire/4.5.1"
90.235.70.60 - - [21/Nov/2022:08:37:30 +0100] "POST /login/scripts/setUserPosition.php HTTP/1.1" 200 114 "-" "Supervision/5.5 (se.astacus.labs.Supervision; build:5.5; iOS 10.3.4) Alamofire/4.5.1"
90.235.70.60 - - [21/Nov/2022:08:37:31 +0100] "POST /login/scripts/setUserPosition.php HTTP/1.1" 200 116 "-" "Supervision/5.5 (se.astacus.labs.Supervision; build:5.5; iOS 10.3.4) Alamofire/4.5.1"
90.235.70.60 - - [21/Nov/2022:08:37:32 +0100] "POST /login/scripts/setUserPosition.php HTTP/1.1" 200 116 "-" "Supervision/5.5 (se.astacus.labs.Supervision; build:5.5; iOS 10.3.4) Alamofire/4.5.1"
90.235.70.60 - - [21/Nov/2022:08:37:33 +0100] "POST /login/scripts/setUserPosition.php HTTP/1.1" 200 116 "-" "Supervision/5.5 (se.astacus.labs.Supervision; build:5.5; iOS 10.3.4) Alamofire/4.5.1"
90.235.70.60 - - [21/Nov/2022:08:37:33 +0100] "POST /login/scripts/setUserPosition.php HTTP/1.1" 200 114 "-" "Supervision/5.5 (se.astacus.labs.Supervision; build:5.5; iOS 10.3.4) Alamofire/4.5.1"
90.235.70.60 - - [21/Nov/2022:08:37:34 +0100] "POST /login/scripts/setUserPosition.php HTTP/1.1" 200 116 "-" "Supervision/5.5 (se.astacus.labs.Supervision; build:5.5; iOS 10.3.4) Alamofire/4.5.1"
90.235.70.60 - - [21/Nov/2022:08:37:35 +0100] "POST /login/scripts/setUserPosition.php HTTP/1.1" 200 116 "-" "Supervision/5.5 (se.astacus.labs.Supervision; build:5.5; iOS 10.3.4) Alamofire/4.5.1"
90.235.70.60 - - [21/Nov/2022:08:37:38 +0100] "POST /login/scripts/setUserPosition.php HTTP/1.1" 200 115 "-" "Supervision/5.5 (se.astacus.labs.Supervision; build:5.5; iOS 10.3.4) Alamofire/4.5.1"
90.235.70.60 - - [21/Nov/2022:08:37:40 +0100] "POST /login/scripts/setUserPosition.php HTTP/1.1" 200 116 "-" "Supervision/5.5 (se.astacus.labs.Supervision; build:5.5; iOS 10.3.4) Alamofire/4.5.1"
90.235.70.60 - - [21/Nov/2022:08:37:40 +0100] "POST /login/scripts/setUserPosition.php HTTP/1.1" 200 115 "-" "Supervision/5.5 (se.astacus.labs.Supervision; build:5.5; iOS 10.3.4) Alamofire/4.5.1"
216.244.66.203 - - [21/Nov/2022:08:37:40 +0100] "GET /apps/school/www_old10/Html/LevelA/Category2/?C=N;O=A HTTP/1.1" 200 4136 "-" "Mozilla/5.0 (compatible; DotBot/1.2; +https://opensiteexplorer.org/dotbot; help@moz.com)"
90.235.70.60 - - [21/Nov/2022:08:37:41 +0100] "POST /login/scripts/setUserPosition.php HTTP/1.1" 200 114 "-" "Supervision/5.5 (se.astacus.labs.Supervision; build:5.5; iOS 10.3.4) Alamofire/4.5.1"
90.235.70.60 - - [21/Nov/2022:08:37:41 +0100] "POST /login/scripts/setUserPosition.php HTTP/1.1" 200 116 "-" "Supervision/5.5 (se.astacus.labs.Supervision; build:5.5; iOS 10.3.4) Alamofire/4.5.1"
90.235.70.60 - - [21/Nov/2022:08:37:42 +0100] "POST /login/scripts/setUserPosition.php HTTP/1.1" 200 116 "-" "Supervision/5.5 (se.astacus.labs.Supervision; build:5.5; iOS 10.3.4) Alamofire/4.5.1"
90.235.70.60 - - [21/Nov/2022:08:37:42 +0100] "POST /login/scripts/setUserPosition.php HTTP/1.1" 200 116 "-" "Supervision/5.5 (se.astacus.labs.Supervision; build:5.5; iOS 10.3.4) Alamofire/4.5.1"
90.235.70.60 - - [21/Nov/2022:08:37:43 +0100] "POST /login/scripts/setUserPosition.php HTTP/1.1" 200 116 "-" "Supervision/5.5 (se.astacus.labs.Supervision; build:5.5; iOS 10.3.4) Alamofire/4.5.1"
90.235.70.60 - - [21/Nov/2022:08:37:43 +0100] "POST /login/scripts/setUserPosition.php HTTP/1.1" 200 116 "-" "Supervision/5.5 (se.astacus.labs.Supervision; build:5.5; iOS 10.3.4) Alamofire/4.5.1"
90.235.70.60 - - [21/Nov/2022:08:37:44 +0100] "POST /login/scripts/setUserPosition.php HTTP/1.1" 200 116 "-" "Supervision/5.5 (se.astacus.labs.Supervision; build:5.5; iOS 10.3.4) Alamofire/4.5.1"
90.235.70.60 - - [21/Nov/2022:08:37:44 +0100] "POST /login/scripts/setUserPosition.php HTTP/1.1" 200 115 "-" "Supervision/5.5 (se.astacus.labs.Supervision; build:5.5; iOS 10.3.4) Alamofire/4.5.1"
90.235.70.60 - - [21/Nov/2022:08:37:45 +0100] "POST /login/scripts/setUserPosition.php HTTP/1.1" 200 115 "-" "Supervision/5.5 (se.astacus.labs.Supervision; build:5.5; iOS 10.3.4) Alamofire/4.5.1"
90.235.70.60 - - [21/Nov/2022:08:37:46 +0100] "POST /login/scripts/setUserPosition.php HTTP/1.1" 200 116 "-" "Supervision/5.5 (se.astacus.labs.Supervision; build:5.5; iOS 10.3.4) Alamofire/4.5.1"
90.235.70.60 - - [21/Nov/2022:08:37:46 +0100] "POST /login/scripts/setUserPosition.php HTTP/1.1" 200 116 "-" "Supervision/5.5 (se.astacus.labs.Supervision; build:5.5; iOS 10.3.4) Alamofire/4.5.1"
90.235.70.60 - - [21/Nov/2022:08:37:48 +0100] "POST /login/scripts/setUserPosition.php HTTP/1.1" 200 115 "-" "Supervision/5.5 (se.astacus.labs.Supervision; build:5.5; iOS 10.3.4) Alamofire/4.5.1"
90.235.70.60 - - [21/Nov/2022:08:37:48 +0100] "POST /login/scripts/setUserPosition.php HTTP/1.1" 200 116 "-" "Supervision/5.5 (se.astacus.labs.Supervision; build:5.5; iOS 10.3.4) Alamofire/4.5.1"
90.235.70.60 - - [21/Nov/2022:08:37:49 +0100] "POST /login/scripts/setUserPosition.php HTTP/1.1" 200 116 "-" "Supervision/5.5 (se.astacus.labs.Supervision; build:5.5; iOS 10.3.4) Alamofire/4.5.1"
90.235.70.60 - - [21/Nov/2022:08:37:49 +0100] "POST /login/scripts/setUserPosition.php HTTP/1.1" 200 116 "-" "Supervision/5.5 (se.astacus.labs.Supervision; build:5.5; iOS 10.3.4) Alamofire/4.5.1"
90.235.70.60 - - [21/Nov/2022:08:37:50 +0100] "POST /login/scripts/setUserPosition.php HTTP/1.1" 200 116 "-" "Supervision/5.5 (se.astacus.labs.Supervision; build:5.5; iOS 10.3.4) Alamofire/4.5.1"
90.235.70.60 - - [21/Nov/2022:08:37:50 +0100] "POST /login/scripts/setUserPosition.php HTTP/1.1" 200 116 "-" "Supervision/5.5 (se.astacus.labs.Supervision; build:5.5; iOS 10.3.4) Alamofire/4.5.1"
90.235.70.60 - - [21/Nov/2022:08:37:50 +0100] "POST /login/scripts/setUserPosition.php HTTP/1.1" 200 116 "-" "Supervision/5.5 (se.astacus.labs.Supervision; build:5.5; iOS 10.3.4) Alamofire/4.5.1"
90.235.70.60 - - [21/Nov/2022:08:37:51 +0100] "POST /login/scripts/setUserPosition.php HTTP/1.1" 200 116 "-" "Supervision/5.5 (se.astacus.labs.Supervision; build:5.5; iOS 10.3.4) Alamofire/4.5.1"
90.235.70.60 - - [21/Nov/2022:08:37:52 +0100] "POST /login/scripts/setUserPosition.php HTTP/1.1" 200 116 "-" "Supervision/5.5 (se.astacus.labs.Supervision; build:5.5; iOS 10.3.4) Alamofire/4.5.1"
90.235.70.60 - - [21/Nov/2022:08:37:53 +0100] "POST /login/scripts/setUserPosition.php HTTP/1.1" 200 116 "-" "Supervision/5.5 (se.astacus.labs.Supervision; build:5.5; iOS 10.3.4) Alamofire/4.5.1"
90.235.70.60 - - [21/Nov/2022:08:37:54 +0100] "POST /login/scripts/setUserPosition.php HTTP/1.1" 200 115 "-" "Supervision/5.5 (se.astacus.labs.Supervision; build:5.5; iOS 10.3.4) Alamofire/4.5.1"
90.235.70.60 - - [21/Nov/2022:08:37:54 +0100] "POST /login/scripts/setUserPosition.php HTTP/1.1" 200 115 "-" "Supervision/5.5 (se.astacus.labs.Supervision; build:5.5; iOS 10.3.4) Alamofire/4.5.1"
71.6.232.27 - - [21/Nov/2022:08:37:54 +0100] "GET / HTTP/1.1" 200 21 "-" "Mozilla/5.0 (Windows NT 10.0; Win64; x64) AppleWebKit/537.36 (KHTML, like Gecko) Chrome/74.0.3729.131 Safari/537.36"
90.235.70.60 - - [21/Nov/2022:08:37:55 +0100] "POST /login/scripts/setUserPosition.php HTTP/1.1" 200 115 "-" "Supervision/5.5 (se.astacus.labs.Supervision; build:5.5; iOS 10.3.4) Alamofire/4.5.1"
90.235.70.60 - - [21/Nov/2022:08:37:55 +0100] "POST /login/scripts/setUserPosition.php HTTP/1.1" 200 116 "-" "Supervision/5.5 (se.astacus.labs.Supervision; build:5.5; iOS 10.3.4) Alamofire/4.5.1"
90.235.70.60 - - [21/Nov/2022:08:37:56 +0100] "POST /login/scripts/setUserPosition.php HTTP/1.1" 200 116 "-" "Supervision/5.5 (se.astacus.labs.Supervision; build:5.5; iOS 10.3.4) Alamofire/4.5.1"
90.235.70.60 - - [21/Nov/2022:08:37:56 +0100] "POST /login/scripts/setUserPosition.php HTTP/1.1" 200 116 "-" "Supervision/5.5 (se.astacus.labs.Supervision; build:5.5; iOS 10.3.4) Alamofire/4.5.1"
90.235.70.60 - - [21/Nov/2022:08:37:57 +0100] "POST /login/scripts/setUserPosition.php HTTP/1.1" 200 116 "-" "Supervision/5.5 (se.astacus.labs.Supervision; build:5.5; iOS 10.3.4) Alamofire/4.5.1"
90.235.70.60 - - [21/Nov/2022:08:37:57 +0100] "POST /login/scripts/setUserPosition.php HTTP/1.1" 200 116 "-" "Supervision/5.5 (se.astacus.labs.Supervision; build:5.5; iOS 10.3.4) Alamofire/4.5.1"
90.235.70.60 - - [21/Nov/2022:08:37:58 +0100] "POST /login/scripts/setUserPosition.php HTTP/1.1" 200 115 "-" "Supervision/5.5 (se.astacus.labs.Supervision; build:5.5; iOS 10.3.4) Alamofire/4.5.1"
90.235.70.60 - - [21/Nov/2022:08:37:59 +0100] "POST /login/scripts/setUserPosition.php HTTP/1.1" 200 116 "-" "Supervision/5.5 (se.astacus.labs.Supervision; build:5.5; iOS 10.3.4) Alamofire/4.5.1"
90.235.70.60 - - [21/Nov/2022:08:38:00 +0100] "POST /login/scripts/setUserPosition.php HTTP/1.1" 200 116 "-" "Supervision/5.5 (se.astacus.labs.Supervision; build:5.5; iOS 10.3.4) Alamofire/4.5.1"
90.235.70.60 - - [21/Nov/2022:08:38:01 +0100] "POST /login/scripts/setUserPosition.php HTTP/1.1" 200 116 "-" "Supervision/5.5 (se.astacus.labs.Supervision; build:5.5; iOS 10.3.4) Alamofire/4.5.1"
90.235.70.60 - - [21/Nov/2022:08:38:02 +0100] "POST /login/scripts/setUserPosition.php HTTP/1.1" 200 115 "-" "Supervision/5.5 (se.astacus.labs.Supervision; build:5.5; iOS 10.3.4) Alamofire/4.5.1"
90.235.70.60 - - [21/Nov/2022:08:38:03 +0100] "POST /login/scripts/setUserPosition.php HTTP/1.1" 200 114 "-" "Supervision/5.5 (se.astacus.labs.Supervision; build:5.5; iOS 10.3.4) Alamofire/4.5.1"
90.235.70.60 - - [21/Nov/2022:08:38:04 +0100] "POST /login/scripts/setUserPosition.php HTTP/1.1" 200 115 "-" "Supervision/5.5 (se.astacus.labs.Supervision; build:5.5; iOS 10.3.4) Alamofire/4.5.1"
90.235.70.60 - - [21/Nov/2022:08:38:05 +0100] "POST /login/scripts/setUserPosition.php HTTP/1.1" 200 115 "-" "Supervision/5.5 (se.astacus.labs.Supervision; build:5.5; iOS 10.3.4) Alamofire/4.5.1"
90.235.70.60 - - [21/Nov/2022:08:38:05 +0100] "POST /login/scripts/setUserPosition.php HTTP/1.1" 200 115 "-" "Supervision/5.5 (se.astacus.labs.Supervision; build:5.5; iOS 10.3.4) Alamofire/4.5.1"
90.235.70.60 - - [21/Nov/2022:08:38:06 +0100] "POST /login/scripts/setUserPosition.php HTTP/1.1" 200 115 "-" "Supervision/5.5 (se.astacus.labs.Supervision; build:5.5; iOS 10.3.4) Alamofire/4.5.1"
90.235.70.60 - - [21/Nov/2022:08:38:07 +0100] "POST /login/scripts/setUserPosition.php HTTP/1.1" 200 115 "-" "Supervision/5.5 (se.astacus.labs.Supervision; build:5.5; iOS 10.3.4) Alamofire/4.5.1"
90.235.70.60 - - [21/Nov/2022:08:38:08 +0100] "POST /login/scripts/setUserPosition.php HTTP/1.1" 200 115 "-" "Supervision/5.5 (se.astacus.labs.Supervision; build:5.5; iOS 10.3.4) Alamofire/4.5.1"
90.235.70.60 - - [21/Nov/2022:08:38:08 +0100] "POST /login/scripts/setUserPosition.php HTTP/1.1" 200 116 "-" "Supervision/5.5 (se.astacus.labs.Supervision; build:5.5; iOS 10.3.4) Alamofire/4.5.1"
90.235.70.60 - - [21/Nov/2022:08:38:09 +0100] "POST /login/scripts/setUserPosition.php HTTP/1.1" 200 116 "-" "Supervision/5.5 (se.astacus.labs.Supervision; build:5.5; iOS 10.3.4) Alamofire/4.5.1"
90.235.70.60 - - [21/Nov/2022:08:38:10 +0100] "POST /login/scripts/setUserPosition.php HTTP/1.1" 200 116 "-" "Supervision/5.5 (se.astacus.labs.Supervision; build:5.5; iOS 10.3.4) Alamofire/4.5.1"
90.235.70.60 - - [21/Nov/2022:08:38:11 +0100] "POST /login/scripts/setUserPosition.php HTTP/1.1" 200 116 "-" "Supervision/5.5 (se.astacus.labs.Supervision; build:5.5; iOS 10.3.4) Alamofire/4.5.1"
66.249.66.90 - - [21/Nov/2022:08:38:11 +0100] "GET /robots.txt HTTP/1.1" 404 208 "-" "Mozilla/5.0 (compatible; Googlebot/2.1; +http://www.google.com/bot.html)"
66.249.66.89 - - [21/Nov/2022:08:38:12 +0100] "GET /digitaltwin/images/house.png HTTP/1.1" 200 7920 "-" "Googlebot-Image/1.0"
90.235.70.60 - - [21/Nov/2022:08:38:12 +0100] "POST /login/scripts/setUserPosition.php HTTP/1.1" 200 116 "-" "Supervision/5.5 (se.astacus.labs.Supervision; build:5.5; iOS 10.3.4) Alamofire/4.5.1"
90.235.70.60 - - [21/Nov/2022:08:38:13 +0100] "POST /login/scripts/setUserPosition.php HTTP/1.1" 200 116 "-" "Supervision/5.5 (se.astacus.labs.Supervision; build:5.5; iOS 10.3.4) Alamofire/4.5.1"
90.235.70.60 - - [21/Nov/2022:08:38:14 +0100] "POST /login/scripts/setUserPosition.php HTTP/1.1" 200 115 "-" "Supervision/5.5 (se.astacus.labs.Supervision; build:5.5; iOS 10.3.4) Alamofire/4.5.1"
90.235.70.60 - - [21/Nov/2022:08:38:15 +0100] "POST /login/scripts/setUserPosition.php HTTP/1.1" 200 116 "-" "Supervision/5.5 (se.astacus.labs.Supervision; build:5.5; iOS 10.3.4) Alamofire/4.5.1"
114.119.134.165 - - [21/Nov/2022:08:38:15 +0100] "GET /apps/school/www_old6/img/LevelC/Category1/LevelCCat1Lesson05/?C=S%3BO%3DA HTTP/1.1" 200 450 "http://kulturdokumentation.com/apps/school/www_old6/img/LevelC/Category1/LevelCCat1Lesson05/" "Mozilla/5.0 (Linux; Android 7.0;) AppleWebKit/537.36 (KHTML, like Gecko) Mobile Safari/537.36 (compatible; PetalBot;+https://webmaster.petalsearch.com/site/petalbot)"
90.235.70.60 - - [21/Nov/2022:08:38:16 +0100] "POST /login/scripts/setUserPosition.php HTTP/1.1" 200 116 "-" "Supervision/5.5 (se.astacus.labs.Supervision; build:5.5; iOS 10.3.4) Alamofire/4.5.1"
90.235.70.60 - - [21/Nov/2022:08:38:17 +0100] "POST /login/scripts/setUserPosition.php HTTP/1.1" 200 115 "-" "Supervision/5.5 (se.astacus.labs.Supervision; build:5.5; iOS 10.3.4) Alamofire/4.5.1"
90.235.70.60 - - [21/Nov/2022:08:38:18 +0100] "POST /login/scripts/setUserPosition.php HTTP/1.1" 200 116 "-" "Supervision/5.5 (se.astacus.labs.Supervision; build:5.5; iOS 10.3.4) Alamofire/4.5.1"
90.235.70.60 - - [21/Nov/2022:08:38:19 +0100] "POST /login/scripts/setUserPosition.php HTTP/1.1" 200 116 "-" "Supervision/5.5 (se.astacus.labs.Supervision; build:5.5; iOS 10.3.4) Alamofire/4.5.1"
90.235.70.60 - - [21/Nov/2022:08:38:20 +0100] "POST /login/scripts/setUserPosition.php HTTP/1.1" 200 114 "-" "Supervision/5.5 (se.astacus.labs.Supervision; build:5.5; iOS 10.3.4) Alamofire/4.5.1"
90.235.70.60 - - [21/Nov/2022:08:38:21 +0100] "POST /login/scripts/setUserPosition.php HTTP/1.1" 200 114 "-" "Supervision/5.5 (se.astacus.labs.Supervision; build:5.5; iOS 10.3.4) Alamofire/4.5.1"
90.235.70.60 - - [21/Nov/2022:08:38:22 +0100] "POST /login/scripts/setUserPosition.php HTTP/1.1" 200 116 "-" "Supervision/5.5 (se.astacus.labs.Supervision; build:5.5; iOS 10.3.4) Alamofire/4.5.1"
90.235.70.60 - - [21/Nov/2022:08:38:22 +0100] "POST /login/scripts/setUserPosition.php HTTP/1.1" 200 116 "-" "Supervision/5.5 (se.astacus.labs.Supervision; build:5.5; iOS 10.3.4) Alamofire/4.5.1"
90.235.70.60 - - [21/Nov/2022:08:38:23 +0100] "POST /login/scripts/setUserPosition.php HTTP/1.1" 200 115 "-" "Supervision/5.5 (se.astacus.labs.Supervision; build:5.5; iOS 10.3.4) Alamofire/4.5.1"
90.235.70.60 - - [21/Nov/2022:08:38:24 +0100] "POST /login/scripts/setUserPosition.php HTTP/1.1" 200 115 "-" "Supervision/5.5 (se.astacus.labs.Supervision; build:5.5; iOS 10.3.4) Alamofire/4.5.1"
90.235.70.60 - - [21/Nov/2022:08:38:25 +0100] "POST /login/scripts/setUserPosition.php HTTP/1.1" 200 116 "-" "Supervision/5.5 (se.astacus.labs.Supervision; build:5.5; iOS 10.3.4) Alamofire/4.5.1"
90.235.70.60 - - [21/Nov/2022:08:38:26 +0100] "POST /login/scripts/setUserPosition.php HTTP/1.1" 200 115 "-" "Supervision/5.5 (se.astacus.labs.Supervision; build:5.5; iOS 10.3.4) Alamofire/4.5.1"
90.235.70.60 - - [21/Nov/2022:08:38:27 +0100] "POST /login/scripts/setUserPosition.php HTTP/1.1" 200 114 "-" "Supervision/5.5 (se.astacus.labs.Supervision; build:5.5; iOS 10.3.4) Alamofire/4.5.1"
90.235.70.60 - - [21/Nov/2022:08:38:28 +0100] "POST /login/scripts/setUserPosition.php HTTP/1.1" 200 116 "-" "Supervision/5.5 (se.astacus.labs.Supervision; build:5.5; iOS 10.3.4) Alamofire/4.5.1"
90.235.70.60 - - [21/Nov/2022:08:38:29 +0100] "POST /login/scripts/setUserPosition.php HTTP/1.1" 200 113 "-" "Supervision/5.5 (se.astacus.labs.Supervision; build:5.5; iOS 10.3.4) Alamofire/4.5.1"
90.235.70.60 - - [21/Nov/2022:08:38:30 +0100] "POST /login/scripts/setUserPosition.php HTTP/1.1" 200 116 "-" "Supervision/5.5 (se.astacus.labs.Supervision; build:5.5; iOS 10.3.4) Alamofire/4.5.1"
90.235.70.60 - - [21/Nov/2022:08:38:31 +0100] "POST /login/scripts/setUserPosition.php HTTP/1.1" 200 115 "-" "Supervision/5.5 (se.astacus.labs.Supervision; build:5.5; iOS 10.3.4) Alamofire/4.5.1"
90.235.70.60 - - [21/Nov/2022:08:38:32 +0100] "POST /login/scripts/setUserPosition.php HTTP/1.1" 200 116 "-" "Supervision/5.5 (se.astacus.labs.Supervision; build:5.5; iOS 10.3.4) Alamofire/4.5.1"
90.235.70.60 - - [21/Nov/2022:08:38:33 +0100] "POST /login/scripts/setUserPosition.php HTTP/1.1" 200 116 "-" "Supervision/5.5 (se.astacus.labs.Supervision; build:5.5; iOS 10.3.4) Alamofire/4.5.1"
90.235.70.60 - - [21/Nov/2022:08:38:34 +0100] "POST /login/scripts/setUserPosition.php HTTP/1.1" 200 115 "-" "Supervision/5.5 (se.astacus.labs.Supervision; build:5.5; iOS 10.3.4) Alamofire/4.5.1"
90.235.70.60 - - [21/Nov/2022:08:38:35 +0100] "POST /login/scripts/setUserPosition.php HTTP/1.1" 200 115 "-" "Supervision/5.5 (se.astacus.labs.Supervision; build:5.5; iOS 10.3.4) Alamofire/4.5.1"
90.235.70.60 - - [21/Nov/2022:08:38:36 +0100] "POST /login/scripts/setUserPosition.php HTTP/1.1" 200 115 "-" "Supervision/5.5 (se.astacus.labs.Supervision; build:5.5; iOS 10.3.4) Alamofire/4.5.1"
90.235.70.60 - - [21/Nov/2022:08:38:37 +0100] "POST /login/scripts/setUserPosition.php HTTP/1.1" 200 116 "-" "Supervision/5.5 (se.astacus.labs.Supervision; build:5.5; iOS 10.3.4) Alamofire/4.5.1"
90.235.70.60 - - [21/Nov/2022:08:38:38 +0100] "POST /login/scripts/setUserPosition.php HTTP/1.1" 200 116 "-" "Supervision/5.5 (se.astacus.labs.Supervision; build:5.5; iOS 10.3.4) Alamofire/4.5.1"
90.235.70.60 - - [21/Nov/2022:08:38:39 +0100] "POST /login/scripts/setUserPosition.php HTTP/1.1" 200 116 "-" "Supervision/5.5 (se.astacus.labs.Supervision; build:5.5; iOS 10.3.4) Alamofire/4.5.1"
90.235.70.60 - - [21/Nov/2022:08:38:40 +0100] "POST /login/scripts/setUserPosition.php HTTP/1.1" 200 115 "-" "Supervision/5.5 (se.astacus.labs.Supervision; build:5.5; iOS 10.3.4) Alamofire/4.5.1"
111.93.24.58 - - [21/Nov/2022:08:38:40 +0100] "GET /project/index.php?page=start&companyId=Alla&countryId=0 HTTP/1.1" 200 78169 "https://icad.astacus.se/project/index.php?page=project_production&projectId=33307&companyId=$&path=/Files%20from%20Customer" "Mozilla/5.0 (Windows NT 6.1; Win64; x64; rv:107.0) Gecko/20100101 Firefox/107.0"
90.235.70.60 - - [21/Nov/2022:08:38:41 +0100] "POST /login/scripts/setUserPosition.php HTTP/1.1" 200 115 "-" "Supervision/5.5 (se.astacus.labs.Supervision; build:5.5; iOS 10.3.4) Alamofire/4.5.1"
90.235.70.60 - - [21/Nov/2022:08:38:42 +0100] "POST /login/scripts/setUserPosition.php HTTP/1.1" 200 116 "-" "Supervision/5.5 (se.astacus.labs.Supervision; build:5.5; iOS 10.3.4) Alamofire/4.5.1"
111.93.24.58 - - [21/Nov/2022:08:38:42 +0100] "GET /timereport_india/ HTTP/1.1" 200 1596 "-" "Mozilla/5.0 (Windows NT 6.1; Win64; x64; rv:107.0) Gecko/20100101 Firefox/107.0"
111.93.24.58 - - [21/Nov/2022:08:38:42 +0100] "GET /timereport_india/images/Astacus_Pos8x1.7.jpg HTTP/1.1" 200 4898 "http://appsrv.astacus.se/timereport_india/" "Mozilla/5.0 (Windows NT 6.1; Win64; x64; rv:107.0) Gecko/20100101 Firefox/107.0"
111.93.24.58 - - [21/Nov/2022:08:38:43 +0100] "GET /favicon.ico HTTP/1.1" 404 209 "http://appsrv.astacus.se/timereport_india/" "Mozilla/5.0 (Windows NT 6.1; Win64; x64; rv:107.0) Gecko/20100101 Firefox/107.0"
90.235.70.60 - - [21/Nov/2022:08:38:43 +0100] "POST /login/scripts/setUserPosition.php HTTP/1.1" 200 116 "-" "Supervision/5.5 (se.astacus.labs.Supervision; build:5.5; iOS 10.3.4) Alamofire/4.5.1"
90.235.70.60 - - [21/Nov/2022:08:38:44 +0100] "POST /login/scripts/setUserPosition.php HTTP/1.1" 200 115 "-" "Supervision/5.5 (se.astacus.labs.Supervision; build:5.5; iOS 10.3.4) Alamofire/4.5.1"
90.235.70.60 - - [21/Nov/2022:08:38:45 +0100] "POST /login/scripts/setUserPosition.php HTTP/1.1" 200 115 "-" "Supervision/5.5 (se.astacus.labs.Supervision; build:5.5; iOS 10.3.4) Alamofire/4.5.1"
111.93.24.58 - - [21/Nov/2022:08:38:45 +0100] "GET /timereport_india/start.php?trigeoid=TTPV1116 HTTP/1.1" 200 875 "http://appsrv.astacus.se/timereport_india/" "Mozilla/5.0 (Windows NT 6.1; Win64; x64; rv:107.0) Gecko/20100101 Firefox/107.0"
90.235.70.60 - - [21/Nov/2022:08:38:46 +0100] "POST /login/scripts/setUserPosition.php HTTP/1.1" 200 115 "-" "Supervision/5.5 (se.astacus.labs.Supervision; build:5.5; iOS 10.3.4) Alamofire/4.5.1"
