157.55.39.8 - - [21/Nov/2022:00:24:48 +0100] "GET /wp-content/themes/x/framework/fonts/font_awesome/fontawesome-webfont.woff2?v=4.6.3 HTTP/1.1" 200 71896 "-" "Mozilla/5.0 AppleWebKit/537.36 (KHTML, like Gecko; compatible; bingbot/2.0; +http://www.bing.com/bingbot.htm) Chrome/103.0.5060.134 Safari/537.36"
157.55.39.206 - - [21/Nov/2022:00:24:49 +0100] "GET /wp-content/themes/x/framework/fonts/font_awesome/fontawesome-webfont.woff?v=4.6.3 HTTP/1.1" 200 90412 "-" "Mozilla/5.0 (compatible; bingbot/2.0; +http://www.bing.com/bingbot.htm)"
40.77.167.32 - - [21/Nov/2022:00:24:50 +0100] "GET /wp-content/plugins/revslider/public/assets/css/settings.css?ver=5.4.8 HTTP/1.1" 200 9545 "-" "Mozilla/5.0 AppleWebKit/537.36 (KHTML, like Gecko; compatible; bingbot/2.0; +http://www.bing.com/bingbot.htm) Chrome/103.0.5060.134 Safari/537.36"
207.46.13.191 - - [21/Nov/2022:00:24:52 +0100] "GET /wp-content/themes/x/framework/fonts/font_awesome/fontawesome-webfont.ttf?v=4.6.3 HTTP/1.1" 200 152796 "-" "Mozilla/5.0 (compatible; bingbot/2.0; +http://www.bing.com/bingbot.htm)"
207.46.13.191 - - [21/Nov/2022:00:24:53 +0100] "GET /wp-includes/js/jquery/ui/mouse.min.js?ver=1.11.4 HTTP/1.1" 200 1021 "-" "Mozilla/5.0 AppleWebKit/537.36 (KHTML, like Gecko; compatible; bingbot/2.0; +http://www.bing.com/bingbot.htm) Chrome/103.0.5060.134 Safari/537.36"
54.36.148.194 - - [21/Nov/2022:00:24:57 +0100] "GET /apps/school/www/res/icon/?C=N;O=A HTTP/1.1" 200 404 "-" "Mozilla/5.0 (compatible; AhrefsBot/7.0; +http://ahrefs.com/robot/)"
157.55.39.8 - - [21/Nov/2022:00:24:58 +0100] "GET /wp-includes/js/jquery/jquery-migrate.min.js?ver=1.4.1 HTTP/1.1" 200 4014 "-" "Mozilla/5.0 AppleWebKit/537.36 (KHTML, like Gecko; compatible; bingbot/2.0; +http://www.bing.com/bingbot.htm) Chrome/103.0.5060.134 Safari/537.36"
157.55.39.8 - - [21/Nov/2022:00:24:58 +0100] "GET /wp-includes/js/wp-emoji-release.min.js?ver=4.8.1 HTTP/1.1" 200 4299 "-" "Mozilla/5.0 (compatible; bingbot/2.0; +http://www.bing.com/bingbot.htm)"
157.55.39.206 - - [21/Nov/2022:00:25:02 +0100] "GET /wp-content/themes/x/framework/js/dist/site/x-head.min.js?ver=4.6.4 HTTP/1.1" 200 1210 "-" "Mozilla/5.0 AppleWebKit/537.36 (KHTML, like Gecko; compatible; bingbot/2.0; +http://www.bing.com/bingbot.htm) Chrome/103.0.5060.134 Safari/537.36"
157.55.39.206 - - [21/Nov/2022:00:25:03 +0100] "GET /wp-includes/js/wp-embed.min.js?ver=4.8.1 HTTP/1.1" 200 751 "-" "Mozilla/5.0 AppleWebKit/537.36 (KHTML, like Gecko; compatible; bingbot/2.0; +http://www.bing.com/bingbot.htm) Chrome/103.0.5060.134 Safari/537.36"
40.77.167.32 - - [21/Nov/2022:00:25:10 +0100] "GET /wp-includes/js/jquery/ui/core.min.js?ver=1.11.4 HTTP/1.1" 200 1821 "-" "Mozilla/5.0 AppleWebKit/537.36 (KHTML, like Gecko; compatible; bingbot/2.0; +http://www.bing.com/bingbot.htm) Chrome/103.0.5060.134 Safari/537.36"
114.119.141.71 - - [21/Nov/2022:00:26:09 +0100] "GET /apps/school/www_old_temp/AutodeskForge/learn.forge.viewmodels-nodejs/node_modules/tunnel-agent/?C=S%3BO%3DA HTTP/1.1" 200 528 "http://kulturdokumentation.se/apps/school/www_old_temp/AutodeskForge/learn.forge.viewmodels-nodejs/node_modules/tunnel-agent/?C=D%3BO%3DA" "Mozilla/5.0 (Linux; Android 7.0;) AppleWebKit/537.36 (KHTML, like Gecko) Mobile Safari/537.36 (compatible; PetalBot;+https://webmaster.petalsearch.com/site/petalbot)"
52.89.210.46 - - [21/Nov/2022:00:26:34 +0100] "GET / HTTP/1.1" 200 21 "-" "Mozilla/5.0 (X11; Linux x86_64) AppleWebKit/537.36 (KHTML, like Gecko) Chrome/83.0.4103.97 Safari/537.36"
34.219.111.4 - - [21/Nov/2022:00:26:48 +0100] "GET /favicon.ico HTTP/1.1" 404 209 "-" "Mozilla/5.0 (X11; Linux x86_64) AppleWebKit/537.36 (KHTML, like Gecko) Chrome/83.0.4103.97 Safari/537.36"
34.219.111.4 - - [21/Nov/2022:00:26:50 +0100] "GET / HTTP/1.1" 200 21 "-" "Mozilla/5.0 (X11; Linux x86_64) AppleWebKit/537.36 (KHTML, like Gecko) Chrome/83.0.4103.97 Safari/537.36"
216.244.66.203 - - [21/Nov/2022:00:26:52 +0100] "GET /robots.txt HTTP/1.1" 404 208 "-" "Mozilla/5.0 (compatible; DotBot/1.2; +https://opensiteexplorer.org/dotbot; help@moz.com)"
216.244.66.239 - - [21/Nov/2022:00:27:13 +0100] "GET /forge/forge-api-nodejs-client/test/api/UserProfileApi.spec.js HTTP/1.1" 200 2951 "-" "Mozilla/5.0 (compatible; DotBot/1.2; +https://opensiteexplorer.org/dotbot; help@moz.com)"
114.119.134.152 - - [21/Nov/2022:00:27:25 +0100] "GET /apps/school/www_old9/Html/LevelF/Category2/LevelFCat2Lesson22.html HTTP/1.1" 200 2371 "http://kulturdokumentation.com/apps/school/www_old9/Html/LevelF/Category2?C=D%3BO%3DA" "Mozilla/5.0 (Linux; Android 7.0;) AppleWebKit/537.36 (KHTML, like Gecko) Mobile Safari/537.36 (compatible; PetalBot;+https://webmaster.petalsearch.com/site/petalbot)"
194.180.48.125 - - [21/Nov/2022:00:29:32 +0100] "GET /docker-compose.yml HTTP/1.1" 404 216 "-" "Mozilla/5.0 (Linux; Android 12; SM-G970U) AppleWebKit/537.36 (KHTML, like Gecko) Chrome/101.0.4951.61 Mobile Safari/537.36"
207.46.13.159 - - [21/Nov/2022:00:29:36 +0100] "GET / HTTP/1.1" 200 13133 "-" "Mozilla/5.0 AppleWebKit/537.36 (KHTML, like Gecko; compatible; bingbot/2.0; +http://www.bing.com/bingbot.htm) Chrome/103.0.5060.134 Safari/537.36"
54.36.148.222 - - [21/Nov/2022:00:30:39 +0100] "GET /apps/school/www_old3/res/screen/ HTTP/1.1" 200 409 "-" "Mozilla/5.0 (compatible; AhrefsBot/7.0; +http://ahrefs.com/robot/)"
66.249.66.90 - - [21/Nov/2022:00:31:08 +0100] "GET /digitaltwin/exit.php HTTP/1.1" 302 - "-" "Mozilla/5.0 (Linux; Android 6.0.1; Nexus 5X Build/MMB29P) AppleWebKit/537.36 (KHTML, like Gecko) Chrome/107.0.5304.110 Mobile Safari/537.36 (compatible; Googlebot/2.1; +http://www.google.com/bot.html)"
66.249.66.90 - - [21/Nov/2022:00:31:09 +0100] "GET /digitaltwin/index.php HTTP/1.1" 200 1027 "-" "Mozilla/5.0 (Linux; Android 6.0.1; Nexus 5X Build/MMB29P) AppleWebKit/537.36 (KHTML, like Gecko) Chrome/107.0.5304.110 Mobile Safari/537.36 (compatible; Googlebot/2.1; +http://www.google.com/bot.html)"
114.119.141.42 - - [21/Nov/2022:00:31:18 +0100] "GET /apps/school/www_old9/res/screen/ HTTP/1.1" 200 409 "http://kulturdokumentation.se/apps/school/www_old9/res/screen/ios/" "Mozilla/5.0 (Linux; Android 7.0;) AppleWebKit/537.36 (KHTML, like Gecko) Mobile Safari/537.36 (compatible; PetalBot;+https://webmaster.petalsearch.com/site/petalbot)"
93.125.75.17 - - [21/Nov/2022:00:31:25 +0100] "GET /wp-login.php HTTP/1.1" 302 219 "" "Mozilla/5.0 (Windows NT 10.0; Win64; x64; rv:107.0) Gecko/20100101 Firefox/107.0"
93.125.75.17 - - [21/Nov/2022:00:31:26 +0100] "GET /wp-login.php HTTP/1.1" 200 1274 "http://www.astacus.se/wp-login.php" "Mozilla/5.0 (Windows NT 10.0; Win64; x64; rv:107.0) Gecko/20100101 Firefox/107.0"
93.125.75.17 - - [21/Nov/2022:00:31:32 +0100] "POST /wp-login.php HTTP/1.1" 200 1634 "https://www.astacus.se/wp-login.php?redirect_to=https%3A%2F%2Fwww.astacus.se%2Fwp-admin%2F" "Mozilla/5.0 (Windows NT 10.0; Win64; x64; rv:107.0) Gecko/20100101 Firefox/107.0"
216.244.66.239 - - [21/Nov/2022:00:32:22 +0100] "GET /apps/school/www_old6/img/LevelB/Category2/LevelBCat2Lesson11/coconutHalf.png HTTP/1.1" 200 8118 "-" "Mozilla/5.0 (compatible; DotBot/1.2; +https://opensiteexplorer.org/dotbot; help@moz.com)"
35.93.2.104 - - [21/Nov/2022:00:32:23 +0100] "GET / HTTP/1.1" 200 1772 "-" "Mozilla/5.0 (X11; Linux x86_64) AppleWebKit/537.36 (KHTML, like Gecko) Chrome/83.0.4103.97 Safari/537.36"
114.119.134.152 - - [21/Nov/2022:00:32:27 +0100] "GET /apps/school/www_old9/Html/LevelE/Category1/LevelECat1Lesson15.html HTTP/1.1" 200 861 "-" "Mozilla/5.0 (Linux; Android 7.0;) AppleWebKit/537.36 (KHTML, like Gecko) Mobile Safari/537.36 (compatible; PetalBot;+https://webmaster.petalsearch.com/site/petalbot)"
216.244.66.239 - - [21/Nov/2022:00:32:28 +0100] "GET /apps/school/www_old6/img/LevelD/Category2/LevelDCat2Lesson02/earRingsPair5.png HTTP/1.1" 200 10311 "-" "Mozilla/5.0 (compatible; DotBot/1.2; +https://opensiteexplorer.org/dotbot; help@moz.com)"
114.119.134.152 - - [21/Nov/2022:00:32:28 +0100] "GET /apps/school/www_old9/js/allScriptsForLessonsHtml.js HTTP/1.1" 200 263 "http://kulturdokumentation.com/apps/school/www_old9/Html/LevelE/Category1/LevelECat1Lesson15.html" "Mozilla/5.0 (Linux; Android 7.0;) AppleWebKit/537.36 (KHTML, like Gecko) Mobile Safari/537.36 (compatible; PetalBot;+https://webmaster.petalsearch.com/site/petalbot)"
114.119.134.152 - - [21/Nov/2022:00:32:28 +0100] "GET /apps/school/www_old9/css/shared_styles_new.css HTTP/1.1" 200 1154 "http://kulturdokumentation.com/apps/school/www_old9/Html/LevelE/Category1/LevelECat1Lesson15.html" "Mozilla/5.0 (Linux; Android 7.0;) AppleWebKit/537.36 (KHTML, like Gecko) Mobile Safari/537.36 (compatible; PetalBot;+https://webmaster.petalsearch.com/site/petalbot)"
114.119.134.152 - - [21/Nov/2022:00:32:28 +0100] "GET /apps/school/www_old9/js/topmostInfo.js HTTP/1.1" 200 2617 "http://kulturdokumentation.com/apps/school/www_old9/Html/LevelE/Category1/LevelECat1Lesson15.html" "Mozilla/5.0 (Linux; Android 7.0;) AppleWebKit/537.36 (KHTML, like Gecko) Mobile Safari/537.36 (compatible; PetalBot;+https://webmaster.petalsearch.com/site/petalbot)"
114.119.134.152 - - [21/Nov/2022:00:32:28 +0100] "GET /apps/school/www_old9/js/painlessfs.js HTTP/1.1" 200 3788 "http://kulturdokumentation.com/apps/school/www_old9/Html/LevelE/Category1/LevelECat1Lesson15.html" "Mozilla/5.0 (Linux; Android 7.0;) AppleWebKit/537.36 (KHTML, like Gecko) Mobile Safari/537.36 (compatible; PetalBot;+https://webmaster.petalsearch.com/site/petalbot)"
114.119.134.152 - - [21/Nov/2022:00:32:28 +0100] "GET /apps/school/www_old9/cordova.js HTTP/1.1" 404 229 "http://kulturdokumentation.com/apps/school/www_old9/Html/LevelE/Category1/LevelECat1Lesson15.html" "Mozilla/5.0 (Linux; Android 7.0;) AppleWebKit/537.36 (KHTML, like Gecko) Mobile Safari/537.36 (compatible; PetalBot;+https://webmaster.petalsearch.com/site/petalbot)"
114.119.134.152 - - [21/Nov/2022:00:32:28 +0100] "GET /apps/school/www_old9/js/shared_functions_new.js HTTP/1.1" 200 12622 "http://kulturdokumentation.com/apps/school/www_old9/Html/LevelE/Category1/LevelECat1Lesson15.html" "Mozilla/5.0 (Linux; Android 7.0;) AppleWebKit/537.36 (KHTML, like Gecko) Mobile Safari/537.36 (compatible; PetalBot;+https://webmaster.petalsearch.com/site/petalbot)"
114.119.134.152 - - [21/Nov/2022:00:32:28 +0100] "GET /apps/school/www_old9/js/WebkitDragAndDrop.js HTTP/1.1" 200 4330 "http://kulturdokumentation.com/apps/school/www_old9/Html/LevelE/Category1/LevelECat1Lesson15.html" "Mozilla/5.0 (Linux; Android 7.0;) AppleWebKit/537.36 (KHTML, like Gecko) Mobile Safari/537.36 (compatible; PetalBot;+https://webmaster.petalsearch.com/site/petalbot)"
114.119.134.152 - - [21/Nov/2022:00:32:28 +0100] "GET /apps/school/www_old9/js/enumsClasses.js HTTP/1.1" 200 505 "http://kulturdokumentation.com/apps/school/www_old9/Html/LevelE/Category1/LevelECat1Lesson15.html" "Mozilla/5.0 (Linux; Android 7.0;) AppleWebKit/537.36 (KHTML, like Gecko) Mobile Safari/537.36 (compatible; PetalBot;+https://webmaster.petalsearch.com/site/petalbot)"
114.119.134.152 - - [21/Nov/2022:00:32:29 +0100] "GET /apps/school/www_old9/cordova.js HTTP/1.1" 404 229 "http://kulturdokumentation.com/apps/school/www_old9/Html/LevelE/Category1/LevelECat1Lesson15.html" "Mozilla/5.0 (Linux; Android 7.0;) AppleWebKit/537.36 (KHTML, like Gecko) Mobile Safari/537.36 (compatible; PetalBot;+https://webmaster.petalsearch.com/site/petalbot)"
216.244.66.239 - - [21/Nov/2022:00:32:30 +0100] "GET /apps/school/www_old8/img/LevelF/Category2/LevelFCat2Lesson14/billingMachine.png HTTP/1.1" 200 151834 "-" "Mozilla/5.0 (compatible; DotBot/1.2; +https://opensiteexplorer.org/dotbot; help@moz.com)"
::1 - - [21/Nov/2022:00:32:45 +0100] "OPTIONS * HTTP/1.0" 200 - "-" "Apache/2.4.7 (Ubuntu) PHP/5.5.9-1ubuntu4.29 OpenSSL/1.0.1f (internal dummy connection)"
::1 - - [21/Nov/2022:00:32:46 +0100] "OPTIONS * HTTP/1.0" 200 - "-" "Apache/2.4.7 (Ubuntu) PHP/5.5.9-1ubuntu4.29 OpenSSL/1.0.1f (internal dummy connection)"
216.244.66.239 - - [21/Nov/2022:00:32:47 +0100] "GET /apps/school/www_old9/img/LevelB/Category2/LevelBCat2Lesson11/greenFruitHalf.png HTTP/1.1" 200 10388 "-" "Mozilla/5.0 (compatible; DotBot/1.2; +https://opensiteexplorer.org/dotbot; help@moz.com)"
216.244.66.239 - - [21/Nov/2022:00:32:58 +0100] "GET /apps/school/www_old9/img/LevelF/Category2/LevelFCat2Lesson18/entertainment.png HTTP/1.1" 200 269183 "-" "Mozilla/5.0 (compatible; DotBot/1.2; +https://opensiteexplorer.org/dotbot; help@moz.com)"
216.244.66.239 - - [21/Nov/2022:00:33:40 +0100] "GET /apps/school/www_old9/img/LevelG/Category2/LevelGCat2Lesson18/earthAndSky.png HTTP/1.1" 200 109689 "-" "Mozilla/5.0 (compatible; DotBot/1.2; +https://opensiteexplorer.org/dotbot; help@moz.com)"
216.244.66.239 - - [21/Nov/2022:00:34:12 +0100] "GET /apps/school/www_old_temp/res/sounds/?C=M;O=A HTTP/1.1" 200 965 "-" "Mozilla/5.0 (compatible; DotBot/1.2; +https://opensiteexplorer.org/dotbot; help@moz.com)"
45.72.48.130 - - [21/Nov/2022:00:34:20 +0100] "GET / HTTP/1.1" 200 3088 "-" "Mozilla/5.0 (Windows NT 10.0; Win64; x64) AppleWebKit/537.36 (KHTML, like Gecko) Chrome/88.0.4324.190 Safari/537.36"
45.72.48.130 - - [21/Nov/2022:00:34:22 +0100] "GET /robots.txt HTTP/1.1" 404 208 "-" "Mozilla/5.0 (Windows NT 10.0; Win64; x64) AppleWebKit/537.36 (KHTML, like Gecko) Chrome/88.0.4324.190 Safari/537.36"
45.72.48.130 - - [21/Nov/2022:00:34:23 +0100] "GET /ads.txt HTTP/1.1" 404 205 "-" "Mozilla/5.0 (Windows NT 10.0; Win64; x64) AppleWebKit/537.36 (KHTML, like Gecko) Chrome/88.0.4324.190 Safari/537.36"
45.72.48.130 - - [21/Nov/2022:00:34:25 +0100] "GET / HTTP/1.1" 200 1772 "-" "Mozilla/5.0 (Windows NT 10.0; Win64; x64) AppleWebKit/537.36 (KHTML, like Gecko) Chrome/88.0.4324.190 Safari/537.36"
45.72.48.130 - - [21/Nov/2022:00:34:28 +0100] "GET /robots.txt HTTP/1.1" 404 208 "-" "Mozilla/5.0 (Windows NT 10.0; Win64; x64) AppleWebKit/537.36 (KHTML, like Gecko) Chrome/88.0.4324.190 Safari/537.36"
45.72.48.130 - - [21/Nov/2022:00:34:30 +0100] "GET /ads.txt HTTP/1.1" 404 205 "-" "Mozilla/5.0 (Windows NT 10.0; Win64; x64) AppleWebKit/537.36 (KHTML, like Gecko) Chrome/88.0.4324.190 Safari/537.36"
157.55.39.206 - - [21/Nov/2022:00:34:31 +0100] "GET /scanreport/ HTTP/1.1" 200 1759 "-" "Mozilla/5.0 AppleWebKit/537.36 (KHTML, like Gecko; compatible; bingbot/2.0; +http://www.bing.com/bingbot.htm) Chrome/103.0.5060.134 Safari/537.36"
216.244.66.239 - - [21/Nov/2022:00:34:41 +0100] "GET /apps/school/www_old10/img/LevelA/Category1/?C=S;O=A HTTP/1.1" 200 10801 "-" "Mozilla/5.0 (compatible; DotBot/1.2; +https://opensiteexplorer.org/dotbot; help@moz.com)"
5.255.253.166 - - [21/Nov/2022:00:35:00 +0100] "GET /astacusproject/ProjectSelected.do?projectId=31609 HTTP/1.1" 404 231 "-" "Mozilla/5.0 (compatible; YandexBot/3.0; +http://yandex.com/bots)"
216.244.66.239 - - [21/Nov/2022:00:35:09 +0100] "GET /apps/school/www_old3/Html/LevelC/Category1/?C=D;O=A HTTP/1.1" 200 7475 "-" "Mozilla/5.0 (compatible; DotBot/1.2; +https://opensiteexplorer.org/dotbot; help@moz.com)"
216.244.66.239 - - [21/Nov/2022:00:35:35 +0100] "GET /apps/school/www_old3/ios/plugins/org.apache.cordova.file/?C=M;O=A HTTP/1.1" 200 989 "-" "Mozilla/5.0 (compatible; DotBot/1.2; +https://opensiteexplorer.org/dotbot; help@moz.com)"
54.36.149.104 - - [21/Nov/2022:00:35:59 +0100] "GET /apps/school/www_old9/img/LevelH/Category1/LevelHCat1Lesson09/ HTTP/1.1" 200 585 "-" "Mozilla/5.0 (compatible; AhrefsBot/7.0; +http://ahrefs.com/robot/)"
216.244.66.239 - - [21/Nov/2022:00:36:01 +0100] "GET /apps/school/www_old5/img/LevelG/Category2/?C=S;O=A HTTP/1.1" 200 9054 "-" "Mozilla/5.0 (compatible; DotBot/1.2; +https://opensiteexplorer.org/dotbot; help@moz.com)"
114.119.141.73 - - [21/Nov/2022:00:36:28 +0100] "GET /apps/school/www_old4/img/LevelB/Category2/LevelBCat2Lesson19/?C=D%3BO%3DA HTTP/1.1" 200 447 "http://kulturdokumentation.se/apps/school/www_old4/img/LevelB/Category2/LevelBCat2Lesson19/?C=M%3BO%3DA" "Mozilla/5.0 (Linux; Android 7.0;) AppleWebKit/537.36 (KHTML, like Gecko) Mobile Safari/537.36 (compatible; PetalBot;+https://webmaster.petalsearch.com/site/petalbot)"
34.209.33.71 - - [21/Nov/2022:00:36:55 +0100] "GET / HTTP/1.1" 200 1772 "-" "Mozilla/5.0 (X11; Linux x86_64) AppleWebKit/537.36 (KHTML, like Gecko) Chrome/83.0.4103.97 Safari/537.36"
216.244.66.239 - - [21/Nov/2022:00:36:59 +0100] "GET /apps/school/www_old4/Html/LevelE/Category3/?C=S;O=A HTTP/1.1" 200 8371 "-" "Mozilla/5.0 (compatible; DotBot/1.2; +https://opensiteexplorer.org/dotbot; help@moz.com)"
216.244.66.239 - - [21/Nov/2022:00:37:23 +0100] "GET /apps/school/www_old6/img/LevelD/Category3/?C=S;O=A HTTP/1.1" 200 6874 "-" "Mozilla/5.0 (compatible; DotBot/1.2; +https://opensiteexplorer.org/dotbot; help@moz.com)"
114.119.134.152 - - [21/Nov/2022:00:37:37 +0100] "GET /apps/school/www_old3/img/LevelB/Category1/LevelBCat1Lesson25/?C=S%3BO%3DA HTTP/1.1" 200 448 "http://kulturdokumentation.com/apps/school/www_old3/img/LevelB/Category1/LevelBCat1Lesson25/?C=N%3BO%3DD" "Mozilla/5.0 (Linux; Android 7.0;) AppleWebKit/537.36 (KHTML, like Gecko) Mobile Safari/537.36 (compatible; PetalBot;+https://webmaster.petalsearch.com/site/petalbot)"
216.244.66.239 - - [21/Nov/2022:00:37:45 +0100] "GET /apps/school/www_old8/Html/LevelB/Category2/?C=N;O=A HTTP/1.1" 200 5029 "-" "Mozilla/5.0 (compatible; DotBot/1.2; +https://opensiteexplorer.org/dotbot; help@moz.com)"
216.244.66.203 - - [21/Nov/2022:00:37:53 +0100] "GET /apps/school/www_old8/Html/LevelE/Category2/LevelECat2Lesson20.html HTTP/1.1" 200 94375 "-" "Mozilla/5.0 (compatible; DotBot/1.2; +https://opensiteexplorer.org/dotbot; help@moz.com)"
216.244.66.239 - - [21/Nov/2022:00:38:07 +0100] "GET /apps/school/www_old8/img/LevelH/Category1/LevelHCat1Lesson24/?C=D;O=A HTTP/1.1" 200 1014 "-" "Mozilla/5.0 (compatible; DotBot/1.2; +https://opensiteexplorer.org/dotbot; help@moz.com)"
216.244.66.203 - - [21/Nov/2022:00:38:19 +0100] "GET /apps/school/www_old8/Html/LevelF/Category2/LevelFCat2Lesson09.html HTTP/1.1" 200 2801 "-" "Mozilla/5.0 (compatible; DotBot/1.2; +https://opensiteexplorer.org/dotbot; help@moz.com)"
216.244.66.239 - - [21/Nov/2022:00:38:27 +0100] "GET /apps/school/www_old9/img/LevelB/Category2/?C=D;O=A HTTP/1.1" 200 4258 "-" "Mozilla/5.0 (compatible; DotBot/1.2; +https://opensiteexplorer.org/dotbot; help@moz.com)"
66.249.66.215 - - [21/Nov/2022:00:38:43 +0100] "GET /astacusproject/ProjectSelected.do?projectId=10664 HTTP/1.1" 404 231 "-" "Mozilla/5.0 (Linux; Android 6.0.1; Nexus 5X Build/MMB29P) AppleWebKit/537.36 (KHTML, like Gecko) Chrome/107.0.5304.110 Mobile Safari/537.36 (compatible; Googlebot/2.1; +http://www.google.com/bot.html)"
195.246.120.111 - - [21/Nov/2022:00:40:47 +0100] "GET / HTTP/1.1" 200 4586 "-" "python-requests/2.4.3 CPython/3.7.3 Linux/4.9.35-v7+"
51.222.253.20 - - [21/Nov/2022:00:41:10 +0100] "GET /robots.txt HTTP/1.1" 302 217 "-" "Mozilla/5.0 (compatible; AhrefsBot/7.0; +http://ahrefs.com/robot/)"
51.222.253.20 - - [21/Nov/2022:00:41:10 +0100] "GET /robots.txt HTTP/1.1" 200 67 "-" "Mozilla/5.0 (compatible; AhrefsBot/7.0; +http://ahrefs.com/robot/)"
54.36.148.101 - - [21/Nov/2022:00:41:11 +0100] "GET /you-will-be-surprised-to-know-that-a-wide-number-of-players/ HTTP/1.1" 302 267 "-" "Mozilla/5.0 (compatible; AhrefsBot/7.0; +http://ahrefs.com/robot/)"
114.119.141.73 - - [21/Nov/2022:00:41:31 +0100] "GET /apps/school/www_old_temp/AutodeskForge/learn.forge.viewmodels-nodejs/node_modules/sshpk/lib/private-key.js HTTP/1.1" 200 2127 "http://kulturdokumentation.se/apps/school/www_old_temp/AutodeskForge/learn.forge.viewmodels-nodejs/node_modules/sshpk/lib/" "Mozilla/5.0 (Linux; Android 7.0;) AppleWebKit/537.36 (KHTML, like Gecko) Mobile Safari/537.36 (compatible; PetalBot;+https://webmaster.petalsearch.com/site/petalbot)"
51.144.238.41 - - [21/Nov/2022:00:41:44 +0100] "GET /wp-login.php HTTP/1.1" 302 219 "" "Mozilla/5.0 (Windows NT 10.0; Win64; x64; rv:106.0) Gecko/20100101 Firefox/106.0"
51.144.238.41 - - [21/Nov/2022:00:41:45 +0100] "GET /wp-login.php HTTP/1.1" 200 1274 "http://www.astacus.se/wp-login.php" "Mozilla/5.0 (Windows NT 10.0; Win64; x64; rv:106.0) Gecko/20100101 Firefox/106.0"
51.144.238.41 - - [21/Nov/2022:00:41:45 +0100] "GET /wp-json/wp/v2/users HTTP/1.1" 200 1174 "http://www.astacus.se/wp-login.php" "Mozilla/5.0 (Windows NT 10.0; Win64; x64; rv:106.0) Gecko/20100101 Firefox/106.0"
51.144.238.41 - - [21/Nov/2022:00:41:45 +0100] "POST /wp-login.php HTTP/1.1" 200 1659 "https://www.astacus.se/wp-login.php?redirect_to=https%3A%2F%2Fwww.astacus.se%2Fwp-admin%2F" "Mozilla/5.0 (Windows NT 10.0; Win64; x64; rv:106.0) Gecko/20100101 Firefox/106.0"
51.144.238.41 - - [21/Nov/2022:00:41:46 +0100] "POST /wp-login.php HTTP/1.1" 200 1653 "https://www.astacus.se/wp-login.php?redirect_to=https%3A%2F%2Fwww.astacus.se%2Fwp-admin%2F" "Mozilla/5.0 (Windows NT 10.0; Win64; x64; rv:106.0) Gecko/20100101 Firefox/106.0"
51.144.238.41 - - [21/Nov/2022:00:41:46 +0100] "POST /wp-login.php HTTP/1.1" 200 1634 "https://www.astacus.se/wp-login.php?redirect_to=https%3A%2F%2Fwww.astacus.se%2Fwp-admin%2F" "Mozilla/5.0 (Windows NT 10.0; Win64; x64; rv:106.0) Gecko/20100101 Firefox/106.0"
5.45.207.144 - - [21/Nov/2022:00:42:32 +0100] "GET /robots.txt HTTP/1.1" 404 208 "-" "Mozilla/5.0 (compatible; YandexBot/3.0; +http://yandex.com/bots)"
5.45.207.144 - - [21/Nov/2022:00:42:35 +0100] "GET /apps/school/www_old6/Html/LevelE/ HTTP/1.1" 200 469 "-" "Mozilla/5.0 (compatible; YandexBot/3.0; +http://yandex.com/bots)"
114.119.134.165 - - [21/Nov/2022:00:42:47 +0100] "GET /apps/school/www_old9/img/LevelF/Category2/LevelFCat2Lesson15/?C=M%3BO%3DA HTTP/1.1" 200 591 "http://kulturdokumentation.com/apps/school/www_old9/img/LevelF/Category2/LevelFCat2Lesson15/" "Mozilla/5.0 (Linux; Android 7.0;) AppleWebKit/537.36 (KHTML, like Gecko) Mobile Safari/537.36 (compatible; PetalBot;+https://webmaster.petalsearch.com/site/petalbot)"
54.36.148.251 - - [21/Nov/2022:00:43:53 +0100] "GET /apps/school/www_old6/img/LevelE/Category2/LevelECat2Lesson01/?C=S;O=A HTTP/1.1" 200 479 "-" "Mozilla/5.0 (compatible; AhrefsBot/7.0; +http://ahrefs.com/robot/)"
114.119.141.69 - - [21/Nov/2022:00:46:42 +0100] "GET /apps/school/www_old_temp/AutodeskForge/learn.forge.viewmodels-nodejs/node_modules/iconv-lite/lib/index.d.ts HTTP/1.1" 200 982 "http://kulturdokumentation.se/apps/school/www_old_temp/AutodeskForge/learn.forge.viewmodels-nodejs/node_modules/iconv-lite/lib/" "Mozilla/5.0 (Linux; Android 7.0;) AppleWebKit/537.36 (KHTML, like Gecko) Mobile Safari/537.36 (compatible; PetalBot;+https://webmaster.petalsearch.com/site/petalbot)"
114.119.134.148 - - [21/Nov/2022:00:47:49 +0100] "GET /apps/school/www_old6/img/LevelF/Category1/LevelFCat1Lesson39/briefcase.png HTTP/1.1" 200 36357 "http://kulturdokumentation.com/apps/school/www_old6/Html/LevelF/Category1/LevelFCat1Lesson39.html" "Mozilla/5.0 (Linux; Android 7.0;) AppleWebKit/537.36 (KHTML, like Gecko) Mobile Safari/537.36 (compatible; PetalBot;+https://webmaster.petalsearch.com/site/petalbot)"
20.109.3.204 - - [21/Nov/2022:00:50:14 +0100] "GET /.git/config HTTP/1.1" 404 209 "-" "Mozilla/5.0 (Macintosh; Intel Mac OS X 10.15; rv:77.0) Gecko/20100101 Firefox/77.0"
20.109.3.204 - - [21/Nov/2022:00:50:15 +0100] "GET /.git/config HTTP/1.1" 404 209 "-" "Mozilla/5.0 (Macintosh; Intel Mac OS X 10.15; rv:77.0) Gecko/20100101 Firefox/77.0"
40.77.167.32 - - [21/Nov/2022:00:51:23 +0100] "GET /archive/index.php?action=search HTTP/1.1" 302 17580 "-" "Mozilla/5.0 AppleWebKit/537.36 (KHTML, like Gecko; compatible; bingbot/2.0; +http://www.bing.com/bingbot.htm) Chrome/103.0.5060.134 Safari/537.36"
114.119.141.51 - - [21/Nov/2022:00:51:42 +0100] "GET /apps/school/www_old_temp/AutodeskForge/learn.forge.viewmodels-nodejs/node_modules/statuses/ HTTP/1.1" 200 553 "http://kulturdokumentation.se/apps/school/www_old_temp/AutodeskForge/learn.forge.viewmodels-nodejs/node_modules/" "Mozilla/5.0 (Linux; Android 7.0;) AppleWebKit/537.36 (KHTML, like Gecko) Mobile Safari/537.36 (compatible; PetalBot;+https://webmaster.petalsearch.com/site/petalbot)"
54.36.148.144 - - [21/Nov/2022:00:51:47 +0100] "GET /apps/school/www_old3/img/LevelA/Category2/LevelACat2Lesson9/?C=D;O=A HTTP/1.1" 200 483 "-" "Mozilla/5.0 (compatible; AhrefsBot/7.0; +http://ahrefs.com/robot/)"
114.119.134.148 - - [21/Nov/2022:00:52:54 +0100] "GET /apps/school/www_old8/img/LevelH?C=S%3BO%3DA HTTP/1.1" 301 283 "http://kulturdokumentation.com/apps/school/www_old8/img/LevelH?C=M%3BO%3DA" "Mozilla/5.0 (Linux; Android 7.0;) AppleWebKit/537.36 (KHTML, like Gecko) Mobile Safari/537.36 (compatible; PetalBot;+https://webmaster.petalsearch.com/site/petalbot)"
114.119.134.148 - - [21/Nov/2022:00:52:54 +0100] "GET /apps/school/www_old8/img/LevelH/?C=S%3BO%3DA HTTP/1.1" 200 415 "http://kulturdokumentation.com/apps/school/www_old8/img/LevelH?C=M%3BO%3DA" "Mozilla/5.0 (Linux; Android 7.0;) AppleWebKit/537.36 (KHTML, like Gecko) Mobile Safari/537.36 (compatible; PetalBot;+https://webmaster.petalsearch.com/site/petalbot)"
136.243.228.193 - - [21/Nov/2022:00:53:36 +0100] "GET / HTTP/1.1" 200 13133 "-" "Mozilla/5.0 (compatible; DataForSeoBot/1.0; +https://dataforseo.com/dataforseo-bot)"
46.101.62.7 - - [21/Nov/2022:00:53:52 +0100] "GET /wp-login.php HTTP/1.1" 200 1274 "" "Mozilla/5.0 (Windows NT 10.0; Win64; x64; rv:106.0) Gecko/20100101 Firefox/106.0"
46.101.62.7 - - [21/Nov/2022:00:53:52 +0100] "GET /wp-json/wp/v2/users HTTP/1.1" 200 1174 "" "Mozilla/5.0 (Windows NT 10.0; Win64; x64; rv:106.0) Gecko/20100101 Firefox/106.0"
46.101.62.7 - - [21/Nov/2022:00:53:53 +0100] "POST /wp-login.php HTTP/1.1" 200 1659 "https://www.astacus.se/wp-login.php?redirect_to=https%3A%2F%2Fwww.astacus.se%2Fwp-admin%2F" "Mozilla/5.0 (Windows NT 10.0; Win64; x64; rv:106.0) Gecko/20100101 Firefox/106.0"
46.101.62.7 - - [21/Nov/2022:00:53:53 +0100] "POST /wp-login.php HTTP/1.1" 200 1653 "https://www.astacus.se/wp-login.php?redirect_to=https%3A%2F%2Fwww.astacus.se%2Fwp-admin%2F" "Mozilla/5.0 (Windows NT 10.0; Win64; x64; rv:106.0) Gecko/20100101 Firefox/106.0"
46.101.62.7 - - [21/Nov/2022:00:53:53 +0100] "POST /wp-login.php HTTP/1.1" 200 1634 "https://www.astacus.se/wp-login.php?redirect_to=https%3A%2F%2Fwww.astacus.se%2Fwp-admin%2F" "Mozilla/5.0 (Windows NT 10.0; Win64; x64; rv:106.0) Gecko/20100101 Firefox/106.0"
5.255.253.166 - - [21/Nov/2022:00:54:02 +0100] "GET /apps/school/www_old4/res/screen/ HTTP/1.1" 200 408 "-" "Mozilla/5.0 (compatible; YandexBot/3.0; +http://yandex.com/bots)"
157.55.39.8 - - [21/Nov/2022:00:55:51 +0100] "GET /scanning-och-ocr-tolkning-av-800-000-sidor/ HTTP/1.1" 200 9656 "-" "Mozilla/5.0 AppleWebKit/537.36 (KHTML, like Gecko; compatible; bingbot/2.0; +http://www.bing.com/bingbot.htm) Chrome/103.0.5060.134 Safari/537.36"
114.119.141.52 - - [21/Nov/2022:00:57:18 +0100] "GET /apps/school/www_old8/img/LevelB/Category1/LevelBCat1Lesson31/?C=N%3BO%3DD HTTP/1.1" 200 451 "http://kulturdokumentation.se/apps/school/www_old8/img/LevelB/Category1/LevelBCat1Lesson31/?C=S%3BO%3DA" "Mozilla/5.0 (Linux; Android 7.0;) AppleWebKit/537.36 (KHTML, like Gecko) Mobile Safari/537.36 (compatible; PetalBot;+https://webmaster.petalsearch.com/site/petalbot)"
114.119.134.165 - - [21/Nov/2022:00:58:01 +0100] "GET /apps/school/www_old8/Html/LevelE/Category1/LevelECat1Lesson44.html HTTP/1.1" 200 1396 "http://kulturdokumentation.com/apps/school/www_old8/Html/LevelE/Category1/?C=N%3BO%3DD" "Mozilla/5.0 (Linux; Android 7.0;) AppleWebKit/537.36 (KHTML, like Gecko) Mobile Safari/537.36 (compatible; PetalBot;+https://webmaster.petalsearch.com/site/petalbot)"
54.36.148.92 - - [21/Nov/2022:01:00:59 +0100] "GET /robots.txt HTTP/1.1" 404 208 "-" "Mozilla/5.0 (compatible; AhrefsBot/7.0; +http://ahrefs.com/robot/)"
54.36.149.70 - - [21/Nov/2022:01:00:59 +0100] "GET /apps/school/www_old5/img/LevelB/Category2/LevelBCat2Lesson19/ HTTP/1.1" 200 447 "-" "Mozilla/5.0 (compatible; AhrefsBot/7.0; +http://ahrefs.com/robot/)"
114.119.141.53 - - [21/Nov/2022:01:01:56 +0100] "GET /apps/school/www_old2/img/LevelC/Category1/LevelCCat1Lesson4/?C=D%3BO%3DA HTTP/1.1" 200 449 "http://kulturdokumentation.se/apps/school/www_old2/img/LevelC/Category1/LevelCCat1Lesson4/?C=S%3BO%3DA" "Mozilla/5.0 (Linux; Android 7.0;) AppleWebKit/537.36 (KHTML, like Gecko) Mobile Safari/537.36 (compatible; PetalBot;+https://webmaster.petalsearch.com/site/petalbot)"
40.77.167.32 - - [21/Nov/2022:01:02:35 +0100] "GET /customerzon/?page=sharedupload HTTP/1.1" 200 4183 "-" "Mozilla/5.0 AppleWebKit/537.36 (KHTML, like Gecko; compatible; bingbot/2.0; +http://www.bing.com/bingbot.htm) Chrome/103.0.5060.134 Safari/537.36"
114.119.134.148 - - [21/Nov/2022:01:03:08 +0100] "GET /apps/school/www_old5/img/LevelA/Category2/ HTTP/1.1" 200 577 "http://kulturdokumentation.com/apps/school/www_old5/img/LevelA/Category2/LevelACat2Lesson13/" "Mozilla/5.0 (Linux; Android 7.0;) AppleWebKit/537.36 (KHTML, like Gecko) Mobile Safari/537.36 (compatible; PetalBot;+https://webmaster.petalsearch.com/site/petalbot)"
114.119.141.51 - - [21/Nov/2022:01:07:01 +0100] "GET /apps/school/www_old6/img/LevelC/Category3/LevelCCat3Lesson18/Thumbs.db HTTP/1.1" 200 36864 "http://kulturdokumentation.se/apps/school/www_old6/img/LevelC/Category3/LevelCCat3Lesson18/?C=S%3BO%3DA" "Mozilla/5.0 (Linux; Android 7.0;) AppleWebKit/537.36 (KHTML, like Gecko) Mobile Safari/537.36 (compatible; PetalBot;+https://webmaster.petalsearch.com/site/petalbot)"
114.119.134.155 - - [21/Nov/2022:01:08:16 +0100] "GET /apps/school/www_old6/Html/LevelH?C=S%3BO%3DA HTTP/1.1" 301 284 "http://kulturdokumentation.com/apps/school/www_old6/Html/LevelH?C=M%3BO%3DA" "Mozilla/5.0 (Linux; Android 7.0;) AppleWebKit/537.36 (KHTML, like Gecko) Mobile Safari/537.36 (compatible; PetalBot;+https://webmaster.petalsearch.com/site/petalbot)"
114.119.134.155 - - [21/Nov/2022:01:08:20 +0100] "GET /apps/school/www_old6/Html/LevelH/?C=S%3BO%3DA HTTP/1.1" 200 458 "http://kulturdokumentation.com/apps/school/www_old6/Html/LevelH?C=M%3BO%3DA" "Mozilla/5.0 (Linux; Android 7.0;) AppleWebKit/537.36 (KHTML, like Gecko) Mobile Safari/537.36 (compatible; PetalBot;+https://webmaster.petalsearch.com/site/petalbot)"
5.45.207.144 - - [21/Nov/2022:01:09:02 +0100] "GET /robots.txt HTTP/1.1" 404 208 "-" "Mozilla/5.0 (compatible; YandexBot/3.0; +http://yandex.com/bots)"
5.45.207.144 - - [21/Nov/2022:01:09:06 +0100] "GET /astacusproject/ProjectSelected.do?projectId=24749 HTTP/1.1" 404 231 "-" "Mozilla/5.0 (compatible; YandexBot/3.0; +http://yandex.com/bots)"
136.243.228.193 - - [21/Nov/2022:01:09:49 +0100] "GET /markscanning/ HTTP/1.1" 200 12102 "-" "Mozilla/5.0 (compatible; DataForSeoBot/1.0; +https://dataforseo.com/dataforseo-bot)"
54.36.149.52 - - [21/Nov/2022:01:09:52 +0100] "GET /apps/school/www_old5/img/LevelD/?C=M;O=A HTTP/1.1" 200 438 "-" "Mozilla/5.0 (compatible; AhrefsBot/7.0; +http://ahrefs.com/robot/)"
136.243.228.193 - - [21/Nov/2022:01:10:01 +0100] "GET /omoss/ HTTP/1.1" 200 10741 "-" "Mozilla/5.0 (compatible; DataForSeoBot/1.0; +https://dataforseo.com/dataforseo-bot)"
136.243.228.193 - - [21/Nov/2022:01:10:14 +0100] "GET /laserscanning HTTP/1.1" 302 220 "-" "Mozilla/5.0 (compatible; DataForSeoBot/1.0; +https://dataforseo.com/dataforseo-bot)"
5.255.253.166 - - [21/Nov/2022:01:10:24 +0100] "GET /astacusproject/ProjectSelected.do?projectId=10854 HTTP/1.1" 404 231 "-" "Mozilla/5.0 (compatible; YandexBot/3.0; +http://yandex.com/bots)"
136.243.228.193 - - [21/Nov/2022:01:10:25 +0100] "GET /medarbetare/ HTTP/1.1" 200 9571 "-" "Mozilla/5.0 (compatible; DataForSeoBot/1.0; +https://dataforseo.com/dataforseo-bot)"
136.243.220.209 - - [21/Nov/2022:01:10:27 +0100] "GET /?page=loggain&goto=approject HTTP/1.1" 200 1269 "-" "Mozilla/5.0 (compatible; DataForSeoBot/1.0; +https://dataforseo.com/dataforseo-bot)"
136.243.228.193 - - [21/Nov/2022:01:10:27 +0100] "GET / HTTP/1.1" 302 207 "-" "Mozilla/5.0 (compatible; DataForSeoBot/1.0; +https://dataforseo.com/dataforseo-bot)"
136.243.228.193 - - [21/Nov/2022:01:10:28 +0100] "GET /feed/ HTTP/1.1" 200 3397 "-" "Mozilla/5.0 (compatible; DataForSeoBot/1.0; +https://dataforseo.com/dataforseo-bot)"
136.243.228.193 - - [21/Nov/2022:01:10:37 +0100] "GET /scanning-och-ocr-tolkning-at-tekniska-verken-linkoping/ HTTP/1.1" 200 9618 "-" "Mozilla/5.0 (compatible; DataForSeoBot/1.0; +https://dataforseo.com/dataforseo-bot)"
136.243.228.193 - - [21/Nov/2022:01:10:47 +0100] "GET /scanning-och-ocr-tolkning-at-lansstyrelsen-stockholm/ HTTP/1.1" 200 9650 "-" "Mozilla/5.0 (compatible; DataForSeoBot/1.0; +https://dataforseo.com/dataforseo-bot)"
136.243.228.193 - - [21/Nov/2022:01:11:00 +0100] "GET /scanning-av-ritningar-at-profi-fastighetsforvaltning-ab/ HTTP/1.1" 200 9674 "-" "Mozilla/5.0 (compatible; DataForSeoBot/1.0; +https://dataforseo.com/dataforseo-bot)"
136.243.228.193 - - [21/Nov/2022:01:11:11 +0100] "GET /arkivscanning/ HTTP/1.1" 200 11517 "-" "Mozilla/5.0 (compatible; DataForSeoBot/1.0; +https://dataforseo.com/dataforseo-bot)"
216.244.66.239 - - [21/Nov/2022:01:11:22 +0100] "GET /robots.txt HTTP/1.1" 404 208 "-" "Mozilla/5.0 (compatible; DotBot/1.2; +https://opensiteexplorer.org/dotbot; help@moz.com)"
136.243.228.193 - - [21/Nov/2022:01:11:23 +0100] "GET /referenser/ HTTP/1.1" 200 20894 "-" "Mozilla/5.0 (compatible; DataForSeoBot/1.0; +https://dataforseo.com/dataforseo-bot)"
136.243.228.193 - - [21/Nov/2022:01:11:37 +0100] "GET /verktyg/ HTTP/1.1" 200 10950 "-" "Mozilla/5.0 (compatible; DataForSeoBot/1.0; +https://dataforseo.com/dataforseo-bot)"
136.243.228.193 - - [21/Nov/2022:01:11:56 +0100] "GET /scanning-av-8000-kartor-i-farg-at-scb/ HTTP/1.1" 200 9610 "-" "Mozilla/5.0 (compatible; DataForSeoBot/1.0; +https://dataforseo.com/dataforseo-bot)"
136.243.220.209 - - [21/Nov/2022:01:11:58 +0100] "GET /?page=loggain&goto=archive HTTP/1.1" 200 1777 "-" "Mozilla/5.0 (compatible; DataForSeoBot/1.0; +https://dataforseo.com/dataforseo-bot)"
136.243.228.193 - - [21/Nov/2022:01:12:00 +0100] "GET /dronarscanning/ HTTP/1.1" 200 12102 "-" "Mozilla/5.0 (compatible; DataForSeoBot/1.0; +https://dataforseo.com/dataforseo-bot)"
114.119.141.73 - - [21/Nov/2022:01:12:07 +0100] "GET /apps/school/www_old8/img/LevelA/Category2/LevelACat2Lesson20/?C=N%3BO%3DD HTTP/1.1" 200 479 "http://kulturdokumentation.se/apps/school/www_old8/img/LevelA/Category2/LevelACat2Lesson20/?C=D%3BO%3DA" "Mozilla/5.0 (Linux; Android 7.0;) AppleWebKit/537.36 (KHTML, like Gecko) Mobile Safari/537.36 (compatible; PetalBot;+https://webmaster.petalsearch.com/site/petalbot)"
136.243.228.193 - - [21/Nov/2022:01:12:29 +0100] "GET /scanning-av-ritningar-at-arvidsjaur-hem/ HTTP/1.1" 200 9661 "-" "Mozilla/5.0 (compatible; DataForSeoBot/1.0; +https://dataforseo.com/dataforseo-bot)"
136.243.220.209 - - [21/Nov/2022:01:12:30 +0100] "GET /?page=loggain&goto=project HTTP/1.1" 200 1790 "-" "Mozilla/5.0 (compatible; DataForSeoBot/1.0; +https://dataforseo.com/dataforseo-bot)"
136.243.228.193 - - [21/Nov/2022:01:12:31 +0100] "GET /laserscanning/ HTTP/1.1" 200 13085 "-" "Mozilla/5.0 (compatible; DataForSeoBot/1.0; +https://dataforseo.com/dataforseo-bot)"
136.243.228.193 - - [21/Nov/2022:01:13:02 +0100] "GET /scanning-och-ocr-tolkning-av-800-000-sidor/ HTTP/1.1" 200 9656 "-" "Mozilla/5.0 (compatible; DataForSeoBot/1.0; +https://dataforseo.com/dataforseo-bot)"
114.119.134.165 - - [21/Nov/2022:01:13:21 +0100] "GET /apps/school/www_old9/img/LevelG/Category2/LevelGCat2Lesson02/?C=S%3BO%3DA HTTP/1.1" 200 447 "http://kulturdokumentation.com/apps/school/www_old9/img/LevelG/Category2/LevelGCat2Lesson02?C=S%3BO%3DA" "Mozilla/5.0 (Linux; Android 7.0;) AppleWebKit/537.36 (KHTML, like Gecko) Mobile Safari/537.36 (compatible; PetalBot;+https://webmaster.petalsearch.com/site/petalbot)"
136.243.228.193 - - [21/Nov/2022:01:13:37 +0100] "GET /scanning-av-parmar-at-orebro-bostader-ab/ HTTP/1.1" 200 9663 "-" "Mozilla/5.0 (compatible; DataForSeoBot/1.0; +https://dataforseo.com/dataforseo-bot)"
216.244.66.203 - - [21/Nov/2022:01:13:39 +0100] "GET /robots.txt HTTP/1.1" 404 208 "-" "Mozilla/5.0 (compatible; DotBot/1.2; +https://opensiteexplorer.org/dotbot; help@moz.com)"
136.243.228.193 - - [21/Nov/2022:01:14:22 +0100] "GET /arkivscanning HTTP/1.1" 302 220 "-" "Mozilla/5.0 (compatible; DataForSeoBot/1.0; +https://dataforseo.com/dataforseo-bot)"
136.243.228.193 - - [21/Nov/2022:01:15:14 +0100] "GET /referenser HTTP/1.1" 301 - "-" "Mozilla/5.0 (compatible; DataForSeoBot/1.0; +https://dataforseo.com/dataforseo-bot)"
136.243.228.193 - - [21/Nov/2022:01:16:34 +0100] "GET /gpr-positionering-med-hjalp-av-slam/ HTTP/1.1" 200 10677 "-" "Mozilla/5.0 (compatible; DataForSeoBot/1.0; +https://dataforseo.com/dataforseo-bot)"
54.36.148.187 - - [21/Nov/2022:01:17:04 +0100] "GET /apps/school/www_old6/img/LevelE/Category2/LevelECat2Lesson01/?C=M;O=A HTTP/1.1" 200 479 "-" "Mozilla/5.0 (compatible; AhrefsBot/7.0; +http://ahrefs.com/robot/)"
114.119.132.76 - - [21/Nov/2022:01:17:20 +0100] "GET /apps/school/www_old_temp/AutodeskForge/learn.forge.viewmodels-nodejs/node_modules/content-type/ HTTP/1.1" 200 543 "http://kulturdokumentation.se/apps/school/www_old_temp/AutodeskForge/learn.forge.viewmodels-nodejs/node_modules/" "Mozilla/5.0 (Linux; Android 7.0;) AppleWebKit/537.36 (KHTML, like Gecko) Mobile Safari/537.36 (compatible; PetalBot;+https://webmaster.petalsearch.com/site/petalbot)"
114.119.134.161 - - [21/Nov/2022:01:18:28 +0100] "GET /apps/school/www_old8/img/LevelF/Category2/LevelFCat2Lesson01/?C=S%3BO%3DA HTTP/1.1" 200 451 "http://kulturdokumentation.com/apps/school/www_old8/img/LevelF/Category2/LevelFCat2Lesson01/" "Mozilla/5.0 (Linux; Android 7.0;) AppleWebKit/537.36 (KHTML, like Gecko) Mobile Safari/537.36 (compatible; PetalBot;+https://webmaster.petalsearch.com/site/petalbot)"
207.46.13.187 - - [21/Nov/2022:01:18:59 +0100] "GET /apps/school/www_old2/img/LevelB/Category1/LevelBCat1Lesson25/ HTTP/1.1" 200 448 "-" "Mozilla/5.0 AppleWebKit/537.36 (KHTML, like Gecko; compatible; bingbot/2.0; +http://www.bing.com/bingbot.htm) Chrome/103.0.5060.134 Safari/537.36"
66.249.66.90 - - [21/Nov/2022:01:20:07 +0100] "GET /digitaltwin/blank.php HTTP/1.1" 200 134 "http://kulturdokumentation.se/digitaltwin/object.php?id=2" "Mozilla/5.0 (Linux; Android 6.0.1; Nexus 5X Build/MMB29P) AppleWebKit/537.36 (KHTML, like Gecko) Chrome/106.0.5249.119 Mobile Safari/537.36 (compatible; Googlebot/2.1; +http://www.google.com/bot.html)"
66.249.66.90 - - [21/Nov/2022:01:20:08 +0100] "GET /digitaltwin/blank.php HTTP/1.1" 200 134 "http://kulturdokumentation.se/digitaltwin/object.php?id=2" "Mozilla/5.0 (Linux; Android 6.0.1; Nexus 5X Build/MMB29P) AppleWebKit/537.36 (KHTML, like Gecko) Chrome/106.0.5249.119 Mobile Safari/537.36 (compatible; Googlebot/2.1; +http://www.google.com/bot.html)"
54.36.148.226 - - [21/Nov/2022:01:22:08 +0100] "GET /apps/school/www_old3/img/LevelA/Category2/LevelACat2Lesson9/?C=M;O=A HTTP/1.1" 200 483 "-" "Mozilla/5.0 (compatible; AhrefsBot/7.0; +http://ahrefs.com/robot/)"
114.119.141.69 - - [21/Nov/2022:01:22:21 +0100] "GET /apps/school/www_old8/img/LevelA/Category1/LevelACat1Lesson14/?C=D%3BO%3DA HTTP/1.1" 200 448 "http://kulturdokumentation.se/apps/school/www_old8/img/LevelA/Category1/LevelACat1Lesson14/?C=N%3BO%3DD" "Mozilla/5.0 (Linux; Android 7.0;) AppleWebKit/537.36 (KHTML, like Gecko) Mobile Safari/537.36 (compatible; PetalBot;+https://webmaster.petalsearch.com/site/petalbot)"
114.119.134.161 - - [21/Nov/2022:01:23:34 +0100] "GET /apps/school/www_old9/img/LevelC/Category3/Thumbs.db HTTP/1.1" 404 249 "http://kulturdokumentation.com/apps/school/www_old9/img/LevelC/Category3/LevelCCat3Lesson07?C=S%3BO%3DA" "Mozilla/5.0 (Linux; Android 7.0;) AppleWebKit/537.36 (KHTML, like Gecko) Mobile Safari/537.36 (compatible; PetalBot;+https://webmaster.petalsearch.com/site/petalbot)"
51.222.253.13 - - [21/Nov/2022:01:24:31 +0100] "GET /robots.txt HTTP/1.1" 404 208 "-" "Mozilla/5.0 (compatible; AhrefsBot/7.0; +http://ahrefs.com/robot/)"
54.36.148.252 - - [21/Nov/2022:01:24:32 +0100] "GET / HTTP/1.1" 200 1772 "-" "Mozilla/5.0 (compatible; AhrefsBot/7.0; +http://ahrefs.com/robot/)"
136.243.228.193 - - [21/Nov/2022:01:24:48 +0100] "GET /dronarscanning HTTP/1.1" 302 221 "-" "Mozilla/5.0 (compatible; DataForSeoBot/1.0; +https://dataforseo.com/dataforseo-bot)"
216.244.66.203 - - [21/Nov/2022:01:24:50 +0100] "GET /forge/node_modules/express/node_modules/proxy-addr/package.json HTTP/1.1" 200 5722 "-" "Mozilla/5.0 (compatible; DotBot/1.2; +https://opensiteexplorer.org/dotbot; help@moz.com)"
54.36.148.46 - - [21/Nov/2022:01:25:03 +0100] "GET /robots.txt HTTP/1.1" 404 208 "-" "Mozilla/5.0 (compatible; AhrefsBot/7.0; +http://ahrefs.com/robot/)"
54.36.148.144 - - [21/Nov/2022:01:25:05 +0100] "GET /?page=start HTTP/1.1" 200 1772 "-" "Mozilla/5.0 (compatible; AhrefsBot/7.0; +http://ahrefs.com/robot/)"
216.244.66.203 - - [21/Nov/2022:01:25:16 +0100] "GET /apps/school/www_old6/Html/LevelF/Category1/LevelFCat1Lesson25.html HTTP/1.1" 200 2773 "-" "Mozilla/5.0 (compatible; DotBot/1.2; +https://opensiteexplorer.org/dotbot; help@moz.com)"
216.244.66.203 - - [21/Nov/2022:01:25:20 +0100] "GET /apps/school/www_old9/Html/LevelG/Category1/LevelGCat1Lesson39.html HTTP/1.1" 200 2801 "-" "Mozilla/5.0 (compatible; DotBot/1.2; +https://opensiteexplorer.org/dotbot; help@moz.com)"
216.244.66.239 - - [21/Nov/2022:01:25:24 +0100] "GET /forge/forge-api-nodejs-client/test/api/DerivativesApi.spec.js HTTP/1.1" 200 13375 "-" "Mozilla/5.0 (compatible; DotBot/1.2; +https://opensiteexplorer.org/dotbot; help@moz.com)"
216.244.66.203 - - [21/Nov/2022:01:26:59 +0100] "GET /apps/school/www_old10/Html/LevelG/Category2/LevelGCat2Lesson21.html HTTP/1.1" 200 38837 "-" "Mozilla/5.0 (compatible; DotBot/1.2; +https://opensiteexplorer.org/dotbot; help@moz.com)"
114.119.141.52 - - [21/Nov/2022:01:27:30 +0100] "GET /apps/school/www_old8/Html/LevelE/Category3/LevelECat3Lesson07.html HTTP/1.1" 200 2873 "http://kulturdokumentation.se/apps/school/www_old8/Html/LevelE/Category3/?C=S%3BO%3DA" "Mozilla/5.0 (Linux; Android 7.0;) AppleWebKit/537.36 (KHTML, like Gecko) Mobile Safari/537.36 (compatible; PetalBot;+https://webmaster.petalsearch.com/site/petalbot)"
54.36.149.61 - - [21/Nov/2022:01:27:34 +0100] "GET /apps/school/www_old3/img/LevelA/Category2/LevelACat2Lesson9/?C=S;O=A HTTP/1.1" 200 484 "-" "Mozilla/5.0 (compatible; AhrefsBot/7.0; +http://ahrefs.com/robot/)"
114.119.134.155 - - [21/Nov/2022:01:28:43 +0100] "GET /apps/school/www_old8/img/LevelD/Category3/LevelDCat3Lesson16?C=D%3BO%3DA HTTP/1.1" 301 312 "http://kulturdokumentation.com/apps/school/www_old8/img/LevelD/Category3/LevelDCat3Lesson16" "Mozilla/5.0 (Linux; Android 7.0;) AppleWebKit/537.36 (KHTML, like Gecko) Mobile Safari/537.36 (compatible; PetalBot;+https://webmaster.petalsearch.com/site/petalbot)"
114.119.134.155 - - [21/Nov/2022:01:28:44 +0100] "GET /apps/school/www_old8/img/LevelD/Category3/LevelDCat3Lesson16/?C=D%3BO%3DA HTTP/1.1" 200 612 "http://kulturdokumentation.com/apps/school/www_old8/img/LevelD/Category3/LevelDCat3Lesson16" "Mozilla/5.0 (Linux; Android 7.0;) AppleWebKit/537.36 (KHTML, like Gecko) Mobile Safari/537.36 (compatible; PetalBot;+https://webmaster.petalsearch.com/site/petalbot)"
114.119.141.71 - - [21/Nov/2022:01:32:34 +0100] "GET /apps/school/www_old6/img/LevelH/Category1/LevelHCat1Lesson05/ HTTP/1.1" 200 448 "http://kulturdokumentation.se/apps/school/www_old6/img/LevelH/Category1/" "Mozilla/5.0 (Linux; Android 7.0;) AppleWebKit/537.36 (KHTML, like Gecko) Mobile Safari/537.36 (compatible; PetalBot;+https://webmaster.petalsearch.com/site/petalbot)"
54.36.148.199 - - [21/Nov/2022:01:32:39 +0100] "GET /apps/school/www_old4/Html/LevelE/?C=D;O=A HTTP/1.1" 200 474 "-" "Mozilla/5.0 (compatible; AhrefsBot/7.0; +http://ahrefs.com/robot/)"
136.243.228.193 - - [21/Nov/2022:01:33:23 +0100] "GET /2016/10/ HTTP/1.1" 200 12115 "-" "Mozilla/5.0 (compatible; DataForSeoBot/1.0; +https://dataforseo.com/dataforseo-bot)"
136.243.228.194 - - [21/Nov/2022:01:33:27 +0100] "GET / HTTP/1.1" 200 3082 "-" "Mozilla/5.0 (compatible; DataForSeoBot/1.0; +https://dataforseo.com/dataforseo-bot)"
136.243.228.195 - - [21/Nov/2022:01:33:27 +0100] "GET / HTTP/1.1" 200 2907 "-" "Mozilla/5.0 (compatible; DataForSeoBot/1.0; +https://dataforseo.com/dataforseo-bot)"
136.243.220.209 - - [21/Nov/2022:01:33:28 +0100] "GET /?page=start HTTP/1.1" 200 1772 "-" "Mozilla/5.0 (compatible; DataForSeoBot/1.0; +https://dataforseo.com/dataforseo-bot)"
136.243.220.209 - - [21/Nov/2022:01:33:32 +0100] "GET /?page=kontakt HTTP/1.1" 302 221 "-" "Mozilla/5.0 (compatible; DataForSeoBot/1.0; +https://dataforseo.com/dataforseo-bot)"
136.243.228.193 - - [21/Nov/2022:01:33:34 +0100] "GET /2020/04/ HTTP/1.1" 200 10884 "-" "Mozilla/5.0 (compatible; DataForSeoBot/1.0; +https://dataforseo.com/dataforseo-bot)"
136.243.228.193 - - [21/Nov/2022:01:33:39 +0100] "GET /category/markscanning/ HTTP/1.1" 200 10586 "-" "Mozilla/5.0 (compatible; DataForSeoBot/1.0; +https://dataforseo.com/dataforseo-bot)"
136.243.220.209 - - [21/Nov/2022:01:33:41 +0100] "GET /?page=loggain HTTP/1.1" 200 1772 "-" "Mozilla/5.0 (compatible; DataForSeoBot/1.0; +https://dataforseo.com/dataforseo-bot)"
114.119.134.155 - - [21/Nov/2022:01:33:48 +0100] "GET /apps/school/www_old6/img/LevelF/Category1/LevelFCat1Lesson03/?C=S%3BO%3DA HTTP/1.1" 200 449 "http://kulturdokumentation.com/apps/school/www_old6/img/LevelF/Category1/LevelFCat1Lesson03" "Mozilla/5.0 (Linux; Android 7.0;) AppleWebKit/537.36 (KHTML, like Gecko) Mobile Safari/537.36 (compatible; PetalBot;+https://webmaster.petalsearch.com/site/petalbot)"
136.243.228.193 - - [21/Nov/2022:01:35:32 +0100] "GET /category/dronarscanning/ HTTP/1.1" 200 10394 "-" "Mozilla/5.0 (compatible; DataForSeoBot/1.0; +https://dataforseo.com/dataforseo-bot)"
136.243.228.193 - - [21/Nov/2022:01:35:38 +0100] "GET /2012/08/ HTTP/1.1" 200 9460 "-" "Mozilla/5.0 (compatible; DataForSeoBot/1.0; +https://dataforseo.com/dataforseo-bot)"
136.243.228.193 - - [21/Nov/2022:01:35:46 +0100] "GET /2008/10/ HTTP/1.1" 200 11357 "-" "Mozilla/5.0 (compatible; DataForSeoBot/1.0; +https://dataforseo.com/dataforseo-bot)"
40.77.167.27 - - [21/Nov/2022:01:36:12 +0100] "GET /?page=result&keyword=IKEA&presentation=true HTTP/1.1" 200 5639 "-" "Mozilla/5.0 AppleWebKit/537.36 (KHTML, like Gecko; compatible; bingbot/2.0; +http://www.bing.com/bingbot.htm) Chrome/103.0.5060.134 Safari/537.36"
54.36.148.96 - - [21/Nov/2022:01:36:21 +0100] "GET /apps/school/www_old4/img/LevelB/Category2/LevelBCat2Lesson10/?C=S;O=A HTTP/1.1" 200 601 "-" "Mozilla/5.0 (compatible; AhrefsBot/7.0; +http://ahrefs.com/robot/)"
114.119.141.73 - - [21/Nov/2022:01:37:46 +0100] "GET /apps/school/www_old_temp/AutodeskForge/learn.forge.viewmodels-nodejs/node_modules/append-field/lib/?C=N%3BO%3DD HTTP/1.1" 200 494 "http://kulturdokumentation.se/apps/school/www_old_temp/AutodeskForge/learn.forge.viewmodels-nodejs/node_modules/append-field/lib/" "Mozilla/5.0 (Linux; Android 7.0;) AppleWebKit/537.36 (KHTML, like Gecko) Mobile Safari/537.36 (compatible; PetalBot;+https://webmaster.petalsearch.com/site/petalbot)"
114.119.134.161 - - [21/Nov/2022:01:38:58 +0100] "GET /forge/node_modules/body-parser/node_modules/depd/package.json HTTP/1.1" 200 11730 "http://www.kulturdokumentation.com/forge/node_modules/body-parser/node_modules/depd/?C=S%3BO%3DA" "Mozilla/5.0 (Linux; Android 7.0;) AppleWebKit/537.36 (KHTML, like Gecko) Mobile Safari/537.36 (compatible; PetalBot;+https://webmaster.petalsearch.com/site/petalbot)"
66.249.66.158 - - [21/Nov/2022:01:39:01 +0100] "GET /sales/?week=-10 HTTP/1.1" 200 1946 "-" "Mozilla/5.0 (Linux; Android 6.0.1; Nexus 5X Build/MMB29P) AppleWebKit/537.36 (KHTML, like Gecko) Chrome/107.0.5304.110 Mobile Safari/537.36 (compatible; Googlebot/2.1; +http://www.google.com/bot.html)"
54.36.148.229 - - [21/Nov/2022:01:39:20 +0100] "GET /apps/school/www_old4/img/LevelA/Category1/LevelACat1Lesson1/ HTTP/1.1" 200 448 "-" "Mozilla/5.0 (compatible; AhrefsBot/7.0; +http://ahrefs.com/robot/)"
5.255.253.166 - - [21/Nov/2022:01:40:14 +0100] "GET /apps/school/www_old5/Html/LevelG/LevelGCategories.html HTTP/1.1" 200 754 "-" "Mozilla/5.0 (compatible; YandexBot/3.0; +http://yandex.com/bots)"
136.243.228.193 - - [21/Nov/2022:01:40:58 +0100] "GET /dronarscanning HTTP/1.1" 301 - "-" "Mozilla/5.0 (compatible; DataForSeoBot/1.0; +https://dataforseo.com/dataforseo-bot)"
114.119.141.42 - - [21/Nov/2022:01:42:47 +0100] "GET /apps/school/www_old_temp/AutodeskForge/learn.forge.viewmodels-nodejs/node_modules/sshpk/package.json HTTP/1.1" 200 2524 "http://kulturdokumentation.se/apps/school/www_old_temp/AutodeskForge/learn.forge.viewmodels-nodejs/node_modules/sshpk/" "Mozilla/5.0 (Linux; Android 7.0;) AppleWebKit/537.36 (KHTML, like Gecko) Mobile Safari/537.36 (compatible; PetalBot;+https://webmaster.petalsearch.com/site/petalbot)"
54.36.148.2 - - [21/Nov/2022:01:42:58 +0100] "GET /apps/school/www_old_temp/apks/ HTTP/1.1" 200 491 "-" "Mozilla/5.0 (compatible; AhrefsBot/7.0; +http://ahrefs.com/robot/)"
74.84.150.150 - - [21/Nov/2022:01:43:05 +0100] "GET /robots.txt HTTP/1.1" 302 217 "-" "test"
74.84.150.150 - - [21/Nov/2022:01:43:06 +0100] "GET /robots.txt HTTP/1.1" 200 67 "-" "test"
68.69.184.202 - - [21/Nov/2022:01:43:07 +0100] "GET / HTTP/1.1" 302 207 "-" "test"
68.69.184.202 - - [21/Nov/2022:01:43:07 +0100] "GET / HTTP/1.1" 200 13133 "-" "test"
114.119.134.155 - - [21/Nov/2022:01:44:01 +0100] "GET /forge/node_modules/body-parser/node_modules/qs/test/ HTTP/1.1" 200 477 "http://www.kulturdokumentation.com/forge/node_modules/body-parser/node_modules/qs/?C=N%3BO%3DD" "Mozilla/5.0 (Linux; Android 7.0;) AppleWebKit/537.36 (KHTML, like Gecko) Mobile Safari/537.36 (compatible; PetalBot;+https://webmaster.petalsearch.com/site/petalbot)"
207.46.13.191 - - [21/Nov/2022:01:44:56 +0100] "GET / HTTP/1.1" 302 207 "-" "Mozilla/5.0 (compatible; bingbot/2.0; +http://www.bing.com/bingbot.htm)"
207.46.13.191 - - [21/Nov/2022:01:44:57 +0100] "GET / HTTP/1.1" 200 13133 "-" "Mozilla/5.0 (compatible; bingbot/2.0; +http://www.bing.com/bingbot.htm)"
152.89.196.211 - - [21/Nov/2022:01:45:15 +0100] "GET /actuator/gateway/routes HTTP/1.1" 404 221 "-" "Mozilla/5.0 (Windows NT 10.0; Win64; x64) AppleWebKit/537.36 (KHTML, like Gecko) Chrome/78.0.3904.108 Safari/537.36"
