::1 - - [21/Nov/2022:08:52:36 +0100] "OPTIONS * HTTP/1.0" 200 - "-" "Apache/2.4.7 (Ubuntu) PHP/5.5.9-1ubuntu4.29 OpenSSL/1.0.1f (internal dummy connection)"
::1 - - [21/Nov/2022:08:52:37 +0100] "OPTIONS * HTTP/1.0" 200 - "-" "Apache/2.4.7 (Ubuntu) PHP/5.5.9-1ubuntu4.29 OpenSSL/1.0.1f (internal dummy connection)"
90.235.70.60 - - [21/Nov/2022:08:52:38 +0100] "POST /login/scripts/setUserPosition.php HTTP/1.1" 200 115 "-" "Supervision/5.5 (se.astacus.labs.Supervision; build:5.5; iOS 10.3.4) Alamofire/4.5.1"
90.235.70.60 - - [21/Nov/2022:08:52:38 +0100] "POST /login/scripts/setUserPosition.php HTTP/1.1" 200 116 "-" "Supervision/5.5 (se.astacus.labs.Supervision; build:5.5; iOS 10.3.4) Alamofire/4.5.1"
90.235.70.60 - - [21/Nov/2022:08:52:39 +0100] "POST /login/scripts/setUserPosition.php HTTP/1.1" 200 114 "-" "Supervision/5.5 (se.astacus.labs.Supervision; build:5.5; iOS 10.3.4) Alamofire/4.5.1"
::1 - - [21/Nov/2022:08:52:44 +0100] "OPTIONS * HTTP/1.0" 200 - "-" "Apache/2.4.7 (Ubuntu) PHP/5.5.9-1ubuntu4.29 OpenSSL/1.0.1f (internal dummy connection)"
::1 - - [21/Nov/2022:08:52:50 +0100] "OPTIONS * HTTP/1.0" 200 - "-" "Apache/2.4.7 (Ubuntu) PHP/5.5.9-1ubuntu4.29 OpenSSL/1.0.1f (internal dummy connection)"
90.235.70.60 - - [21/Nov/2022:08:53:05 +0100] "POST /login/scripts/setUserPosition.php HTTP/1.1" 200 116 "-" "Supervision/5.5 (se.astacus.labs.Supervision; build:5.5; iOS 10.3.4) Alamofire/4.5.1"
90.235.70.60 - - [21/Nov/2022:08:53:06 +0100] "POST /login/scripts/setUserPosition.php HTTP/1.1" 200 115 "-" "Supervision/5.5 (se.astacus.labs.Supervision; build:5.5; iOS 10.3.4) Alamofire/4.5.1"
90.235.70.60 - - [21/Nov/2022:08:53:17 +0100] "POST /login/scripts/setUserPosition.php HTTP/1.1" 200 114 "-" "Supervision/5.5 (se.astacus.labs.Supervision; build:5.5; iOS 10.3.4) Alamofire/4.5.1"
155.4.21.158 - - [21/Nov/2022:08:53:23 +0100] "GET /customerzon/?page=download&projectId=30351 HTTP/1.1" 200 2836 "https://icad.astacus.se/customerzon/?page=logg&projectId=30351" "Mozilla/5.0 (Windows NT 10.0; Win64; x64) AppleWebKit/537.36 (KHTML, like Gecko) Chrome/107.0.0.0 Safari/537.36"
155.4.21.158 - - [21/Nov/2022:08:53:25 +0100] "GET /customerzon/?page=download&projectId=30351&companyId=$&path=/210507 HTTP/1.1" 200 2870 "https://icad.astacus.se/customerzon/?page=download&projectId=30351" "Mozilla/5.0 (Windows NT 10.0; Win64; x64) AppleWebKit/537.36 (KHTML, like Gecko) Chrome/107.0.0.0 Safari/537.36"
14.98.175.41 - - [21/Nov/2022:08:53:26 +0100] "-" 408 - "-" "-"
155.4.21.158 - - [21/Nov/2022:08:53:26 +0100] "GET /customerzon/download_singel_file.php?file=/210507/Brandstation%20Uddevalla_filial_Trollh%E4ttan_Version%201.zip&projectId=30351&customerId=145 HTTP/1.1" 200 12154073 "https://icad.astacus.se/customerzon/?page=download&projectId=30351&companyId=$&path=/210507" "Mozilla/5.0 (Windows NT 10.0; Win64; x64) AppleWebKit/537.36 (KHTML, like Gecko) Chrome/107.0.0.0 Safari/537.36"
54.36.148.224 - - [21/Nov/2022:08:53:29 +0100] "GET /apps/school/www_old4/img/LevelA/Category2/ HTTP/1.1" 200 574 "-" "Mozilla/5.0 (compatible; AhrefsBot/7.0; +http://ahrefs.com/robot/)"
90.235.70.60 - - [21/Nov/2022:08:53:33 +0100] "POST /login/scripts/setUserPosition.php HTTP/1.1" 200 115 "-" "Supervision/5.5 (se.astacus.labs.Supervision; build:5.5; iOS 10.3.4) Alamofire/4.5.1"
90.235.70.60 - - [21/Nov/2022:08:53:34 +0100] "POST /login/scripts/setUserPosition.php HTTP/1.1" 200 115 "-" "Supervision/5.5 (se.astacus.labs.Supervision; build:5.5; iOS 10.3.4) Alamofire/4.5.1"
90.235.70.60 - - [21/Nov/2022:08:53:34 +0100] "POST /login/scripts/setUserPosition.php HTTP/1.1" 200 116 "-" "Supervision/5.5 (se.astacus.labs.Supervision; build:5.5; iOS 10.3.4) Alamofire/4.5.1"
114.119.134.161 - - [21/Nov/2022:08:53:35 +0100] "GET /apps/school/www_old4/img/LevelD/Category1/LevelDCat1Lesson2/?C=M%3BO%3DA HTTP/1.1" 200 450 "http://kulturdokumentation.com/apps/school/www_old4/img/LevelD/Category1/LevelDCat1Lesson2/?C=N%3BO%3DD" "Mozilla/5.0 (Linux; Android 7.0;) AppleWebKit/537.36 (KHTML, like Gecko) Mobile Safari/537.36 (compatible; PetalBot;+https://webmaster.petalsearch.com/site/petalbot)"
90.235.70.60 - - [21/Nov/2022:08:53:45 +0100] "GET /login/scripts/getSymbolSets.php?companyid=26&userid=689&lastUpdateDate=2012-01-01%2000:00:00 HTTP/1.1" 200 221103 "-" "Supervision/5.5 (se.astacus.labs.Supervision; build:5.5; iOS 10.3.4) Alamofire/4.5.1"
::1 - - [21/Nov/2022:08:53:49 +0100] "OPTIONS * HTTP/1.0" 200 - "-" "Apache/2.4.7 (Ubuntu) PHP/5.5.9-1ubuntu4.29 OpenSSL/1.0.1f (internal dummy connection)"
::1 - - [21/Nov/2022:08:53:53 +0100] "OPTIONS * HTTP/1.0" 200 - "-" "Apache/2.4.7 (Ubuntu) PHP/5.5.9-1ubuntu4.29 OpenSSL/1.0.1f (internal dummy connection)"
216.244.66.239 - - [21/Nov/2022:08:53:55 +0100] "GET /apps/school/www_old2/img/LevelB/Category1/LevelBCat1Lesson23/?C=S;O=A HTTP/1.1" 200 1406 "-" "Mozilla/5.0 (compatible; DotBot/1.2; +https://opensiteexplorer.org/dotbot; help@moz.com)"
54.36.148.42 - - [21/Nov/2022:08:53:59 +0100] "GET /svenska-kyrkan-tror-pa-laserscanning/ HTTP/1.1" 200 9922 "-" "Mozilla/5.0 (compatible; AhrefsBot/7.0; +http://ahrefs.com/robot/)"
216.244.66.239 - - [21/Nov/2022:08:53:59 +0100] "GET /apps/school/www_old5/img/LevelE/Category3/LevelECat3Lesson11/?C=M;O=A HTTP/1.1" 200 1018 "-" "Mozilla/5.0 (compatible; DotBot/1.2; +https://opensiteexplorer.org/dotbot; help@moz.com)"
216.244.66.239 - - [21/Nov/2022:08:54:03 +0100] "GET /apps/school/www_old6/res/icon/ios/?C=N;O=A HTTP/1.1" 200 752 "-" "Mozilla/5.0 (compatible; DotBot/1.2; +https://opensiteexplorer.org/dotbot; help@moz.com)"
216.244.66.239 - - [21/Nov/2022:08:54:07 +0100] "GET /apps/school/www_old8/img/LevelB/Category2/LevelBCat2Lesson12/?C=M;O=A HTTP/1.1" 200 1698 "-" "Mozilla/5.0 (compatible; DotBot/1.2; +https://opensiteexplorer.org/dotbot; help@moz.com)"
216.244.66.239 - - [21/Nov/2022:08:54:14 +0100] "GET /apps/school/www_old9/img/LevelA/Category1/LevelACat1Lesson07/?C=D;O=A HTTP/1.1" 200 1020 "-" "Mozilla/5.0 (compatible; DotBot/1.2; +https://opensiteexplorer.org/dotbot; help@moz.com)"
88.131.253.147 - - [21/Nov/2022:08:54:17 +0100] "GET /project/index.php?companyId=1813&button=Show HTTP/1.1" 200 86687 "https://icad.astacus.se/project/index.php?tab=1" "Mozilla/5.0 (Windows NT 10.0; Win64; x64) AppleWebKit/537.36 (KHTML, like Gecko) Chrome/107.0.0.0 Safari/537.36"
88.131.253.147 - - [21/Nov/2022:08:54:18 +0100] "GET /project/index.php?companyId=1813&page=project&projectId=33343 HTTP/1.1" 200 8918 "https://icad.astacus.se/project/index.php?companyId=1813&button=Show" "Mozilla/5.0 (Windows NT 10.0; Win64; x64) AppleWebKit/537.36 (KHTML, like Gecko) Chrome/107.0.0.0 Safari/537.36"
209.141.57.9 - - [21/Nov/2022:08:54:20 +0100] "GET /wp-login.php HTTP/1.1" 200 2977 "-" "Mozilla/5.0 (Macintosh; Intel Mac OS X 10_10_0) AppleWebKit/537.36 (KHTML, like Gecko) Chrome/36.0.1985.125 Safari/537.36"
209.141.57.9 - - [21/Nov/2022:08:54:20 +0100] "POST /wp-login.php HTTP/1.1" 200 3982 "-" "Mozilla/5.0 (Macintosh; Intel Mac OS X 10_10_0) AppleWebKit/537.36 (KHTML, like Gecko) Chrome/36.0.1985.125 Safari/537.36"
14.98.175.41 - - [21/Nov/2022:08:52:18 +0100] "GET /productionzon/index.php HTTP/1.1" 200 88422 "https://icad.astacus.se/?page=loggain&goto=project" "Mozilla/5.0 (Windows NT 6.1; Win64; x64) AppleWebKit/537.36 (KHTML, like Gecko) Chrome/107.0.0.0 Safari/537.36"
14.98.175.41 - - [21/Nov/2022:08:54:01 +0100] "GET /productionzon/index.php?page=project&projectId=33313&Submit=Show HTTP/1.1" 200 4615 "https://icad.astacus.se/productionzon/index.php" "Mozilla/5.0 (Windows NT 6.1; Win64; x64) AppleWebKit/537.36 (KHTML, like Gecko) Chrome/107.0.0.0 Safari/537.36"
::1 - - [21/Nov/2022:08:54:46 +0100] "OPTIONS * HTTP/1.0" 200 - "-" "Apache/2.4.7 (Ubuntu) PHP/5.5.9-1ubuntu4.29 OpenSSL/1.0.1f (internal dummy connection)"
14.98.175.41 - - [21/Nov/2022:08:54:49 +0100] "GET /productionzon/index.php?page=logg&projectId=33313 HTTP/1.1" 200 5043 "https://icad.astacus.se/productionzon/index.php?page=project&projectId=33313&Submit=Show" "Mozilla/5.0 (Windows NT 6.1; Win64; x64) AppleWebKit/537.36 (KHTML, like Gecko) Chrome/107.0.0.0 Safari/537.36"
88.131.253.147 - - [21/Nov/2022:08:54:55 +0100] "GET /project/workorder/index.php?projectId=33343 HTTP/1.1" 200 2170 "https://icad.astacus.se/project/index.php?companyId=1813&page=project&projectId=33343" "Mozilla/5.0 (Windows NT 10.0; Win64; x64) AppleWebKit/537.36 (KHTML, like Gecko) Chrome/107.0.0.0 Safari/537.36"
14.98.175.41 - - [21/Nov/2022:08:54:58 +0100] "GET /productionzon/index.php HTTP/1.1" 200 88422 "https://icad.astacus.se/productionzon/index.php?page=logg&projectId=33313" "Mozilla/5.0 (Windows NT 6.1; Win64; x64) AppleWebKit/537.36 (KHTML, like Gecko) Chrome/107.0.0.0 Safari/537.36"
14.98.175.41 - - [21/Nov/2022:08:55:05 +0100] "GET /productionzon/index.php?page=project&projectId=33358&Submit=Show HTTP/1.1" 200 4316 "https://icad.astacus.se/productionzon/index.php" "Mozilla/5.0 (Windows NT 6.1; Win64; x64) AppleWebKit/537.36 (KHTML, like Gecko) Chrome/107.0.0.0 Safari/537.36"
88.131.253.147 - - [21/Nov/2022:08:55:06 +0100] "GET /project/index.php?page=project&projectId=33343&companyId=$1813&path=/Files%20from%20Customer HTTP/1.1" 200 8957 "https://icad.astacus.se/project/index.php?companyId=1813&page=project&projectId=33343" "Mozilla/5.0 (Windows NT 10.0; Win64; x64) AppleWebKit/537.36 (KHTML, like Gecko) Chrome/107.0.0.0 Safari/537.36"
14.98.175.41 - - [21/Nov/2022:08:55:07 +0100] "GET /productionzon/index.php?page=logg&projectId=33358 HTTP/1.1" 200 4378 "https://icad.astacus.se/productionzon/index.php?page=project&projectId=33358&Submit=Show" "Mozilla/5.0 (Windows NT 6.1; Win64; x64) AppleWebKit/537.36 (KHTML, like Gecko) Chrome/107.0.0.0 Safari/537.36"
14.98.175.41 - - [21/Nov/2022:08:55:12 +0100] "GET /productionzon/index.php HTTP/1.1" 200 88422 "https://icad.astacus.se/productionzon/index.php?page=logg&projectId=33358" "Mozilla/5.0 (Windows NT 6.1; Win64; x64) AppleWebKit/537.36 (KHTML, like Gecko) Chrome/107.0.0.0 Safari/537.36"
155.4.21.158 - - [21/Nov/2022:08:55:13 +0100] "GET /customerzon/?page=project&projectId=30351 HTTP/1.1" 200 2260 "https://icad.astacus.se/customerzon/?page=download&projectId=30351&companyId=$&path=/210507" "Mozilla/5.0 (Windows NT 10.0; Win64; x64) AppleWebKit/537.36 (KHTML, like Gecko) Chrome/107.0.0.0 Safari/537.36"
155.4.21.158 - - [21/Nov/2022:08:55:14 +0100] "GET /customerzon/ HTTP/1.1" 200 11909 "https://icad.astacus.se/customerzon/?page=project&projectId=30351" "Mozilla/5.0 (Windows NT 10.0; Win64; x64) AppleWebKit/537.36 (KHTML, like Gecko) Chrome/107.0.0.0 Safari/537.36"
155.4.21.158 - - [21/Nov/2022:08:55:20 +0100] "GET /customerzon/?page=project&projectId=33306 HTTP/1.1" 200 2304 "https://icad.astacus.se/customerzon/" "Mozilla/5.0 (Windows NT 10.0; Win64; x64) AppleWebKit/537.36 (KHTML, like Gecko) Chrome/107.0.0.0 Safari/537.36"
155.4.21.158 - - [21/Nov/2022:08:55:21 +0100] "GET /customerzon/?page=download&projectId=33306 HTTP/1.1" 200 2831 "https://icad.astacus.se/customerzon/?page=project&projectId=33306" "Mozilla/5.0 (Windows NT 10.0; Win64; x64) AppleWebKit/537.36 (KHTML, like Gecko) Chrome/107.0.0.0 Safari/537.36"
14.98.175.41 - - [21/Nov/2022:08:55:22 +0100] "GET /productionzon/index.php?page=project&projectId=33382&Submit=Show HTTP/1.1" 200 4623 "https://icad.astacus.se/productionzon/index.php" "Mozilla/5.0 (Windows NT 6.1; Win64; x64) AppleWebKit/537.36 (KHTML, like Gecko) Chrome/107.0.0.0 Safari/537.36"
155.4.21.158 - - [21/Nov/2022:08:55:23 +0100] "GET /customerzon/?page=download&projectId=33306&companyId=$&path=/221103 HTTP/1.1" 200 2869 "https://icad.astacus.se/customerzon/?page=download&projectId=33306" "Mozilla/5.0 (Windows NT 10.0; Win64; x64) AppleWebKit/537.36 (KHTML, like Gecko) Chrome/107.0.0.0 Safari/537.36"
155.4.21.158 - - [21/Nov/2022:08:55:24 +0100] "GET /customerzon/download_singel_file.php?file=/221103/Jungans_filial_Molndal_Martin_Nilsson_Version%201.zip&projectId=33306&customerId=145 HTTP/1.1" 200 2394628 "https://icad.astacus.se/customerzon/?page=download&projectId=33306&companyId=$&path=/221103" "Mozilla/5.0 (Windows NT 10.0; Win64; x64) AppleWebKit/537.36 (KHTML, like Gecko) Chrome/107.0.0.0 Safari/537.36"
14.98.175.41 - - [21/Nov/2022:08:55:24 +0100] "GET /productionzon/index.php?page=logg&projectId=33382 HTTP/1.1" 200 4327 "https://icad.astacus.se/productionzon/index.php?page=project&projectId=33382&Submit=Show" "Mozilla/5.0 (Windows NT 6.1; Win64; x64) AppleWebKit/537.36 (KHTML, like Gecko) Chrome/107.0.0.0 Safari/537.36"
14.98.175.41 - - [21/Nov/2022:08:55:28 +0100] "GET /productionzon/index.php HTTP/1.1" 200 88422 "https://icad.astacus.se/productionzon/index.php?page=logg&projectId=33382" "Mozilla/5.0 (Windows NT 6.1; Win64; x64) AppleWebKit/537.36 (KHTML, like Gecko) Chrome/107.0.0.0 Safari/537.36"
155.4.21.158 - - [21/Nov/2022:08:55:44 +0100] "GET /customerzon/ HTTP/1.1" 200 11909 "https://icad.astacus.se/customerzon/?page=download&projectId=33306&companyId=$&path=/221103" "Mozilla/5.0 (Windows NT 10.0; Win64; x64) AppleWebKit/537.36 (KHTML, like Gecko) Chrome/107.0.0.0 Safari/537.36"
155.4.21.158 - - [21/Nov/2022:08:55:50 +0100] "GET /customerzon/?page=project&projectId=33346 HTTP/1.1" 200 2261 "https://icad.astacus.se/customerzon/" "Mozilla/5.0 (Windows NT 10.0; Win64; x64) AppleWebKit/537.36 (KHTML, like Gecko) Chrome/107.0.0.0 Safari/537.36"
195.67.168.10 - - [21/Nov/2022:08:55:50 +0100] "POST /archive/index.php?action=advancedsearch HTTP/1.1" 302 17610 "https://icad.astacus.se/archive/index.php" "Mozilla/5.0 (Windows NT 10.0; Win64; x64) AppleWebKit/537.36 (KHTML, like Gecko) Chrome/107.0.0.0 Safari/537.36"
195.67.168.10 - - [21/Nov/2022:08:55:51 +0100] "GET /?page=loggain&message= HTTP/1.1" 302 234 "-" "Mozilla/5.0 (Windows NT 10.0; Win64; x64) AppleWebKit/537.36 (KHTML, like Gecko) Chrome/107.0.0.0 Safari/537.36"
195.67.168.10 - - [21/Nov/2022:08:55:51 +0100] "GET /?page=loggain&message= HTTP/1.1" 200 1772 "-" "Mozilla/5.0 (Windows NT 10.0; Win64; x64) AppleWebKit/537.36 (KHTML, like Gecko) Chrome/107.0.0.0 Safari/537.36"
195.67.168.10 - - [21/Nov/2022:08:55:51 +0100] "GET /favicon.ico HTTP/1.1" 404 209 "https://icad.astacus.se/?page=loggain&message=" "Mozilla/5.0 (Windows NT 10.0; Win64; x64) AppleWebKit/537.36 (KHTML, like Gecko) Chrome/107.0.0.0 Safari/537.36"
155.4.21.158 - - [21/Nov/2022:08:55:51 +0100] "GET /customerzon/?page=logg&projectId=33346 HTTP/1.1" 200 4232 "https://icad.astacus.se/customerzon/?page=project&projectId=33346" "Mozilla/5.0 (Windows NT 10.0; Win64; x64) AppleWebKit/537.36 (KHTML, like Gecko) Chrome/107.0.0.0 Safari/537.36"
195.67.168.10 - - [21/Nov/2022:08:55:53 +0100] "POST /logon.php?action=logon HTTP/1.1" 302 - "https://icad.astacus.se/?page=loggain&message=" "Mozilla/5.0 (Windows NT 10.0; Win64; x64) AppleWebKit/537.36 (KHTML, like Gecko) Chrome/107.0.0.0 Safari/537.36"
195.67.168.10 - - [21/Nov/2022:08:55:53 +0100] "GET /customerzon/index.php HTTP/1.1" 200 3271 "https://icad.astacus.se/?page=loggain&message=" "Mozilla/5.0 (Windows NT 10.0; Win64; x64) AppleWebKit/537.36 (KHTML, like Gecko) Chrome/107.0.0.0 Safari/537.36"
195.67.168.10 - - [21/Nov/2022:08:55:53 +0100] "GET /customerzon/calendar.js HTTP/1.1" 200 7955 "https://icad.astacus.se/customerzon/index.php" "Mozilla/5.0 (Windows NT 10.0; Win64; x64) AppleWebKit/537.36 (KHTML, like Gecko) Chrome/107.0.0.0 Safari/537.36"
195.67.168.10 - - [21/Nov/2022:08:55:53 +0100] "GET /images/newMailMessage.gif HTTP/1.1" 200 383 "https://icad.astacus.se/customerzon/index.php" "Mozilla/5.0 (Windows NT 10.0; Win64; x64) AppleWebKit/537.36 (KHTML, like Gecko) Chrome/107.0.0.0 Safari/537.36"
195.67.168.10 - - [21/Nov/2022:08:55:53 +0100] "GET /images/Forward-Arrow.png HTTP/1.1" 200 9590 "https://icad.astacus.se/customerzon/index.php" "Mozilla/5.0 (Windows NT 10.0; Win64; x64) AppleWebKit/537.36 (KHTML, like Gecko) Chrome/107.0.0.0 Safari/537.36"
195.67.168.10 - - [21/Nov/2022:08:55:53 +0100] "GET /customerzon/calendar.jpg HTTP/1.1" 200 1089 "https://icad.astacus.se/customerzon/index.php" "Mozilla/5.0 (Windows NT 10.0; Win64; x64) AppleWebKit/537.36 (KHTML, like Gecko) Chrome/107.0.0.0 Safari/537.36"
195.67.168.10 - - [21/Nov/2022:08:55:53 +0100] "GET /images/platta1.jpg HTTP/1.1" 200 3795 "https://icad.astacus.se/customerzon/index.php" "Mozilla/5.0 (Windows NT 10.0; Win64; x64) AppleWebKit/537.36 (KHTML, like Gecko) Chrome/107.0.0.0 Safari/537.36"
195.67.168.10 - - [21/Nov/2022:08:55:53 +0100] "GET /customerzon/next.gif HTTP/1.1" 200 827 "https://icad.astacus.se/customerzon/index.php" "Mozilla/5.0 (Windows NT 10.0; Win64; x64) AppleWebKit/537.36 (KHTML, like Gecko) Chrome/107.0.0.0 Safari/537.36"
195.67.168.10 - - [21/Nov/2022:08:55:53 +0100] "GET /images/users/ksrtrigeo1.jpg HTTP/1.1" 200 11109 "https://icad.astacus.se/customerzon/index.php" "Mozilla/5.0 (Windows NT 10.0; Win64; x64) AppleWebKit/537.36 (KHTML, like Gecko) Chrome/107.0.0.0 Safari/537.36"
195.67.168.10 - - [21/Nov/2022:08:55:53 +0100] "GET /customerzon/prev.gif HTTP/1.1" 200 827 "https://icad.astacus.se/customerzon/index.php" "Mozilla/5.0 (Windows NT 10.0; Win64; x64) AppleWebKit/537.36 (KHTML, like Gecko) Chrome/107.0.0.0 Safari/537.36"
195.67.168.10 - - [21/Nov/2022:08:55:53 +0100] "GET /images/platta1a.jpg HTTP/1.1" 200 3288 "https://icad.astacus.se/customerzon/index.php" "Mozilla/5.0 (Windows NT 10.0; Win64; x64) AppleWebKit/537.36 (KHTML, like Gecko) Chrome/107.0.0.0 Safari/537.36"
195.67.168.10 - - [21/Nov/2022:08:55:59 +0100] "GET /?page=loggaut HTTP/1.1" 200 1772 "https://icad.astacus.se/customerzon/index.php" "Mozilla/5.0 (Windows NT 10.0; Win64; x64) AppleWebKit/537.36 (KHTML, like Gecko) Chrome/107.0.0.0 Safari/537.36"
195.67.168.10 - - [21/Nov/2022:08:56:03 +0100] "POST /logon.php?action=logon HTTP/1.1" 302 - "https://icad.astacus.se/?page=loggaut" "Mozilla/5.0 (Windows NT 10.0; Win64; x64) AppleWebKit/537.36 (KHTML, like Gecko) Chrome/107.0.0.0 Safari/537.36"
195.67.168.10 - - [21/Nov/2022:08:56:03 +0100] "GET /archive/index.php HTTP/1.1" 200 5987 "https://icad.astacus.se/?page=loggaut" "Mozilla/5.0 (Windows NT 10.0; Win64; x64) AppleWebKit/537.36 (KHTML, like Gecko) Chrome/107.0.0.0 Safari/537.36"
195.67.168.10 - - [21/Nov/2022:08:56:03 +0100] "GET /archive/calendar.js HTTP/1.1" 404 217 "https://icad.astacus.se/archive/index.php" "Mozilla/5.0 (Windows NT 10.0; Win64; x64) AppleWebKit/537.36 (KHTML, like Gecko) Chrome/107.0.0.0 Safari/537.36"
195.67.168.10 - - [21/Nov/2022:08:56:03 +0100] "GET /archive/images/save1jpg.jpg HTTP/1.1" 304 - "https://icad.astacus.se/archive/index.php" "Mozilla/5.0 (Windows NT 10.0; Win64; x64) AppleWebKit/537.36 (KHTML, like Gecko) Chrome/107.0.0.0 Safari/537.36"
155.4.21.158 - - [21/Nov/2022:08:56:06 +0100] "GET /customerzon/?page=project&projectId=33346 HTTP/1.1" 200 2261 "https://icad.astacus.se/customerzon/?page=logg&projectId=33346" "Mozilla/5.0 (Windows NT 10.0; Win64; x64) AppleWebKit/537.36 (KHTML, like Gecko) Chrome/107.0.0.0 Safari/537.36"
::1 - - [21/Nov/2022:08:56:11 +0100] "OPTIONS * HTTP/1.0" 200 - "-" "Apache/2.4.7 (Ubuntu) PHP/5.5.9-1ubuntu4.29 OpenSSL/1.0.1f (internal dummy connection)"
::1 - - [21/Nov/2022:08:56:12 +0100] "OPTIONS * HTTP/1.0" 200 - "-" "Apache/2.4.7 (Ubuntu) PHP/5.5.9-1ubuntu4.29 OpenSSL/1.0.1f (internal dummy connection)"
155.4.21.158 - - [21/Nov/2022:08:56:16 +0100] "GET /customerzon/action.php?projectId=33346&action=accept HTTP/1.1" 302 - "https://icad.astacus.se/customerzon/?page=project&projectId=33346" "Mozilla/5.0 (Windows NT 10.0; Win64; x64) AppleWebKit/537.36 (KHTML, like Gecko) Chrome/107.0.0.0 Safari/537.36"
155.4.21.158 - - [21/Nov/2022:08:56:16 +0100] "GET /customerzon/index.php?page=project&projectId=33346 HTTP/1.1" 200 2308 "https://icad.astacus.se/customerzon/?page=project&projectId=33346" "Mozilla/5.0 (Windows NT 10.0; Win64; x64) AppleWebKit/537.36 (KHTML, like Gecko) Chrome/107.0.0.0 Safari/537.36"
155.4.21.158 - - [21/Nov/2022:08:56:19 +0100] "GET /customerzon/ HTTP/1.1" 200 11911 "https://icad.astacus.se/customerzon/index.php?page=project&projectId=33346" "Mozilla/5.0 (Windows NT 10.0; Win64; x64) AppleWebKit/537.36 (KHTML, like Gecko) Chrome/107.0.0.0 Safari/537.36"
::1 - - [21/Nov/2022:08:56:20 +0100] "OPTIONS * HTTP/1.0" 200 - "-" "Apache/2.4.7 (Ubuntu) PHP/5.5.9-1ubuntu4.29 OpenSSL/1.0.1f (internal dummy connection)"
::1 - - [21/Nov/2022:08:56:21 +0100] "OPTIONS * HTTP/1.0" 200 - "-" "Apache/2.4.7 (Ubuntu) PHP/5.5.9-1ubuntu4.29 OpenSSL/1.0.1f (internal dummy connection)"
88.131.253.147 - - [21/Nov/2022:08:56:23 +0100] "GET /project/updateProjectName.php?page=project&projectId=33392&name=Kaimauer%20Mannheim%20-%20HGM HTTP/1.1" 302 - "https://icad.astacus.se/project/index.php?page=project&projectId=33392" "Mozilla/5.0 (Windows NT 10.0; Win64; x64; rv:107.0) Gecko/20100101 Firefox/107.0"
88.131.253.147 - - [21/Nov/2022:08:56:23 +0100] "GET /project/index.php?page=project&projectId=33392 HTTP/1.1" 200 8718 "https://icad.astacus.se/project/index.php?page=project&projectId=33392" "Mozilla/5.0 (Windows NT 10.0; Win64; x64; rv:107.0) Gecko/20100101 Firefox/107.0"
155.4.21.158 - - [21/Nov/2022:08:56:23 +0100] "GET /customerzon/?page=project&projectId=33322 HTTP/1.1" 200 2303 "https://icad.astacus.se/customerzon/" "Mozilla/5.0 (Windows NT 10.0; Win64; x64) AppleWebKit/537.36 (KHTML, like Gecko) Chrome/107.0.0.0 Safari/537.36"
155.4.21.158 - - [21/Nov/2022:08:56:25 +0100] "GET /customerzon/?page=download&projectId=33322 HTTP/1.1" 200 2833 "https://icad.astacus.se/customerzon/?page=project&projectId=33322" "Mozilla/5.0 (Windows NT 10.0; Win64; x64) AppleWebKit/537.36 (KHTML, like Gecko) Chrome/107.0.0.0 Safari/537.36"
155.4.21.158 - - [21/Nov/2022:08:56:27 +0100] "GET /customerzon/?page=download&projectId=33322&companyId=$&path=/221107 HTTP/1.1" 200 2866 "https://icad.astacus.se/customerzon/?page=download&projectId=33322" "Mozilla/5.0 (Windows NT 10.0; Win64; x64) AppleWebKit/537.36 (KHTML, like Gecko) Chrome/107.0.0.0 Safari/537.36"
155.4.21.158 - - [21/Nov/2022:08:56:28 +0100] "GET /customerzon/download_singel_file.php?file=/221107/Malmen_filial_Linkoping_Rickard_Bjork.zip&projectId=33322&customerId=145 HTTP/1.1" 200 2598593 "https://icad.astacus.se/customerzon/?page=download&projectId=33322&companyId=$&path=/221107" "Mozilla/5.0 (Windows NT 10.0; Win64; x64) AppleWebKit/537.36 (KHTML, like Gecko) Chrome/107.0.0.0 Safari/537.36"
88.131.253.147 - - [21/Nov/2022:08:56:29 +0100] "POST /project/download_checked_files.php?project=3446_Kaimauer%20Mannheim%20-%20HGM%20(33392)&projectId=33392&companyId=3446&systemUserMail=barbara.dehmer-marko@astacus.se&systemUserName=Barbara%20Dehmer-Marko&path= HTTP/1.1" 302 - "https://icad.astacus.se/project/index.php?page=project&projectId=33392" "Mozilla/5.0 (Windows NT 10.0; Win64; x64; rv:107.0) Gecko/20100101 Firefox/107.0"
88.131.253.147 - - [21/Nov/2022:08:56:29 +0100] "GET /project/index.php?page=deliver_files&ZIP=Delivery_33392_2022-11-21_08-56-29.zip&size=0%20Mb&project=3446_Kaimauer%20Mannheim%20-%20HGM%20(33392)&projectId=33392&companyId=3446&systemUserMail=barbara.dehmer-marko@astacus.se&systemUserName=Barbara%20Dehmer-Marko HTTP/1.1" 200 4092 "https://icad.astacus.se/project/index.php?page=project&projectId=33392" "Mozilla/5.0 (Windows NT 10.0; Win64; x64; rv:107.0) Gecko/20100101 Firefox/107.0"
88.131.253.147 - - [21/Nov/2022:08:56:29 +0100] "GET /project/calendar.js HTTP/1.1" 404 217 "https://icad.astacus.se/project/index.php?page=deliver_files&ZIP=Delivery_33392_2022-11-21_08-56-29.zip&size=0%20Mb&project=3446_Kaimauer%20Mannheim%20-%20HGM%20(33392)&projectId=33392&companyId=3446&systemUserMail=barbara.dehmer-marko@astacus.se&systemUserName=Barbara%20Dehmer-Marko" "Mozilla/5.0 (Windows NT 10.0; Win64; x64; rv:107.0) Gecko/20100101 Firefox/107.0"
88.131.253.147 - - [21/Nov/2022:08:56:35 +0100] "GET /project/index.php?page=project&projectId=33392 HTTP/1.1" 200 8718 "https://icad.astacus.se/project/index.php?page=project&projectId=33392" "Mozilla/5.0 (Windows NT 10.0; Win64; x64; rv:107.0) Gecko/20100101 Firefox/107.0"
::1 - - [21/Nov/2022:08:56:50 +0100] "OPTIONS * HTTP/1.0" 200 - "-" "Apache/2.4.7 (Ubuntu) PHP/5.5.9-1ubuntu4.29 OpenSSL/1.0.1f (internal dummy connection)"
114.119.141.53 - - [21/Nov/2022:08:57:04 +0100] "GET /apps/school/www_old_temp/AutodeskForge/learn.forge.viewmodels-nodejs/node_modules/is-typedarray/ HTTP/1.1" 200 537 "http://kulturdokumentation.se/apps/school/www_old_temp/AutodeskForge/learn.forge.viewmodels-nodejs/node_modules/" "Mozilla/5.0 (Linux; Android 7.0;) AppleWebKit/537.36 (KHTML, like Gecko) Mobile Safari/537.36 (compatible; PetalBot;+https://webmaster.petalsearch.com/site/petalbot)"
::1 - - [21/Nov/2022:08:57:33 +0100] "OPTIONS * HTTP/1.0" 200 - "-" "Apache/2.4.7 (Ubuntu) PHP/5.5.9-1ubuntu4.29 OpenSSL/1.0.1f (internal dummy connection)"
85.24.198.123 - - [21/Nov/2022:08:58:12 +0100] "GET /wp-content/uploads/2017/11/utrymningsplan.jpg HTTP/1.1" 200 141537 "https://www.google.com/" "Mozilla/5.0 (Windows NT 10.0; Win64; x64) AppleWebKit/537.36 (KHTML, like Gecko) Chrome/107.0.0.0 Safari/537.36"
114.119.134.148 - - [21/Nov/2022:08:58:46 +0100] "GET /apps/school/www_old4/img/LevelC/Category2/LevelCCat2Lesson1?C=D%3BO%3DA HTTP/1.1" 301 311 "http://kulturdokumentation.com/apps/school/www_old4/img/LevelC/Category2/LevelCCat2Lesson1?C=M%3BO%3DA" "Mozilla/5.0 (Linux; Android 7.0;) AppleWebKit/537.36 (KHTML, like Gecko) Mobile Safari/537.36 (compatible; PetalBot;+https://webmaster.petalsearch.com/site/petalbot)"
114.119.134.148 - - [21/Nov/2022:08:58:50 +0100] "GET /apps/school/www_old4/img/LevelC/Category2/LevelCCat2Lesson1/?C=D%3BO%3DA HTTP/1.1" 200 473 "http://kulturdokumentation.com/apps/school/www_old4/img/LevelC/Category2/LevelCCat2Lesson1?C=M%3BO%3DA" "Mozilla/5.0 (Linux; Android 7.0;) AppleWebKit/537.36 (KHTML, like Gecko) Mobile Safari/537.36 (compatible; PetalBot;+https://webmaster.petalsearch.com/site/petalbot)"
54.36.148.49 - - [21/Nov/2022:08:58:53 +0100] "GET /digitaltwin/object.php?id=1 HTTP/1.1" 200 2321 "-" "Mozilla/5.0 (compatible; AhrefsBot/7.0; +http://ahrefs.com/robot/)"
::1 - - [21/Nov/2022:08:59:06 +0100] "OPTIONS * HTTP/1.0" 200 - "-" "Apache/2.4.7 (Ubuntu) PHP/5.5.9-1ubuntu4.29 OpenSSL/1.0.1f (internal dummy connection)"
::1 - - [21/Nov/2022:08:59:18 +0100] "OPTIONS * HTTP/1.0" 200 - "-" "Apache/2.4.7 (Ubuntu) PHP/5.5.9-1ubuntu4.29 OpenSSL/1.0.1f (internal dummy connection)"
141.148.145.86 - - [21/Nov/2022:08:59:22 +0100] "GET /dump.tar HTTP/1.1" 404 206 "-" "Firefox"
90.235.70.60 - - [21/Nov/2022:09:00:30 +0100] "POST /login/scripts/setUserPosition.php HTTP/1.1" 200 115 "-" "Supervision/5.5 (se.astacus.labs.Supervision; build:5.5; iOS 10.3.4) Alamofire/4.5.1"
90.235.70.60 - - [21/Nov/2022:09:00:30 +0100] "POST /login/scripts/setUserPosition.php HTTP/1.1" 200 116 "-" "Supervision/5.5 (se.astacus.labs.Supervision; build:5.5; iOS 10.3.4) Alamofire/4.5.1"
90.235.70.60 - - [21/Nov/2022:09:00:30 +0100] "POST /login/scripts/setUserPosition.php HTTP/1.1" 200 115 "-" "Supervision/5.5 (se.astacus.labs.Supervision; build:5.5; iOS 10.3.4) Alamofire/4.5.1"
90.235.70.60 - - [21/Nov/2022:09:00:30 +0100] "POST /login/scripts/setUserPosition.php HTTP/1.1" 200 115 "-" "Supervision/5.5 (se.astacus.labs.Supervision; build:5.5; iOS 10.3.4) Alamofire/4.5.1"
90.235.70.60 - - [21/Nov/2022:09:00:31 +0100] "POST /login/scripts/setUserPosition.php HTTP/1.1" 200 116 "-" "Supervision/5.5 (se.astacus.labs.Supervision; build:5.5; iOS 10.3.4) Alamofire/4.5.1"
90.235.70.60 - - [21/Nov/2022:09:00:31 +0100] "POST /login/scripts/setUserPosition.php HTTP/1.1" 200 116 "-" "Supervision/5.5 (se.astacus.labs.Supervision; build:5.5; iOS 10.3.4) Alamofire/4.5.1"
90.235.70.60 - - [21/Nov/2022:09:00:31 +0100] "POST /login/scripts/setUserPosition.php HTTP/1.1" 200 115 "-" "Supervision/5.5 (se.astacus.labs.Supervision; build:5.5; iOS 10.3.4) Alamofire/4.5.1"
90.235.70.60 - - [21/Nov/2022:09:00:33 +0100] "POST /login/scripts/setUserPosition.php HTTP/1.1" 200 113 "-" "Supervision/5.5 (se.astacus.labs.Supervision; build:5.5; iOS 10.3.4) Alamofire/4.5.1"
90.235.70.60 - - [21/Nov/2022:09:00:34 +0100] "POST /login/scripts/setUserPosition.php HTTP/1.1" 200 113 "-" "Supervision/5.5 (se.astacus.labs.Supervision; build:5.5; iOS 10.3.4) Alamofire/4.5.1"
90.235.70.60 - - [21/Nov/2022:09:00:34 +0100] "POST /login/scripts/setUserPosition.php HTTP/1.1" 200 115 "-" "Supervision/5.5 (se.astacus.labs.Supervision; build:5.5; iOS 10.3.4) Alamofire/4.5.1"
90.235.70.60 - - [21/Nov/2022:09:00:36 +0100] "POST /login/scripts/setUserPosition.php HTTP/1.1" 200 116 "-" "Supervision/5.5 (se.astacus.labs.Supervision; build:5.5; iOS 10.3.4) Alamofire/4.5.1"
40.94.87.59 - - [21/Nov/2022:09:00:38 +0100] "GET /astapool/index.php?id=1599&user=wffcfe.ufeyhae@orebroporten.se&countryid=1 HTTP/1.1" 200 519 "-" "Mozilla/5.0 (Windows NT 10.0; Win64; x64) AppleWebKit/537.36 (KHTML, like Gecko) Chrome/103.0.5060.134 Safari/537.36"
40.94.87.93 - - [21/Nov/2022:09:00:40 +0100] "GET /astapool/logga.jpg HTTP/1.1" 200 5376 "http://appsrv.astacus.se/astapool/index.php?id=1599&user=wffcfe.ufeyhae@orebroporten.se&countryid=1" "Mozilla/5.0 (Windows NT 10.0; Win64; x64) AppleWebKit/537.36 (KHTML, like Gecko) Chrome/103.0.5060.134 Safari/537.36"
90.235.70.60 - - [21/Nov/2022:09:00:43 +0100] "POST /login/scripts/setUserPosition.php HTTP/1.1" 200 116 "-" "Supervision/5.5 (se.astacus.labs.Supervision; build:5.5; iOS 10.3.4) Alamofire/4.5.1"
90.235.70.60 - - [21/Nov/2022:09:00:44 +0100] "POST /login/scripts/setUserPosition.php HTTP/1.1" 200 115 "-" "Supervision/5.5 (se.astacus.labs.Supervision; build:5.5; iOS 10.3.4) Alamofire/4.5.1"
40.94.87.93 - - [21/Nov/2022:09:00:44 +0100] "GET /favicon.ico HTTP/1.1" 404 209 "http://appsrv.astacus.se/astapool/index.php?id=1599&user=wffcfe.ufeyhae@orebroporten.se&countryid=1" "Mozilla/5.0 (Windows NT 10.0; Win64; x64) AppleWebKit/537.36 (KHTML, like Gecko) Chrome/103.0.5060.134 Safari/537.36"
90.235.70.60 - - [21/Nov/2022:09:00:45 +0100] "POST /login/scripts/setUserPosition.php HTTP/1.1" 200 116 "-" "Supervision/5.5 (se.astacus.labs.Supervision; build:5.5; iOS 10.3.4) Alamofire/4.5.1"
90.235.70.60 - - [21/Nov/2022:09:00:46 +0100] "POST /login/scripts/setUserPosition.php HTTP/1.1" 200 115 "-" "Supervision/5.5 (se.astacus.labs.Supervision; build:5.5; iOS 10.3.4) Alamofire/4.5.1"
90.235.70.60 - - [21/Nov/2022:09:00:47 +0100] "POST /login/scripts/setUserPosition.php HTTP/1.1" 200 116 "-" "Supervision/5.5 (se.astacus.labs.Supervision; build:5.5; iOS 10.3.4) Alamofire/4.5.1"
90.235.70.60 - - [21/Nov/2022:09:00:48 +0100] "POST /login/scripts/setUserPosition.php HTTP/1.1" 200 116 "-" "Supervision/5.5 (se.astacus.labs.Supervision; build:5.5; iOS 10.3.4) Alamofire/4.5.1"
90.235.70.60 - - [21/Nov/2022:09:00:49 +0100] "POST /login/scripts/setUserPosition.php HTTP/1.1" 200 115 "-" "Supervision/5.5 (se.astacus.labs.Supervision; build:5.5; iOS 10.3.4) Alamofire/4.5.1"
90.235.70.60 - - [21/Nov/2022:09:00:53 +0100] "POST /login/scripts/setUserPosition.php HTTP/1.1" 200 116 "-" "Supervision/5.5 (se.astacus.labs.Supervision; build:5.5; iOS 10.3.4) Alamofire/4.5.1"
90.235.70.60 - - [21/Nov/2022:09:00:53 +0100] "POST /login/scripts/setUserPosition.php HTTP/1.1" 200 116 "-" "Supervision/5.5 (se.astacus.labs.Supervision; build:5.5; iOS 10.3.4) Alamofire/4.5.1"
90.235.70.60 - - [21/Nov/2022:09:00:53 +0100] "POST /login/scripts/setUserPosition.php HTTP/1.1" 200 115 "-" "Supervision/5.5 (se.astacus.labs.Supervision; build:5.5; iOS 10.3.4) Alamofire/4.5.1"
90.235.70.60 - - [21/Nov/2022:09:00:53 +0100] "POST /login/scripts/setUserPosition.php HTTP/1.1" 200 116 "-" "Supervision/5.5 (se.astacus.labs.Supervision; build:5.5; iOS 10.3.4) Alamofire/4.5.1"
195.67.168.10 - - [21/Nov/2022:09:00:54 +0100] "-" 408 - "-" "-"
90.235.70.60 - - [21/Nov/2022:09:00:54 +0100] "POST /login/scripts/setUserPosition.php HTTP/1.1" 200 113 "-" "Supervision/5.5 (se.astacus.labs.Supervision; build:5.5; iOS 10.3.4) Alamofire/4.5.1"
90.235.70.60 - - [21/Nov/2022:09:00:55 +0100] "POST /login/scripts/setUserPosition.php HTTP/1.1" 200 115 "-" "Supervision/5.5 (se.astacus.labs.Supervision; build:5.5; iOS 10.3.4) Alamofire/4.5.1"
90.235.70.60 - - [21/Nov/2022:09:00:55 +0100] "POST /login/scripts/setUserPosition.php HTTP/1.1" 200 115 "-" "Supervision/5.5 (se.astacus.labs.Supervision; build:5.5; iOS 10.3.4) Alamofire/4.5.1"
90.235.70.60 - - [21/Nov/2022:09:00:56 +0100] "POST /login/scripts/setUserPosition.php HTTP/1.1" 200 114 "-" "Supervision/5.5 (se.astacus.labs.Supervision; build:5.5; iOS 10.3.4) Alamofire/4.5.1"
90.235.70.60 - - [21/Nov/2022:09:00:56 +0100] "POST /login/scripts/setUserPosition.php HTTP/1.1" 200 114 "-" "Supervision/5.5 (se.astacus.labs.Supervision; build:5.5; iOS 10.3.4) Alamofire/4.5.1"
90.235.70.60 - - [21/Nov/2022:09:00:57 +0100] "POST /login/scripts/setUserPosition.php HTTP/1.1" 200 116 "-" "Supervision/5.5 (se.astacus.labs.Supervision; build:5.5; iOS 10.3.4) Alamofire/4.5.1"
90.235.70.60 - - [21/Nov/2022:09:00:58 +0100] "POST /login/scripts/setUserPosition.php HTTP/1.1" 200 115 "-" "Supervision/5.5 (se.astacus.labs.Supervision; build:5.5; iOS 10.3.4) Alamofire/4.5.1"
90.235.70.60 - - [21/Nov/2022:09:00:59 +0100] "POST /login/scripts/setUserPosition.php HTTP/1.1" 200 116 "-" "Supervision/5.5 (se.astacus.labs.Supervision; build:5.5; iOS 10.3.4) Alamofire/4.5.1"
90.235.70.60 - - [21/Nov/2022:09:01:00 +0100] "POST /login/scripts/setUserPosition.php HTTP/1.1" 200 116 "-" "Supervision/5.5 (se.astacus.labs.Supervision; build:5.5; iOS 10.3.4) Alamofire/4.5.1"
90.235.70.60 - - [21/Nov/2022:09:01:01 +0100] "POST /login/scripts/setUserPosition.php HTTP/1.1" 200 116 "-" "Supervision/5.5 (se.astacus.labs.Supervision; build:5.5; iOS 10.3.4) Alamofire/4.5.1"
90.235.70.60 - - [21/Nov/2022:09:01:02 +0100] "POST /login/scripts/setUserPosition.php HTTP/1.1" 200 116 "-" "Supervision/5.5 (se.astacus.labs.Supervision; build:5.5; iOS 10.3.4) Alamofire/4.5.1"
::1 - - [21/Nov/2022:09:01:04 +0100] "OPTIONS * HTTP/1.0" 200 - "-" "Apache/2.4.7 (Ubuntu) PHP/5.5.9-1ubuntu4.29 OpenSSL/1.0.1f (internal dummy connection)"
90.235.70.60 - - [21/Nov/2022:09:01:05 +0100] "POST /login/scripts/setUserPosition.php HTTP/1.1" 200 116 "-" "Supervision/5.5 (se.astacus.labs.Supervision; build:5.5; iOS 10.3.4) Alamofire/4.5.1"
90.235.70.60 - - [21/Nov/2022:09:01:05 +0100] "POST /login/scripts/setUserPosition.php HTTP/1.1" 200 115 "-" "Supervision/5.5 (se.astacus.labs.Supervision; build:5.5; iOS 10.3.4) Alamofire/4.5.1"
90.235.70.60 - - [21/Nov/2022:09:01:06 +0100] "POST /login/scripts/setUserPosition.php HTTP/1.1" 200 115 "-" "Supervision/5.5 (se.astacus.labs.Supervision; build:5.5; iOS 10.3.4) Alamofire/4.5.1"
90.235.70.60 - - [21/Nov/2022:09:01:07 +0100] "POST /login/scripts/setUserPosition.php HTTP/1.1" 200 115 "-" "Supervision/5.5 (se.astacus.labs.Supervision; build:5.5; iOS 10.3.4) Alamofire/4.5.1"
90.235.70.60 - - [21/Nov/2022:09:01:08 +0100] "POST /login/scripts/setUserPosition.php HTTP/1.1" 200 114 "-" "Supervision/5.5 (se.astacus.labs.Supervision; build:5.5; iOS 10.3.4) Alamofire/4.5.1"
90.235.70.60 - - [21/Nov/2022:09:01:09 +0100] "POST /login/scripts/setUserPosition.php HTTP/1.1" 200 116 "-" "Supervision/5.5 (se.astacus.labs.Supervision; build:5.5; iOS 10.3.4) Alamofire/4.5.1"
90.235.70.60 - - [21/Nov/2022:09:01:10 +0100] "POST /login/scripts/setUserPosition.php HTTP/1.1" 200 116 "-" "Supervision/5.5 (se.astacus.labs.Supervision; build:5.5; iOS 10.3.4) Alamofire/4.5.1"
90.235.70.60 - - [21/Nov/2022:09:01:11 +0100] "POST /login/scripts/setUserPosition.php HTTP/1.1" 200 116 "-" "Supervision/5.5 (se.astacus.labs.Supervision; build:5.5; iOS 10.3.4) Alamofire/4.5.1"
90.235.70.60 - - [21/Nov/2022:09:01:12 +0100] "POST /login/scripts/setUserPosition.php HTTP/1.1" 200 116 "-" "Supervision/5.5 (se.astacus.labs.Supervision; build:5.5; iOS 10.3.4) Alamofire/4.5.1"
88.131.253.147 - - [21/Nov/2022:09:01:13 +0100] "GET / HTTP/1.1" 200 13133 "-" "Mozilla/5.0 (Windows NT 10.0; Win64; x64) AppleWebKit/537.36 (KHTML, like Gecko) Chrome/106.0.0.0 Safari/537.36"
90.235.70.60 - - [21/Nov/2022:09:01:13 +0100] "POST /login/scripts/setUserPosition.php HTTP/1.1" 200 116 "-" "Supervision/5.5 (se.astacus.labs.Supervision; build:5.5; iOS 10.3.4) Alamofire/4.5.1"
90.235.70.60 - - [21/Nov/2022:09:01:14 +0100] "POST /login/scripts/setUserPosition.php HTTP/1.1" 200 114 "-" "Supervision/5.5 (se.astacus.labs.Supervision; build:5.5; iOS 10.3.4) Alamofire/4.5.1"
90.235.70.60 - - [21/Nov/2022:09:01:15 +0100] "POST /login/scripts/setUserPosition.php HTTP/1.1" 200 116 "-" "Supervision/5.5 (se.astacus.labs.Supervision; build:5.5; iOS 10.3.4) Alamofire/4.5.1"
88.131.253.147 - - [21/Nov/2022:09:01:15 +0100] "GET /?page=loggain&goto=approject HTTP/1.1" 200 1269 "https://www.astacus.se/" "Mozilla/5.0 (Windows NT 10.0; Win64; x64) AppleWebKit/537.36 (KHTML, like Gecko) Chrome/106.0.0.0 Safari/537.36"
90.235.70.60 - - [21/Nov/2022:09:01:16 +0100] "POST /login/scripts/setUserPosition.php HTTP/1.1" 200 116 "-" "Supervision/5.5 (se.astacus.labs.Supervision; build:5.5; iOS 10.3.4) Alamofire/4.5.1"
88.131.253.147 - - [21/Nov/2022:09:01:17 +0100] "POST /logon.php?action=logon HTTP/1.1" 302 - "https://icad.astacus.se/?page=loggain&goto=approject" "Mozilla/5.0 (Windows NT 10.0; Win64; x64) AppleWebKit/537.36 (KHTML, like Gecko) Chrome/106.0.0.0 Safari/537.36"
90.235.70.60 - - [21/Nov/2022:09:01:17 +0100] "POST /login/scripts/setUserPosition.php HTTP/1.1" 200 116 "-" "Supervision/5.5 (se.astacus.labs.Supervision; build:5.5; iOS 10.3.4) Alamofire/4.5.1"
88.131.253.147 - - [21/Nov/2022:09:01:17 +0100] "GET /project/index.php?BallId=1041 HTTP/1.1" 200 90699 "https://icad.astacus.se/?page=loggain&goto=approject" "Mozilla/5.0 (Windows NT 10.0; Win64; x64) AppleWebKit/537.36 (KHTML, like Gecko) Chrome/106.0.0.0 Safari/537.36"
90.235.70.60 - - [21/Nov/2022:09:01:18 +0100] "POST /login/scripts/setUserPosition.php HTTP/1.1" 200 115 "-" "Supervision/5.5 (se.astacus.labs.Supervision; build:5.5; iOS 10.3.4) Alamofire/4.5.1"
90.235.70.60 - - [21/Nov/2022:09:01:19 +0100] "POST /login/scripts/setUserPosition.php HTTP/1.1" 200 116 "-" "Supervision/5.5 (se.astacus.labs.Supervision; build:5.5; iOS 10.3.4) Alamofire/4.5.1"
88.131.253.147 - - [21/Nov/2022:09:01:19 +0100] "GET /project/index.php?projectId=32398&button4=Show HTTP/1.1" 200 85566 "https://icad.astacus.se/project/index.php?BallId=1041" "Mozilla/5.0 (Windows NT 10.0; Win64; x64) AppleWebKit/537.36 (KHTML, like Gecko) Chrome/106.0.0.0 Safari/537.36"
90.235.70.60 - - [21/Nov/2022:09:01:20 +0100] "POST /login/scripts/setUserPosition.php HTTP/1.1" 200 116 "-" "Supervision/5.5 (se.astacus.labs.Supervision; build:5.5; iOS 10.3.4) Alamofire/4.5.1"
88.131.253.147 - - [21/Nov/2022:09:01:21 +0100] "GET /project/index.php?companyId=&page=project&projectId=32398 HTTP/1.1" 200 9346 "https://icad.astacus.se/project/index.php?projectId=32398&button4=Show" "Mozilla/5.0 (Windows NT 10.0; Win64; x64) AppleWebKit/537.36 (KHTML, like Gecko) Chrome/106.0.0.0 Safari/537.36"
90.235.70.60 - - [21/Nov/2022:09:01:21 +0100] "POST /login/scripts/setUserPosition.php HTTP/1.1" 200 116 "-" "Supervision/5.5 (se.astacus.labs.Supervision; build:5.5; iOS 10.3.4) Alamofire/4.5.1"
90.235.70.60 - - [21/Nov/2022:09:01:22 +0100] "POST /login/scripts/setUserPosition.php HTTP/1.1" 200 115 "-" "Supervision/5.5 (se.astacus.labs.Supervision; build:5.5; iOS 10.3.4) Alamofire/4.5.1"
88.131.253.147 - - [21/Nov/2022:09:01:23 +0100] "GET /project/index.php?page=project&projectId=32398&companyId=$&path=/Files%20from%20Production HTTP/1.1" 200 9486 "https://icad.astacus.se/project/index.php?companyId=&page=project&projectId=32398" "Mozilla/5.0 (Windows NT 10.0; Win64; x64) AppleWebKit/537.36 (KHTML, like Gecko) Chrome/106.0.0.0 Safari/537.36"
90.235.70.60 - - [21/Nov/2022:09:01:23 +0100] "POST /login/scripts/setUserPosition.php HTTP/1.1" 200 116 "-" "Supervision/5.5 (se.astacus.labs.Supervision; build:5.5; iOS 10.3.4) Alamofire/4.5.1"
90.235.70.60 - - [21/Nov/2022:09:01:24 +0100] "POST /login/scripts/setUserPosition.php HTTP/1.1" 200 116 "-" "Supervision/5.5 (se.astacus.labs.Supervision; build:5.5; iOS 10.3.4) Alamofire/4.5.1"
90.235.70.60 - - [21/Nov/2022:09:01:25 +0100] "POST /login/scripts/setUserPosition.php HTTP/1.1" 200 116 "-" "Supervision/5.5 (se.astacus.labs.Supervision; build:5.5; iOS 10.3.4) Alamofire/4.5.1"
88.131.253.147 - - [21/Nov/2022:09:01:26 +0100] "GET /project/index.php?page=project&projectId=32398&companyId=$$&path=/Files%20from%20Production/221108 HTTP/1.1" 200 10460 "https://icad.astacus.se/project/index.php?page=project&projectId=32398&companyId=$&path=/Files%20from%20Production" "Mozilla/5.0 (Windows NT 10.0; Win64; x64) AppleWebKit/537.36 (KHTML, like Gecko) Chrome/106.0.0.0 Safari/537.36"
90.235.70.60 - - [21/Nov/2022:09:01:26 +0100] "POST /login/scripts/setUserPosition.php HTTP/1.1" 200 115 "-" "Supervision/5.5 (se.astacus.labs.Supervision; build:5.5; iOS 10.3.4) Alamofire/4.5.1"
90.235.70.60 - - [21/Nov/2022:09:01:27 +0100] "POST /login/scripts/setUserPosition.php HTTP/1.1" 200 115 "-" "Supervision/5.5 (se.astacus.labs.Supervision; build:5.5; iOS 10.3.4) Alamofire/4.5.1"
90.235.70.60 - - [21/Nov/2022:09:01:28 +0100] "POST /login/scripts/setUserPosition.php HTTP/1.1" 200 115 "-" "Supervision/5.5 (se.astacus.labs.Supervision; build:5.5; iOS 10.3.4) Alamofire/4.5.1"
90.235.70.60 - - [21/Nov/2022:09:01:29 +0100] "POST /login/scripts/setUserPosition.php HTTP/1.1" 200 116 "-" "Supervision/5.5 (se.astacus.labs.Supervision; build:5.5; iOS 10.3.4) Alamofire/4.5.1"
88.131.253.147 - - [21/Nov/2022:09:01:29 +0100] "GET /project/download_singel_file.php?file=/Files%20from%20Production/221108/A-40-1-160.pdf&projectId=32398&customerId=756 HTTP/1.1" 200 165311 "https://icad.astacus.se/project/index.php?page=project&projectId=32398&companyId=$$&path=/Files%20from%20Production/221108" "Mozilla/5.0 (Windows NT 10.0; Win64; x64) AppleWebKit/537.36 (KHTML, like Gecko) Chrome/106.0.0.0 Safari/537.36"
90.235.70.60 - - [21/Nov/2022:09:01:31 +0100] "POST /login/scripts/setUserPosition.php HTTP/1.1" 200 115 "-" "Supervision/5.5 (se.astacus.labs.Supervision; build:5.5; iOS 10.3.4) Alamofire/4.5.1"
90.235.70.60 - - [21/Nov/2022:09:01:31 +0100] "POST /login/scripts/setUserPosition.php HTTP/1.1" 200 116 "-" "Supervision/5.5 (se.astacus.labs.Supervision; build:5.5; iOS 10.3.4) Alamofire/4.5.1"
90.235.70.60 - - [21/Nov/2022:09:01:32 +0100] "POST /login/scripts/setUserPosition.php HTTP/1.1" 200 115 "-" "Supervision/5.5 (se.astacus.labs.Supervision; build:5.5; iOS 10.3.4) Alamofire/4.5.1"
90.235.70.60 - - [21/Nov/2022:09:01:33 +0100] "POST /login/scripts/setUserPosition.php HTTP/1.1" 200 116 "-" "Supervision/5.5 (se.astacus.labs.Supervision; build:5.5; iOS 10.3.4) Alamofire/4.5.1"
90.235.70.60 - - [21/Nov/2022:09:01:34 +0100] "POST /login/scripts/setUserPosition.php HTTP/1.1" 200 116 "-" "Supervision/5.5 (se.astacus.labs.Supervision; build:5.5; iOS 10.3.4) Alamofire/4.5.1"
90.235.70.60 - - [21/Nov/2022:09:01:35 +0100] "POST /login/scripts/setUserPosition.php HTTP/1.1" 200 116 "-" "Supervision/5.5 (se.astacus.labs.Supervision; build:5.5; iOS 10.3.4) Alamofire/4.5.1"
90.235.70.60 - - [21/Nov/2022:09:01:36 +0100] "POST /login/scripts/setUserPosition.php HTTP/1.1" 200 114 "-" "Supervision/5.5 (se.astacus.labs.Supervision; build:5.5; iOS 10.3.4) Alamofire/4.5.1"
90.235.70.60 - - [21/Nov/2022:09:01:37 +0100] "POST /login/scripts/setUserPosition.php HTTP/1.1" 200 116 "-" "Supervision/5.5 (se.astacus.labs.Supervision; build:5.5; iOS 10.3.4) Alamofire/4.5.1"
90.235.70.60 - - [21/Nov/2022:09:01:38 +0100] "POST /login/scripts/setUserPosition.php HTTP/1.1" 200 115 "-" "Supervision/5.5 (se.astacus.labs.Supervision; build:5.5; iOS 10.3.4) Alamofire/4.5.1"
90.235.70.60 - - [21/Nov/2022:09:01:39 +0100] "POST /login/scripts/setUserPosition.php HTTP/1.1" 200 116 "-" "Supervision/5.5 (se.astacus.labs.Supervision; build:5.5; iOS 10.3.4) Alamofire/4.5.1"
90.235.70.60 - - [21/Nov/2022:09:01:40 +0100] "POST /login/scripts/setUserPosition.php HTTP/1.1" 200 116 "-" "Supervision/5.5 (se.astacus.labs.Supervision; build:5.5; iOS 10.3.4) Alamofire/4.5.1"
90.235.70.60 - - [21/Nov/2022:09:01:41 +0100] "POST /login/scripts/setUserPosition.php HTTP/1.1" 200 116 "-" "Supervision/5.5 (se.astacus.labs.Supervision; build:5.5; iOS 10.3.4) Alamofire/4.5.1"
90.235.70.60 - - [21/Nov/2022:09:01:42 +0100] "POST /login/scripts/setUserPosition.php HTTP/1.1" 200 116 "-" "Supervision/5.5 (se.astacus.labs.Supervision; build:5.5; iOS 10.3.4) Alamofire/4.5.1"
90.235.70.60 - - [21/Nov/2022:09:01:43 +0100] "POST /login/scripts/setUserPosition.php HTTP/1.1" 200 115 "-" "Supervision/5.5 (se.astacus.labs.Supervision; build:5.5; iOS 10.3.4) Alamofire/4.5.1"
90.235.70.60 - - [21/Nov/2022:09:01:44 +0100] "POST /login/scripts/setUserPosition.php HTTP/1.1" 200 116 "-" "Supervision/5.5 (se.astacus.labs.Supervision; build:5.5; iOS 10.3.4) Alamofire/4.5.1"
90.235.70.60 - - [21/Nov/2022:09:01:45 +0100] "POST /login/scripts/setUserPosition.php HTTP/1.1" 200 116 "-" "Supervision/5.5 (se.astacus.labs.Supervision; build:5.5; iOS 10.3.4) Alamofire/4.5.1"
90.235.70.60 - - [21/Nov/2022:09:01:46 +0100] "POST /login/scripts/setUserPosition.php HTTP/1.1" 200 115 "-" "Supervision/5.5 (se.astacus.labs.Supervision; build:5.5; iOS 10.3.4) Alamofire/4.5.1"
90.235.70.60 - - [21/Nov/2022:09:01:47 +0100] "POST /login/scripts/setUserPosition.php HTTP/1.1" 200 115 "-" "Supervision/5.5 (se.astacus.labs.Supervision; build:5.5; iOS 10.3.4) Alamofire/4.5.1"
90.235.70.60 - - [21/Nov/2022:09:01:48 +0100] "POST /login/scripts/setUserPosition.php HTTP/1.1" 200 115 "-" "Supervision/5.5 (se.astacus.labs.Supervision; build:5.5; iOS 10.3.4) Alamofire/4.5.1"
90.235.70.60 - - [21/Nov/2022:09:01:49 +0100] "POST /login/scripts/setUserPosition.php HTTP/1.1" 200 116 "-" "Supervision/5.5 (se.astacus.labs.Supervision; build:5.5; iOS 10.3.4) Alamofire/4.5.1"
90.235.70.60 - - [21/Nov/2022:09:01:50 +0100] "POST /login/scripts/setUserPosition.php HTTP/1.1" 200 116 "-" "Supervision/5.5 (se.astacus.labs.Supervision; build:5.5; iOS 10.3.4) Alamofire/4.5.1"
90.235.70.60 - - [21/Nov/2022:09:01:51 +0100] "POST /login/scripts/setUserPosition.php HTTP/1.1" 200 115 "-" "Supervision/5.5 (se.astacus.labs.Supervision; build:5.5; iOS 10.3.4) Alamofire/4.5.1"
90.235.70.60 - - [21/Nov/2022:09:01:52 +0100] "POST /login/scripts/setUserPosition.php HTTP/1.1" 200 116 "-" "Supervision/5.5 (se.astacus.labs.Supervision; build:5.5; iOS 10.3.4) Alamofire/4.5.1"
90.235.70.60 - - [21/Nov/2022:09:01:53 +0100] "POST /login/scripts/setUserPosition.php HTTP/1.1" 200 116 "-" "Supervision/5.5 (se.astacus.labs.Supervision; build:5.5; iOS 10.3.4) Alamofire/4.5.1"
90.235.70.60 - - [21/Nov/2022:09:01:54 +0100] "POST /login/scripts/setUserPosition.php HTTP/1.1" 200 116 "-" "Supervision/5.5 (se.astacus.labs.Supervision; build:5.5; iOS 10.3.4) Alamofire/4.5.1"
90.235.70.60 - - [21/Nov/2022:09:01:55 +0100] "POST /login/scripts/setUserPosition.php HTTP/1.1" 200 116 "-" "Supervision/5.5 (se.astacus.labs.Supervision; build:5.5; iOS 10.3.4) Alamofire/4.5.1"
90.235.70.60 - - [21/Nov/2022:09:01:56 +0100] "POST /login/scripts/setUserPosition.php HTTP/1.1" 200 113 "-" "Supervision/5.5 (se.astacus.labs.Supervision; build:5.5; iOS 10.3.4) Alamofire/4.5.1"
90.235.70.60 - - [21/Nov/2022:09:01:57 +0100] "POST /login/scripts/setUserPosition.php HTTP/1.1" 200 115 "-" "Supervision/5.5 (se.astacus.labs.Supervision; build:5.5; iOS 10.3.4) Alamofire/4.5.1"
90.235.70.60 - - [21/Nov/2022:09:01:58 +0100] "POST /login/scripts/setUserPosition.php HTTP/1.1" 200 115 "-" "Supervision/5.5 (se.astacus.labs.Supervision; build:5.5; iOS 10.3.4) Alamofire/4.5.1"
90.235.70.60 - - [21/Nov/2022:09:01:59 +0100] "POST /login/scripts/setUserPosition.php HTTP/1.1" 200 115 "-" "Supervision/5.5 (se.astacus.labs.Supervision; build:5.5; iOS 10.3.4) Alamofire/4.5.1"
90.235.70.60 - - [21/Nov/2022:09:02:00 +0100] "POST /login/scripts/setUserPosition.php HTTP/1.1" 200 116 "-" "Supervision/5.5 (se.astacus.labs.Supervision; build:5.5; iOS 10.3.4) Alamofire/4.5.1"
90.235.70.60 - - [21/Nov/2022:09:02:01 +0100] "POST /login/scripts/setUserPosition.php HTTP/1.1" 200 116 "-" "Supervision/5.5 (se.astacus.labs.Supervision; build:5.5; iOS 10.3.4) Alamofire/4.5.1"
90.235.70.60 - - [21/Nov/2022:09:02:02 +0100] "POST /login/scripts/setUserPosition.php HTTP/1.1" 200 114 "-" "Supervision/5.5 (se.astacus.labs.Supervision; build:5.5; iOS 10.3.4) Alamofire/4.5.1"
90.235.70.60 - - [21/Nov/2022:09:02:03 +0100] "POST /login/scripts/setUserPosition.php HTTP/1.1" 200 112 "-" "Supervision/5.5 (se.astacus.labs.Supervision; build:5.5; iOS 10.3.4) Alamofire/4.5.1"
90.235.70.60 - - [21/Nov/2022:09:02:04 +0100] "POST /login/scripts/setUserPosition.php HTTP/1.1" 200 116 "-" "Supervision/5.5 (se.astacus.labs.Supervision; build:5.5; iOS 10.3.4) Alamofire/4.5.1"
90.235.70.60 - - [21/Nov/2022:09:02:05 +0100] "POST /login/scripts/setUserPosition.php HTTP/1.1" 200 116 "-" "Supervision/5.5 (se.astacus.labs.Supervision; build:5.5; iOS 10.3.4) Alamofire/4.5.1"
90.235.70.60 - - [21/Nov/2022:09:02:06 +0100] "POST /login/scripts/setUserPosition.php HTTP/1.1" 200 116 "-" "Supervision/5.5 (se.astacus.labs.Supervision; build:5.5; iOS 10.3.4) Alamofire/4.5.1"
90.235.70.60 - - [21/Nov/2022:09:02:06 +0100] "POST /login/scripts/setUserPosition.php HTTP/1.1" 200 116 "-" "Supervision/5.5 (se.astacus.labs.Supervision; build:5.5; iOS 10.3.4) Alamofire/4.5.1"
90.235.70.60 - - [21/Nov/2022:09:02:07 +0100] "POST /login/scripts/setUserPosition.php HTTP/1.1" 200 116 "-" "Supervision/5.5 (se.astacus.labs.Supervision; build:5.5; iOS 10.3.4) Alamofire/4.5.1"
90.235.70.60 - - [21/Nov/2022:09:02:08 +0100] "POST /login/scripts/setUserPosition.php HTTP/1.1" 200 116 "-" "Supervision/5.5 (se.astacus.labs.Supervision; build:5.5; iOS 10.3.4) Alamofire/4.5.1"
90.235.70.60 - - [21/Nov/2022:09:02:09 +0100] "POST /login/scripts/setUserPosition.php HTTP/1.1" 200 116 "-" "Supervision/5.5 (se.astacus.labs.Supervision; build:5.5; iOS 10.3.4) Alamofire/4.5.1"
