111.93.24.58 - - [21/Nov/2022:04:33:48 +0100] "GET /?page=loggain&message= HTTP/1.1" 302 234 "-" "Mozilla/5.0 (Windows NT 10.0; Win64; x64; rv:107.0) Gecko/20100101 Firefox/107.0"
111.93.24.58 - - [21/Nov/2022:04:33:48 +0100] "GET /?page=loggain&message= HTTP/1.1" 200 1772 "-" "Mozilla/5.0 (Windows NT 10.0; Win64; x64; rv:107.0) Gecko/20100101 Firefox/107.0"
111.93.24.58 - - [21/Nov/2022:04:33:48 +0100] "GET /main.css HTTP/1.1" 200 415 "https://icad.astacus.se/?page=loggain&message=" "Mozilla/5.0 (Windows NT 10.0; Win64; x64; rv:107.0) Gecko/20100101 Firefox/107.0"
111.93.24.58 - - [21/Nov/2022:04:33:49 +0100] "GET /images/icadloggo.gif HTTP/1.1" 200 2516 "https://icad.astacus.se/?page=loggain&message=" "Mozilla/5.0 (Windows NT 10.0; Win64; x64; rv:107.0) Gecko/20100101 Firefox/107.0"
111.93.24.58 - - [21/Nov/2022:04:33:49 +0100] "GET /images/bottom.jpg HTTP/1.1" 200 521 "https://icad.astacus.se/?page=loggain&message=" "Mozilla/5.0 (Windows NT 10.0; Win64; x64; rv:107.0) Gecko/20100101 Firefox/107.0"
111.93.24.58 - - [21/Nov/2022:04:33:49 +0100] "GET /images/start_project.jpg HTTP/1.1" 200 17898 "https://icad.astacus.se/?page=loggain&message=" "Mozilla/5.0 (Windows NT 10.0; Win64; x64; rv:107.0) Gecko/20100101 Firefox/107.0"
111.93.24.58 - - [21/Nov/2022:04:33:49 +0100] "GET /images/start_arkiv.jpg HTTP/1.1" 200 13974 "https://icad.astacus.se/?page=loggain&message=" "Mozilla/5.0 (Windows NT 10.0; Win64; x64; rv:107.0) Gecko/20100101 Firefox/107.0"
111.93.24.58 - - [21/Nov/2022:04:33:49 +0100] "GET /images/login.png HTTP/1.1" 200 65869 "https://icad.astacus.se/?page=loggain&message=" "Mozilla/5.0 (Windows NT 10.0; Win64; x64; rv:107.0) Gecko/20100101 Firefox/107.0"
195.246.120.111 - - [21/Nov/2022:04:33:59 +0100] "GET / HTTP/1.1" 200 2537 "-" "python-requests/2.4.3 CPython/3.7.3 Linux/4.9.35-v7+"
::1 - - [21/Nov/2022:04:34:04 +0100] "OPTIONS * HTTP/1.0" 200 - "-" "Apache/2.4.7 (Ubuntu) PHP/5.5.9-1ubuntu4.29 OpenSSL/1.0.1f (internal dummy connection)"
::1 - - [21/Nov/2022:04:34:05 +0100] "OPTIONS * HTTP/1.0" 200 - "-" "Apache/2.4.7 (Ubuntu) PHP/5.5.9-1ubuntu4.29 OpenSSL/1.0.1f (internal dummy connection)"
::1 - - [21/Nov/2022:04:34:06 +0100] "OPTIONS * HTTP/1.0" 200 - "-" "Apache/2.4.7 (Ubuntu) PHP/5.5.9-1ubuntu4.29 OpenSSL/1.0.1f (internal dummy connection)"
54.36.148.115 - - [21/Nov/2022:04:34:27 +0100] "GET /apps/school/www_old5/Html/LevelB/?C=M;O=D HTTP/1.1" 200 471 "-" "Mozilla/5.0 (compatible; AhrefsBot/7.0; +http://ahrefs.com/robot/)"
111.93.24.58 - - [21/Nov/2022:04:34:34 +0100] "GET /project/index.php?companyId=943&page=project_production&projectId=33261 HTTP/1.1" 302 31840 "-" "Mozilla/5.0 (Windows NT 10.0; Win64; x64; rv:107.0) Gecko/20100101 Firefox/107.0"
111.93.24.58 - - [21/Nov/2022:04:34:35 +0100] "GET /?page=loggain&message= HTTP/1.1" 302 234 "-" "Mozilla/5.0 (Windows NT 10.0; Win64; x64; rv:107.0) Gecko/20100101 Firefox/107.0"
111.93.24.58 - - [21/Nov/2022:04:34:35 +0100] "GET /?page=loggain&message= HTTP/1.1" 200 1772 "-" "Mozilla/5.0 (Windows NT 10.0; Win64; x64; rv:107.0) Gecko/20100101 Firefox/107.0"
111.93.24.58 - - [21/Nov/2022:04:34:35 +0100] "GET /main.css HTTP/1.1" 200 415 "https://icad.astacus.se/?page=loggain&message=" "Mozilla/5.0 (Windows NT 10.0; Win64; x64; rv:107.0) Gecko/20100101 Firefox/107.0"
111.93.24.58 - - [21/Nov/2022:04:34:36 +0100] "GET /images/login.png HTTP/1.1" 200 65869 "https://icad.astacus.se/?page=loggain&message=" "Mozilla/5.0 (Windows NT 10.0; Win64; x64; rv:107.0) Gecko/20100101 Firefox/107.0"
111.93.24.58 - - [21/Nov/2022:04:34:36 +0100] "GET /images/start_arkiv.jpg HTTP/1.1" 200 13974 "https://icad.astacus.se/?page=loggain&message=" "Mozilla/5.0 (Windows NT 10.0; Win64; x64; rv:107.0) Gecko/20100101 Firefox/107.0"
111.93.24.58 - - [21/Nov/2022:04:34:36 +0100] "GET /images/icadloggo.gif HTTP/1.1" 200 2516 "https://icad.astacus.se/?page=loggain&message=" "Mozilla/5.0 (Windows NT 10.0; Win64; x64; rv:107.0) Gecko/20100101 Firefox/107.0"
111.93.24.58 - - [21/Nov/2022:04:34:36 +0100] "GET /images/start_project.jpg HTTP/1.1" 200 17898 "https://icad.astacus.se/?page=loggain&message=" "Mozilla/5.0 (Windows NT 10.0; Win64; x64; rv:107.0) Gecko/20100101 Firefox/107.0"
111.93.24.58 - - [21/Nov/2022:04:34:36 +0100] "GET /images/bottom.jpg HTTP/1.1" 200 521 "https://icad.astacus.se/?page=loggain&message=" "Mozilla/5.0 (Windows NT 10.0; Win64; x64; rv:107.0) Gecko/20100101 Firefox/107.0"
111.93.24.58 - - [21/Nov/2022:04:34:40 +0100] "GET /timereport_india/start.php?trigeoid=TTPV2336 HTTP/1.1" 200 875 "-" "Mozilla/5.0 (Windows NT 10.0; Win64; x64; rv:107.0) Gecko/20100101 Firefox/107.0"
111.93.24.58 - - [21/Nov/2022:04:34:40 +0100] "GET /timereport_india/images/Astacus_Pos8x1.7.jpg HTTP/1.1" 200 4898 "http://appsrv.astacus.se/timereport_india/start.php?trigeoid=TTPV2336" "Mozilla/5.0 (Windows NT 10.0; Win64; x64; rv:107.0) Gecko/20100101 Firefox/107.0"
111.93.24.58 - - [21/Nov/2022:04:34:40 +0100] "GET /timereport_india/index.php HTTP/1.1" 200 1596 "http://appsrv.astacus.se/timereport_india/start.php?trigeoid=TTPV2336" "Mozilla/5.0 (Windows NT 10.0; Win64; x64; rv:107.0) Gecko/20100101 Firefox/107.0"
111.93.24.58 - - [21/Nov/2022:04:34:41 +0100] "GET /timereport_india/images/Astacus_Pos8x1.7.jpg HTTP/1.1" 200 4898 "http://appsrv.astacus.se/timereport_india/index.php" "Mozilla/5.0 (Windows NT 10.0; Win64; x64; rv:107.0) Gecko/20100101 Firefox/107.0"
::1 - - [21/Nov/2022:04:34:51 +0100] "OPTIONS * HTTP/1.0" 200 - "-" "Apache/2.4.7 (Ubuntu) PHP/5.5.9-1ubuntu4.29 OpenSSL/1.0.1f (internal dummy connection)"
::1 - - [21/Nov/2022:04:34:52 +0100] "OPTIONS * HTTP/1.0" 200 - "-" "Apache/2.4.7 (Ubuntu) PHP/5.5.9-1ubuntu4.29 OpenSSL/1.0.1f (internal dummy connection)"
::1 - - [21/Nov/2022:04:34:56 +0100] "OPTIONS * HTTP/1.0" 200 - "-" "Apache/2.4.7 (Ubuntu) PHP/5.5.9-1ubuntu4.29 OpenSSL/1.0.1f (internal dummy connection)"
114.119.141.52 - - [21/Nov/2022:04:36:36 +0100] "GET /apps/school/www_old8/img/LevelA/Category2/?C=D%3BO%3DA HTTP/1.1" 200 604 "http://kulturdokumentation.se/apps/school/www_old8/img/LevelA/Category2/?C=S%3BO%3DA" "Mozilla/5.0 (Linux; Android 7.0;) AppleWebKit/537.36 (KHTML, like Gecko) Mobile Safari/537.36 (compatible; PetalBot;+https://webmaster.petalsearch.com/site/petalbot)"
114.119.134.165 - - [21/Nov/2022:04:38:01 +0100] "GET /apps/school/www_old8/img/LevelF/Category1/LevelFCat1Lesson29?C=S%3BO%3DA HTTP/1.1" 301 312 "http://kulturdokumentation.com/apps/school/www_old8/img/LevelF/Category1/LevelFCat1Lesson29" "Mozilla/5.0 (Linux; Android 7.0;) AppleWebKit/537.36 (KHTML, like Gecko) Mobile Safari/537.36 (compatible; PetalBot;+https://webmaster.petalsearch.com/site/petalbot)"
114.119.134.165 - - [21/Nov/2022:04:38:02 +0100] "GET /apps/school/www_old8/img/LevelF/Category1/LevelFCat1Lesson29/?C=S%3BO%3DA HTTP/1.1" 200 491 "http://kulturdokumentation.com/apps/school/www_old8/img/LevelF/Category1/LevelFCat1Lesson29" "Mozilla/5.0 (Linux; Android 7.0;) AppleWebKit/537.36 (KHTML, like Gecko) Mobile Safari/537.36 (compatible; PetalBot;+https://webmaster.petalsearch.com/site/petalbot)"
114.119.141.52 - - [21/Nov/2022:04:41:42 +0100] "GET /apps/school/www_old_temp/AutodeskForge/learn.forge.viewmodels-nodejs/node_modules/sshpk/lib/?C=S%3BO%3DA HTTP/1.1" 200 685 "http://kulturdokumentation.se/apps/school/www_old_temp/AutodeskForge/learn.forge.viewmodels-nodejs/node_modules/sshpk/lib/" "Mozilla/5.0 (Linux; Android 7.0;) AppleWebKit/537.36 (KHTML, like Gecko) Mobile Safari/537.36 (compatible; PetalBot;+https://webmaster.petalsearch.com/site/petalbot)"
65.109.67.81 - - [21/Nov/2022:04:41:47 +0100] "GET /robots.txt HTTP/1.0" 404 208 "-" "Mozilla/5.0 (compatible; MJ12bot/v1.4.8; http://mj12bot.com/)"
65.109.67.81 - - [21/Nov/2022:04:41:49 +0100] "GET /apps/school/www_old10/img/LevelE/Category3/LevelECat3Lesson02/?C=D;O=A HTTP/1.0" 200 1025 "-" "Mozilla/5.0 (compatible; MJ12bot/v1.4.8; http://mj12bot.com/)"
65.109.67.81 - - [21/Nov/2022:04:41:58 +0100] "GET /apps/school/www_old10/img/LevelE/Category3/LevelECat3Lesson02/?C=M;O=A HTTP/1.1" 200 448 "-" "Mozilla/5.0 (compatible; MJ12bot/v1.4.8; http://mj12bot.com/)"
65.109.67.81 - - [21/Nov/2022:04:42:00 +0100] "GET /apps/school/www_old10/img/LevelE/Category3/LevelECat3Lesson03/?C=M;O=A HTTP/1.1" 200 447 "-" "Mozilla/5.0 (compatible; MJ12bot/v1.4.8; http://mj12bot.com/)"
65.109.67.81 - - [21/Nov/2022:04:42:02 +0100] "GET /apps/school/www_old10/img/LevelE/Category3/LevelECat3Lesson03/?C=S;O=A HTTP/1.1" 200 447 "-" "Mozilla/5.0 (compatible; MJ12bot/v1.4.8; http://mj12bot.com/)"
65.109.67.81 - - [21/Nov/2022:04:42:10 +0100] "GET /apps/school/www_old4/img/LevelC/Category2/LevelCCat2Lesson18/?C=M;O=A HTTP/1.1" 200 541 "-" "Mozilla/5.0 (compatible; MJ12bot/v1.4.8; http://mj12bot.com/)"
65.109.67.81 - - [21/Nov/2022:04:42:12 +0100] "GET /apps/school/www_old4/img/LevelC/Category2/LevelCCat2Lesson18/?C=S;O=A HTTP/1.1" 200 542 "-" "Mozilla/5.0 (compatible; MJ12bot/v1.4.8; http://mj12bot.com/)"
65.109.67.81 - - [21/Nov/2022:04:42:15 +0100] "GET /apps/school/www_old4/img/LevelE/Category1/ HTTP/1.1" 200 725 "-" "Mozilla/5.0 (compatible; MJ12bot/v1.4.8; http://mj12bot.com/)"
65.109.67.81 - - [21/Nov/2022:04:42:18 +0100] "GET /apps/school/www_old5/img/LevelB/Category1/ HTTP/1.1" 200 669 "-" "Mozilla/5.0 (compatible; MJ12bot/v1.4.8; http://mj12bot.com/)"
65.109.67.81 - - [21/Nov/2022:04:42:20 +0100] "GET /apps/school/www_old5/img/LevelG/Category2/ HTTP/1.1" 200 711 "-" "Mozilla/5.0 (compatible; MJ12bot/v1.4.8; http://mj12bot.com/)"
65.109.67.81 - - [21/Nov/2022:04:42:22 +0100] "GET /apps/school/www_old5/img/LevelG/Category2/LevelGCat2Lesson44/?C=N;O=A HTTP/1.1" 200 448 "-" "Mozilla/5.0 (compatible; MJ12bot/v1.4.8; http://mj12bot.com/)"
65.109.67.81 - - [21/Nov/2022:04:42:24 +0100] "GET /sales/?week=-179 HTTP/1.1" 200 1599 "-" "Mozilla/5.0 (compatible; MJ12bot/v1.4.8; http://mj12bot.com/)"
65.109.67.81 - - [21/Nov/2022:04:42:27 +0100] "GET /sales/?week=-181 HTTP/1.1" 200 1597 "-" "Mozilla/5.0 (compatible; MJ12bot/v1.4.8; http://mj12bot.com/)"
65.109.67.81 - - [21/Nov/2022:04:42:29 +0100] "GET /sales/?week=-32 HTTP/1.1" 200 1930 "-" "Mozilla/5.0 (compatible; MJ12bot/v1.4.8; http://mj12bot.com/)"
65.109.67.81 - - [21/Nov/2022:04:42:31 +0100] "GET /sales/?week=20 HTTP/1.1" 200 1595 "-" "Mozilla/5.0 (compatible; MJ12bot/v1.4.8; http://mj12bot.com/)"
65.109.67.81 - - [21/Nov/2022:04:42:52 +0100] "GET /robots.txt HTTP/1.1" 302 217 "-" "Mozilla/5.0 (compatible; MJ12bot/v1.4.8; http://mj12bot.com/)"
65.109.67.81 - - [21/Nov/2022:04:42:58 +0100] "GET /robots.txt HTTP/1.1" 200 67 "-" "Mozilla/5.0 (compatible; MJ12bot/v1.4.8; http://mj12bot.com/)"
54.36.149.3 - - [21/Nov/2022:04:42:58 +0100] "GET /3-of-these-terms-of-service-create-new-works-from/feed/ HTTP/1.1" 302 262 "-" "Mozilla/5.0 (compatible; AhrefsBot/7.0; +http://ahrefs.com/robot/)"
65.109.67.81 - - [21/Nov/2022:04:43:00 +0100] "GET /?page=astacus&from=inspection HTTP/1.1" 302 240 "-" "Mozilla/5.0 (compatible; MJ12bot/v1.4.8; http://mj12bot.com/)"
65.109.67.81 - - [21/Nov/2022:04:43:02 +0100] "GET /?page=astacus&from=inspection HTTP/1.1" 200 13128 "-" "Mozilla/5.0 (compatible; MJ12bot/v1.4.8; http://mj12bot.com/)"
114.119.134.155 - - [21/Nov/2022:04:43:15 +0100] "GET /apps/school/www_old9/img/LevelD/Category2/LevelDCat2Lesson08?C=D%3BO%3DA HTTP/1.1" 301 312 "http://kulturdokumentation.com/apps/school/www_old9/img/LevelD/Category2/LevelDCat2Lesson08?C=S%3BO%3DA" "Mozilla/5.0 (Linux; Android 7.0;) AppleWebKit/537.36 (KHTML, like Gecko) Mobile Safari/537.36 (compatible; PetalBot;+https://webmaster.petalsearch.com/site/petalbot)"
54.36.148.80 - - [21/Nov/2022:04:43:22 +0100] "GET /apps/school/www_old3/img/LevelD/Category2/LevelDCat2Lesson8/?C=D;O=A HTTP/1.1" 200 511 "-" "Mozilla/5.0 (compatible; AhrefsBot/7.0; +http://ahrefs.com/robot/)"
114.119.134.155 - - [21/Nov/2022:04:43:27 +0100] "GET /apps/school/www_old9/img/LevelD/Category2/LevelDCat2Lesson08/?C=D%3BO%3DA HTTP/1.1" 200 495 "http://kulturdokumentation.com/apps/school/www_old9/img/LevelD/Category2/LevelDCat2Lesson08?C=S%3BO%3DA" "Mozilla/5.0 (Linux; Android 7.0;) AppleWebKit/537.36 (KHTML, like Gecko) Mobile Safari/537.36 (compatible; PetalBot;+https://webmaster.petalsearch.com/site/petalbot)"
207.46.13.191 - - [21/Nov/2022:04:45:25 +0100] "GET /apps/school/www_old2/img/LevelA/Category2/LevelACat2Lesson11/?C=N;O=D HTTP/1.1" 200 486 "-" "Mozilla/5.0 AppleWebKit/537.36 (KHTML, like Gecko; compatible; bingbot/2.0; +http://www.bing.com/bingbot.htm) Chrome/103.0.5060.134 Safari/537.36"
40.77.167.27 - - [21/Nov/2022:04:45:44 +0100] "GET /?page=content&id=57 HTTP/1.1" 200 4830 "-" "Mozilla/5.0 AppleWebKit/537.36 (KHTML, like Gecko; compatible; bingbot/2.0; +http://www.bing.com/bingbot.htm) Chrome/103.0.5060.134 Safari/537.36"
114.119.132.76 - - [21/Nov/2022:04:46:50 +0100] "GET /apps/school/www_old4/img/LevelC/Category2/LevelCCat2Lesson2/?C=D%3BO%3DA HTTP/1.1" 200 460 "http://kulturdokumentation.se/apps/school/www_old4/img/LevelC/Category2/LevelCCat2Lesson2/?C=M%3BO%3DA" "Mozilla/5.0 (Linux; Android 7.0;) AppleWebKit/537.36 (KHTML, like Gecko) Mobile Safari/537.36 (compatible; PetalBot;+https://webmaster.petalsearch.com/site/petalbot)"
65.49.20.113 - - [21/Nov/2022:04:47:07 +0100] "GET / HTTP/1.1" 200 1772 "-" "Mozilla/5.0 (X11; Ubuntu; Linux x86_64; rv:105.0) Gecko/20100101 Firefox/105.0"
114.119.134.148 - - [21/Nov/2022:04:48:15 +0100] "GET /apps/school/www_old8/img/LevelB/Category1/LevelBCat1Lesson06?C=D%3BO%3DA HTTP/1.1" 301 312 "http://kulturdokumentation.com/apps/school/www_old8/img/LevelB/Category1/LevelBCat1Lesson06" "Mozilla/5.0 (Linux; Android 7.0;) AppleWebKit/537.36 (KHTML, like Gecko) Mobile Safari/537.36 (compatible; PetalBot;+https://webmaster.petalsearch.com/site/petalbot)"
114.119.134.148 - - [21/Nov/2022:04:48:15 +0100] "GET /apps/school/www_old8/img/LevelB/Category1/LevelBCat1Lesson06/?C=D%3BO%3DA HTTP/1.1" 200 501 "http://kulturdokumentation.com/apps/school/www_old8/img/LevelB/Category1/LevelBCat1Lesson06" "Mozilla/5.0 (Linux; Android 7.0;) AppleWebKit/537.36 (KHTML, like Gecko) Mobile Safari/537.36 (compatible; PetalBot;+https://webmaster.petalsearch.com/site/petalbot)"
14.98.175.41 - - [21/Nov/2022:04:48:58 +0100] "GET /notifications.php?days=2 HTTP/1.1" 200 110 "-" "Mozilla/5.0 (Windows NT 6.1; Win64; x64) AppleWebKit/537.36 (KHTML, like Gecko) Chrome/107.0.0.0 Safari/537.36"
14.98.175.41 - - [21/Nov/2022:04:48:59 +0100] "GET /favicon.ico HTTP/1.1" 404 209 "https://icad.astacus.se/notifications.php?days=2" "Mozilla/5.0 (Windows NT 6.1; Win64; x64) AppleWebKit/537.36 (KHTML, like Gecko) Chrome/107.0.0.0 Safari/537.36"
14.98.175.41 - - [21/Nov/2022:04:49:37 +0100] "GET /notifications.php?days=5 HTTP/1.1" 200 3179 "-" "Mozilla/5.0 (Windows NT 6.1; Win64; x64) AppleWebKit/537.36 (KHTML, like Gecko) Chrome/107.0.0.0 Safari/537.36"
216.244.66.239 - - [21/Nov/2022:04:50:35 +0100] "GET /robots.txt HTTP/1.1" 404 208 "-" "Mozilla/5.0 (compatible; DotBot/1.2; +https://opensiteexplorer.org/dotbot; help@moz.com)"
54.36.149.98 - - [21/Nov/2022:04:51:05 +0100] "GET /?page=result&keyword=Avlastningsyta HTTP/1.1" 200 3261 "-" "Mozilla/5.0 (compatible; AhrefsBot/7.0; +http://ahrefs.com/robot/)"
54.36.149.90 - - [21/Nov/2022:04:51:20 +0100] "GET /fortum-chose-astacus/ HTTP/1.1" 200 9582 "-" "Mozilla/5.0 (compatible; AhrefsBot/7.0; +http://ahrefs.com/robot/)"
114.119.141.42 - - [21/Nov/2022:04:51:56 +0100] "GET /apps/school/www_old3/img/LevelA/Category1/LevelACat1Lesson4/?C=M%3BO%3DA HTTP/1.1" 200 446 "http://kulturdokumentation.se/apps/school/www_old3/img/LevelA/Category1/LevelACat1Lesson4/?C=D%3BO%3DA" "Mozilla/5.0 (Linux; Android 7.0;) AppleWebKit/537.36 (KHTML, like Gecko) Mobile Safari/537.36 (compatible; PetalBot;+https://webmaster.petalsearch.com/site/petalbot)"
54.36.148.112 - - [21/Nov/2022:04:52:12 +0100] "GET /apps/school/www_old8/Html/LevelA/Category2/LevelACat2Lesson01.html HTTP/1.1" 200 2071 "-" "Mozilla/5.0 (compatible; AhrefsBot/7.0; +http://ahrefs.com/robot/)"
114.119.134.152 - - [21/Nov/2022:04:53:22 +0100] "GET /apps/school/www_old8/img/LevelE?C=S%3BO%3DA HTTP/1.1" 301 283 "http://kulturdokumentation.com/apps/school/www_old8/img/LevelE?C=D%3BO%3DA" "Mozilla/5.0 (Linux; Android 7.0;) AppleWebKit/537.36 (KHTML, like Gecko) Mobile Safari/537.36 (compatible; PetalBot;+https://webmaster.petalsearch.com/site/petalbot)"
114.119.134.152 - - [21/Nov/2022:04:53:23 +0100] "GET /apps/school/www_old8/img/LevelE/?C=S%3BO%3DA HTTP/1.1" 200 438 "http://kulturdokumentation.com/apps/school/www_old8/img/LevelE?C=D%3BO%3DA" "Mozilla/5.0 (Linux; Android 7.0;) AppleWebKit/537.36 (KHTML, like Gecko) Mobile Safari/537.36 (compatible; PetalBot;+https://webmaster.petalsearch.com/site/petalbot)"
216.244.66.203 - - [21/Nov/2022:04:53:29 +0100] "GET /apps/school/www_old10/Html/LevelC/Category3/?C=N;O=A HTTP/1.1" 200 5704 "-" "Mozilla/5.0 (compatible; DotBot/1.2; +https://opensiteexplorer.org/dotbot; help@moz.com)"
65.49.20.69 - - [21/Nov/2022:04:54:00 +0100] "GET / HTTP/1.1" 200 6439 "-" "-"
207.46.13.121 - - [21/Nov/2022:04:55:43 +0100] "GET /data/thumbs/GALANT%20Desk_7%20-%20120x60.jpg HTTP/1.1" 200 3121 "-" "Mozilla/5.0 (compatible; bingbot/2.0; +http://www.bing.com/bingbot.htm)"
198.199.95.27 - - [21/Nov/2022:04:56:07 +0100] "GET / HTTP/1.1" 200 1772 "-" "Mozilla/5.0 zgrab/0.x"
14.98.175.41 - - [21/Nov/2022:04:56:07 +0100] "GET /notifications.php?days=5 HTTP/1.1" 200 3179 "-" "Mozilla/5.0 (Windows NT 6.1; Win64; x64) AppleWebKit/537.36 (KHTML, like Gecko) Chrome/107.0.0.0 Safari/537.36"
114.119.141.69 - - [21/Nov/2022:04:57:01 +0100] "GET /apps/school/www_old_temp/AutodeskForge/learn.forge.viewmodels-nodejs/node_modules/busboy/deps/encoding/?C=M%3BO%3DA HTTP/1.1" 200 494 "http://kulturdokumentation.se/apps/school/www_old_temp/AutodeskForge/learn.forge.viewmodels-nodejs/node_modules/busboy/deps/encoding/?C=D%3BO%3DA" "Mozilla/5.0 (Linux; Android 7.0;) AppleWebKit/537.36 (KHTML, like Gecko) Mobile Safari/537.36 (compatible; PetalBot;+https://webmaster.petalsearch.com/site/petalbot)"
114.119.134.161 - - [21/Nov/2022:04:58:28 +0100] "GET /apps/school/www_old4/img/LevelA/Category1/LevelACat1Lesson13/ HTTP/1.1" 200 502 "http://kulturdokumentation.com/apps/school/www_old4/img/LevelA/Category1/?C=N%3BO%3DD" "Mozilla/5.0 (Linux; Android 7.0;) AppleWebKit/537.36 (KHTML, like Gecko) Mobile Safari/537.36 (compatible; PetalBot;+https://webmaster.petalsearch.com/site/petalbot)"
5.45.207.144 - - [21/Nov/2022:04:59:40 +0100] "GET /robots.txt HTTP/1.1" 404 208 "-" "Mozilla/5.0 (compatible; YandexBot/3.0; +http://yandex.com/bots)"
5.45.207.144 - - [21/Nov/2022:04:59:44 +0100] "GET /apps/school/www_old7/ HTTP/1.1" 200 2083 "-" "Mozilla/5.0 (compatible; YandexBot/3.0; +http://yandex.com/bots)"
65.49.20.109 - - [21/Nov/2022:04:59:49 +0100] "GET /favicon.ico HTTP/1.1" 404 209 "-" "Mozilla/5.0 (X11; Linux x86_64) AppleWebKit/537.36 (KHTML, like Gecko) Chrome/104.0.0.0 Safari/537.36"
54.36.148.28 - - [21/Nov/2022:05:00:01 +0100] "GET /apps/school/www_old_temp/AutodeskForge/ HTTP/1.1" 200 786 "-" "Mozilla/5.0 (compatible; AhrefsBot/7.0; +http://ahrefs.com/robot/)"
66.249.66.55 - - [21/Nov/2022:05:02:06 +0100] "GET /index.php?page=result&keyword=Braskaminer HTTP/1.1" 200 3576 "-" "Mozilla/5.0 (Linux; Android 6.0.1; Nexus 5X Build/MMB29P) AppleWebKit/537.36 (KHTML, like Gecko) Chrome/107.0.5304.110 Mobile Safari/537.36 (compatible; Googlebot/2.1; +http://www.google.com/bot.html)"
114.119.141.52 - - [21/Nov/2022:05:02:10 +0100] "GET /apps/school/?C=M%3BO%3DA HTTP/1.1" 200 606 "http://kulturdokumentation.se/apps/school/?C=S%3BO%3DA" "Mozilla/5.0 (Linux; Android 7.0;) AppleWebKit/537.36 (KHTML, like Gecko) Mobile Safari/537.36 (compatible; PetalBot;+https://webmaster.petalsearch.com/site/petalbot)"
5.45.207.144 - - [21/Nov/2022:05:03:18 +0100] "GET /robots.txt HTTP/1.1" 404 208 "-" "Mozilla/5.0 (compatible; YandexBot/3.0; +http://yandex.com/bots)"
5.45.207.144 - - [21/Nov/2022:05:03:22 +0100] "GET /astacusproject/ProjectSelected.do?projectId=8438 HTTP/1.1" 404 231 "-" "Mozilla/5.0 (compatible; YandexBot/3.0; +http://yandex.com/bots)"
114.119.134.165 - - [21/Nov/2022:05:03:34 +0100] "GET /apps/school/www_old3/img/LevelD/Category2/LevelDCat2Lesson7 HTTP/1.1" 301 299 "http://kulturdokumentation.com/apps/school/www_old3/img/LevelD/Category2?C=M%3BO%3DA" "Mozilla/5.0 (Linux; Android 7.0;) AppleWebKit/537.36 (KHTML, like Gecko) Mobile Safari/537.36 (compatible; PetalBot;+https://webmaster.petalsearch.com/site/petalbot)"
114.119.134.165 - - [21/Nov/2022:05:03:35 +0100] "GET /apps/school/www_old3/img/LevelD/Category2/LevelDCat2Lesson7/ HTTP/1.1" 200 486 "http://kulturdokumentation.com/apps/school/www_old3/img/LevelD/Category2?C=M%3BO%3DA" "Mozilla/5.0 (Linux; Android 7.0;) AppleWebKit/537.36 (KHTML, like Gecko) Mobile Safari/537.36 (compatible; PetalBot;+https://webmaster.petalsearch.com/site/petalbot)"
54.36.148.248 - - [21/Nov/2022:05:04:27 +0100] "GET /apps/school/www_old2/img/LevelA/Category2/LevelACat2Lesson3/?C=M;O=A HTTP/1.1" 200 479 "-" "Mozilla/5.0 (compatible; AhrefsBot/7.0; +http://ahrefs.com/robot/)"
65.49.20.109 - - [21/Nov/2022:05:07:04 +0100] "GET /.git/config HTTP/1.1" 404 209 "-" "Mozilla/5.0 (Windows NT 6.1; Win64; x64; rv:105.0) Gecko/20100101 Firefox/105.0"
114.119.141.53 - - [21/Nov/2022:05:07:17 +0100] "GET /apps/school/www_old4/img/LevelD/Category2/LevelDCat2Lesson7/ HTTP/1.1" 200 487 "http://kulturdokumentation.se/apps/school/www_old4/img/LevelD/Category2/" "Mozilla/5.0 (Linux; Android 7.0;) AppleWebKit/537.36 (KHTML, like Gecko) Mobile Safari/537.36 (compatible; PetalBot;+https://webmaster.petalsearch.com/site/petalbot)"
54.36.148.203 - - [21/Nov/2022:05:08:34 +0100] "GET /apps/school/www_old4/img/LevelA/Category1/LevelACat1Lesson2/ HTTP/1.1" 200 520 "-" "Mozilla/5.0 (compatible; AhrefsBot/7.0; +http://ahrefs.com/robot/)"
114.119.134.165 - - [21/Nov/2022:05:08:43 +0100] "GET /apps/school/www_old3/img/LevelB/Category1/LevelBCat1Lesson33/?C=S%3BO%3DA HTTP/1.1" 200 555 "http://kulturdokumentation.com/apps/school/www_old3/img/LevelB/Category1/LevelBCat1Lesson33/?C=N%3BO%3DD" "Mozilla/5.0 (Linux; Android 7.0;) AppleWebKit/537.36 (KHTML, like Gecko) Mobile Safari/537.36 (compatible; PetalBot;+https://webmaster.petalsearch.com/site/petalbot)"
194.110.203.38 - - [21/Nov/2022:05:08:58 +0100] "GET /backup_simplebim.se.tar.gz HTTP/1.1" 404 224 "-" "Firefox"
65.21.35.226 - - [21/Nov/2022:05:09:48 +0100] "GET /robots.txt HTTP/1.1" 404 208 "-" "Mozilla/5.0 (compatible; SeekportBot; +https://bot.seekport.com)"
65.21.35.226 - - [21/Nov/2022:05:09:48 +0100] "GET /robots.txt HTTP/1.1" 404 208 "-" "Mozilla/5.0 (compatible; SeekportBot; +https://bot.seekport.com)"
65.21.35.226 - - [21/Nov/2022:05:09:49 +0100] "GET / HTTP/1.1" 200 9151 "-" "Mozilla/5.0 (compatible; SeekportBot; +https://bot.seekport.com)"
65.21.35.226 - - [21/Nov/2022:05:09:51 +0100] "GET / HTTP/1.1" 200 9151 "http://www.evacuationplans.se/" "Mozilla/5.0 (compatible; SeekportBot; +https://bot.seekport.com)"
65.21.35.226 - - [21/Nov/2022:05:09:52 +0100] "GET /index.php HTTP/1.1" 200 9151 "http://www.evacuationplans.se/" "Mozilla/5.0 (compatible; SeekportBot; +https://bot.seekport.com)"
65.21.35.226 - - [21/Nov/2022:05:09:52 +0100] "GET /info.php HTTP/1.1" 200 11196 "http://www.evacuationplans.se/" "Mozilla/5.0 (compatible; SeekportBot; +https://bot.seekport.com)"
65.21.35.226 - - [21/Nov/2022:05:09:54 +0100] "GET /faq.php HTTP/1.1" 200 11054 "http://www.evacuationplans.se/" "Mozilla/5.0 (compatible; SeekportBot; +https://bot.seekport.com)"
65.21.35.226 - - [21/Nov/2022:05:09:54 +0100] "GET /start.php HTTP/1.1" 200 11272 "http://www.evacuationplans.se/" "Mozilla/5.0 (compatible; SeekportBot; +https://bot.seekport.com)"
65.21.35.226 - - [21/Nov/2022:05:09:57 +0100] "GET /priser.php HTTP/1.1" 200 12323 "http://www.evacuationplans.se/" "Mozilla/5.0 (compatible; SeekportBot; +https://bot.seekport.com)"
65.21.35.226 - - [21/Nov/2022:05:09:59 +0100] "GET /loggain.php HTTP/1.1" 200 10485 "http://www.evacuationplans.se/" "Mozilla/5.0 (compatible; SeekportBot; +https://bot.seekport.com)"
65.21.35.226 - - [21/Nov/2022:05:10:01 +0100] "GET /flow.php HTTP/1.1" 200 17694 "http://www.evacuationplans.se/info.php" "Mozilla/5.0 (compatible; SeekportBot; +https://bot.seekport.com)"
65.21.35.226 - - [21/Nov/2022:05:10:03 +0100] "GET /step1.php HTTP/1.1" 200 9699 "http://www.evacuationplans.se/info.php" "Mozilla/5.0 (compatible; SeekportBot; +https://bot.seekport.com)"
65.21.35.226 - - [21/Nov/2022:05:10:05 +0100] "GET /newpassword.php HTTP/1.1" 200 9009 "http://www.evacuationplans.se/loggain.php" "Mozilla/5.0 (compatible; SeekportBot; +https://bot.seekport.com)"
65.21.35.226 - - [21/Nov/2022:05:10:06 +0100] "GET /step2.php HTTP/1.1" 200 9917 "http://www.evacuationplans.se/flow.php" "Mozilla/5.0 (compatible; SeekportBot; +https://bot.seekport.com)"
216.244.66.239 - - [21/Nov/2022:05:11:23 +0100] "GET /apps/school/www_old10/img/LevelE/Category1/?C=D;O=A HTTP/1.1" 200 9929 "-" "Mozilla/5.0 (compatible; DotBot/1.2; +https://opensiteexplorer.org/dotbot; help@moz.com)"
216.244.66.203 - - [21/Nov/2022:05:11:41 +0100] "GET /robots.txt HTTP/1.1" 404 208 "-" "Mozilla/5.0 (compatible; DotBot/1.2; +https://opensiteexplorer.org/dotbot; help@moz.com)"
216.244.66.203 - - [21/Nov/2022:05:11:41 +0100] "GET /robots.txt HTTP/1.1" 404 208 "-" "Mozilla/5.0 (compatible; DotBot/1.2; +https://opensiteexplorer.org/dotbot; help@moz.com)"
114.119.141.69 - - [21/Nov/2022:05:12:20 +0100] "GET /apps/school/www_old8/Html/LevelE/Category3/LevelECat3Lesson25.html HTTP/1.1" 200 2580 "http://kulturdokumentation.se/apps/school/www_old8/Html/LevelE/Category3/?C=S%3BO%3DA" "Mozilla/5.0 (Linux; Android 7.0;) AppleWebKit/537.36 (KHTML, like Gecko) Mobile Safari/537.36 (compatible; PetalBot;+https://webmaster.petalsearch.com/site/petalbot)"
118.194.251.91 - - [21/Nov/2022:05:12:56 +0100] "GET / HTTP/1.1" 200 21 "-" "curl/7.29.0"
118.194.251.91 - - [21/Nov/2022:05:12:57 +0100] "\x16\x03\x01" 400 226 "-" "-"
54.36.148.174 - - [21/Nov/2022:05:13:09 +0100] "GET /apps/school/www_old2/img/LevelB/Category1/LevelBCat1Lesson23/?C=M;O=A HTTP/1.1" 200 473 "-" "Mozilla/5.0 (compatible; AhrefsBot/7.0; +http://ahrefs.com/robot/)"
16.170.159.128 - - [21/Nov/2022:05:13:14 +0100] "GET / HTTP/1.1" 200 21 "-" "node-fetch"
104.244.77.192 - - [21/Nov/2022:05:13:17 +0100] "GET /wp-login.php HTTP/1.1" 200 2977 "-" "Mozilla/5.0 (Windows NT 6.1) AppleWebKit/537.36 (KHTML, like Gecko) Chrome/36.0.1985.125 Safari/537.36"
104.244.77.192 - - [21/Nov/2022:05:13:17 +0100] "POST /wp-login.php HTTP/1.1" 200 3982 "-" "Mozilla/5.0 (Windows NT 6.1) AppleWebKit/537.36 (KHTML, like Gecko) Chrome/36.0.1985.125 Safari/537.36"
66.249.66.60 - - [21/Nov/2022:05:13:30 +0100] "GET /forge/forge-api-nodejs-client/docs/ HTTP/1.1" 200 2307 "-" "Mozilla/5.0 (Linux; Android 6.0.1; Nexus 5X Build/MMB29P) AppleWebKit/537.36 (KHTML, like Gecko) Chrome/107.0.5304.110 Mobile Safari/537.36 (compatible; Googlebot/2.1; +http://www.google.com/bot.html)"
114.119.134.148 - - [21/Nov/2022:05:14:02 +0100] "GET /apps/school/www_old3/img/LevelA/Category2/LevelACat2Lesson2?C=N%3BO%3DD HTTP/1.1" 301 311 "http://kulturdokumentation.com/apps/school/www_old3/img/LevelA/Category2/LevelACat2Lesson2?C=S%3BO%3DA" "Mozilla/5.0 (Linux; Android 7.0;) AppleWebKit/537.36 (KHTML, like Gecko) Mobile Safari/537.36 (compatible; PetalBot;+https://webmaster.petalsearch.com/site/petalbot)"
114.119.134.148 - - [21/Nov/2022:05:14:03 +0100] "GET /apps/school/www_old3/img/LevelA/Category2/LevelACat2Lesson2/?C=N%3BO%3DD HTTP/1.1" 200 520 "http://kulturdokumentation.com/apps/school/www_old3/img/LevelA/Category2/LevelACat2Lesson2?C=S%3BO%3DA" "Mozilla/5.0 (Linux; Android 7.0;) AppleWebKit/537.36 (KHTML, like Gecko) Mobile Safari/537.36 (compatible; PetalBot;+https://webmaster.petalsearch.com/site/petalbot)"
216.244.66.239 - - [21/Nov/2022:05:15:53 +0100] "GET /apps/school/www_old5/img/LevelC/Category1/LevelCCat1Lesson19/?C=M;O=A HTTP/1.1" 200 1410 "-" "Mozilla/5.0 (compatible; DotBot/1.2; +https://opensiteexplorer.org/dotbot; help@moz.com)"
216.244.66.239 - - [21/Nov/2022:05:16:00 +0100] "GET /apps/school/www_old6/img/LevelD/Category2/LevelDCat2Lesson16/?C=S;O=A HTTP/1.1" 200 2518 "-" "Mozilla/5.0 (compatible; DotBot/1.2; +https://opensiteexplorer.org/dotbot; help@moz.com)"
216.244.66.239 - - [21/Nov/2022:05:16:05 +0100] "GET /apps/school/www_old6/img/LevelF/Category2/LevelFCat2Lesson05/?C=D;O=A HTTP/1.1" 200 1028 "-" "Mozilla/5.0 (compatible; DotBot/1.2; +https://opensiteexplorer.org/dotbot; help@moz.com)"
216.244.66.239 - - [21/Nov/2022:05:16:09 +0100] "GET /apps/school/www_old8/img/LevelD/Category2/LevelDCat2Lesson20/?C=M;O=A HTTP/1.1" 200 1642 "-" "Mozilla/5.0 (compatible; DotBot/1.2; +https://opensiteexplorer.org/dotbot; help@moz.com)"
216.244.66.239 - - [21/Nov/2022:05:16:12 +0100] "GET /apps/school/www_old8/img/LevelF/Category1/LevelFCat1Lesson29/?C=D;O=A HTTP/1.1" 200 1620 "-" "Mozilla/5.0 (compatible; DotBot/1.2; +https://opensiteexplorer.org/dotbot; help@moz.com)"
216.244.66.239 - - [21/Nov/2022:05:16:17 +0100] "GET /apps/school/www_old9/img/LevelC/Category1/LevelCCat1Lesson22/?C=S;O=A HTTP/1.1" 200 1036 "-" "Mozilla/5.0 (compatible; DotBot/1.2; +https://opensiteexplorer.org/dotbot; help@moz.com)"
216.244.66.239 - - [21/Nov/2022:05:16:19 +0100] "GET /apps/school/www_old9/img/LevelF/Category2/LevelFCat2Lesson23/?C=D;O=A HTTP/1.1" 200 1228 "-" "Mozilla/5.0 (compatible; DotBot/1.2; +https://opensiteexplorer.org/dotbot; help@moz.com)"
114.119.141.53 - - [21/Nov/2022:05:17:29 +0100] "GET /apps/school/www_old_temp/AutodeskForge/learn.forge.viewmodels-nodejs/node_modules/verror/?C=M%3BO%3DA HTTP/1.1" 200 573 "http://kulturdokumentation.se/apps/school/www_old_temp/AutodeskForge/learn.forge.viewmodels-nodejs/node_modules/verror/?C=S%3BO%3DA" "Mozilla/5.0 (Linux; Android 7.0;) AppleWebKit/537.36 (KHTML, like Gecko) Mobile Safari/537.36 (compatible; PetalBot;+https://webmaster.petalsearch.com/site/petalbot)"
54.36.148.176 - - [21/Nov/2022:05:18:03 +0100] "GET /apps/school/www_old2/img/LevelB/Category1/LevelBCat1Lesson23/?C=S;O=A HTTP/1.1" 200 473 "-" "Mozilla/5.0 (compatible; AhrefsBot/7.0; +http://ahrefs.com/robot/)"
157.55.39.81 - - [21/Nov/2022:05:18:12 +0100] "GET / HTTP/1.1" 200 1772 "-" "Mozilla/5.0 (compatible; bingbot/2.0; +http://www.bing.com/bingbot.htm)"
114.119.134.152 - - [21/Nov/2022:05:19:04 +0100] "GET /apps/school/www_old3/img/LevelD/Category1/LevelDCat1Lesson29 HTTP/1.1" 301 300 "http://kulturdokumentation.com/apps/school/www_old3/img/LevelD/Category1" "Mozilla/5.0 (Linux; Android 7.0;) AppleWebKit/537.36 (KHTML, like Gecko) Mobile Safari/537.36 (compatible; PetalBot;+https://webmaster.petalsearch.com/site/petalbot)"
114.119.134.152 - - [21/Nov/2022:05:19:06 +0100] "GET /apps/school/www_old3/img/LevelD/Category1/LevelDCat1Lesson29/ HTTP/1.1" 200 447 "http://kulturdokumentation.com/apps/school/www_old3/img/LevelD/Category1" "Mozilla/5.0 (Linux; Android 7.0;) AppleWebKit/537.36 (KHTML, like Gecko) Mobile Safari/537.36 (compatible; PetalBot;+https://webmaster.petalsearch.com/site/petalbot)"
66.249.75.94 - - [21/Nov/2022:05:19:48 +0100] "GET /robots.txt HTTP/1.1" 404 208 "-" "Mozilla/5.0 (compatible; Googlebot/2.1; +http://www.google.com/bot.html)"
66.249.75.94 - - [21/Nov/2022:05:19:48 +0100] "GET /digitaltwin/map.php HTTP/1.1" 200 2058 "-" "Mozilla/5.0 (Linux; Android 6.0.1; Nexus 5X Build/MMB29P) AppleWebKit/537.36 (KHTML, like Gecko) Chrome/107.0.5304.110 Mobile Safari/537.36 (compatible; Googlebot/2.1; +http://www.google.com/bot.html)"
66.249.75.94 - - [21/Nov/2022:05:19:49 +0100] "GET /digitaltwin/start.php HTTP/1.1" 200 2421 "-" "Mozilla/5.0 (Linux; Android 6.0.1; Nexus 5X Build/MMB29P) AppleWebKit/537.36 (KHTML, like Gecko) Chrome/107.0.5304.110 Mobile Safari/537.36 (compatible; Googlebot/2.1; +http://www.google.com/bot.html)"
66.249.75.94 - - [21/Nov/2022:05:19:49 +0100] "GET /digitaltwin/object.php?id=1 HTTP/1.1" 200 2321 "-" "Mozilla/5.0 (Linux; Android 6.0.1; Nexus 5X Build/MMB29P) AppleWebKit/537.36 (KHTML, like Gecko) Chrome/107.0.5304.110 Mobile Safari/537.36 (compatible; Googlebot/2.1; +http://www.google.com/bot.html)"
14.116.220.93 - - [21/Nov/2022:05:19:54 +0100] "GET /wp-login.php HTTP/1.1" 404 210 "-" "Apache-HttpClient/4.5.2 (Java/1.8.0_161)"
14.116.220.93 - - [21/Nov/2022:05:19:58 +0100] "GET /?author=1 HTTP/1.1" 200 21 "-" "Apache-HttpClient/4.5.2 (Java/1.8.0_161)"
14.116.220.93 - - [21/Nov/2022:05:19:59 +0100] "GET /?author=2 HTTP/1.1" 200 21 "-" "Apache-HttpClient/4.5.2 (Java/1.8.0_161)"
14.116.220.93 - - [21/Nov/2022:05:20:00 +0100] "GET /?author=3 HTTP/1.1" 200 21 "-" "Apache-HttpClient/4.5.2 (Java/1.8.0_161)"
14.116.220.93 - - [21/Nov/2022:05:20:00 +0100] "GET /?author=4 HTTP/1.1" 200 21 "-" "Apache-HttpClient/4.5.2 (Java/1.8.0_161)"
14.116.220.93 - - [21/Nov/2022:05:20:00 +0100] "GET /?author=5 HTTP/1.1" 200 21 "-" "Apache-HttpClient/4.5.2 (Java/1.8.0_161)"
14.116.220.93 - - [21/Nov/2022:05:20:01 +0100] "GET /?author=6 HTTP/1.1" 200 21 "-" "Apache-HttpClient/4.5.2 (Java/1.8.0_161)"
14.116.220.93 - - [21/Nov/2022:05:20:01 +0100] "GET /?author=7 HTTP/1.1" 200 21 "-" "Apache-HttpClient/4.5.2 (Java/1.8.0_161)"
14.116.220.93 - - [21/Nov/2022:05:20:02 +0100] "GET /?author=8 HTTP/1.1" 200 21 "-" "Apache-HttpClient/4.5.2 (Java/1.8.0_161)"
14.116.220.93 - - [21/Nov/2022:05:20:02 +0100] "GET /?author=9 HTTP/1.1" 200 21 "-" "Apache-HttpClient/4.5.2 (Java/1.8.0_161)"
14.116.220.93 - - [21/Nov/2022:05:20:03 +0100] "GET /?author=10 HTTP/1.1" 200 21 "-" "Apache-HttpClient/4.5.2 (Java/1.8.0_161)"
14.116.220.93 - - [21/Nov/2022:05:20:03 +0100] "GET /?author=11 HTTP/1.1" 200 21 "-" "Apache-HttpClient/4.5.2 (Java/1.8.0_161)"
14.116.220.93 - - [21/Nov/2022:05:20:03 +0100] "GET /?author=12 HTTP/1.1" 200 21 "-" "Apache-HttpClient/4.5.2 (Java/1.8.0_161)"
14.116.220.93 - - [21/Nov/2022:05:20:04 +0100] "GET /?author=13 HTTP/1.1" 200 21 "-" "Apache-HttpClient/4.5.2 (Java/1.8.0_161)"
14.116.220.93 - - [21/Nov/2022:05:20:04 +0100] "GET /?author=14 HTTP/1.1" 200 21 "-" "Apache-HttpClient/4.5.2 (Java/1.8.0_161)"
14.116.220.93 - - [21/Nov/2022:05:20:05 +0100] "GET /?author=15 HTTP/1.1" 200 21 "-" "Apache-HttpClient/4.5.2 (Java/1.8.0_161)"
14.116.220.93 - - [21/Nov/2022:05:20:05 +0100] "GET /?author=16 HTTP/1.1" 200 21 "-" "Apache-HttpClient/4.5.2 (Java/1.8.0_161)"
14.116.220.93 - - [21/Nov/2022:05:20:06 +0100] "GET /?author=17 HTTP/1.1" 200 21 "-" "Apache-HttpClient/4.5.2 (Java/1.8.0_161)"
14.116.220.93 - - [21/Nov/2022:05:20:06 +0100] "GET /?author=18 HTTP/1.1" 200 21 "-" "Apache-HttpClient/4.5.2 (Java/1.8.0_161)"
14.116.220.93 - - [21/Nov/2022:05:20:06 +0100] "GET /?author=19 HTTP/1.1" 200 21 "-" "Apache-HttpClient/4.5.2 (Java/1.8.0_161)"
14.116.220.93 - - [21/Nov/2022:05:20:07 +0100] "GET /?author=20 HTTP/1.1" 200 21 "-" "Apache-HttpClient/4.5.2 (Java/1.8.0_161)"
207.46.13.187 - - [21/Nov/2022:05:20:41 +0100] "GET /forge/forge-api-nodejs-client/docs/Forbidden.md HTTP/1.1" 200 287 "-" "Mozilla/5.0 (compatible; bingbot/2.0; +http://www.bing.com/bingbot.htm)"
179.41.1.19 - - [21/Nov/2022:05:21:27 +0100] "GET /backup_biminfo.se.tar.gz HTTP/1.1" 404 222 "-" "Firefox"
216.244.66.203 - - [21/Nov/2022:05:22:17 +0100] "GET /apps/school/www_old2/Html/LevelC/Category1/LevelCCat1Lesson18.html HTTP/1.1" 200 3087 "-" "Mozilla/5.0 (compatible; DotBot/1.2; +https://opensiteexplorer.org/dotbot; help@moz.com)"
216.244.66.203 - - [21/Nov/2022:05:22:22 +0100] "GET /apps/school/www_old2/Html/LevelC/Category1/LevelCCat1Lesson27.html HTTP/1.1" 200 3068 "-" "Mozilla/5.0 (compatible; DotBot/1.2; +https://opensiteexplorer.org/dotbot; help@moz.com)"
216.244.66.203 - - [21/Nov/2022:05:22:29 +0100] "GET /apps/school/www_old9/Html/LevelH/Category1/LevelHCat1Lesson06b.html HTTP/1.1" 200 23708 "-" "Mozilla/5.0 (compatible; DotBot/1.2; +https://opensiteexplorer.org/dotbot; help@moz.com)"
114.119.141.42 - - [21/Nov/2022:05:22:33 +0100] "GET /apps/school/www_old6/img/LevelB/Category1/LevelBCat1Lesson19/?C=D%3BO%3DA HTTP/1.1" 200 544 "http://kulturdokumentation.se/apps/school/www_old6/img/LevelB/Category1/LevelBCat1Lesson19/?C=D%3BO%3DA" "Mozilla/5.0 (Linux; Android 7.0;) AppleWebKit/537.36 (KHTML, like Gecko) Mobile Safari/537.36 (compatible; PetalBot;+https://webmaster.petalsearch.com/site/petalbot)"
216.244.66.203 - - [21/Nov/2022:05:22:46 +0100] "GET /apps/school/www_old10/Html/LevelE/Category3/LevelECat3Lesson12.html HTTP/1.1" 200 2787 "-" "Mozilla/5.0 (compatible; DotBot/1.2; +https://opensiteexplorer.org/dotbot; help@moz.com)"
14.98.175.41 - - [21/Nov/2022:05:23:43 +0100] "GET /notifications.php?days=5 HTTP/1.1" 200 3179 "-" "Mozilla/5.0 (Windows NT 6.1; Win64; x64) AppleWebKit/537.36 (KHTML, like Gecko) Chrome/107.0.0.0 Safari/537.36"
54.36.148.172 - - [21/Nov/2022:05:23:52 +0100] "GET /apps/school/www_old8/img/LevelC/Category3/LevelCCat3Lesson05/ HTTP/1.1" 200 488 "-" "Mozilla/5.0 (compatible; AhrefsBot/7.0; +http://ahrefs.com/robot/)"
216.244.66.203 - - [21/Nov/2022:05:23:52 +0100] "GET /apps/school/www_old10/Html/LevelG/Category2/LevelGCat2Lesson30.html HTTP/1.1" 200 26321 "-" "Mozilla/5.0 (compatible; DotBot/1.2; +https://opensiteexplorer.org/dotbot; help@moz.com)"
114.119.134.152 - - [21/Nov/2022:05:24:00 +0100] "GET /apps/school/www_old9/img/LevelE/Category2/LevelECat2Lesson20 HTTP/1.1" 301 300 "http://kulturdokumentation.com/apps/school/www_old9/img/LevelE/Category2?C=S%3BO%3DA" "Mozilla/5.0 (Linux; Android 7.0;) AppleWebKit/537.36 (KHTML, like Gecko) Mobile Safari/537.36 (compatible; PetalBot;+https://webmaster.petalsearch.com/site/petalbot)"
114.119.134.152 - - [21/Nov/2022:05:24:01 +0100] "GET /apps/school/www_old9/img/LevelE/Category2/LevelECat2Lesson20/ HTTP/1.1" 200 707 "http://kulturdokumentation.com/apps/school/www_old9/img/LevelE/Category2?C=S%3BO%3DA" "Mozilla/5.0 (Linux; Android 7.0;) AppleWebKit/537.36 (KHTML, like Gecko) Mobile Safari/537.36 (compatible; PetalBot;+https://webmaster.petalsearch.com/site/petalbot)"
194.55.186.97 - - [21/Nov/2022:05:25:03 +0100] "POST /cgi-bin/.%%%%32%%65/.%%%%32%%65/.%%%%32%%65/.%%%%32%%65/.%%%%32%%65/bin/sh HTTP/1.1" 400 226 "-" "-"
114.119.141.51 - - [21/Nov/2022:05:27:39 +0100] "GET /apps/school/www_old8/img/LevelA/Category1/LevelACat1Lesson13/?C=N%3BO%3DD HTTP/1.1" 200 495 "http://kulturdokumentation.se/apps/school/www_old8/img/LevelA/Category1/LevelACat1Lesson13/?C=D%3BO%3DA" "Mozilla/5.0 (Linux; Android 7.0;) AppleWebKit/537.36 (KHTML, like Gecko) Mobile Safari/537.36 (compatible; PetalBot;+https://webmaster.petalsearch.com/site/petalbot)"
114.119.134.152 - - [21/Nov/2022:05:29:10 +0100] "GET /apps/school/www_old9/img/LevelA/Category1/LevelACat1Lesson02?C=S%3BO%3DA HTTP/1.1" 301 312 "http://kulturdokumentation.com/apps/school/www_old9/img/LevelA/Category1/LevelACat1Lesson02?C=M%3BO%3DA" "Mozilla/5.0 (Linux; Android 7.0;) AppleWebKit/537.36 (KHTML, like Gecko) Mobile Safari/537.36 (compatible; PetalBot;+https://webmaster.petalsearch.com/site/petalbot)"
114.119.134.152 - - [21/Nov/2022:05:29:16 +0100] "GET /apps/school/www_old9/img/LevelA/Category1/LevelACat1Lesson02/?C=S%3BO%3DA HTTP/1.1" 200 500 "http://kulturdokumentation.com/apps/school/www_old9/img/LevelA/Category1/LevelACat1Lesson02?C=M%3BO%3DA" "Mozilla/5.0 (Linux; Android 7.0;) AppleWebKit/537.36 (KHTML, like Gecko) Mobile Safari/537.36 (compatible; PetalBot;+https://webmaster.petalsearch.com/site/petalbot)"
54.36.149.52 - - [21/Nov/2022:05:30:02 +0100] "GET /apps/school/www_old5/img/LevelH/Category1/LevelHCat1Lesson05/?C=D;O=A HTTP/1.1" 200 447 "-" "Mozilla/5.0 (compatible; AhrefsBot/7.0; +http://ahrefs.com/robot/)"
207.46.13.159 - - [21/Nov/2022:05:30:15 +0100] "GET /apps/school/www_old2/downLoader_iOS.html HTTP/1.1" 200 2762 "-" "Mozilla/5.0 (compatible; bingbot/2.0; +http://www.bing.com/bingbot.htm)"
136.243.228.193 - - [21/Nov/2022:05:30:33 +0100] "GET /comments/feed/ HTTP/1.1" 200 390 "-" "Mozilla/5.0 (compatible; DataForSeoBot/1.0; +https://dataforseo.com/dataforseo-bot)"
111.93.24.58 - - [21/Nov/2022:05:31:55 +0100] "GET /?page=loggain&message= HTTP/1.1" 302 234 "-" "Mozilla/5.0 (Windows NT 10.0; Win64; x64; rv:107.0) Gecko/20100101 Firefox/107.0"
111.93.24.58 - - [21/Nov/2022:05:31:54 +0100] "GET /project/index.php?AdmincountryId=Alla HTTP/1.1" 302 132680 "-" "Mozilla/5.0 (Windows NT 10.0; Win64; x64; rv:107.0) Gecko/20100101 Firefox/107.0"
111.93.24.58 - - [21/Nov/2022:05:31:55 +0100] "GET /?page=loggain&message= HTTP/1.1" 200 1772 "-" "Mozilla/5.0 (Windows NT 10.0; Win64; x64; rv:107.0) Gecko/20100101 Firefox/107.0"
111.93.24.58 - - [21/Nov/2022:05:31:55 +0100] "GET /main.css HTTP/1.1" 200 415 "https://icad.astacus.se/?page=loggain&message=" "Mozilla/5.0 (Windows NT 10.0; Win64; x64; rv:107.0) Gecko/20100101 Firefox/107.0"
111.93.24.58 - - [21/Nov/2022:05:31:56 +0100] "GET /images/icadloggo.gif HTTP/1.1" 200 2516 "https://icad.astacus.se/?page=loggain&message=" "Mozilla/5.0 (Windows NT 10.0; Win64; x64; rv:107.0) Gecko/20100101 Firefox/107.0"
111.93.24.58 - - [21/Nov/2022:05:31:56 +0100] "GET /images/start_project.jpg HTTP/1.1" 200 17898 "https://icad.astacus.se/?page=loggain&message=" "Mozilla/5.0 (Windows NT 10.0; Win64; x64; rv:107.0) Gecko/20100101 Firefox/107.0"
111.93.24.58 - - [21/Nov/2022:05:31:56 +0100] "GET /images/login.png HTTP/1.1" 200 65869 "https://icad.astacus.se/?page=loggain&message=" "Mozilla/5.0 (Windows NT 10.0; Win64; x64; rv:107.0) Gecko/20100101 Firefox/107.0"
111.93.24.58 - - [21/Nov/2022:05:31:56 +0100] "GET /images/start_arkiv.jpg HTTP/1.1" 200 13974 "https://icad.astacus.se/?page=loggain&message=" "Mozilla/5.0 (Windows NT 10.0; Win64; x64; rv:107.0) Gecko/20100101 Firefox/107.0"
111.93.24.58 - - [21/Nov/2022:05:31:56 +0100] "GET /images/bottom.jpg HTTP/1.1" 200 521 "https://icad.astacus.se/?page=loggain&message=" "Mozilla/5.0 (Windows NT 10.0; Win64; x64; rv:107.0) Gecko/20100101 Firefox/107.0"
111.93.24.58 - - [21/Nov/2022:05:31:56 +0100] "GET /favicon.ico HTTP/1.1" 404 209 "https://icad.astacus.se/?page=loggain&message=" "Mozilla/5.0 (Windows NT 10.0; Win64; x64; rv:107.0) Gecko/20100101 Firefox/107.0"
111.93.24.58 - - [21/Nov/2022:05:31:57 +0100] "POST /logon.php?action=logon HTTP/1.1" 302 - "https://icad.astacus.se/?page=loggain&message=" "Mozilla/5.0 (Windows NT 10.0; Win64; x64; rv:107.0) Gecko/20100101 Firefox/107.0"
111.93.24.58 - - [21/Nov/2022:05:31:58 +0100] "GET /productionzon/index.php HTTP/1.1" 200 2708 "https://icad.astacus.se/?page=loggain&message=" "Mozilla/5.0 (Windows NT 10.0; Win64; x64; rv:107.0) Gecko/20100101 Firefox/107.0"
111.93.24.58 - - [21/Nov/2022:05:31:58 +0100] "GET /productionzon/calendar.js HTTP/1.1" 200 7955 "https://icad.astacus.se/productionzon/index.php" "Mozilla/5.0 (Windows NT 10.0; Win64; x64; rv:107.0) Gecko/20100101 Firefox/107.0"
111.93.24.58 - - [21/Nov/2022:05:32:00 +0100] "GET /project/index.php?AdmincountryId=Alla HTTP/1.1" 200 112484 "-" "Mozilla/5.0 (Windows NT 10.0; Win64; x64; rv:107.0) Gecko/20100101 Firefox/107.0"
111.93.24.58 - - [21/Nov/2022:05:32:01 +0100] "GET /images/support.png HTTP/1.1" 200 1909 "https://icad.astacus.se/project/index.php?AdmincountryId=Alla" "Mozilla/5.0 (Windows NT 10.0; Win64; x64; rv:107.0) Gecko/20100101 Firefox/107.0"
111.93.24.58 - - [21/Nov/2022:05:32:01 +0100] "GET /project/astacusproject_logo.png HTTP/1.1" 200 2670 "https://icad.astacus.se/project/index.php?AdmincountryId=Alla" "Mozilla/5.0 (Windows NT 10.0; Win64; x64; rv:107.0) Gecko/20100101 Firefox/107.0"
111.93.24.58 - - [21/Nov/2022:05:32:01 +0100] "GET /images/ordervalue0.png HTTP/1.1" 200 3491 "https://icad.astacus.se/project/index.php?AdmincountryId=Alla" "Mozilla/5.0 (Windows NT 10.0; Win64; x64; rv:107.0) Gecko/20100101 Firefox/107.0"
111.93.24.58 - - [21/Nov/2022:05:32:01 +0100] "GET /images/nolog.png HTTP/1.1" 200 2866 "https://icad.astacus.se/project/index.php?AdmincountryId=Alla" "Mozilla/5.0 (Windows NT 10.0; Win64; x64; rv:107.0) Gecko/20100101 Firefox/107.0"
14.98.175.41 - - [21/Nov/2022:05:32:14 +0100] "GET /notifications.php?days=5 HTTP/1.1" 200 3179 "-" "Mozilla/5.0 (Windows NT 6.1; Win64; x64) AppleWebKit/537.36 (KHTML, like Gecko) Chrome/107.0.0.0 Safari/537.36"
111.93.24.58 - - [21/Nov/2022:05:32:20 +0100] "GET /project/index.php?companyId=&page=project_production&projectId=33191 HTTP/1.1" 200 6379 "https://icad.astacus.se/project/index.php?AdmincountryId=Alla" "Mozilla/5.0 (Windows NT 10.0; Win64; x64; rv:107.0) Gecko/20100101 Firefox/107.0"
111.93.24.58 - - [21/Nov/2022:05:32:21 +0100] "GET /project/dhtmlxCalendar/codebase/dhtmlxcalendar.css HTTP/1.1" 200 2329 "https://icad.astacus.se/project/index.php?companyId=&page=project_production&projectId=33191" "Mozilla/5.0 (Windows NT 10.0; Win64; x64; rv:107.0) Gecko/20100101 Firefox/107.0"
111.93.24.58 - - [21/Nov/2022:05:32:21 +0100] "GET /images/icons/folder.gif HTTP/1.1" 200 996 "https://icad.astacus.se/project/index.php?companyId=&page=project_production&projectId=33191" "Mozilla/5.0 (Windows NT 10.0; Win64; x64; rv:107.0) Gecko/20100101 Firefox/107.0"
111.93.24.58 - - [21/Nov/2022:05:32:21 +0100] "GET /images/del.jpg HTTP/1.1" 200 781 "https://icad.astacus.se/project/index.php?companyId=&page=project_production&projectId=33191" "Mozilla/5.0 (Windows NT 10.0; Win64; x64; rv:107.0) Gecko/20100101 Firefox/107.0"
111.93.24.58 - - [21/Nov/2022:05:32:21 +0100] "GET /images/Back-Arrow.jpg HTTP/1.1" 200 6310 "https://icad.astacus.se/project/index.php?companyId=&page=project_production&projectId=33191" "Mozilla/5.0 (Windows NT 10.0; Win64; x64; rv:107.0) Gecko/20100101 Firefox/107.0"
111.93.24.58 - - [21/Nov/2022:05:32:21 +0100] "GET /project/calendar.gif HTTP/1.1" 200 244 "https://icad.astacus.se/project/index.php?companyId=&page=project_production&projectId=33191" "Mozilla/5.0 (Windows NT 10.0; Win64; x64; rv:107.0) Gecko/20100101 Firefox/107.0"
::1 - - [21/Nov/2022:05:32:37 +0100] "OPTIONS * HTTP/1.0" 200 - "-" "Apache/2.4.7 (Ubuntu) PHP/5.5.9-1ubuntu4.29 OpenSSL/1.0.1f (internal dummy connection)"
111.93.24.58 - - [21/Nov/2022:05:32:37 +0100] "GET /project/updateAllDates.php?page=project_production&projectId=33191&PreprocessingStartDate=&ProductionStartDate=2022-11-19&ProductionCompletedDate=2022-11-23 HTTP/1.1" 302 - "https://icad.astacus.se/project/index.php?companyId=&page=project_production&projectId=33191" "Mozilla/5.0 (Windows NT 10.0; Win64; x64; rv:107.0) Gecko/20100101 Firefox/107.0"
111.93.24.58 - - [21/Nov/2022:05:32:37 +0100] "GET /project/index.php?page=project_production&projectId=33191 HTTP/1.1" 200 6380 "https://icad.astacus.se/project/index.php?companyId=&page=project_production&projectId=33191" "Mozilla/5.0 (Windows NT 10.0; Win64; x64; rv:107.0) Gecko/20100101 Firefox/107.0"
::1 - - [21/Nov/2022:05:32:38 +0100] "OPTIONS * HTTP/1.0" 200 - "-" "Apache/2.4.7 (Ubuntu) PHP/5.5.9-1ubuntu4.29 OpenSSL/1.0.1f (internal dummy connection)"
111.93.24.58 - - [21/Nov/2022:05:32:40 +0100] "GET /project/updateAllDates.php?page=project_production&projectId=33191&PreprocessingStartDate=&ProductionStartDate=2022-11-19&ProductionCompletedDate=2022-11-23 HTTP/1.1" 302 - "https://icad.astacus.se/project/index.php?page=project_production&projectId=33191" "Mozilla/5.0 (Windows NT 10.0; Win64; x64; rv:107.0) Gecko/20100101 Firefox/107.0"
111.93.24.58 - - [21/Nov/2022:05:32:40 +0100] "GET /project/index.php?page=project_production&projectId=33191 HTTP/1.1" 200 6380 "https://icad.astacus.se/project/index.php?page=project_production&projectId=33191" "Mozilla/5.0 (Windows NT 10.0; Win64; x64; rv:107.0) Gecko/20100101 Firefox/107.0"
111.93.24.58 - - [21/Nov/2022:05:32:44 +0100] "GET /project/updateAllDates.php?page=project_production&projectId=33191&PreprocessingStartDate=2022-11-19&ProductionStartDate=2022-11-19&ProductionCompletedDate=2022-11-23 HTTP/1.1" 302 - "https://icad.astacus.se/project/index.php?page=project_production&projectId=33191" "Mozilla/5.0 (Windows NT 10.0; Win64; x64; rv:107.0) Gecko/20100101 Firefox/107.0"
111.93.24.58 - - [21/Nov/2022:05:32:44 +0100] "GET /project/index.php?page=project_production&projectId=33191 HTTP/1.1" 200 6377 "https://icad.astacus.se/project/index.php?page=project_production&projectId=33191" "Mozilla/5.0 (Windows NT 10.0; Win64; x64; rv:107.0) Gecko/20100101 Firefox/107.0"
114.119.141.53 - - [21/Nov/2022:05:32:49 +0100] "GET /apps/school/www_old9/Html/LevelB/Category2/?C=M%3BO%3DA HTTP/1.1" 200 631 "http://kulturdokumentation.se/apps/school/www_old9/Html/LevelB/Category2/" "Mozilla/5.0 (Linux; Android 7.0;) AppleWebKit/537.36 (KHTML, like Gecko) Mobile Safari/537.36 (compatible; PetalBot;+https://webmaster.petalsearch.com/site/petalbot)"
111.93.24.58 - - [21/Nov/2022:05:32:51 +0100] "GET /project/astacusproject_logo.png HTTP/1.1" 200 2670 "https://icad.astacus.se/project/index.php?page=project_production&projectId=33191" "Mozilla/5.0 (Windows NT 10.0; Win64; x64; rv:107.0) Gecko/20100101 Firefox/107.0"
111.93.24.58 - - [21/Nov/2022:05:32:55 +0100] "GET /project/index.php?AdmincountryId=Alla HTTP/1.1" 200 112480 "-" "Mozilla/5.0 (Windows NT 10.0; Win64; x64; rv:107.0) Gecko/20100101 Firefox/107.0"
111.93.24.58 - - [21/Nov/2022:05:32:56 +0100] "GET /images/ordervalue0.png HTTP/1.1" 200 3491 "https://icad.astacus.se/project/index.php?AdmincountryId=Alla" "Mozilla/5.0 (Windows NT 10.0; Win64; x64; rv:107.0) Gecko/20100101 Firefox/107.0"
111.93.24.58 - - [21/Nov/2022:05:33:00 +0100] "GET /project/index.php?AdmincountryId=Alla HTTP/1.1" 200 112480 "https://icad.astacus.se/project/index.php?page=project_production&projectId=33191" "Mozilla/5.0 (Windows NT 10.0; Win64; x64; rv:107.0) Gecko/20100101 Firefox/107.0"
111.93.24.58 - - [21/Nov/2022:05:33:04 +0100] "GET /project/index.php?companyId=2465&button11=Show HTTP/1.1" 200 80029 "https://icad.astacus.se/project/index.php?AdmincountryId=Alla" "Mozilla/5.0 (Windows NT 10.0; Win64; x64; rv:107.0) Gecko/20100101 Firefox/107.0"
