54.36.148.164 - - [20/Nov/2022:14:16:22 +0100] "GET /apps/school/www_old5/img/LevelC/Category2/LevelCCat2Lesson12/?C=M;O=D HTTP/1.1" 200 594 "-" "Mozilla/5.0 (compatible; AhrefsBot/7.0; +http://ahrefs.com/robot/)"
104.223.62.198 - - [20/Nov/2022:14:19:28 +0100] "GET /style.php?sig=rename HTTP/1.1" 404 207 "-" "Mozilla/5.0 (Linux; Android 10; HRY-LX1) AppleWebKit/537.36 (KHTML, like Gecko) Chrome/84.0.4147.125 Mobile Safari/537.36"
114.119.141.53 - - [20/Nov/2022:14:20:35 +0100] "GET /apps/school/www_old_temp/AutodeskForge/learn.forge.viewmodels-nodejs/node_modules/busboy/test/?C=S%3BO%3DA HTTP/1.1" 200 549 "http://kulturdokumentation.se/apps/school/www_old_temp/AutodeskForge/learn.forge.viewmodels-nodejs/node_modules/busboy/test/?C=D%3BO%3DA" "Mozilla/5.0 (Linux; Android 7.0;) AppleWebKit/537.36 (KHTML, like Gecko) Mobile Safari/537.36 (compatible; PetalBot;+https://webmaster.petalsearch.com/site/petalbot)"
114.119.134.155 - - [20/Nov/2022:14:21:19 +0100] "GET /apps/school/www_old6/img/LevelF/Category2/LevelFCat2Lesson05?C=S%3BO%3DA HTTP/1.1" 301 312 "http://kulturdokumentation.com/apps/school/www_old6/img/LevelF/Category2/LevelFCat2Lesson05?C=D%3BO%3DA" "Mozilla/5.0 (Linux; Android 7.0;) AppleWebKit/537.36 (KHTML, like Gecko) Mobile Safari/537.36 (compatible; PetalBot;+https://webmaster.petalsearch.com/site/petalbot)"
114.119.134.155 - - [20/Nov/2022:14:21:20 +0100] "GET /apps/school/www_old6/img/LevelF/Category2/LevelFCat2Lesson05/?C=S%3BO%3DA HTTP/1.1" 200 452 "http://kulturdokumentation.com/apps/school/www_old6/img/LevelF/Category2/LevelFCat2Lesson05?C=D%3BO%3DA" "Mozilla/5.0 (Linux; Android 7.0;) AppleWebKit/537.36 (KHTML, like Gecko) Mobile Safari/537.36 (compatible; PetalBot;+https://webmaster.petalsearch.com/site/petalbot)"
54.36.149.27 - - [20/Nov/2022:14:22:50 +0100] "GET /apps/school/www_old9/img/LevelH/Category1/LevelHCat1Lesson03/?C=M;O=A HTTP/1.1" 200 448 "-" "Mozilla/5.0 (compatible; AhrefsBot/7.0; +http://ahrefs.com/robot/)"
114.119.141.42 - - [20/Nov/2022:14:25:42 +0100] "GET /apps/school/www_old_temp/AutodeskForge/learn.forge.viewmodels-nodejs/node_modules/getpass/package.json HTTP/1.1" 200 1291 "http://kulturdokumentation.se/apps/school/www_old_temp/AutodeskForge/learn.forge.viewmodels-nodejs/node_modules/getpass/" "Mozilla/5.0 (Linux; Android 7.0;) AppleWebKit/537.36 (KHTML, like Gecko) Mobile Safari/537.36 (compatible; PetalBot;+https://webmaster.petalsearch.com/site/petalbot)"
114.119.134.165 - - [20/Nov/2022:14:26:25 +0100] "GET /apps/school/www_old4/img/LevelC/Category1/LevelCCat1Lesson27/?C=D%3BO%3DA HTTP/1.1" 200 450 "http://kulturdokumentation.com/apps/school/www_old4/img/LevelC/Category1/LevelCCat1Lesson27/?C=M%3BO%3DA" "Mozilla/5.0 (Linux; Android 7.0;) AppleWebKit/537.36 (KHTML, like Gecko) Mobile Safari/537.36 (compatible; PetalBot;+https://webmaster.petalsearch.com/site/petalbot)"
136.243.228.193 - - [20/Nov/2022:14:30:27 +0100] "GET /comments/feed/ HTTP/1.1" 200 390 "-" "Mozilla/5.0 (compatible; DataForSeoBot/1.0; +https://dataforseo.com/dataforseo-bot)"
79.136.114.73 - - [20/Nov/2022:14:30:28 +0100] "POST /wp-cron.php?doing_wp_cron=1668951028.0112130641937255859375 HTTP/1.1" 200 - "https://www.astacus.se/wp-cron.php?doing_wp_cron=1668951028.0112130641937255859375" "WordPress/4.8.1; https://www.astacus.se"
114.119.141.71 - - [20/Nov/2022:14:30:48 +0100] "GET /apps/school/www_old4/img/LevelB/Category1/LevelBCat1Lesson16/ HTTP/1.1" 200 451 "http://kulturdokumentation.se/apps/school/www_old4/img/LevelB/Category1/?C=N%3BO%3DD" "Mozilla/5.0 (Linux; Android 7.0;) AppleWebKit/537.36 (KHTML, like Gecko) Mobile Safari/537.36 (compatible; PetalBot;+https://webmaster.petalsearch.com/site/petalbot)"
54.36.148.54 - - [20/Nov/2022:14:31:12 +0100] "GET /apps/school/www_old9/img/LevelH/Category1/LevelHCat1Lesson39/?C=S;O=A HTTP/1.1" 200 451 "-" "Mozilla/5.0 (compatible; AhrefsBot/7.0; +http://ahrefs.com/robot/)"
114.119.134.165 - - [20/Nov/2022:14:31:31 +0100] "GET /apps/school/www_old8/Html/LevelG/Category1/LevelGCat1Lesson40.html HTTP/1.1" 200 3093 "http://kulturdokumentation.com/apps/school/www_old8/Html/LevelG/Category1/" "Mozilla/5.0 (Linux; Android 7.0;) AppleWebKit/537.36 (KHTML, like Gecko) Mobile Safari/537.36 (compatible; PetalBot;+https://webmaster.petalsearch.com/site/petalbot)"
5.45.207.103 - - [20/Nov/2022:14:33:12 +0100] "GET /robots.txt HTTP/1.1" 404 208 "-" "Mozilla/5.0 (compatible; YandexBot/3.0; +http://yandex.com/bots)"
87.250.224.71 - - [20/Nov/2022:14:33:15 +0100] "GET /astacusproject/ProjectSelected.do?projectId=24368 HTTP/1.1" 404 231 "-" "Mozilla/5.0 (compatible; YandexBot/3.0; +http://yandex.com/bots)"
114.119.141.51 - - [20/Nov/2022:14:35:53 +0100] "GET /apps/school/www_old8/img/LevelC/Category3/LevelCCat3Lesson16/?C=D%3BO%3DA HTTP/1.1" 200 526 "http://kulturdokumentation.se/apps/school/www_old8/img/LevelC/Category3/LevelCCat3Lesson16/?C=S%3BO%3DA" "Mozilla/5.0 (Linux; Android 7.0;) AppleWebKit/537.36 (KHTML, like Gecko) Mobile Safari/537.36 (compatible; PetalBot;+https://webmaster.petalsearch.com/site/petalbot)"
114.119.134.148 - - [20/Nov/2022:14:36:37 +0100] "GET /apps/school/www_old8/img/LevelF/Category1/LevelFCat1Lesson16/?C=N%3BO%3DD HTTP/1.1" 200 450 "http://kulturdokumentation.com/apps/school/www_old8/img/LevelF/Category1/LevelFCat1Lesson16?C=D%3BO%3DA" "Mozilla/5.0 (Linux; Android 7.0;) AppleWebKit/537.36 (KHTML, like Gecko) Mobile Safari/537.36 (compatible; PetalBot;+https://webmaster.petalsearch.com/site/petalbot)"
54.36.148.93 - - [20/Nov/2022:14:40:07 +0100] "GET /apps/school/www_old9/img/LevelE/Category2/LevelECat2Lesson01/ HTTP/1.1" 200 478 "-" "Mozilla/5.0 (compatible; AhrefsBot/7.0; +http://ahrefs.com/robot/)"
114.119.141.52 - - [20/Nov/2022:14:40:59 +0100] "GET /apps/school/www_old_temp/AutodeskForge/learn.forge.viewmodels-nodejs/node_modules/performance-now/ HTTP/1.1" 200 572 "http://kulturdokumentation.se/apps/school/www_old_temp/AutodeskForge/learn.forge.viewmodels-nodejs/node_modules/performance-now/src/" "Mozilla/5.0 (Linux; Android 7.0;) AppleWebKit/537.36 (KHTML, like Gecko) Mobile Safari/537.36 (compatible; PetalBot;+https://webmaster.petalsearch.com/site/petalbot)"
114.119.134.155 - - [20/Nov/2022:14:41:43 +0100] "GET /apps/school/www_old9/img/LevelB/Category1/LevelBCat1Lesson16/?C=M%3BO%3DA HTTP/1.1" 200 450 "http://kulturdokumentation.com/apps/school/www_old9/img/LevelB/Category1/LevelBCat1Lesson16/" "Mozilla/5.0 (Linux; Android 7.0;) AppleWebKit/537.36 (KHTML, like Gecko) Mobile Safari/537.36 (compatible; PetalBot;+https://webmaster.petalsearch.com/site/petalbot)"
95.216.225.240 - - [20/Nov/2022:14:44:19 +0100] "GET /wp-login.php HTTP/1.1" 302 219 "" "Mozilla/5.0 (Windows NT 10.0; Win64; x64; rv:106.0) Gecko/20100101 Firefox/106.0"
95.216.225.240 - - [20/Nov/2022:14:44:19 +0100] "GET /wp-login.php HTTP/1.1" 200 1274 "http://www.astacus.se/wp-login.php" "Mozilla/5.0 (Windows NT 10.0; Win64; x64; rv:106.0) Gecko/20100101 Firefox/106.0"
95.216.225.240 - - [20/Nov/2022:14:44:19 +0100] "GET /wp-json/wp/v2/users HTTP/1.1" 200 1174 "http://www.astacus.se/wp-login.php" "Mozilla/5.0 (Windows NT 10.0; Win64; x64; rv:106.0) Gecko/20100101 Firefox/106.0"
95.216.225.240 - - [20/Nov/2022:14:44:19 +0100] "POST /wp-login.php HTTP/1.1" 200 1659 "https://www.astacus.se/wp-login.php?redirect_to=https%3A%2F%2Fwww.astacus.se%2Fwp-admin%2F" "Mozilla/5.0 (Windows NT 10.0; Win64; x64; rv:106.0) Gecko/20100101 Firefox/106.0"
95.216.225.240 - - [20/Nov/2022:14:44:19 +0100] "POST /wp-login.php HTTP/1.1" 200 1653 "https://www.astacus.se/wp-login.php?redirect_to=https%3A%2F%2Fwww.astacus.se%2Fwp-admin%2F" "Mozilla/5.0 (Windows NT 10.0; Win64; x64; rv:106.0) Gecko/20100101 Firefox/106.0"
95.216.225.240 - - [20/Nov/2022:14:44:20 +0100] "POST /wp-login.php HTTP/1.1" 200 1634 "https://www.astacus.se/wp-login.php?redirect_to=https%3A%2F%2Fwww.astacus.se%2Fwp-admin%2F" "Mozilla/5.0 (Windows NT 10.0; Win64; x64; rv:106.0) Gecko/20100101 Firefox/106.0"
207.46.13.187 - - [20/Nov/2022:14:44:39 +0100] "GET /grundvattenprospektering/ HTTP/1.1" 200 9981 "-" "Mozilla/5.0 (compatible; bingbot/2.0; +http://www.bing.com/bingbot.htm)"
207.46.13.187 - - [20/Nov/2022:14:44:59 +0100] "GET /wp-includes/js/comment-reply.min.js?ver=4.8.1 HTTP/1.1" 200 589 "-" "Mozilla/5.0 AppleWebKit/537.36 (KHTML, like Gecko; compatible; bingbot/2.0; +http://www.bing.com/bingbot.htm) Chrome/103.0.5060.134 Safari/537.36"
207.46.13.159 - - [20/Nov/2022:14:45:01 +0100] "GET /wp-includes/js/jquery/ui/slider.min.js?ver=1.11.4 HTTP/1.1" 200 3093 "-" "Mozilla/5.0 (compatible; bingbot/2.0; +http://www.bing.com/bingbot.htm)"
157.55.39.8 - - [20/Nov/2022:14:45:03 +0100] "GET /wp-content/plugins/cornerstone/assets/dist/js/site/cs-body.js?ver=2.0.6 HTTP/1.1" 200 41251 "-" "Mozilla/5.0 AppleWebKit/537.36 (KHTML, like Gecko; compatible; bingbot/2.0; +http://www.bing.com/bingbot.htm) Chrome/103.0.5060.134 Safari/537.36"
157.55.39.206 - - [20/Nov/2022:14:45:03 +0100] "GET /wp-content/plugins/revslider/public/assets/js/jquery.themepunch.revolution.min.js?ver=5.4.8 HTTP/1.1" 200 18090 "-" "Mozilla/5.0 AppleWebKit/537.36 (KHTML, like Gecko; compatible; bingbot/2.0; +http://www.bing.com/bingbot.htm) Chrome/103.0.5060.134 Safari/537.36"
40.77.167.32 - - [20/Nov/2022:14:45:03 +0100] "GET /wp-includes/js/jquery/ui/core.min.js?ver=1.11.4 HTTP/1.1" 200 1821 "-" "Mozilla/5.0 AppleWebKit/537.36 (KHTML, like Gecko; compatible; bingbot/2.0; +http://www.bing.com/bingbot.htm) Chrome/103.0.5060.134 Safari/537.36"
157.55.39.206 - - [20/Nov/2022:14:45:13 +0100] "GET /wp-content/plugins/revslider/public/assets/js/jquery.themepunch.tools.min.js?ver=5.4.8 HTTP/1.1" 200 38337 "-" "Mozilla/5.0 (compatible; bingbot/2.0; +http://www.bing.com/bingbot.htm)"
157.55.39.206 - - [20/Nov/2022:14:45:13 +0100] "GET /wp-content/themes/x/framework/js/dist/site/x-head.min.js?ver=4.6.4 HTTP/1.1" 200 1210 "-" "Mozilla/5.0 AppleWebKit/537.36 (KHTML, like Gecko; compatible; bingbot/2.0; +http://www.bing.com/bingbot.htm) Chrome/103.0.5060.134 Safari/537.36"
157.55.39.206 - - [20/Nov/2022:14:45:14 +0100] "GET /wp-includes/js/jquery/ui/widget.min.js?ver=1.11.4 HTTP/1.1" 200 2599 "-" "Mozilla/5.0 (compatible; bingbot/2.0; +http://www.bing.com/bingbot.htm)"
157.55.39.206 - - [20/Nov/2022:14:45:14 +0100] "GET /wp-includes/js/wp-embed.min.js?ver=4.8.1 HTTP/1.1" 200 751 "-" "Mozilla/5.0 AppleWebKit/537.36 (KHTML, like Gecko; compatible; bingbot/2.0; +http://www.bing.com/bingbot.htm) Chrome/103.0.5060.134 Safari/537.36"
157.55.39.8 - - [20/Nov/2022:14:45:17 +0100] "GET /wp-content/themes/x/framework/js/dist/site/x-body.min.js?ver=4.6.4 HTTP/1.1" 200 7438 "-" "Mozilla/5.0 (compatible; bingbot/2.0; +http://www.bing.com/bingbot.htm)"
157.55.39.8 - - [20/Nov/2022:14:45:18 +0100] "GET /wp-includes/js/wp-emoji-release.min.js?ver=4.8.1 HTTP/1.1" 200 4299 "-" "Mozilla/5.0 (compatible; bingbot/2.0; +http://www.bing.com/bingbot.htm)"
207.46.13.191 - - [20/Nov/2022:14:45:22 +0100] "GET /wp-includes/js/jquery/jquery.js?ver=1.12.4 HTTP/1.1" 200 33766 "-" "Mozilla/5.0 (compatible; bingbot/2.0; +http://www.bing.com/bingbot.htm)"
114.119.132.76 - - [20/Nov/2022:14:46:09 +0100] "GET /apps/school/www_old3/img/LevelA/Category1/LevelACat1Lesson11/?C=N%3BO%3DD HTTP/1.1" 200 493 "http://kulturdokumentation.se/apps/school/www_old3/img/LevelA/Category1/LevelACat1Lesson11/" "Mozilla/5.0 (Linux; Android 7.0;) AppleWebKit/537.36 (KHTML, like Gecko) Mobile Safari/537.36 (compatible; PetalBot;+https://webmaster.petalsearch.com/site/petalbot)"
193.118.53.210 - - [20/Nov/2022:14:46:18 +0100] "GET / HTTP/1.1" 200 1772 "-" "Mozilla/5.0 (Windows NT 10.0; Win64; x64) AppleWebKit/537.36 (KHTML, like Gecko) Chrome/60.0.3112.113 Safari/537.36"
114.119.134.148 - - [20/Nov/2022:14:46:50 +0100] "GET /?C=S%3BO%3DA HTTP/1.1" 200 21 "http://kulturdokumentation.com?C=M%3BO%3DA" "Mozilla/5.0 (Linux; Android 7.0;) AppleWebKit/537.36 (KHTML, like Gecko) Mobile Safari/537.36 (compatible; PetalBot;+https://webmaster.petalsearch.com/site/petalbot)"
54.36.148.173 - - [20/Nov/2022:14:47:05 +0100] "GET /apps/school/www_old9/img/LevelH/Category1/LevelHCat1Lesson39/?C=M;O=A HTTP/1.1" 200 451 "-" "Mozilla/5.0 (compatible; AhrefsBot/7.0; +http://ahrefs.com/robot/)"
114.119.141.52 - - [20/Nov/2022:14:51:12 +0100] "GET /apps/school/www_old6/img/LevelF/Category1/LevelFCat1Lesson10/?C=S%3BO%3DA HTTP/1.1" 200 476 "http://kulturdokumentation.se/apps/school/www_old6/img/LevelF/Category1/LevelFCat1Lesson10/?C=N%3BO%3DD" "Mozilla/5.0 (Linux; Android 7.0;) AppleWebKit/537.36 (KHTML, like Gecko) Mobile Safari/537.36 (compatible; PetalBot;+https://webmaster.petalsearch.com/site/petalbot)"
106.195.74.249 - - [20/Nov/2022:14:51:32 +0100] "GET /project/index.php?page=project_production&projectId=31937&path=/Files%20from%20Production/AutoCAD HTTP/1.1" 302 32804 "-" "Mozilla/5.0 (Linux; Android 13; LE2121) AppleWebKit/537.36 (KHTML, like Gecko) Chrome/107.0.0.0 Mobile Safari/537.36"
106.195.74.249 - - [20/Nov/2022:14:51:33 +0100] "GET /?page=loggain&message= HTTP/1.1" 302 234 "-" "Mozilla/5.0 (Linux; Android 13; LE2121) AppleWebKit/537.36 (KHTML, like Gecko) Chrome/107.0.0.0 Mobile Safari/537.36"
106.195.74.249 - - [20/Nov/2022:14:51:33 +0100] "GET /?page=loggain&message= HTTP/1.1" 200 1772 "-" "Mozilla/5.0 (Linux; Android 13; LE2121) AppleWebKit/537.36 (KHTML, like Gecko) Chrome/107.0.0.0 Mobile Safari/537.36"
106.195.74.249 - - [20/Nov/2022:14:51:33 +0100] "GET /images/start_project.jpg HTTP/1.1" 200 17898 "https://icad.astacus.se/?page=loggain&message=" "Mozilla/5.0 (Linux; Android 13; LE2121) AppleWebKit/537.36 (KHTML, like Gecko) Chrome/107.0.0.0 Mobile Safari/537.36"
106.195.74.249 - - [20/Nov/2022:14:51:33 +0100] "GET /images/login.png HTTP/1.1" 200 65869 "https://icad.astacus.se/?page=loggain&message=" "Mozilla/5.0 (Linux; Android 13; LE2121) AppleWebKit/537.36 (KHTML, like Gecko) Chrome/107.0.0.0 Mobile Safari/537.36"
106.195.74.249 - - [20/Nov/2022:14:51:34 +0100] "GET /images/start_arkiv.jpg HTTP/1.1" 200 13974 "https://icad.astacus.se/?page=loggain&message=" "Mozilla/5.0 (Linux; Android 13; LE2121) AppleWebKit/537.36 (KHTML, like Gecko) Chrome/107.0.0.0 Mobile Safari/537.36"
106.195.74.249 - - [20/Nov/2022:14:51:34 +0100] "GET /favicon.ico HTTP/1.1" 404 209 "https://icad.astacus.se/?page=loggain&message=" "Mozilla/5.0 (Linux; Android 13; LE2121) AppleWebKit/537.36 (KHTML, like Gecko) Chrome/107.0.0.0 Mobile Safari/537.36"
106.195.74.249 - - [20/Nov/2022:14:51:37 +0100] "POST /logon.php?action=logon HTTP/1.1" 302 - "https://icad.astacus.se/?page=loggain&message=" "Mozilla/5.0 (Linux; Android 13; LE2121) AppleWebKit/537.36 (KHTML, like Gecko) Chrome/107.0.0.0 Mobile Safari/537.36"
106.195.74.249 - - [20/Nov/2022:14:51:37 +0100] "GET /productionzon/index.php HTTP/1.1" 200 2706 "https://icad.astacus.se/?page=loggain&message=" "Mozilla/5.0 (Linux; Android 13; LE2121) AppleWebKit/537.36 (KHTML, like Gecko) Chrome/107.0.0.0 Mobile Safari/537.36"
106.195.74.249 - - [20/Nov/2022:14:51:38 +0100] "GET /images/newMailMessage.gif HTTP/1.1" 200 383 "https://icad.astacus.se/productionzon/index.php" "Mozilla/5.0 (Linux; Android 13; LE2121) AppleWebKit/537.36 (KHTML, like Gecko) Chrome/107.0.0.0 Mobile Safari/537.36"
106.195.74.249 - - [20/Nov/2022:14:51:38 +0100] "GET /productionzon/calendar.js HTTP/1.1" 200 7955 "https://icad.astacus.se/productionzon/index.php" "Mozilla/5.0 (Linux; Android 13; LE2121) AppleWebKit/537.36 (KHTML, like Gecko) Chrome/107.0.0.0 Mobile Safari/537.36"
106.195.74.249 - - [20/Nov/2022:14:51:38 +0100] "GET /images/platta1.jpg HTTP/1.1" 200 3795 "https://icad.astacus.se/productionzon/index.php" "Mozilla/5.0 (Linux; Android 13; LE2121) AppleWebKit/537.36 (KHTML, like Gecko) Chrome/107.0.0.0 Mobile Safari/537.36"
106.195.74.249 - - [20/Nov/2022:14:51:40 +0100] "GET /?page=loggain&message= HTTP/1.1" 200 1772 "-" "Mozilla/5.0 (Linux; Android 13; LE2121) AppleWebKit/537.36 (KHTML, like Gecko) Chrome/107.0.0.0 Mobile Safari/537.36"
114.119.134.161 - - [20/Nov/2022:14:51:56 +0100] "GET /apps/school/www_old9/img/LevelD/LevelDCat1Lesson37/ HTTP/1.1" 404 249 "http://kulturdokumentation.com/apps/school/www_old9/img/LevelD/Category1" "Mozilla/5.0 (Linux; Android 7.0;) AppleWebKit/537.36 (KHTML, like Gecko) Mobile Safari/537.36 (compatible; PetalBot;+https://webmaster.petalsearch.com/site/petalbot)"
106.195.74.249 - - [20/Nov/2022:14:51:57 +0100] "GET / HTTP/1.1" 200 13133 "-" "Mozilla/5.0 (Linux; Android 13; LE2121) AppleWebKit/537.36 (KHTML, like Gecko) Chrome/107.0.0.0 Mobile Safari/537.36"
106.195.74.249 - - [20/Nov/2022:14:51:57 +0100] "GET /wp-content/themes/x/framework/css/dist/site/stacks/ethos.css?ver=4.6.4 HTTP/1.1" 200 23966 "https://www.astacus.se/" "Mozilla/5.0 (Linux; Android 13; LE2121) AppleWebKit/537.36 (KHTML, like Gecko) Chrome/107.0.0.0 Mobile Safari/537.36"
106.195.74.249 - - [20/Nov/2022:14:51:57 +0100] "GET /wp-includes/js/jquery/jquery.js?ver=1.12.4 HTTP/1.1" 200 33766 "https://www.astacus.se/" "Mozilla/5.0 (Linux; Android 13; LE2121) AppleWebKit/537.36 (KHTML, like Gecko) Chrome/107.0.0.0 Mobile Safari/537.36"
106.195.74.249 - - [20/Nov/2022:14:51:57 +0100] "GET /wp-content/plugins/cornerstone/assets/dist/js/site/cs-head.js?ver=2.0.6 HTTP/1.1" 200 14859 "https://www.astacus.se/" "Mozilla/5.0 (Linux; Android 13; LE2121) AppleWebKit/537.36 (KHTML, like Gecko) Chrome/107.0.0.0 Mobile Safari/537.36"
106.195.74.249 - - [20/Nov/2022:14:51:58 +0100] "GET /wp-content/plugins/cornerstone/assets/dist/js/site/cs-body.js?ver=2.0.6 HTTP/1.1" 200 41251 "https://www.astacus.se/" "Mozilla/5.0 (Linux; Android 13; LE2121) AppleWebKit/537.36 (KHTML, like Gecko) Chrome/107.0.0.0 Mobile Safari/537.36"
106.195.74.249 - - [20/Nov/2022:14:51:58 +0100] "GET /wp-content/uploads/2017/08/image007.jpg HTTP/1.1" 200 77965 "https://www.astacus.se/" "Mozilla/5.0 (Linux; Android 13; LE2121) AppleWebKit/537.36 (KHTML, like Gecko) Chrome/107.0.0.0 Mobile Safari/537.36"
106.195.74.249 - - [20/Nov/2022:14:51:58 +0100] "GET /wp-content/uploads/2020/04/dronare3.jpg HTTP/1.1" 200 71537 "https://www.astacus.se/" "Mozilla/5.0 (Linux; Android 13; LE2121) AppleWebKit/537.36 (KHTML, like Gecko) Chrome/107.0.0.0 Mobile Safari/537.36"
106.195.74.249 - - [20/Nov/2022:14:51:58 +0100] "GET /wp-content/uploads/2018/07/UGS2.jpg HTTP/1.1" 200 109543 "https://www.astacus.se/" "Mozilla/5.0 (Linux; Android 13; LE2121) AppleWebKit/537.36 (KHTML, like Gecko) Chrome/107.0.0.0 Mobile Safari/537.36"
106.195.74.249 - - [20/Nov/2022:14:51:59 +0100] "GET /wp-content/uploads/2017/08/SCAB_ISO_9001_Sve_RGB.png HTTP/1.1" 200 16506 "https://www.astacus.se/" "Mozilla/5.0 (Linux; Android 13; LE2121) AppleWebKit/537.36 (KHTML, like Gecko) Chrome/107.0.0.0 Mobile Safari/537.36"
106.195.74.249 - - [20/Nov/2022:14:51:58 +0100] "GET /wp-content/themes/x/framework/fonts/font_awesome/fontawesome-webfont.woff2?v=4.6.3 HTTP/1.1" 200 71896 "https://www.astacus.se/wp-content/themes/x/framework/css/dist/site/stacks/ethos.css?ver=4.6.4" "Mozilla/5.0 (Linux; Android 13; LE2121) AppleWebKit/537.36 (KHTML, like Gecko) Chrome/107.0.0.0 Mobile Safari/537.36"
106.195.74.249 - - [20/Nov/2022:14:51:59 +0100] "GET /wp-content/uploads/2017/08/SCAB_ISO_14001_Sve_RGB.png HTTP/1.1" 200 16510 "https://www.astacus.se/" "Mozilla/5.0 (Linux; Android 13; LE2121) AppleWebKit/537.36 (KHTML, like Gecko) Chrome/107.0.0.0 Mobile Safari/537.36"
106.195.74.249 - - [20/Nov/2022:14:51:59 +0100] "GET /wp-content/uploads/2017/08/image005.jpg HTTP/1.1" 200 51745 "https://www.astacus.se/" "Mozilla/5.0 (Linux; Android 13; LE2121) AppleWebKit/537.36 (KHTML, like Gecko) Chrome/107.0.0.0 Mobile Safari/537.36"
106.195.74.249 - - [20/Nov/2022:14:51:59 +0100] "GET /wp-content/plugins/revslider/public/assets/js/jquery.themepunch.tools.min.js?ver=5.4.8 HTTP/1.1" 200 38337 "https://www.astacus.se/" "Mozilla/5.0 (Linux; Android 13; LE2121) AppleWebKit/537.36 (KHTML, like Gecko) Chrome/107.0.0.0 Mobile Safari/537.36"
106.195.74.249 - - [20/Nov/2022:14:51:59 +0100] "GET /wp-content/plugins/revslider/public/assets/js/jquery.themepunch.revolution.min.js?ver=5.4.8 HTTP/1.1" 200 18090 "https://www.astacus.se/" "Mozilla/5.0 (Linux; Android 13; LE2121) AppleWebKit/537.36 (KHTML, like Gecko) Chrome/107.0.0.0 Mobile Safari/537.36"
106.195.74.249 - - [20/Nov/2022:14:51:59 +0100] "GET /wp-content/uploads/2020/04/scb-881x492.jpg HTTP/1.1" 200 29812 "https://www.astacus.se/" "Mozilla/5.0 (Linux; Android 13; LE2121) AppleWebKit/537.36 (KHTML, like Gecko) Chrome/107.0.0.0 Mobile Safari/537.36"
106.195.74.249 - - [20/Nov/2022:14:51:59 +0100] "GET /wp-content/uploads/2020/04/arvid.jpg HTTP/1.1" 200 29060 "https://www.astacus.se/" "Mozilla/5.0 (Linux; Android 13; LE2121) AppleWebKit/537.36 (KHTML, like Gecko) Chrome/107.0.0.0 Mobile Safari/537.36"
106.195.74.249 - - [20/Nov/2022:14:51:59 +0100] "GET /wp-content/uploads/2020/04/profi.jpg HTTP/1.1" 200 23316 "https://www.astacus.se/" "Mozilla/5.0 (Linux; Android 13; LE2121) AppleWebKit/537.36 (KHTML, like Gecko) Chrome/107.0.0.0 Mobile Safari/537.36"
106.195.74.249 - - [20/Nov/2022:14:52:00 +0100] "GET /wp-content/uploads/2020/04/tv.jpg HTTP/1.1" 200 29384 "https://www.astacus.se/" "Mozilla/5.0 (Linux; Android 13; LE2121) AppleWebKit/537.36 (KHTML, like Gecko) Chrome/107.0.0.0 Mobile Safari/537.36"
106.195.74.249 - - [20/Nov/2022:14:52:00 +0100] "GET /wp-content/uploads/2020/04/lanssto.jpg HTTP/1.1" 200 37715 "https://www.astacus.se/" "Mozilla/5.0 (Linux; Android 13; LE2121) AppleWebKit/537.36 (KHTML, like Gecko) Chrome/107.0.0.0 Mobile Safari/537.36"
106.195.74.249 - - [20/Nov/2022:14:52:00 +0100] "GET /wp-content/uploads/2020/04/obo-881x492.jpg HTTP/1.1" 200 40190 "https://www.astacus.se/" "Mozilla/5.0 (Linux; Android 13; LE2121) AppleWebKit/537.36 (KHTML, like Gecko) Chrome/107.0.0.0 Mobile Safari/537.36"
106.195.74.249 - - [20/Nov/2022:14:51:59 +0100] "GET /wp-content/uploads/2021/07/wrslam.jpg HTTP/1.1" 200 154033 "https://www.astacus.se/" "Mozilla/5.0 (Linux; Android 13; LE2121) AppleWebKit/537.36 (KHTML, like Gecko) Chrome/107.0.0.0 Mobile Safari/537.36"
106.195.74.249 - - [20/Nov/2022:14:52:00 +0100] "GET /wp-content/uploads/2020/04/slide-main.jpg HTTP/1.1" 200 224079 "https://www.astacus.se/" "Mozilla/5.0 (Linux; Android 13; LE2121) AppleWebKit/537.36 (KHTML, like Gecko) Chrome/107.0.0.0 Mobile Safari/537.36"
106.195.74.249 - - [20/Nov/2022:14:52:05 +0100] "GET /?page=loggain&goto=approject HTTP/1.1" 200 1269 "https://www.astacus.se/" "Mozilla/5.0 (Linux; Android 13; LE2121) AppleWebKit/537.36 (KHTML, like Gecko) Chrome/107.0.0.0 Mobile Safari/537.36"
106.195.74.249 - - [20/Nov/2022:14:52:15 +0100] "POST /logon.php?action=logon HTTP/1.1" 302 - "https://icad.astacus.se/?page=loggain&goto=approject" "Mozilla/5.0 (Linux; Android 13; LE2121) AppleWebKit/537.36 (KHTML, like Gecko) Chrome/107.0.0.0 Mobile Safari/537.36"
::1 - - [20/Nov/2022:14:52:16 +0100] "OPTIONS * HTTP/1.0" 200 - "-" "Apache/2.4.7 (Ubuntu) PHP/5.5.9-1ubuntu4.29 OpenSSL/1.0.1f (internal dummy connection)"
106.195.74.249 - - [20/Nov/2022:14:52:16 +0100] "GET /project/jquery.dataTables.min.js HTTP/1.1" 200 28202 "https://icad.astacus.se/project/index.php" "Mozilla/5.0 (Linux; Android 13; LE2121) AppleWebKit/537.36 (KHTML, like Gecko) Chrome/107.0.0.0 Mobile Safari/537.36"
106.195.74.249 - - [20/Nov/2022:14:52:16 +0100] "GET /project/jquery-1.12.4.js HTTP/1.1" 200 87632 "https://icad.astacus.se/project/index.php" "Mozilla/5.0 (Linux; Android 13; LE2121) AppleWebKit/537.36 (KHTML, like Gecko) Chrome/107.0.0.0 Mobile Safari/537.36"
::1 - - [20/Nov/2022:14:52:19 +0100] "OPTIONS * HTTP/1.0" 200 - "-" "Apache/2.4.7 (Ubuntu) PHP/5.5.9-1ubuntu4.29 OpenSSL/1.0.1f (internal dummy connection)"
106.195.74.249 - - [20/Nov/2022:14:52:15 +0100] "GET /project/index.php HTTP/1.1" 200 104195 "https://icad.astacus.se/?page=loggain&goto=approject" "Mozilla/5.0 (Linux; Android 13; LE2121) AppleWebKit/537.36 (KHTML, like Gecko) Chrome/107.0.0.0 Mobile Safari/537.36"
106.195.74.249 - - [20/Nov/2022:14:52:33 +0100] "GET /project/index.php?projectId=31937&page=project_production&button11=Show HTTP/1.1" 200 6615 "https://icad.astacus.se/project/index.php" "Mozilla/5.0 (Linux; Android 13; LE2121) AppleWebKit/537.36 (KHTML, like Gecko) Chrome/107.0.0.0 Mobile Safari/537.36"
::1 - - [20/Nov/2022:14:52:33 +0100] "OPTIONS * HTTP/1.0" 200 - "-" "Apache/2.4.7 (Ubuntu) PHP/5.5.9-1ubuntu4.29 OpenSSL/1.0.1f (internal dummy connection)"
106.195.74.249 - - [20/Nov/2022:14:52:33 +0100] "GET /project/dhtmlxCalendar/codebase/dhtmlxcalendar.js HTTP/1.1" 200 19750 "https://icad.astacus.se/project/index.php?projectId=31937&page=project_production&button11=Show" "Mozilla/5.0 (Linux; Android 13; LE2121) AppleWebKit/537.36 (KHTML, like Gecko) Chrome/107.0.0.0 Mobile Safari/537.36"
106.195.74.249 - - [20/Nov/2022:14:52:33 +0100] "GET /project/dhtmlxCalendar/codebase/dhtmlxcalendar.css HTTP/1.1" 200 2329 "https://icad.astacus.se/project/index.php?projectId=31937&page=project_production&button11=Show" "Mozilla/5.0 (Linux; Android 13; LE2121) AppleWebKit/537.36 (KHTML, like Gecko) Chrome/107.0.0.0 Mobile Safari/537.36"
106.195.74.249 - - [20/Nov/2022:14:52:33 +0100] "GET /images/Back-Arrow.jpg HTTP/1.1" 200 6310 "https://icad.astacus.se/project/index.php?projectId=31937&page=project_production&button11=Show" "Mozilla/5.0 (Linux; Android 13; LE2121) AppleWebKit/537.36 (KHTML, like Gecko) Chrome/107.0.0.0 Mobile Safari/537.36"
106.195.74.249 - - [20/Nov/2022:14:52:33 +0100] "GET /project/calendar.gif HTTP/1.1" 200 244 "https://icad.astacus.se/project/index.php?projectId=31937&page=project_production&button11=Show" "Mozilla/5.0 (Linux; Android 13; LE2121) AppleWebKit/537.36 (KHTML, like Gecko) Chrome/107.0.0.0 Mobile Safari/537.36"
106.195.74.249 - - [20/Nov/2022:14:52:33 +0100] "GET /images/icons/folder.gif HTTP/1.1" 200 996 "https://icad.astacus.se/project/index.php?projectId=31937&page=project_production&button11=Show" "Mozilla/5.0 (Linux; Android 13; LE2121) AppleWebKit/537.36 (KHTML, like Gecko) Chrome/107.0.0.0 Mobile Safari/537.36"
106.195.74.249 - - [20/Nov/2022:14:52:33 +0100] "GET /images/del.jpg HTTP/1.1" 200 781 "https://icad.astacus.se/project/index.php?projectId=31937&page=project_production&button11=Show" "Mozilla/5.0 (Linux; Android 13; LE2121) AppleWebKit/537.36 (KHTML, like Gecko) Chrome/107.0.0.0 Mobile Safari/537.36"
54.36.148.206 - - [20/Nov/2022:14:52:34 +0100] "GET /apps/school/www_old9/img/LevelH/Category1/LevelHCat1Lesson03/?C=S;O=A HTTP/1.1" 200 448 "-" "Mozilla/5.0 (compatible; AhrefsBot/7.0; +http://ahrefs.com/robot/)"
106.195.74.249 - - [20/Nov/2022:14:52:37 +0100] "GET /project/index.php?page=project_production&projectId=31937&companyId=$&path=/Files%20from%20Production HTTP/1.1" 200 6464 "https://icad.astacus.se/project/index.php?projectId=31937&page=project_production&button11=Show" "Mozilla/5.0 (Linux; Android 13; LE2121) AppleWebKit/537.36 (KHTML, like Gecko) Chrome/107.0.0.0 Mobile Safari/537.36"
106.195.74.249 - - [20/Nov/2022:14:52:40 +0100] "GET /project/index.php?page=project_production&projectId=31937&companyId=$$&path=/Files%20from%20Production/AutoCAD HTTP/1.1" 200 6644 "https://icad.astacus.se/project/index.php?page=project_production&projectId=31937&companyId=$&path=/Files%20from%20Production" "Mozilla/5.0 (Linux; Android 13; LE2121) AppleWebKit/537.36 (KHTML, like Gecko) Chrome/107.0.0.0 Mobile Safari/537.36"
106.195.74.249 - - [20/Nov/2022:14:52:43 +0100] "GET /project/index.php?page=project_production&projectId=31937&companyId=$$$&path=/Files%20from%20Production/AutoCAD/221119 HTTP/1.1" 200 8476 "https://icad.astacus.se/project/index.php?page=project_production&projectId=31937&companyId=$$&path=/Files%20from%20Production/AutoCAD" "Mozilla/5.0 (Linux; Android 13; LE2121) AppleWebKit/537.36 (KHTML, like Gecko) Chrome/107.0.0.0 Mobile Safari/537.36"
106.195.74.249 - - [20/Nov/2022:14:52:43 +0100] "GET /images/icons/file.gif HTTP/1.1" 200 622 "https://icad.astacus.se/project/index.php?page=project_production&projectId=31937&companyId=$$$&path=/Files%20from%20Production/AutoCAD/221119" "Mozilla/5.0 (Linux; Android 13; LE2121) AppleWebKit/537.36 (KHTML, like Gecko) Chrome/107.0.0.0 Mobile Safari/537.36"
::1 - - [20/Nov/2022:14:52:51 +0100] "OPTIONS * HTTP/1.0" 200 - "-" "Apache/2.4.7 (Ubuntu) PHP/5.5.9-1ubuntu4.29 OpenSSL/1.0.1f (internal dummy connection)"
106.195.74.249 - - [20/Nov/2022:14:52:52 +0100] "GET /project/download_singel_file.php?file=/Files%20from%20Production/AutoCAD/221119/03-37-A-40-3-102.pdf&projectId=31937&customerId=1666 HTTP/1.1" 200 187170 "https://icad.astacus.se/project/index.php?page=project_production&projectId=31937&companyId=$$$&path=/Files%20from%20Production/AutoCAD/221119" "Mozilla/5.0 (Linux; Android 13; LE2121) AppleWebKit/537.36 (KHTML, like Gecko) Chrome/107.0.0.0 Mobile Safari/537.36"
::1 - - [20/Nov/2022:14:53:11 +0100] "OPTIONS * HTTP/1.0" 200 - "-" "Apache/2.4.7 (Ubuntu) PHP/5.5.9-1ubuntu4.29 OpenSSL/1.0.1f (internal dummy connection)"
106.195.74.249 - - [20/Nov/2022:14:53:25 +0100] "GET /project/download_singel_file.php?file=/Files%20from%20Production/AutoCAD/221119/03-37-A-40-1-100.pdf&projectId=31937&customerId=1666 HTTP/1.1" 200 246171 "https://icad.astacus.se/project/index.php?page=project_production&projectId=31937&companyId=$$$&path=/Files%20from%20Production/AutoCAD/221119" "Mozilla/5.0 (Linux; Android 13; LE2121) AppleWebKit/537.36 (KHTML, like Gecko) Chrome/107.0.0.0 Mobile Safari/537.36"
::1 - - [20/Nov/2022:14:53:51 +0100] "OPTIONS * HTTP/1.0" 200 - "-" "Apache/2.4.7 (Ubuntu) PHP/5.5.9-1ubuntu4.29 OpenSSL/1.0.1f (internal dummy connection)"
90.85.83.193 - - [20/Nov/2022:14:55:43 +0100] "GET /notes-online.se_database.tar.gz HTTP/1.1" 404 229 "-" "Firefox"
54.36.148.18 - - [20/Nov/2022:14:56:14 +0100] "GET /apps/school/www_old9/img/LevelH/Category1/LevelHCat1Lesson15/?C=M;O=A HTTP/1.1" 200 454 "-" "Mozilla/5.0 (compatible; AhrefsBot/7.0; +http://ahrefs.com/robot/)"
114.119.141.53 - - [20/Nov/2022:14:56:22 +0100] "GET /apps/school/www_old6/img/LevelA/?C=M%3BO%3DA HTTP/1.1" 200 427 "http://kulturdokumentation.se/apps/school/www_old6/img/LevelA/?C=S%3BO%3DA" "Mozilla/5.0 (Linux; Android 7.0;) AppleWebKit/537.36 (KHTML, like Gecko) Mobile Safari/537.36 (compatible; PetalBot;+https://webmaster.petalsearch.com/site/petalbot)"
114.119.134.165 - - [20/Nov/2022:14:57:03 +0100] "GET /forge/node_modules/body-parser/node_modules/qs/lib/index.js HTTP/1.1" 200 132 "http://www.kulturdokumentation.com/forge/node_modules/body-parser/node_modules/qs/lib/?C=D%3BO%3DA" "Mozilla/5.0 (Linux; Android 7.0;) AppleWebKit/537.36 (KHTML, like Gecko) Mobile Safari/537.36 (compatible; PetalBot;+https://webmaster.petalsearch.com/site/petalbot)"
198.98.49.240 - - [20/Nov/2022:14:57:12 +0100] "GET /wp-login.php HTTP/1.1" 302 219 "-" "Mozilla/5.0 (Macintosh; Intel Mac OS X 10_9_3) AppleWebKit/537.36 (KHTML, like Gecko) Chrome/36.0.1985.125 Safari/537.36"
40.77.167.60 - - [20/Nov/2022:14:57:16 +0100] "GET / HTTP/1.1" 200 4586 "-" "Mozilla/5.0 AppleWebKit/537.36 (KHTML, like Gecko; compatible; bingbot/2.0; +http://www.bing.com/bingbot.htm) Chrome/103.0.5060.134 Safari/537.36"
157.55.39.63 - - [20/Nov/2022:14:59:19 +0100] "GET / HTTP/1.1" 200 1772 "-" "Mozilla/5.0 AppleWebKit/537.36 (KHTML, like Gecko; compatible; bingbot/2.0; +http://www.bing.com/bingbot.htm) Chrome/103.0.5060.134 Safari/537.36"
66.249.75.94 - - [20/Nov/2022:14:59:27 +0100] "GET /robots.txt HTTP/1.1" 404 208 "-" "Mozilla/5.0 (compatible; Googlebot/2.1; +http://www.google.com/bot.html)"
66.249.75.64 - - [20/Nov/2022:14:59:28 +0100] "GET /apps/school/www_old3/Html/LevelA/Category1/LevelACat1Lesson34.html HTTP/1.1" 200 806 "-" "Mozilla/5.0 (Linux; Android 6.0.1; Nexus 5X Build/MMB29P) AppleWebKit/537.36 (KHTML, like Gecko) Chrome/107.0.5304.110 Mobile Safari/537.36 (compatible; Googlebot/2.1; +http://www.google.com/bot.html)"
66.249.75.94 - - [20/Nov/2022:14:59:32 +0100] "GET /apps/school/www_old3/js/allScriptsForLessonsHtml.js HTTP/1.1" 200 290 "http://79.136.114.73/apps/school/www_old3/Html/LevelA/Category1/LevelACat1Lesson34.html" "Mozilla/5.0 (Linux; Android 6.0.1; Nexus 5X Build/MMB29P) AppleWebKit/537.36 (KHTML, like Gecko) Chrome/106.0.5249.119 Mobile Safari/537.36 (compatible; Googlebot/2.1; +http://www.google.com/bot.html)"
66.249.75.94 - - [20/Nov/2022:14:59:33 +0100] "GET /apps/school/www_old3/css/shared_styles_new.css HTTP/1.1" 200 1271 "http://79.136.114.73/apps/school/www_old3/Html/LevelA/Category1/LevelACat1Lesson34.html" "Mozilla/5.0 (Linux; Android 6.0.1; Nexus 5X Build/MMB29P) AppleWebKit/537.36 (KHTML, like Gecko) Chrome/106.0.5249.119 Mobile Safari/537.36 (compatible; Googlebot/2.1; +http://www.google.com/bot.html)"
66.249.75.95 - - [20/Nov/2022:14:59:33 +0100] "GET /apps/school/www_old3/js/shared_functions_new.js HTTP/1.1" 200 8296 "http://79.136.114.73/apps/school/www_old3/Html/LevelA/Category1/LevelACat1Lesson34.html" "Mozilla/5.0 (Linux; Android 6.0.1; Nexus 5X Build/MMB29P) AppleWebKit/537.36 (KHTML, like Gecko) Chrome/106.0.5249.119 Mobile Safari/537.36 (compatible; Googlebot/2.1; +http://www.google.com/bot.html)"
66.249.75.95 - - [20/Nov/2022:14:59:33 +0100] "GET /apps/school/www_old3/js/enumsClasses.js HTTP/1.1" 200 412 "http://79.136.114.73/apps/school/www_old3/Html/LevelA/Category1/LevelACat1Lesson34.html" "Mozilla/5.0 (Linux; Android 6.0.1; Nexus 5X Build/MMB29P) AppleWebKit/537.36 (KHTML, like Gecko) Chrome/106.0.5249.119 Mobile Safari/537.36 (compatible; Googlebot/2.1; +http://www.google.com/bot.html)"
66.249.75.95 - - [20/Nov/2022:14:59:34 +0100] "GET /apps/school/www_old3/js/WebkitDragAndDrop.js HTTP/1.1" 200 4330 "http://79.136.114.73/apps/school/www_old3/Html/LevelA/Category1/LevelACat1Lesson34.html" "Mozilla/5.0 (Linux; Android 6.0.1; Nexus 5X Build/MMB29P) AppleWebKit/537.36 (KHTML, like Gecko) Chrome/106.0.5249.119 Mobile Safari/537.36 (compatible; Googlebot/2.1; +http://www.google.com/bot.html)"
66.249.75.95 - - [20/Nov/2022:14:59:34 +0100] "GET /apps/school/www_old3/cordova.js HTTP/1.1" 404 229 "http://79.136.114.73/apps/school/www_old3/Html/LevelA/Category1/LevelACat1Lesson34.html" "Mozilla/5.0 (Linux; Android 6.0.1; Nexus 5X Build/MMB29P) AppleWebKit/537.36 (KHTML, like Gecko) Chrome/106.0.5249.119 Mobile Safari/537.36 (compatible; Googlebot/2.1; +http://www.google.com/bot.html)"
66.249.75.95 - - [20/Nov/2022:14:59:35 +0100] "GET /apps/school/www_old3/js/painlessfs.js HTTP/1.1" 200 3788 "http://79.136.114.73/apps/school/www_old3/Html/LevelA/Category1/LevelACat1Lesson34.html" "Mozilla/5.0 (Linux; Android 6.0.1; Nexus 5X Build/MMB29P) AppleWebKit/537.36 (KHTML, like Gecko) Chrome/106.0.5249.119 Mobile Safari/537.36 (compatible; Googlebot/2.1; +http://www.google.com/bot.html)"
66.249.75.95 - - [20/Nov/2022:14:59:35 +0100] "GET /apps/school/www_old3/js/topmostInfo.js HTTP/1.1" 200 2336 "http://79.136.114.73/apps/school/www_old3/Html/LevelA/Category1/LevelACat1Lesson34.html" "Mozilla/5.0 (Linux; Android 6.0.1; Nexus 5X Build/MMB29P) AppleWebKit/537.36 (KHTML, like Gecko) Chrome/106.0.5249.119 Mobile Safari/537.36 (compatible; Googlebot/2.1; +http://www.google.com/bot.html)"
66.249.75.94 - - [20/Nov/2022:14:59:36 +0100] "GET /apps/school/www_old3/cordova.js HTTP/1.1" 404 229 "http://79.136.114.73/apps/school/www_old3/Html/LevelA/Category1/LevelACat1Lesson34.html" "Mozilla/5.0 (Linux; Android 6.0.1; Nexus 5X Build/MMB29P) AppleWebKit/537.36 (KHTML, like Gecko) Chrome/106.0.5249.119 Mobile Safari/537.36 (compatible; Googlebot/2.1; +http://www.google.com/bot.html)"
198.98.49.240 - - [20/Nov/2022:15:00:28 +0100] "GET /wp-login.php HTTP/1.1" 200 2977 "-" "Mozilla/5.0 (Macintosh; Intel Mac OS X 10_9_3) AppleWebKit/537.36 (KHTML, like Gecko) Chrome/36.0.1985.125 Safari/537.36"
207.46.13.159 - - [20/Nov/2022:15:01:01 +0100] "GET / HTTP/1.1" 200 13133 "-" "Mozilla/5.0 (compatible; bingbot/2.0; +http://www.bing.com/bingbot.htm)"
114.119.141.53 - - [20/Nov/2022:15:01:28 +0100] "GET /apps/school/www_old9/Html/LevelE/Category2/LevelECat2Lesson02.html HTTP/1.1" 200 1902 "http://kulturdokumentation.se/apps/school/www_old9/Html/LevelE/Category2/?C=S%3BO%3DA" "Mozilla/5.0 (Linux; Android 7.0;) AppleWebKit/537.36 (KHTML, like Gecko) Mobile Safari/537.36 (compatible; PetalBot;+https://webmaster.petalsearch.com/site/petalbot)"
114.119.134.155 - - [20/Nov/2022:15:02:10 +0100] "GET /apps/school/www_old3/img/LevelD/Category1/LevelDCat1Lesson12 HTTP/1.1" 301 300 "http://kulturdokumentation.com/apps/school/www_old3/img/LevelD/Category1" "Mozilla/5.0 (Linux; Android 7.0;) AppleWebKit/537.36 (KHTML, like Gecko) Mobile Safari/537.36 (compatible; PetalBot;+https://webmaster.petalsearch.com/site/petalbot)"
114.119.134.155 - - [20/Nov/2022:15:02:10 +0100] "GET /apps/school/www_old3/img/LevelD/Category1/LevelDCat1Lesson12/ HTTP/1.1" 200 454 "http://kulturdokumentation.com/apps/school/www_old3/img/LevelD/Category1" "Mozilla/5.0 (Linux; Android 7.0;) AppleWebKit/537.36 (KHTML, like Gecko) Mobile Safari/537.36 (compatible; PetalBot;+https://webmaster.petalsearch.com/site/petalbot)"
207.46.13.141 - - [20/Nov/2022:15:02:27 +0100] "GET /loggain.php HTTP/1.1" 200 2671 "-" "Mozilla/5.0 AppleWebKit/537.36 (KHTML, like Gecko; compatible; bingbot/2.0; +http://www.bing.com/bingbot.htm) Chrome/103.0.5060.134 Safari/537.36"
54.36.148.115 - - [20/Nov/2022:15:02:36 +0100] "GET /apps/school/www_old9/img/LevelH/Category1/LevelHCat1Lesson15/?C=S;O=A HTTP/1.1" 200 454 "-" "Mozilla/5.0 (compatible; AhrefsBot/7.0; +http://ahrefs.com/robot/)"
40.77.167.32 - - [20/Nov/2022:15:03:12 +0100] "GET /forge/?C=M;O=A HTTP/1.1" 200 739 "-" "Mozilla/5.0 (compatible; bingbot/2.0; +http://www.bing.com/bingbot.htm)"
207.46.13.191 - - [20/Nov/2022:15:03:17 +0100] "GET / HTTP/1.1" 302 207 "-" "Mozilla/5.0 AppleWebKit/537.36 (KHTML, like Gecko; compatible; bingbot/2.0; +http://www.bing.com/bingbot.htm) Chrome/103.0.5060.134 Safari/537.36"
207.46.13.191 - - [20/Nov/2022:15:03:18 +0100] "GET / HTTP/1.1" 200 13133 "-" "Mozilla/5.0 AppleWebKit/537.36 (KHTML, like Gecko; compatible; bingbot/2.0; +http://www.bing.com/bingbot.htm) Chrome/103.0.5060.134 Safari/537.36"
198.98.49.240 - - [20/Nov/2022:15:03:39 +0100] "GET /wp-login.php HTTP/1.1" 302 219 "-" "Mozilla/5.0 (Macintosh; Intel Mac OS X 10_9_3) AppleWebKit/537.36 (KHTML, like Gecko) Chrome/36.0.1985.125 Safari/537.36"
109.206.243.220 - - [20/Nov/2022:15:04:34 +0100] "GET /explore HTTP/1.1" 404 205 "-" "Mozilla/5.0 (Windows NT 10.0; Win64; x64) AppleWebKit/537.36 (KHTML, like Gecko) Chrome/70.0.3538.110 Safari/537.36"
198.98.49.240 - - [20/Nov/2022:15:05:11 +0100] "GET /wp-login.php HTTP/1.1" 200 2977 "-" "Mozilla/5.0 (Windows NT 6.2; WOW64) AppleWebKit/537.36 (KHTML, like Gecko) Chrome/36.0.1985.125 Safari/537.36"
114.119.147.86 - - [20/Nov/2022:15:05:12 +0100] "GET /robots.txt HTTP/1.1" 404 208 "-" "Mozilla/5.0 (compatible;PetalBot;+https://webmaster.petalsearch.com/site/petalbot)"
66.249.66.51 - - [20/Nov/2022:15:06:28 +0100] "GET /robots.txt HTTP/1.1" 404 208 "-" "Mozilla/5.0 (compatible; Googlebot/2.1; +http://www.google.com/bot.html)"
66.249.66.51 - - [20/Nov/2022:15:06:28 +0100] "GET /?page=result&keyword=radiatorer HTTP/1.1" 200 3638 "-" "Mozilla/5.0 (Linux; Android 6.0.1; Nexus 5X Build/MMB29P) AppleWebKit/537.36 (KHTML, like Gecko) Chrome/107.0.5304.110 Mobile Safari/537.36 (compatible; Googlebot/2.1; +http://www.google.com/bot.html)"
114.119.141.53 - - [20/Nov/2022:15:06:37 +0100] "GET /apps/school/www_old8/img/LevelB/Category1/LevelBCat1Lesson17/?C=S%3BO%3DA HTTP/1.1" 200 450 "http://kulturdokumentation.se/apps/school/www_old8/img/LevelB/Category1/LevelBCat1Lesson17/?C=D%3BO%3DA" "Mozilla/5.0 (Linux; Android 7.0;) AppleWebKit/537.36 (KHTML, like Gecko) Mobile Safari/537.36 (compatible; PetalBot;+https://webmaster.petalsearch.com/site/petalbot)"
198.98.49.240 - - [20/Nov/2022:15:06:44 +0100] "POST /wp-login.php HTTP/1.1" 200 3996 "-" "Mozilla/5.0 (Windows NT 6.2; WOW64) AppleWebKit/537.36 (KHTML, like Gecko) Chrome/36.0.1985.125 Safari/537.36"
78.70.173.90 - - [20/Nov/2022:15:07:03 +0100] "GET / HTTP/1.1" 200 13133 "https://www.bing.com/" "Mozilla/5.0 (Windows NT 10.0; Win64; x64) AppleWebKit/537.36 (KHTML, like Gecko) Chrome/107.0.0.0 Safari/537.36 Edg/107.0.1418.52"
78.70.173.90 - - [20/Nov/2022:15:07:04 +0100] "GET /wp-content/plugins/revslider/public/assets/css/settings.css?ver=5.4.8 HTTP/1.1" 200 9545 "https://www.astacus.se/" "Mozilla/5.0 (Windows NT 10.0; Win64; x64) AppleWebKit/537.36 (KHTML, like Gecko) Chrome/107.0.0.0 Safari/537.36 Edg/107.0.1418.52"
78.70.173.90 - - [20/Nov/2022:15:07:04 +0100] "GET /wp-content/themes/x/framework/css/dist/site/stacks/ethos.css?ver=4.6.4 HTTP/1.1" 200 23966 "https://www.astacus.se/" "Mozilla/5.0 (Windows NT 10.0; Win64; x64) AppleWebKit/537.36 (KHTML, like Gecko) Chrome/107.0.0.0 Safari/537.36 Edg/107.0.1418.52"
78.70.173.90 - - [20/Nov/2022:15:07:04 +0100] "GET /wp-includes/js/jquery/jquery.js?ver=1.12.4 HTTP/1.1" 200 33766 "https://www.astacus.se/" "Mozilla/5.0 (Windows NT 10.0; Win64; x64) AppleWebKit/537.36 (KHTML, like Gecko) Chrome/107.0.0.0 Safari/537.36 Edg/107.0.1418.52"
78.70.173.90 - - [20/Nov/2022:15:07:04 +0100] "GET /wp-includes/js/jquery/jquery-migrate.min.js?ver=1.4.1 HTTP/1.1" 200 4014 "https://www.astacus.se/" "Mozilla/5.0 (Windows NT 10.0; Win64; x64) AppleWebKit/537.36 (KHTML, like Gecko) Chrome/107.0.0.0 Safari/537.36 Edg/107.0.1418.52"
78.70.173.90 - - [20/Nov/2022:15:07:04 +0100] "GET /wp-content/themes/x/framework/js/dist/site/x-head.min.js?ver=4.6.4 HTTP/1.1" 200 1210 "https://www.astacus.se/" "Mozilla/5.0 (Windows NT 10.0; Win64; x64) AppleWebKit/537.36 (KHTML, like Gecko) Chrome/107.0.0.0 Safari/537.36 Edg/107.0.1418.52"
78.70.173.90 - - [20/Nov/2022:15:07:04 +0100] "GET /wp-content/plugins/cornerstone/assets/dist/js/site/cs-head.js?ver=2.0.6 HTTP/1.1" 200 14859 "https://www.astacus.se/" "Mozilla/5.0 (Windows NT 10.0; Win64; x64) AppleWebKit/537.36 (KHTML, like Gecko) Chrome/107.0.0.0 Safari/537.36 Edg/107.0.1418.52"
78.70.173.90 - - [20/Nov/2022:15:07:04 +0100] "GET /wp-includes/js/jquery/ui/core.min.js?ver=1.11.4 HTTP/1.1" 200 1821 "https://www.astacus.se/" "Mozilla/5.0 (Windows NT 10.0; Win64; x64) AppleWebKit/537.36 (KHTML, like Gecko) Chrome/107.0.0.0 Safari/537.36 Edg/107.0.1418.52"
78.70.173.90 - - [20/Nov/2022:15:07:04 +0100] "GET /wp-includes/js/jquery/ui/widget.min.js?ver=1.11.4 HTTP/1.1" 200 2599 "https://www.astacus.se/" "Mozilla/5.0 (Windows NT 10.0; Win64; x64) AppleWebKit/537.36 (KHTML, like Gecko) Chrome/107.0.0.0 Safari/537.36 Edg/107.0.1418.52"
78.70.173.90 - - [20/Nov/2022:15:07:04 +0100] "GET /wp-includes/js/jquery/ui/mouse.min.js?ver=1.11.4 HTTP/1.1" 200 1021 "https://www.astacus.se/" "Mozilla/5.0 (Windows NT 10.0; Win64; x64) AppleWebKit/537.36 (KHTML, like Gecko) Chrome/107.0.0.0 Safari/537.36 Edg/107.0.1418.52"
78.70.173.90 - - [20/Nov/2022:15:07:04 +0100] "GET /wp-includes/js/jquery/ui/slider.min.js?ver=1.11.4 HTTP/1.1" 200 3093 "https://www.astacus.se/" "Mozilla/5.0 (Windows NT 10.0; Win64; x64) AppleWebKit/537.36 (KHTML, like Gecko) Chrome/107.0.0.0 Safari/537.36 Edg/107.0.1418.52"
78.70.173.90 - - [20/Nov/2022:15:07:04 +0100] "GET /wp-content/themes/x/framework/js/dist/site/x-body.min.js?ver=4.6.4 HTTP/1.1" 200 7438 "https://www.astacus.se/" "Mozilla/5.0 (Windows NT 10.0; Win64; x64) AppleWebKit/537.36 (KHTML, like Gecko) Chrome/107.0.0.0 Safari/537.36 Edg/107.0.1418.52"
78.70.173.90 - - [20/Nov/2022:15:07:04 +0100] "GET /wp-includes/js/comment-reply.min.js?ver=4.8.1 HTTP/1.1" 200 589 "https://www.astacus.se/" "Mozilla/5.0 (Windows NT 10.0; Win64; x64) AppleWebKit/537.36 (KHTML, like Gecko) Chrome/107.0.0.0 Safari/537.36 Edg/107.0.1418.52"
78.70.173.90 - - [20/Nov/2022:15:07:04 +0100] "GET /wp-content/plugins/cornerstone/assets/dist/js/site/cs-body.js?ver=2.0.6 HTTP/1.1" 200 41251 "https://www.astacus.se/" "Mozilla/5.0 (Windows NT 10.0; Win64; x64) AppleWebKit/537.36 (KHTML, like Gecko) Chrome/107.0.0.0 Safari/537.36 Edg/107.0.1418.52"
78.70.173.90 - - [20/Nov/2022:15:07:04 +0100] "GET /wp-includes/js/wp-embed.min.js?ver=4.8.1 HTTP/1.1" 200 751 "https://www.astacus.se/" "Mozilla/5.0 (Windows NT 10.0; Win64; x64) AppleWebKit/537.36 (KHTML, like Gecko) Chrome/107.0.0.0 Safari/537.36 Edg/107.0.1418.52"
78.70.173.90 - - [20/Nov/2022:15:07:04 +0100] "GET /wp-content/plugins/revslider/admin/assets/images/dummy.png HTTP/1.1" 200 73 "https://www.astacus.se/" "Mozilla/5.0 (Windows NT 10.0; Win64; x64) AppleWebKit/537.36 (KHTML, like Gecko) Chrome/107.0.0.0 Safari/537.36 Edg/107.0.1418.52"
78.70.173.90 - - [20/Nov/2022:15:07:04 +0100] "GET /wp-content/uploads/2017/08/image005.jpg HTTP/1.1" 200 51745 "https://www.astacus.se/" "Mozilla/5.0 (Windows NT 10.0; Win64; x64) AppleWebKit/537.36 (KHTML, like Gecko) Chrome/107.0.0.0 Safari/537.36 Edg/107.0.1418.52"
78.70.173.90 - - [20/Nov/2022:15:07:04 +0100] "GET /wp-content/uploads/2017/08/SCAB_ISO_9001_Sve_RGB.png HTTP/1.1" 200 16506 "https://www.astacus.se/" "Mozilla/5.0 (Windows NT 10.0; Win64; x64) AppleWebKit/537.36 (KHTML, like Gecko) Chrome/107.0.0.0 Safari/537.36 Edg/107.0.1418.52"
78.70.173.90 - - [20/Nov/2022:15:07:04 +0100] "GET /wp-content/uploads/2017/08/SCAB_ISO_14001_Sve_RGB.png HTTP/1.1" 200 16510 "https://www.astacus.se/" "Mozilla/5.0 (Windows NT 10.0; Win64; x64) AppleWebKit/537.36 (KHTML, like Gecko) Chrome/107.0.0.0 Safari/537.36 Edg/107.0.1418.52"
78.70.173.90 - - [20/Nov/2022:15:07:04 +0100] "GET /wp-content/uploads/2017/08/image007.jpg HTTP/1.1" 200 77965 "https://www.astacus.se/" "Mozilla/5.0 (Windows NT 10.0; Win64; x64) AppleWebKit/537.36 (KHTML, like Gecko) Chrome/107.0.0.0 Safari/537.36 Edg/107.0.1418.52"
78.70.173.90 - - [20/Nov/2022:15:07:04 +0100] "GET /wp-content/uploads/2018/07/UGS2.jpg HTTP/1.1" 200 109543 "https://www.astacus.se/" "Mozilla/5.0 (Windows NT 10.0; Win64; x64) AppleWebKit/537.36 (KHTML, like Gecko) Chrome/107.0.0.0 Safari/537.36 Edg/107.0.1418.52"
78.70.173.90 - - [20/Nov/2022:15:07:04 +0100] "GET /wp-content/themes/x/framework/fonts/font_awesome/fontawesome-webfont.woff2?v=4.6.3 HTTP/1.1" 200 71896 "https://www.astacus.se/wp-content/themes/x/framework/css/dist/site/stacks/ethos.css?ver=4.6.4" "Mozilla/5.0 (Windows NT 10.0; Win64; x64) AppleWebKit/537.36 (KHTML, like Gecko) Chrome/107.0.0.0 Safari/537.36 Edg/107.0.1418.52"
78.70.173.90 - - [20/Nov/2022:15:07:04 +0100] "GET /wp-content/uploads/2020/04/dronare3.jpg HTTP/1.1" 200 71537 "https://www.astacus.se/" "Mozilla/5.0 (Windows NT 10.0; Win64; x64) AppleWebKit/537.36 (KHTML, like Gecko) Chrome/107.0.0.0 Safari/537.36 Edg/107.0.1418.52"
78.70.173.90 - - [20/Nov/2022:15:07:04 +0100] "GET /wp-content/plugins/revslider/public/assets/js/jquery.themepunch.tools.min.js?ver=5.4.8 HTTP/1.1" 200 38337 "https://www.astacus.se/" "Mozilla/5.0 (Windows NT 10.0; Win64; x64) AppleWebKit/537.36 (KHTML, like Gecko) Chrome/107.0.0.0 Safari/537.36 Edg/107.0.1418.52"
78.70.173.90 - - [20/Nov/2022:15:07:04 +0100] "GET /wp-content/plugins/revslider/public/assets/js/jquery.themepunch.revolution.min.js?ver=5.4.8 HTTP/1.1" 200 18090 "https://www.astacus.se/" "Mozilla/5.0 (Windows NT 10.0; Win64; x64) AppleWebKit/537.36 (KHTML, like Gecko) Chrome/107.0.0.0 Safari/537.36 Edg/107.0.1418.52"
78.70.173.90 - - [20/Nov/2022:15:07:04 +0100] "GET /wp-content/uploads/2021/07/wrslam.jpg HTTP/1.1" 200 154033 "https://www.astacus.se/" "Mozilla/5.0 (Windows NT 10.0; Win64; x64) AppleWebKit/537.36 (KHTML, like Gecko) Chrome/107.0.0.0 Safari/537.36 Edg/107.0.1418.52"
78.70.173.90 - - [20/Nov/2022:15:07:04 +0100] "GET /wp-includes/js/wp-emoji-release.min.js?ver=4.8.1 HTTP/1.1" 200 4299 "https://www.astacus.se/" "Mozilla/5.0 (Windows NT 10.0; Win64; x64) AppleWebKit/537.36 (KHTML, like Gecko) Chrome/107.0.0.0 Safari/537.36 Edg/107.0.1418.52"
78.70.173.90 - - [20/Nov/2022:15:07:04 +0100] "GET /wp-content/uploads/2020/04/scb-881x492.jpg HTTP/1.1" 200 29812 "https://www.astacus.se/" "Mozilla/5.0 (Windows NT 10.0; Win64; x64) AppleWebKit/537.36 (KHTML, like Gecko) Chrome/107.0.0.0 Safari/537.36 Edg/107.0.1418.52"
78.70.173.90 - - [20/Nov/2022:15:07:04 +0100] "GET /wp-content/uploads/2020/04/arvid.jpg HTTP/1.1" 200 29060 "https://www.astacus.se/" "Mozilla/5.0 (Windows NT 10.0; Win64; x64) AppleWebKit/537.36 (KHTML, like Gecko) Chrome/107.0.0.0 Safari/537.36 Edg/107.0.1418.52"
78.70.173.90 - - [20/Nov/2022:15:07:04 +0100] "GET /wp-content/uploads/2020/04/profi.jpg HTTP/1.1" 200 23316 "https://www.astacus.se/" "Mozilla/5.0 (Windows NT 10.0; Win64; x64) AppleWebKit/537.36 (KHTML, like Gecko) Chrome/107.0.0.0 Safari/537.36 Edg/107.0.1418.52"
78.70.173.90 - - [20/Nov/2022:15:07:04 +0100] "GET /wp-content/uploads/2020/04/tv.jpg HTTP/1.1" 200 29384 "https://www.astacus.se/" "Mozilla/5.0 (Windows NT 10.0; Win64; x64) AppleWebKit/537.36 (KHTML, like Gecko) Chrome/107.0.0.0 Safari/537.36 Edg/107.0.1418.52"
78.70.173.90 - - [20/Nov/2022:15:07:04 +0100] "GET /wp-content/uploads/2020/04/obo-881x492.jpg HTTP/1.1" 200 40190 "https://www.astacus.se/" "Mozilla/5.0 (Windows NT 10.0; Win64; x64) AppleWebKit/537.36 (KHTML, like Gecko) Chrome/107.0.0.0 Safari/537.36 Edg/107.0.1418.52"
78.70.173.90 - - [20/Nov/2022:15:07:04 +0100] "GET /wp-content/uploads/2020/04/lanssto.jpg HTTP/1.1" 200 37715 "https://www.astacus.se/" "Mozilla/5.0 (Windows NT 10.0; Win64; x64) AppleWebKit/537.36 (KHTML, like Gecko) Chrome/107.0.0.0 Safari/537.36 Edg/107.0.1418.52"
78.70.173.90 - - [20/Nov/2022:15:07:04 +0100] "GET /wp-content/plugins/revslider/public/assets/js/extensions/revolution.extension.slideanims.min.js?version=5.4.8 HTTP/1.1" 200 6880 "https://www.astacus.se/" "Mozilla/5.0 (Windows NT 10.0; Win64; x64) AppleWebKit/537.36 (KHTML, like Gecko) Chrome/107.0.0.0 Safari/537.36 Edg/107.0.1418.52"
78.70.173.90 - - [20/Nov/2022:15:07:04 +0100] "GET /wp-content/plugins/revslider/public/assets/js/extensions/revolution.extension.parallax.min.js?version=5.4.8 HTTP/1.1" 200 3240 "https://www.astacus.se/" "Mozilla/5.0 (Windows NT 10.0; Win64; x64) AppleWebKit/537.36 (KHTML, like Gecko) Chrome/107.0.0.0 Safari/537.36 Edg/107.0.1418.52"
