111.93.24.58 - - [21/Nov/2022:08:01:45 +0100] "POST /logon.php?action=logon HTTP/1.1" 302 - "https://icad.astacus.se/?page=loggain&goto=approject" "Mozilla/5.0 (Windows NT 10.0; Win64; x64; rv:107.0) Gecko/20100101 Firefox/107.0"
78.128.113.62 - - [21/Nov/2022:08:01:46 +0100] "POST /wp-includes/js/jquery/ui/widget.min.js HTTP/1.1" 200 2599 "-" "Mozilla/5.0 (X11; U; Linux x86_64; en-US; rv:1.9.0.5) Gecko/2008122014 CentOS/3.0.5-1.el4.centos Firefox/3.0.5"
111.93.24.58 - - [21/Nov/2022:08:01:46 +0100] "GET /project/index.php HTTP/1.1" 200 78171 "https://icad.astacus.se/?page=loggain&goto=approject" "Mozilla/5.0 (Windows NT 10.0; Win64; x64; rv:107.0) Gecko/20100101 Firefox/107.0"
14.98.175.41 - - [21/Nov/2022:08:01:46 +0100] "GET /productionzon/index.php?page=project&projectId=33387 HTTP/1.1" 200 4595 "https://icad.astacus.se/productionzon/index.php?page=logg&projectId=33387" "Mozilla/5.0 (Windows NT 10.0; Win64; x64) AppleWebKit/537.36 (KHTML, like Gecko) Chrome/107.0.0.0 Safari/537.36"
111.93.24.58 - - [21/Nov/2022:08:01:46 +0100] "GET /project/sorttable.js HTTP/1.1" 200 5140 "https://icad.astacus.se/project/index.php" "Mozilla/5.0 (Windows NT 10.0; Win64; x64; rv:107.0) Gecko/20100101 Firefox/107.0"
111.93.24.58 - - [21/Nov/2022:08:01:46 +0100] "GET /project/jquery.dataTables.min.js HTTP/1.1" 200 28202 "https://icad.astacus.se/project/index.php" "Mozilla/5.0 (Windows NT 10.0; Win64; x64; rv:107.0) Gecko/20100101 Firefox/107.0"
111.93.24.58 - - [21/Nov/2022:08:01:46 +0100] "GET /project/dataTables.fixedHeader.min.js HTTP/1.1" 200 2314 "https://icad.astacus.se/project/index.php" "Mozilla/5.0 (Windows NT 10.0; Win64; x64; rv:107.0) Gecko/20100101 Firefox/107.0"
78.128.113.62 - - [21/Nov/2022:08:01:46 +0100] "POST /wp-includes/js/jquery/ui/widget.min.js HTTP/1.1" 200 2599 "-" "Mozilla/5.0 (X11; U; Linux x86_64; en-US; rv:1.9.0.5) Gecko/2008122014 CentOS/3.0.5-1.el4.centos Firefox/3.0.5"
111.93.24.58 - - [21/Nov/2022:08:01:46 +0100] "GET /images/nolog.png HTTP/1.1" 200 2866 "https://icad.astacus.se/project/index.php" "Mozilla/5.0 (Windows NT 10.0; Win64; x64; rv:107.0) Gecko/20100101 Firefox/107.0"
111.93.24.58 - - [21/Nov/2022:08:01:46 +0100] "GET /images/ordervalue0.png HTTP/1.1" 200 3491 "https://icad.astacus.se/project/index.php" "Mozilla/5.0 (Windows NT 10.0; Win64; x64; rv:107.0) Gecko/20100101 Firefox/107.0"
111.93.24.58 - - [21/Nov/2022:08:01:46 +0100] "GET /project/astacusproject_logo.png HTTP/1.1" 200 2670 "https://icad.astacus.se/project/index.php" "Mozilla/5.0 (Windows NT 10.0; Win64; x64; rv:107.0) Gecko/20100101 Firefox/107.0"
111.93.24.58 - - [21/Nov/2022:08:01:46 +0100] "GET /images/support.png HTTP/1.1" 200 1909 "https://icad.astacus.se/project/index.php" "Mozilla/5.0 (Windows NT 10.0; Win64; x64; rv:107.0) Gecko/20100101 Firefox/107.0"
111.93.24.58 - - [21/Nov/2022:08:01:47 +0100] "GET /images/bottom_small.jpg HTTP/1.1" 200 393 "https://icad.astacus.se/project/index.php" "Mozilla/5.0 (Windows NT 10.0; Win64; x64; rv:107.0) Gecko/20100101 Firefox/107.0"
111.93.24.58 - - [21/Nov/2022:08:01:46 +0100] "GET /project/jquery-1.12.4.js HTTP/1.1" 200 87632 "https://icad.astacus.se/project/index.php" "Mozilla/5.0 (Windows NT 10.0; Win64; x64; rv:107.0) Gecko/20100101 Firefox/107.0"
78.128.113.62 - - [21/Nov/2022:08:01:47 +0100] "POST /wp-includes/js/jquery/ui/widget.min.js HTTP/1.1" 200 2599 "-" "Mozilla/5.0 (X11; U; Linux x86_64; en-US; rv:1.9.0.5) Gecko/2008122014 CentOS/3.0.5-1.el4.centos Firefox/3.0.5"
78.128.113.62 - - [21/Nov/2022:08:01:48 +0100] "POST /wp-includes/js/jquery/ui/widget.min.js HTTP/1.1" 200 2599 "-" "Mozilla/5.0 (X11; U; Linux x86_64; en-US; rv:1.9.0.5) Gecko/2008122014 CentOS/3.0.5-1.el4.centos Firefox/3.0.5"
78.128.113.62 - - [21/Nov/2022:08:01:48 +0100] "POST /wp-includes/js/jquery/ui/widget.min.js HTTP/1.1" 200 2599 "-" "Mozilla/5.0 (X11; U; Linux x86_64; en-US; rv:1.9.0.5) Gecko/2008122014 CentOS/3.0.5-1.el4.centos Firefox/3.0.5"
78.128.113.62 - - [21/Nov/2022:08:01:49 +0100] "POST /wp-includes/js/jquery/ui/widget.min.js HTTP/1.1" 200 2599 "-" "Mozilla/5.0 (X11; U; Linux x86_64; en-US; rv:1.9.0.5) Gecko/2008122014 CentOS/3.0.5-1.el4.centos Firefox/3.0.5"
78.128.113.62 - - [21/Nov/2022:08:01:50 +0100] "POST /wp-includes/js/jquery/ui/widget.min.js HTTP/1.1" 200 2599 "-" "Mozilla/5.0 (X11; U; Linux x86_64; en-US; rv:1.9.0.5) Gecko/2008122014 CentOS/3.0.5-1.el4.centos Firefox/3.0.5"
78.128.113.62 - - [21/Nov/2022:08:01:50 +0100] "POST /wp-includes/js/jquery/ui/widget.min.js HTTP/1.1" 200 2599 "-" "Mozilla/5.0 (X11; U; Linux x86_64; en-US; rv:1.9.0.5) Gecko/2008122014 CentOS/3.0.5-1.el4.centos Firefox/3.0.5"
78.128.113.62 - - [21/Nov/2022:08:01:51 +0100] "POST /wp-includes/js/jquery/ui/widget.min.js HTTP/1.1" 200 2599 "-" "Mozilla/5.0 (X11; U; Linux x86_64; en-US; rv:1.9.0.5) Gecko/2008122014 CentOS/3.0.5-1.el4.centos Firefox/3.0.5"
78.128.113.62 - - [21/Nov/2022:08:01:52 +0100] "POST /wp-includes/js/jquery/ui/widget.min.js HTTP/1.1" 200 2599 "-" "Mozilla/5.0 (X11; U; Linux x86_64; en-US; rv:1.9.0.5) Gecko/2008122014 CentOS/3.0.5-1.el4.centos Firefox/3.0.5"
78.128.113.62 - - [21/Nov/2022:08:01:53 +0100] "POST /wp-includes/js/jquery/ui/widget.min.js HTTP/1.1" 200 2599 "-" "Mozilla/5.0 (X11; U; Linux x86_64; en-US; rv:1.9.0.5) Gecko/2008122014 CentOS/3.0.5-1.el4.centos Firefox/3.0.5"
78.128.113.62 - - [21/Nov/2022:08:01:53 +0100] "POST /wp-includes/js/jquery/ui/widget.min.js HTTP/1.1" 200 2599 "-" "Mozilla/5.0 (X11; U; Linux x86_64; en-US; rv:1.9.0.5) Gecko/2008122014 CentOS/3.0.5-1.el4.centos Firefox/3.0.5"
78.128.113.62 - - [21/Nov/2022:08:01:54 +0100] "POST /wp-includes/js/jquery/ui/widget.min.js HTTP/1.1" 200 2599 "-" "Mozilla/5.0 (X11; U; Linux x86_64; en-US; rv:1.9.0.5) Gecko/2008122014 CentOS/3.0.5-1.el4.centos Firefox/3.0.5"
78.128.113.62 - - [21/Nov/2022:08:01:54 +0100] "POST /wp-includes/js/jquery/ui/widget.min.js HTTP/1.1" 200 2599 "-" "Mozilla/5.0 (X11; U; Linux x86_64; en-US; rv:1.9.0.5) Gecko/2008122014 CentOS/3.0.5-1.el4.centos Firefox/3.0.5"
78.128.113.62 - - [21/Nov/2022:08:01:55 +0100] "POST /wp-includes/js/jquery/ui/widget.min.js HTTP/1.1" 200 2599 "-" "Mozilla/5.0 (X11; U; Linux x86_64; en-US; rv:1.9.0.5) Gecko/2008122014 CentOS/3.0.5-1.el4.centos Firefox/3.0.5"
111.93.24.58 - - [21/Nov/2022:08:01:55 +0100] "GET /project/index.php?companyId=2299&button11=Show HTTP/1.1" 200 78184 "https://icad.astacus.se/project/index.php" "Mozilla/5.0 (Windows NT 10.0; Win64; x64; rv:107.0) Gecko/20100101 Firefox/107.0"
78.128.113.62 - - [21/Nov/2022:08:01:56 +0100] "POST /wp-includes/js/jquery/ui/widget.min.js HTTP/1.1" 200 2599 "-" "Mozilla/5.0 (X11; U; Linux x86_64; en-US; rv:1.9.0.5) Gecko/2008122014 CentOS/3.0.5-1.el4.centos Firefox/3.0.5"
78.128.113.62 - - [21/Nov/2022:08:01:56 +0100] "POST /wp-includes/js/jquery/ui/widget.min.js HTTP/1.1" 200 2599 "-" "Mozilla/5.0 (X11; U; Linux x86_64; en-US; rv:1.9.0.5) Gecko/2008122014 CentOS/3.0.5-1.el4.centos Firefox/3.0.5"
78.128.113.62 - - [21/Nov/2022:08:01:57 +0100] "POST /wp-includes/js/jquery/ui/widget.min.js HTTP/1.1" 200 2599 "-" "Mozilla/5.0 (X11; U; Linux x86_64; en-US; rv:1.9.0.5) Gecko/2008122014 CentOS/3.0.5-1.el4.centos Firefox/3.0.5"
78.128.113.62 - - [21/Nov/2022:08:01:58 +0100] "POST /wp-includes/js/jquery/ui/widget.min.js HTTP/1.1" 200 2599 "-" "Mozilla/5.0 (X11; U; Linux x86_64; en-US; rv:1.9.0.5) Gecko/2008122014 CentOS/3.0.5-1.el4.centos Firefox/3.0.5"
14.98.175.41 - - [21/Nov/2022:08:01:58 +0100] "POST /productionzon/setestimate.php?projectId=33387 HTTP/1.1" 302 - "https://icad.astacus.se/productionzon/index.php?page=project&projectId=33387" "Mozilla/5.0 (Windows NT 10.0; Win64; x64) AppleWebKit/537.36 (KHTML, like Gecko) Chrome/107.0.0.0 Safari/537.36"
14.98.175.41 - - [21/Nov/2022:08:01:59 +0100] "GET /productionzon/index.php?page=project&projectId=33387 HTTP/1.1" 200 4597 "https://icad.astacus.se/productionzon/index.php?page=project&projectId=33387" "Mozilla/5.0 (Windows NT 10.0; Win64; x64) AppleWebKit/537.36 (KHTML, like Gecko) Chrome/107.0.0.0 Safari/537.36"
78.128.113.62 - - [21/Nov/2022:08:01:59 +0100] "POST /wp-includes/js/jquery/ui/widget.min.js HTTP/1.1" 200 2599 "-" "Mozilla/5.0 (X11; U; Linux x86_64; en-US; rv:1.9.0.5) Gecko/2008122014 CentOS/3.0.5-1.el4.centos Firefox/3.0.5"
78.128.113.62 - - [21/Nov/2022:08:02:00 +0100] "POST /wp-includes/js/jquery/ui/widget.min.js HTTP/1.1" 200 2599 "-" "Mozilla/5.0 (X11; U; Linux x86_64; en-US; rv:1.9.0.5) Gecko/2008122014 CentOS/3.0.5-1.el4.centos Firefox/3.0.5"
14.98.175.41 - - [21/Nov/2022:08:02:00 +0100] "GET /productionzon/action.php?projectId=33387&action=delivered HTTP/1.1" 302 - "https://icad.astacus.se/productionzon/index.php?page=project&projectId=33387" "Mozilla/5.0 (Windows NT 10.0; Win64; x64) AppleWebKit/537.36 (KHTML, like Gecko) Chrome/107.0.0.0 Safari/537.36"
14.98.175.41 - - [21/Nov/2022:08:02:01 +0100] "GET /productionzon/index.php?page=project&projectId=33387 HTTP/1.1" 200 4593 "https://icad.astacus.se/productionzon/index.php?page=project&projectId=33387" "Mozilla/5.0 (Windows NT 10.0; Win64; x64) AppleWebKit/537.36 (KHTML, like Gecko) Chrome/107.0.0.0 Safari/537.36"
78.128.113.62 - - [21/Nov/2022:08:02:01 +0100] "POST /wp-includes/js/jquery/ui/widget.min.js HTTP/1.1" 200 2599 "-" "Mozilla/5.0 (X11; U; Linux x86_64; en-US; rv:1.9.0.5) Gecko/2008122014 CentOS/3.0.5-1.el4.centos Firefox/3.0.5"
78.128.113.62 - - [21/Nov/2022:08:02:01 +0100] "POST /wp-includes/js/jquery/ui/widget.min.js HTTP/1.1" 200 2599 "-" "Mozilla/5.0 (X11; U; Linux x86_64; en-US; rv:1.9.0.5) Gecko/2008122014 CentOS/3.0.5-1.el4.centos Firefox/3.0.5"
78.128.113.62 - - [21/Nov/2022:08:02:02 +0100] "POST /wp-includes/js/jquery/ui/widget.min.js HTTP/1.1" 200 2599 "-" "Mozilla/5.0 (X11; U; Linux x86_64; en-US; rv:1.9.0.5) Gecko/2008122014 CentOS/3.0.5-1.el4.centos Firefox/3.0.5"
::1 - - [21/Nov/2022:08:02:02 +0100] "OPTIONS * HTTP/1.0" 200 - "-" "Apache/2.4.7 (Ubuntu) PHP/5.5.9-1ubuntu4.29 OpenSSL/1.0.1f (internal dummy connection)"
78.128.113.62 - - [21/Nov/2022:08:02:02 +0100] "POST /wp-includes/js/jquery/ui/widget.min.js HTTP/1.1" 200 2599 "-" "Mozilla/5.0 (X11; U; Linux x86_64; en-US; rv:1.9.0.5) Gecko/2008122014 CentOS/3.0.5-1.el4.centos Firefox/3.0.5"
78.128.113.62 - - [21/Nov/2022:08:02:03 +0100] "POST /wp-includes/js/jquery/ui/widget.min.js HTTP/1.1" 200 2599 "-" "Mozilla/5.0 (X11; U; Linux x86_64; en-US; rv:1.9.0.5) Gecko/2008122014 CentOS/3.0.5-1.el4.centos Firefox/3.0.5"
111.93.24.58 - - [21/Nov/2022:08:02:04 +0100] "GET /project/index.php?companyId=Alla HTTP/1.1" 200 78171 "https://icad.astacus.se/project/index.php?companyId=2299&button11=Show" "Mozilla/5.0 (Windows NT 10.0; Win64; x64; rv:107.0) Gecko/20100101 Firefox/107.0"
78.128.113.62 - - [21/Nov/2022:08:02:04 +0100] "POST /wp-includes/js/jquery/ui/widget.min.js HTTP/1.1" 200 2599 "-" "Mozilla/5.0 (X11; U; Linux x86_64; en-US; rv:1.9.0.5) Gecko/2008122014 CentOS/3.0.5-1.el4.centos Firefox/3.0.5"
78.128.113.62 - - [21/Nov/2022:08:02:05 +0100] "POST /wp-includes/js/jquery/ui/widget.min.js HTTP/1.1" 200 2599 "-" "Mozilla/5.0 (X11; U; Linux x86_64; en-US; rv:1.9.0.5) Gecko/2008122014 CentOS/3.0.5-1.el4.centos Firefox/3.0.5"
78.128.113.62 - - [21/Nov/2022:08:02:06 +0100] "POST /wp-includes/js/jquery/ui/widget.min.js HTTP/1.1" 200 2599 "-" "Mozilla/5.0 (X11; U; Linux x86_64; en-US; rv:1.9.0.5) Gecko/2008122014 CentOS/3.0.5-1.el4.centos Firefox/3.0.5"
78.128.113.62 - - [21/Nov/2022:08:02:07 +0100] "POST /wp-includes/js/jquery/ui/widget.min.js HTTP/1.1" 200 2599 "-" "Mozilla/5.0 (X11; U; Linux x86_64; en-US; rv:1.9.0.5) Gecko/2008122014 CentOS/3.0.5-1.el4.centos Firefox/3.0.5"
88.131.253.147 - - [21/Nov/2022:08:02:07 +0100] "GET /project/index.php?companyId=879&button=Show HTTP/1.1" 200 86189 "https://icad.astacus.se/project/index.php?page=project&projectId=33231&companyId=$$&path=/Files%20from%20Customer/221019" "Mozilla/5.0 (Windows NT 10.0; Win64; x64; rv:106.0) Gecko/20100101 Firefox/106.0"
78.128.113.62 - - [21/Nov/2022:08:02:08 +0100] "POST /wp-includes/js/jquery/ui/widget.min.js HTTP/1.1" 200 2599 "-" "Mozilla/5.0 (X11; U; Linux x86_64; en-US; rv:1.9.0.5) Gecko/2008122014 CentOS/3.0.5-1.el4.centos Firefox/3.0.5"
78.128.113.62 - - [21/Nov/2022:08:02:09 +0100] "POST /wp-includes/js/jquery/ui/widget.min.js HTTP/1.1" 200 2599 "-" "Mozilla/5.0 (X11; U; Linux x86_64; en-US; rv:1.9.0.5) Gecko/2008122014 CentOS/3.0.5-1.el4.centos Firefox/3.0.5"
78.128.113.62 - - [21/Nov/2022:08:02:10 +0100] "POST /wp-includes/js/jquery/ui/widget.min.js HTTP/1.1" 200 2599 "-" "Mozilla/5.0 (X11; U; Linux x86_64; en-US; rv:1.9.0.5) Gecko/2008122014 CentOS/3.0.5-1.el4.centos Firefox/3.0.5"
78.128.113.62 - - [21/Nov/2022:08:02:11 +0100] "POST /wp-includes/js/jquery/ui/widget.min.js HTTP/1.1" 200 2599 "-" "Mozilla/5.0 (X11; U; Linux x86_64; en-US; rv:1.9.0.5) Gecko/2008122014 CentOS/3.0.5-1.el4.centos Firefox/3.0.5"
::1 - - [21/Nov/2022:08:02:11 +0100] "OPTIONS * HTTP/1.0" 200 - "-" "Apache/2.4.7 (Ubuntu) PHP/5.5.9-1ubuntu4.29 OpenSSL/1.0.1f (internal dummy connection)"
78.128.113.62 - - [21/Nov/2022:08:02:12 +0100] "POST /wp-includes/js/jquery/ui/widget.min.js HTTP/1.1" 200 2599 "-" "Mozilla/5.0 (X11; U; Linux x86_64; en-US; rv:1.9.0.5) Gecko/2008122014 CentOS/3.0.5-1.el4.centos Firefox/3.0.5"
78.128.113.62 - - [21/Nov/2022:08:02:12 +0100] "POST /wp-includes/js/jquery/ui/widget.min.js HTTP/1.1" 200 2599 "-" "Mozilla/5.0 (X11; U; Linux x86_64; en-US; rv:1.9.0.5) Gecko/2008122014 CentOS/3.0.5-1.el4.centos Firefox/3.0.5"
78.128.113.62 - - [21/Nov/2022:08:02:13 +0100] "POST /wp-includes/js/jquery/ui/widget.min.js HTTP/1.1" 200 2599 "-" "Mozilla/5.0 (X11; U; Linux x86_64; en-US; rv:1.9.0.5) Gecko/2008122014 CentOS/3.0.5-1.el4.centos Firefox/3.0.5"
78.128.113.62 - - [21/Nov/2022:08:02:13 +0100] "POST /wp-includes/js/jquery/ui/widget.min.js HTTP/1.1" 200 2599 "-" "Mozilla/5.0 (X11; U; Linux x86_64; en-US; rv:1.9.0.5) Gecko/2008122014 CentOS/3.0.5-1.el4.centos Firefox/3.0.5"
::1 - - [21/Nov/2022:08:02:14 +0100] "OPTIONS * HTTP/1.0" 200 - "-" "Apache/2.4.7 (Ubuntu) PHP/5.5.9-1ubuntu4.29 OpenSSL/1.0.1f (internal dummy connection)"
78.128.113.62 - - [21/Nov/2022:08:02:14 +0100] "POST /wp-includes/js/jquery/ui/widget.min.js HTTP/1.1" 200 2599 "-" "Mozilla/5.0 (X11; U; Linux x86_64; en-US; rv:1.9.0.5) Gecko/2008122014 CentOS/3.0.5-1.el4.centos Firefox/3.0.5"
111.93.24.58 - - [21/Nov/2022:08:02:09 +0100] "GET /project/index.php?AdmincountryId=Alla HTTP/1.1" 200 113772 "https://icad.astacus.se/project/index.php?companyId=Alla" "Mozilla/5.0 (Windows NT 10.0; Win64; x64; rv:107.0) Gecko/20100101 Firefox/107.0"
78.128.113.62 - - [21/Nov/2022:08:02:15 +0100] "POST /wp-includes/js/jquery/ui/widget.min.js HTTP/1.1" 200 2599 "-" "Mozilla/5.0 (X11; U; Linux x86_64; en-US; rv:1.9.0.5) Gecko/2008122014 CentOS/3.0.5-1.el4.centos Firefox/3.0.5"
::1 - - [21/Nov/2022:08:02:15 +0100] "OPTIONS * HTTP/1.0" 200 - "-" "Apache/2.4.7 (Ubuntu) PHP/5.5.9-1ubuntu4.29 OpenSSL/1.0.1f (internal dummy connection)"
::1 - - [21/Nov/2022:08:02:16 +0100] "OPTIONS * HTTP/1.0" 200 - "-" "Apache/2.4.7 (Ubuntu) PHP/5.5.9-1ubuntu4.29 OpenSSL/1.0.1f (internal dummy connection)"
::1 - - [21/Nov/2022:08:02:17 +0100] "OPTIONS * HTTP/1.0" 200 - "-" "Apache/2.4.7 (Ubuntu) PHP/5.5.9-1ubuntu4.29 OpenSSL/1.0.1f (internal dummy connection)"
::1 - - [21/Nov/2022:08:02:18 +0100] "OPTIONS * HTTP/1.0" 200 - "-" "Apache/2.4.7 (Ubuntu) PHP/5.5.9-1ubuntu4.29 OpenSSL/1.0.1f (internal dummy connection)"
111.93.24.58 - - [21/Nov/2022:08:02:18 +0100] "GET /project/index.php?companyId=2299&button11=Show HTTP/1.1" 200 79437 "https://icad.astacus.se/project/index.php?AdmincountryId=Alla" "Mozilla/5.0 (Windows NT 10.0; Win64; x64; rv:107.0) Gecko/20100101 Firefox/107.0"
::1 - - [21/Nov/2022:08:02:24 +0100] "OPTIONS * HTTP/1.0" 200 - "-" "Apache/2.4.7 (Ubuntu) PHP/5.5.9-1ubuntu4.29 OpenSSL/1.0.1f (internal dummy connection)"
111.93.24.58 - - [21/Nov/2022:08:02:32 +0100] "GET /project/index.php?page=start&companyId=Alla&countryId=Alla HTTP/1.1" 200 113779 "https://icad.astacus.se/project/index.php?companyId=2299&button11=Show" "Mozilla/5.0 (Windows NT 10.0; Win64; x64; rv:107.0) Gecko/20100101 Firefox/107.0"
114.119.134.165 - - [21/Nov/2022:08:02:32 +0100] "GET /apps/school/www_old6/img/LevelF/Category2/LevelFCat2Lesson19 HTTP/1.1" 301 300 "http://kulturdokumentation.com/apps/school/www_old6/img/LevelF/Category2?C=M%3BO%3DA" "Mozilla/5.0 (Linux; Android 7.0;) AppleWebKit/537.36 (KHTML, like Gecko) Mobile Safari/537.36 (compatible; PetalBot;+https://webmaster.petalsearch.com/site/petalbot)"
114.119.134.165 - - [21/Nov/2022:08:02:34 +0100] "GET /apps/school/www_old6/img/LevelF/Category2/LevelFCat2Lesson19/ HTTP/1.1" 200 452 "http://kulturdokumentation.com/apps/school/www_old6/img/LevelF/Category2?C=M%3BO%3DA" "Mozilla/5.0 (Linux; Android 7.0;) AppleWebKit/537.36 (KHTML, like Gecko) Mobile Safari/537.36 (compatible; PetalBot;+https://webmaster.petalsearch.com/site/petalbot)"
::1 - - [21/Nov/2022:08:02:50 +0100] "OPTIONS * HTTP/1.0" 200 - "-" "Apache/2.4.7 (Ubuntu) PHP/5.5.9-1ubuntu4.29 OpenSSL/1.0.1f (internal dummy connection)"
207.46.13.191 - - [21/Nov/2022:08:03:22 +0100] "GET /wp-content/uploads/2018/10/radarspar.jpg HTTP/1.1" 302 247 "-" "Mozilla/5.0 AppleWebKit/537.36 (KHTML, like Gecko; compatible; bingbot/2.0; +http://www.bing.com/bingbot.htm) Chrome/103.0.5060.134 Safari/537.36"
207.46.13.191 - - [21/Nov/2022:08:03:23 +0100] "GET /wp-content/uploads/2018/10/radarspar.jpg HTTP/1.1" 200 405887 "-" "Mozilla/5.0 (compatible; bingbot/2.0; +http://www.bing.com/bingbot.htm)"
::1 - - [21/Nov/2022:08:03:43 +0100] "OPTIONS * HTTP/1.0" 200 - "-" "Apache/2.4.7 (Ubuntu) PHP/5.5.9-1ubuntu4.29 OpenSSL/1.0.1f (internal dummy connection)"
111.93.24.58 - - [21/Nov/2022:08:04:17 +0100] "GET /project/index.php?page=start&companyId=Alla&countryId=Alla HTTP/1.1" 302 27974 "https://icad.astacus.se/project/index.php?companyId=4965&page=project_production&projectId=33334" "Mozilla/5.0 (Windows NT 6.1; Win64; x64; rv:106.0) Gecko/20100101 Firefox/106.0"
111.93.24.58 - - [21/Nov/2022:08:04:18 +0100] "GET /?page=loggain&message= HTTP/1.1" 200 1772 "-" "Mozilla/5.0 (Windows NT 6.1; Win64; x64; rv:106.0) Gecko/20100101 Firefox/106.0"
111.93.24.58 - - [21/Nov/2022:08:04:18 +0100] "GET /images/icadloggo.gif HTTP/1.1" 200 2516 "https://icad.astacus.se/?page=loggain&message=" "Mozilla/5.0 (Windows NT 6.1; Win64; x64; rv:106.0) Gecko/20100101 Firefox/106.0"
14.98.175.41 - - [21/Nov/2022:08:02:03 +0100] "GET /productionzon/index.php HTTP/1.1" 200 88425 "https://icad.astacus.se/?page=loggain&goto=project" "Mozilla/5.0 (Windows NT 10.0; Win64; x64) AppleWebKit/537.36 (KHTML, like Gecko) Chrome/107.0.0.0 Safari/537.36"
111.93.24.58 - - [21/Nov/2022:08:04:39 +0100] "GET / HTTP/1.1" 302 207 "-" "Mozilla/5.0 (Windows NT 6.1; Win64; x64; rv:106.0) Gecko/20100101 Firefox/106.0"
111.93.24.58 - - [21/Nov/2022:08:04:39 +0100] "GET / HTTP/1.1" 200 13133 "-" "Mozilla/5.0 (Windows NT 6.1; Win64; x64; rv:106.0) Gecko/20100101 Firefox/106.0"
111.93.24.58 - - [21/Nov/2022:08:04:40 +0100] "GET /wp-content/plugins/revslider/public/assets/css/settings.css?ver=5.4.8 HTTP/1.1" 200 9545 "https://www.astacus.se/" "Mozilla/5.0 (Windows NT 6.1; Win64; x64; rv:106.0) Gecko/20100101 Firefox/106.0"
111.93.24.58 - - [21/Nov/2022:08:04:40 +0100] "GET /wp-includes/js/jquery/ui/mouse.min.js?ver=1.11.4 HTTP/1.1" 200 1021 "https://www.astacus.se/" "Mozilla/5.0 (Windows NT 6.1; Win64; x64; rv:106.0) Gecko/20100101 Firefox/106.0"
111.93.24.58 - - [21/Nov/2022:08:04:40 +0100] "GET /wp-includes/js/jquery/ui/widget.min.js?ver=1.11.4 HTTP/1.1" 200 2599 "https://www.astacus.se/" "Mozilla/5.0 (Windows NT 6.1; Win64; x64; rv:106.0) Gecko/20100101 Firefox/106.0"
111.93.24.58 - - [21/Nov/2022:08:04:40 +0100] "GET /wp-includes/js/jquery/ui/slider.min.js?ver=1.11.4 HTTP/1.1" 200 3093 "https://www.astacus.se/" "Mozilla/5.0 (Windows NT 6.1; Win64; x64; rv:106.0) Gecko/20100101 Firefox/106.0"
111.93.24.58 - - [21/Nov/2022:08:04:40 +0100] "GET /wp-content/plugins/revslider/public/assets/js/jquery.themepunch.tools.min.js?ver=5.4.8 HTTP/1.1" 200 38337 "https://www.astacus.se/" "Mozilla/5.0 (Windows NT 6.1; Win64; x64; rv:106.0) Gecko/20100101 Firefox/106.0"
111.93.24.58 - - [21/Nov/2022:08:04:40 +0100] "GET /wp-includes/js/jquery/ui/core.min.js?ver=1.11.4 HTTP/1.1" 200 1821 "https://www.astacus.se/" "Mozilla/5.0 (Windows NT 6.1; Win64; x64; rv:106.0) Gecko/20100101 Firefox/106.0"
111.93.24.58 - - [21/Nov/2022:08:04:40 +0100] "GET /wp-content/plugins/revslider/public/assets/js/jquery.themepunch.revolution.min.js?ver=5.4.8 HTTP/1.1" 200 18090 "https://www.astacus.se/" "Mozilla/5.0 (Windows NT 6.1; Win64; x64; rv:106.0) Gecko/20100101 Firefox/106.0"
111.93.24.58 - - [21/Nov/2022:08:04:41 +0100] "GET /wp-content/themes/x/framework/js/dist/site/x-body.min.js?ver=4.6.4 HTTP/1.1" 200 7438 "https://www.astacus.se/" "Mozilla/5.0 (Windows NT 6.1; Win64; x64; rv:106.0) Gecko/20100101 Firefox/106.0"
111.93.24.58 - - [21/Nov/2022:08:04:41 +0100] "GET /wp-includes/js/comment-reply.min.js?ver=4.8.1 HTTP/1.1" 200 589 "https://www.astacus.se/" "Mozilla/5.0 (Windows NT 6.1; Win64; x64; rv:106.0) Gecko/20100101 Firefox/106.0"
111.93.24.58 - - [21/Nov/2022:08:04:41 +0100] "GET /wp-content/plugins/cornerstone/assets/dist/js/site/cs-body.js?ver=2.0.6 HTTP/1.1" 200 41251 "https://www.astacus.se/" "Mozilla/5.0 (Windows NT 6.1; Win64; x64; rv:106.0) Gecko/20100101 Firefox/106.0"
111.93.24.58 - - [21/Nov/2022:08:04:41 +0100] "GET /wp-includes/js/wp-embed.min.js?ver=4.8.1 HTTP/1.1" 200 751 "https://www.astacus.se/" "Mozilla/5.0 (Windows NT 6.1; Win64; x64; rv:106.0) Gecko/20100101 Firefox/106.0"
111.93.24.58 - - [21/Nov/2022:08:04:41 +0100] "GET /wp-includes/js/wp-emoji-release.min.js?ver=4.8.1 HTTP/1.1" 200 4299 "https://www.astacus.se/" "Mozilla/5.0 (Windows NT 6.1; Win64; x64; rv:106.0) Gecko/20100101 Firefox/106.0"
111.93.24.58 - - [21/Nov/2022:08:04:41 +0100] "GET /wp-content/uploads/2020/04/scb-881x492.jpg HTTP/1.1" 200 29812 "https://www.astacus.se/" "Mozilla/5.0 (Windows NT 6.1; Win64; x64; rv:106.0) Gecko/20100101 Firefox/106.0"
111.93.24.58 - - [21/Nov/2022:08:04:41 +0100] "GET /wp-content/uploads/2020/04/arvid.jpg HTTP/1.1" 200 29060 "https://www.astacus.se/" "Mozilla/5.0 (Windows NT 6.1; Win64; x64; rv:106.0) Gecko/20100101 Firefox/106.0"
111.93.24.58 - - [21/Nov/2022:08:04:41 +0100] "GET /wp-content/themes/x/framework/fonts/font_awesome/fontawesome-webfont.woff2?v=4.6.3 HTTP/1.1" 200 71896 "https://www.astacus.se/wp-content/themes/x/framework/css/dist/site/stacks/ethos.css?ver=4.6.4" "Mozilla/5.0 (Windows NT 6.1; Win64; x64; rv:106.0) Gecko/20100101 Firefox/106.0"
111.93.24.58 - - [21/Nov/2022:08:04:41 +0100] "GET /wp-content/uploads/2021/07/wrslam.jpg HTTP/1.1" 200 154033 "https://www.astacus.se/" "Mozilla/5.0 (Windows NT 6.1; Win64; x64; rv:106.0) Gecko/20100101 Firefox/106.0"
111.93.24.58 - - [21/Nov/2022:08:04:41 +0100] "GET /wp-content/plugins/revslider/public/assets/js/extensions/revolution.extension.slideanims.min.js?version=5.4.8 HTTP/1.1" 200 6880 "https://www.astacus.se/" "Mozilla/5.0 (Windows NT 6.1; Win64; x64; rv:106.0) Gecko/20100101 Firefox/106.0"
111.93.24.58 - - [21/Nov/2022:08:04:43 +0100] "GET /?page=loggain&goto=approject HTTP/1.1" 200 1269 "https://www.astacus.se/" "Mozilla/5.0 (Windows NT 6.1; Win64; x64; rv:106.0) Gecko/20100101 Firefox/106.0"
111.93.24.58 - - [21/Nov/2022:08:04:43 +0100] "GET /main.css HTTP/1.1" 200 415 "https://icad.astacus.se/?page=loggain&goto=approject" "Mozilla/5.0 (Windows NT 6.1; Win64; x64; rv:106.0) Gecko/20100101 Firefox/106.0"
111.93.24.58 - - [21/Nov/2022:08:04:46 +0100] "POST /logon.php?action=logon HTTP/1.1" 302 - "https://icad.astacus.se/?page=loggain&goto=approject" "Mozilla/5.0 (Windows NT 6.1; Win64; x64; rv:106.0) Gecko/20100101 Firefox/106.0"
111.93.24.58 - - [21/Nov/2022:08:04:46 +0100] "GET /project/index.php HTTP/1.1" 200 78172 "https://icad.astacus.se/?page=loggain&goto=approject" "Mozilla/5.0 (Windows NT 6.1; Win64; x64; rv:106.0) Gecko/20100101 Firefox/106.0"
111.93.24.58 - - [21/Nov/2022:08:04:47 +0100] "GET /images/nolog.png HTTP/1.1" 200 2866 "https://icad.astacus.se/project/index.php" "Mozilla/5.0 (Windows NT 6.1; Win64; x64; rv:106.0) Gecko/20100101 Firefox/106.0"
::1 - - [21/Nov/2022:08:04:54 +0100] "OPTIONS * HTTP/1.0" 200 - "-" "Apache/2.4.7 (Ubuntu) PHP/5.5.9-1ubuntu4.29 OpenSSL/1.0.1f (internal dummy connection)"
216.244.66.239 - - [21/Nov/2022:08:05:43 +0100] "GET /apps/school/www_old5/img/LevelC/Category2/LevelCCat2Lesson07/?C=M;O=A HTTP/1.1" 200 1018 "-" "Mozilla/5.0 (compatible; DotBot/1.2; +https://opensiteexplorer.org/dotbot; help@moz.com)"
216.244.66.239 - - [21/Nov/2022:08:05:45 +0100] "GET /apps/school/www_old8/img/LevelC/Category1/LevelCCat1Lesson21/?C=S;O=A HTTP/1.1" 200 1626 "-" "Mozilla/5.0 (compatible; DotBot/1.2; +https://opensiteexplorer.org/dotbot; help@moz.com)"
185.191.171.14 - - [21/Nov/2022:08:05:50 +0100] "GET /index.php?filename=Afternoon_S.zip&id=91&page=download&path=data%2Fmodels%2FAfternoon_S.zip HTTP/1.1" 200 4213 "-" "Mozilla/5.0 (compatible; SemrushBot/7~bl; +http://www.semrush.com/bot.html)"
216.244.66.239 - - [21/Nov/2022:08:05:50 +0100] "GET /apps/school/www_old8/img/LevelG/Category2/LevelGCat2Lesson18/?C=S;O=A HTTP/1.1" 200 1028 "-" "Mozilla/5.0 (compatible; DotBot/1.2; +https://opensiteexplorer.org/dotbot; help@moz.com)"
114.119.141.73 - - [21/Nov/2022:08:05:59 +0100] "GET /apps/school/www_old3/Html/LevelA/ HTTP/1.1" 200 469 "http://kulturdokumentation.se/apps/school/www_old3/Html/LevelA/Category2/" "Mozilla/5.0 (Linux; Android 7.0;) AppleWebKit/537.36 (KHTML, like Gecko) Mobile Safari/537.36 (compatible; PetalBot;+https://webmaster.petalsearch.com/site/petalbot)"
185.191.171.26 - - [21/Nov/2022:08:06:16 +0100] "GET /?keyword=sk%C3%A5p&page=result HTTP/1.1" 200 3268 "-" "Mozilla/5.0 (compatible; SemrushBot/7~bl; +http://www.semrush.com/bot.html)"
88.131.253.147 - - [21/Nov/2022:08:07:31 +0100] "GET /phpmyadmin_astacus2016/tbl_select.php?db=energicontrol&table=tblEnergyLog2&token=a264638fb81a06cd9671b71916a3bedd&ajax_request=true&ajax_page_request=true&menuHashes=7754dc73-8ce69731-f42fbf99&_nocache=1669014707789271034 HTTP/1.1" 200 20338 "https://www.astacus.se/phpmyadmin_astacus2016/index.php?token=a264638fb81a06cd9671b71916a3bedd" "Mozilla/5.0 (Windows NT 10.0; Win64; x64) AppleWebKit/537.36 (KHTML, like Gecko) Chrome/106.0.0.0 Safari/537.36"
88.131.253.147 - - [21/Nov/2022:08:07:32 +0100] "GET /phpmyadmin_astacus2016/js/get_scripts.js.php?scripts[]=tbl_select.js HTTP/1.1" 200 7791 "https://www.astacus.se/phpmyadmin_astacus2016/index.php?token=a264638fb81a06cd9671b71916a3bedd" "Mozilla/5.0 (Windows NT 10.0; Win64; x64) AppleWebKit/537.36 (KHTML, like Gecko) Chrome/106.0.0.0 Safari/537.36"
88.131.253.147 - - [21/Nov/2022:08:07:32 +0100] "GET /phpmyadmin_astacus2016/index.php?ajax_request=1&recent_table=1&token=a264638fb81a06cd9671b71916a3bedd HTTP/1.1" 200 1546 "https://www.astacus.se/phpmyadmin_astacus2016/index.php?token=a264638fb81a06cd9671b71916a3bedd" "Mozilla/5.0 (Windows NT 10.0; Win64; x64) AppleWebKit/537.36 (KHTML, like Gecko) Chrome/106.0.0.0 Safari/537.36"
88.131.253.147 - - [21/Nov/2022:08:07:34 +0100] "GET /project/index.php?BallId=2744&button=Visa HTTP/1.1" 200 104936 "https://icad.astacus.se/project/index.php?companyId=879&button=Show" "Mozilla/5.0 (Windows NT 10.0; Win64; x64; rv:106.0) Gecko/20100101 Firefox/106.0"
88.131.253.147 - - [21/Nov/2022:08:07:37 +0100] "GET /phpmyadmin_astacus2016/sql.php?server=1&db=energicontrol&table=tblEcoguard&pos=0&token=a264638fb81a06cd9671b71916a3bedd&ajax_request=true&ajax_page_request=true&menuHashes=7754dc73-8ce69731-f42fbf99-a4755d44&_nocache=166901471346964053 HTTP/1.1" 200 115105 "https://www.astacus.se/phpmyadmin_astacus2016/index.php?token=a264638fb81a06cd9671b71916a3bedd" "Mozilla/5.0 (Windows NT 10.0; Win64; x64) AppleWebKit/537.36 (KHTML, like Gecko) Chrome/106.0.0.0 Safari/537.36"
88.131.253.147 - - [21/Nov/2022:08:07:39 +0100] "GET /phpmyadmin_astacus2016/index.php?ajax_request=1&recent_table=1&token=a264638fb81a06cd9671b71916a3bedd HTTP/1.1" 200 1546 "https://www.astacus.se/phpmyadmin_astacus2016/index.php?token=a264638fb81a06cd9671b71916a3bedd" "Mozilla/5.0 (Windows NT 10.0; Win64; x64) AppleWebKit/537.36 (KHTML, like Gecko) Chrome/106.0.0.0 Safari/537.36"
88.131.253.147 - - [21/Nov/2022:08:07:40 +0100] "GET /phpmyadmin_astacus2016/tbl_select.php?db=energicontrol&table=tblEcoguard&token=a264638fb81a06cd9671b71916a3bedd&ajax_request=true&ajax_page_request=true&menuHashes=7754dc73-8ce69731-f42fbf99-a4755d44-d6da98a2&_nocache=1669014716779756682 HTTP/1.1" 200 17441 "https://www.astacus.se/phpmyadmin_astacus2016/index.php?token=a264638fb81a06cd9671b71916a3bedd" "Mozilla/5.0 (Windows NT 10.0; Win64; x64) AppleWebKit/537.36 (KHTML, like Gecko) Chrome/106.0.0.0 Safari/537.36"
88.131.253.147 - - [21/Nov/2022:08:07:40 +0100] "GET /phpmyadmin_astacus2016/index.php?ajax_request=1&recent_table=1&token=a264638fb81a06cd9671b71916a3bedd HTTP/1.1" 200 1546 "https://www.astacus.se/phpmyadmin_astacus2016/index.php?token=a264638fb81a06cd9671b71916a3bedd" "Mozilla/5.0 (Windows NT 10.0; Win64; x64) AppleWebKit/537.36 (KHTML, like Gecko) Chrome/106.0.0.0 Safari/537.36"
::1 - - [21/Nov/2022:08:07:40 +0100] "OPTIONS * HTTP/1.0" 200 - "-" "Apache/2.4.7 (Ubuntu) PHP/5.5.9-1ubuntu4.29 OpenSSL/1.0.1f (internal dummy connection)"
114.119.134.152 - - [21/Nov/2022:08:07:41 +0100] "GET /apps/school/www_old9/img/LevelD/Category1/LevelDCat1Lesson26/?C=D%3BO%3DA HTTP/1.1" 200 453 "http://kulturdokumentation.com/apps/school/www_old9/img/LevelD/Category1/LevelDCat1Lesson26" "Mozilla/5.0 (Linux; Android 7.0;) AppleWebKit/537.36 (KHTML, like Gecko) Mobile Safari/537.36 (compatible; PetalBot;+https://webmaster.petalsearch.com/site/petalbot)"
88.131.253.147 - - [21/Nov/2022:08:07:47 +0100] "POST /phpmyadmin_astacus2016/tbl_select.php HTTP/1.1" 200 120701 "https://www.astacus.se/phpmyadmin_astacus2016/index.php?token=a264638fb81a06cd9671b71916a3bedd" "Mozilla/5.0 (Windows NT 10.0; Win64; x64) AppleWebKit/537.36 (KHTML, like Gecko) Chrome/106.0.0.0 Safari/537.36"
14.98.175.41 - - [21/Nov/2022:08:07:56 +0100] "GET /notifications.php?days=5 HTTP/1.1" 200 3179 "-" "Mozilla/5.0 (Windows NT 6.1; Win64; x64) AppleWebKit/537.36 (KHTML, like Gecko) Chrome/107.0.0.0 Safari/537.36"
88.131.253.147 - - [21/Nov/2022:08:08:03 +0100] "POST /phpmyadmin_astacus2016/sql.php?db=energicontrol&table=tblEcoguard&sql_query=SELECT+%2A++FROM+%60tblEcoguard%60+WHERE+%60SensorName%60+LIKE+%2700614161%27+AND+%60SensorType%60+LIKE+%27T%27&goto=sql.php&token=a264638fb81a06cd9671b71916a3bedd HTTP/1.1" 200 125855 "https://www.astacus.se/phpmyadmin_astacus2016/index.php?token=a264638fb81a06cd9671b71916a3bedd" "Mozilla/5.0 (Windows NT 10.0; Win64; x64) AppleWebKit/537.36 (KHTML, like Gecko) Chrome/106.0.0.0 Safari/537.36"
88.131.253.147 - - [21/Nov/2022:08:08:04 +0100] "GET /phpmyadmin_astacus2016/index.php?ajax_request=1&recent_table=1&token=a264638fb81a06cd9671b71916a3bedd HTTP/1.1" 200 1546 "https://www.astacus.se/phpmyadmin_astacus2016/index.php?token=a264638fb81a06cd9671b71916a3bedd" "Mozilla/5.0 (Windows NT 10.0; Win64; x64) AppleWebKit/537.36 (KHTML, like Gecko) Chrome/106.0.0.0 Safari/537.36"
::1 - - [21/Nov/2022:08:08:21 +0100] "OPTIONS * HTTP/1.0" 200 - "-" "Apache/2.4.7 (Ubuntu) PHP/5.5.9-1ubuntu4.29 OpenSSL/1.0.1f (internal dummy connection)"
::1 - - [21/Nov/2022:08:08:57 +0100] "OPTIONS * HTTP/1.0" 200 - "-" "Apache/2.4.7 (Ubuntu) PHP/5.5.9-1ubuntu4.29 OpenSSL/1.0.1f (internal dummy connection)"
87.250.224.71 - - [21/Nov/2022:08:09:05 +0100] "GET /robots.txt HTTP/1.1" 404 208 "-" "Mozilla/5.0 (compatible; YandexBot/3.0; +http://yandex.com/bots)"
5.45.207.122 - - [21/Nov/2022:08:09:05 +0100] "GET /robots.txt HTTP/1.1" 404 208 "-" "Mozilla/5.0 (compatible; YandexBot/3.0; +http://yandex.com/bots)"
87.250.224.71 - - [21/Nov/2022:08:09:09 +0100] "GET / HTTP/1.1" 200 4249 "-" "Mozilla/5.0 (compatible; YandexBot/3.0; +http://yandex.com/bots)"
87.250.224.71 - - [21/Nov/2022:08:09:09 +0100] "GET / HTTP/1.1" 200 4249 "-" "Mozilla/5.0 (compatible; YandexBot/3.0; +http://yandex.com/bots)"
88.131.253.147 - - [21/Nov/2022:08:09:33 +0100] "GET /project/index.php?companyId=743 HTTP/1.1" 200 86135 "https://icad.astacus.se/project/index.php?BallId=2744&button=Visa" "Mozilla/5.0 (Windows NT 10.0; Win64; x64; rv:106.0) Gecko/20100101 Firefox/106.0"
88.131.253.147 - - [21/Nov/2022:08:09:38 +0100] "GET /project/historylog.php?companyId=743 HTTP/1.1" 200 9157 "https://icad.astacus.se/project/index.php?companyId=743" "Mozilla/5.0 (Windows NT 10.0; Win64; x64; rv:106.0) Gecko/20100101 Firefox/106.0"
::1 - - [21/Nov/2022:08:09:53 +0100] "OPTIONS * HTTP/1.0" 200 - "-" "Apache/2.4.7 (Ubuntu) PHP/5.5.9-1ubuntu4.29 OpenSSL/1.0.1f (internal dummy connection)"
66.249.66.12 - - [21/Nov/2022:08:10:15 +0100] "GET /astacustoolbox HTTP/1.1" 302 221 "-" "Mozilla/5.0 (Linux; Android 6.0.1; Nexus 5X Build/MMB29P) AppleWebKit/537.36 (KHTML, like Gecko) Chrome/107.0.5304.110 Mobile Safari/537.36 (compatible; Googlebot/2.1; +http://www.google.com/bot.html)"
66.249.66.29 - - [21/Nov/2022:08:10:16 +0100] "GET /astacustoolbox HTTP/1.1" 301 - "-" "Mozilla/5.0 (Linux; Android 6.0.1; Nexus 5X Build/MMB29P) AppleWebKit/537.36 (KHTML, like Gecko) Chrome/107.0.5304.110 Mobile Safari/537.36 (compatible; Googlebot/2.1; +http://www.google.com/bot.html)"
66.249.66.27 - - [21/Nov/2022:08:10:17 +0100] "GET /astacustoolbox/ HTTP/1.1" 200 9506 "-" "Mozilla/5.0 (Linux; Android 6.0.1; Nexus 5X Build/MMB29P) AppleWebKit/537.36 (KHTML, like Gecko) Chrome/107.0.5304.110 Mobile Safari/537.36 (compatible; Googlebot/2.1; +http://www.google.com/bot.html)"
185.191.171.18 - - [21/Nov/2022:08:10:58 +0100] "GET /index.php?keyword=Sidobord&page=result HTTP/1.1" 200 3822 "-" "Mozilla/5.0 (compatible; SemrushBot/7~bl; +http://www.semrush.com/bot.html)"
114.119.132.76 - - [21/Nov/2022:08:11:05 +0100] "GET /apps/school/www_old8/img/LevelB/Category1/LevelBCat1Lesson08/?C=D%3BO%3DA HTTP/1.1" 200 530 "http://kulturdokumentation.se/apps/school/www_old8/img/LevelB/Category1/LevelBCat1Lesson08/?C=S%3BO%3DA" "Mozilla/5.0 (Linux; Android 7.0;) AppleWebKit/537.36 (KHTML, like Gecko) Mobile Safari/537.36 (compatible; PetalBot;+https://webmaster.petalsearch.com/site/petalbot)"
207.46.13.10 - - [21/Nov/2022:08:11:26 +0100] "GET /video.php HTTP/1.1" 200 2590 "-" "Mozilla/5.0 (compatible; bingbot/2.0; +http://www.bing.com/bingbot.htm)"
14.98.175.41 - - [21/Nov/2022:08:11:42 +0100] "GET /notifications.php?days=4 HTTP/1.1" 200 2918 "-" "Mozilla/5.0 (Windows NT 10.0; Win64; x64) AppleWebKit/537.36 (KHTML, like Gecko) Chrome/107.0.0.0 Safari/537.36"
88.131.253.147 - - [21/Nov/2022:08:11:55 +0100] "GET /project/company_klar.php?companyId=743&actionId=19281 HTTP/1.1" 302 - "https://icad.astacus.se/project/historylog.php?companyId=743" "Mozilla/5.0 (Windows NT 10.0; Win64; x64; rv:106.0) Gecko/20100101 Firefox/106.0"
88.131.253.147 - - [21/Nov/2022:08:11:55 +0100] "GET /project/historylog.php?companyId=743 HTTP/1.1" 200 9154 "https://icad.astacus.se/project/historylog.php?companyId=743" "Mozilla/5.0 (Windows NT 10.0; Win64; x64; rv:106.0) Gecko/20100101 Firefox/106.0"
207.46.13.175 - - [21/Nov/2022:08:12:05 +0100] "GET /movie/swfobject.js HTTP/1.1" 200 2251 "-" "Mozilla/5.0 (compatible; bingbot/2.0; +http://www.bing.com/bingbot.htm)"
66.249.66.58 - - [21/Nov/2022:08:12:14 +0100] "GET /apps/school/www_old9/img/LevelD/Category1/LevelDCat1Lesson36/waterFall.png HTTP/1.1" 200 27822 "-" "Googlebot-Image/1.0"
88.131.253.147 - - [21/Nov/2022:08:12:22 +0100] "GET /?page=loggain&goto=approject HTTP/1.1" 302 240 "-" "Mozilla/5.0 (Windows NT 10.0; Win64; x64) AppleWebKit/537.36 (KHTML, like Gecko) Chrome/107.0.0.0 Safari/537.36"
88.131.253.147 - - [21/Nov/2022:08:12:22 +0100] "GET /?page=loggain&goto=approject HTTP/1.1" 200 1269 "-" "Mozilla/5.0 (Windows NT 10.0; Win64; x64) AppleWebKit/537.36 (KHTML, like Gecko) Chrome/107.0.0.0 Safari/537.36"
88.131.253.147 - - [21/Nov/2022:08:12:23 +0100] "POST /logon.php?action=logon HTTP/1.1" 302 - "https://icad.astacus.se/?page=loggain&goto=approject" "Mozilla/5.0 (Windows NT 10.0; Win64; x64) AppleWebKit/537.36 (KHTML, like Gecko) Chrome/107.0.0.0 Safari/537.36"
88.131.253.147 - - [21/Nov/2022:08:12:23 +0100] "GET /project/index.php?BallId=3170 HTTP/1.1" 200 101234 "https://icad.astacus.se/?page=loggain&goto=approject" "Mozilla/5.0 (Windows NT 10.0; Win64; x64) AppleWebKit/537.36 (KHTML, like Gecko) Chrome/107.0.0.0 Safari/537.36"
88.131.253.147 - - [21/Nov/2022:08:12:28 +0100] "GET /project/index.php?companyId=2465&button=Show HTTP/1.1" 200 87627 "https://icad.astacus.se/project/index.php?BallId=3170" "Mozilla/5.0 (Windows NT 10.0; Win64; x64) AppleWebKit/537.36 (KHTML, like Gecko) Chrome/107.0.0.0 Safari/537.36"
114.119.134.152 - - [21/Nov/2022:08:12:49 +0100] "GET /apps/school/www_old5/img/LevelD/Category3/LevelDCat3Lesson26 HTTP/1.1" 301 300 "http://kulturdokumentation.com/apps/school/www_old5/img/LevelD/Category3?C=N%3BO%3DD" "Mozilla/5.0 (Linux; Android 7.0;) AppleWebKit/537.36 (KHTML, like Gecko) Mobile Safari/537.36 (compatible; PetalBot;+https://webmaster.petalsearch.com/site/petalbot)"
114.119.134.152 - - [21/Nov/2022:08:12:53 +0100] "GET /apps/school/www_old5/img/LevelD/Category3/LevelDCat3Lesson26/ HTTP/1.1" 200 519 "http://kulturdokumentation.com/apps/school/www_old5/img/LevelD/Category3?C=N%3BO%3DD" "Mozilla/5.0 (Linux; Android 7.0;) AppleWebKit/537.36 (KHTML, like Gecko) Mobile Safari/537.36 (compatible; PetalBot;+https://webmaster.petalsearch.com/site/petalbot)"
185.191.171.22 - - [21/Nov/2022:08:13:08 +0100] "GET /index.php?%20F%C3%A5t%C3%B6ljer&keyword=Soffor%20&page=result HTTP/1.1" 200 4191 "-" "Mozilla/5.0 (compatible; SemrushBot/7~bl; +http://www.semrush.com/bot.html)"
88.131.253.147 - - [21/Nov/2022:08:13:25 +0100] "POST /project/historylogsave.php?companyId=743 HTTP/1.1" 302 1 "https://icad.astacus.se/project/historylog.php?companyId=743" "Mozilla/5.0 (Windows NT 10.0; Win64; x64; rv:106.0) Gecko/20100101 Firefox/106.0"
88.131.253.147 - - [21/Nov/2022:08:13:25 +0100] "GET /project/historylog.php?companyId=743 HTTP/1.1" 200 9289 "https://icad.astacus.se/project/historylog.php?companyId=743" "Mozilla/5.0 (Windows NT 10.0; Win64; x64; rv:106.0) Gecko/20100101 Firefox/106.0"
88.131.253.147 - - [21/Nov/2022:08:13:32 +0100] "GET /project/index.php?BallId=2744&button=Visa HTTP/1.1" 200 104936 "https://icad.astacus.se/project/index.php?companyId=743" "Mozilla/5.0 (Windows NT 10.0; Win64; x64; rv:106.0) Gecko/20100101 Firefox/106.0"
::1 - - [21/Nov/2022:08:13:38 +0100] "OPTIONS * HTTP/1.0" 200 - "-" "Apache/2.4.7 (Ubuntu) PHP/5.5.9-1ubuntu4.29 OpenSSL/1.0.1f (internal dummy connection)"
::1 - - [21/Nov/2022:08:13:39 +0100] "OPTIONS * HTTP/1.0" 200 - "-" "Apache/2.4.7 (Ubuntu) PHP/5.5.9-1ubuntu4.29 OpenSSL/1.0.1f (internal dummy connection)"
::1 - - [21/Nov/2022:08:13:40 +0100] "OPTIONS * HTTP/1.0" 200 - "-" "Apache/2.4.7 (Ubuntu) PHP/5.5.9-1ubuntu4.29 OpenSSL/1.0.1f (internal dummy connection)"
88.131.253.147 - - [21/Nov/2022:08:13:42 +0100] "GET /project/expiredaction.php HTTP/1.1" 200 10773 "https://icad.astacus.se/project/expiredaction.php" "Mozilla/5.0 (Windows NT 10.0; Win64; x64; rv:106.0) Gecko/20100101 Firefox/106.0"
88.131.253.147 - - [21/Nov/2022:08:13:44 +0100] "GET /project/index.php?tab=1 HTTP/1.1" 200 112894 "https://icad.astacus.se/project/index.php?companyId=2465&button=Show" "Mozilla/5.0 (Windows NT 10.0; Win64; x64) AppleWebKit/537.36 (KHTML, like Gecko) Chrome/107.0.0.0 Safari/537.36"
88.131.253.147 - - [21/Nov/2022:08:13:50 +0100] "GET /project/index.php?companyId=1798&button=Show HTTP/1.1" 200 85601 "https://icad.astacus.se/project/index.php?BallId=2744&button=Visa" "Mozilla/5.0 (Windows NT 10.0; Win64; x64; rv:106.0) Gecko/20100101 Firefox/106.0"
88.131.253.147 - - [21/Nov/2022:08:13:52 +0100] "GET /project/index.php?companyId=1798&page=project&projectId=33281 HTTP/1.1" 200 9099 "https://icad.astacus.se/project/index.php?companyId=1798&button=Show" "Mozilla/5.0 (Windows NT 10.0; Win64; x64; rv:106.0) Gecko/20100101 Firefox/106.0"
::1 - - [21/Nov/2022:08:14:03 +0100] "OPTIONS * HTTP/1.0" 200 - "-" "Apache/2.4.7 (Ubuntu) PHP/5.5.9-1ubuntu4.29 OpenSSL/1.0.1f (internal dummy connection)"
::1 - - [21/Nov/2022:08:14:08 +0100] "OPTIONS * HTTP/1.0" 200 - "-" "Apache/2.4.7 (Ubuntu) PHP/5.5.9-1ubuntu4.29 OpenSSL/1.0.1f (internal dummy connection)"
88.131.253.147 - - [21/Nov/2022:08:14:25 +0100] "GET /project/index.php?companyId=&page=project&projectId=33212 HTTP/1.1" 200 8881 "https://icad.astacus.se/project/index.php?tab=1" "Mozilla/5.0 (Windows NT 10.0; Win64; x64) AppleWebKit/537.36 (KHTML, like Gecko) Chrome/107.0.0.0 Safari/537.36"
88.131.253.147 - - [21/Nov/2022:08:14:26 +0100] "GET /project/index.php?page=project&projectId=33212&companyId=$&path=/Files%20from%20Production HTTP/1.1" 200 8952 "https://icad.astacus.se/project/index.php?companyId=&page=project&projectId=33212" "Mozilla/5.0 (Windows NT 10.0; Win64; x64) AppleWebKit/537.36 (KHTML, like Gecko) Chrome/107.0.0.0 Safari/537.36"
88.131.253.147 - - [21/Nov/2022:08:14:27 +0100] "GET /project/index.php?page=project&projectId=33212&companyId=$$&path=/Files%20from%20Production/221118 HTTP/1.1" 200 8902 "https://icad.astacus.se/project/index.php?page=project&projectId=33212&companyId=$&path=/Files%20from%20Production" "Mozilla/5.0 (Windows NT 10.0; Win64; x64) AppleWebKit/537.36 (KHTML, like Gecko) Chrome/107.0.0.0 Safari/537.36"
88.131.253.147 - - [21/Nov/2022:08:14:46 +0100] "GET /project/index.php?companyId=1798&button=Show HTTP/1.1" 200 85601 "https://icad.astacus.se/project/index.php?companyId=1798&page=project&projectId=33281" "Mozilla/5.0 (Windows NT 10.0; Win64; x64; rv:106.0) Gecko/20100101 Firefox/106.0"
88.131.253.147 - - [21/Nov/2022:08:14:48 +0100] "GET /project/historylog.php?companyId=1798 HTTP/1.1" 200 5321 "https://icad.astacus.se/project/index.php?companyId=1798&button=Show" "Mozilla/5.0 (Windows NT 10.0; Win64; x64; rv:106.0) Gecko/20100101 Firefox/106.0"
88.131.253.147 - - [21/Nov/2022:08:14:49 +0100] "GET /project/company_klar.php?companyId=1798&actionId=19446 HTTP/1.1" 302 - "https://icad.astacus.se/project/historylog.php?companyId=1798" "Mozilla/5.0 (Windows NT 10.0; Win64; x64; rv:106.0) Gecko/20100101 Firefox/106.0"
88.131.253.147 - - [21/Nov/2022:08:14:49 +0100] "GET /project/historylog.php?companyId=1798 HTTP/1.1" 200 5320 "https://icad.astacus.se/project/historylog.php?companyId=1798" "Mozilla/5.0 (Windows NT 10.0; Win64; x64; rv:106.0) Gecko/20100101 Firefox/106.0"
88.131.253.147 - - [21/Nov/2022:08:14:51 +0100] "GET /phpmyadmin_astacus2016/sql.php?server=1&db=energicontrol&table=tblEnergyLog2&pos=0&token=a264638fb81a06cd9671b71916a3bedd&ajax_request=true&ajax_page_request=true&menuHashes=7754dc73-8ce69731-f42fbf99-a4755d44-d6da98a2-8cce1f0a&_nocache=1669015147933699558 HTTP/1.1" 200 84902 "https://www.astacus.se/phpmyadmin_astacus2016/index.php?token=a264638fb81a06cd9671b71916a3bedd" "Mozilla/5.0 (Windows NT 10.0; Win64; x64) AppleWebKit/537.36 (KHTML, like Gecko) Chrome/106.0.0.0 Safari/537.36"
88.131.253.147 - - [21/Nov/2022:08:14:52 +0100] "GET /phpmyadmin_astacus2016/index.php?ajax_request=1&recent_table=1&token=a264638fb81a06cd9671b71916a3bedd HTTP/1.1" 200 1546 "https://www.astacus.se/phpmyadmin_astacus2016/index.php?token=a264638fb81a06cd9671b71916a3bedd" "Mozilla/5.0 (Windows NT 10.0; Win64; x64) AppleWebKit/537.36 (KHTML, like Gecko) Chrome/106.0.0.0 Safari/537.36"
209.141.45.47 - - [21/Nov/2022:08:15:06 +0100] "GET /wp-login.php HTTP/1.1" 200 2977 "-" "Mozilla/5.0 (X11; Linux x86_64) AppleWebKit/537.36 (KHTML, like Gecko) Chrome/35.0.1916.153 Safari/537.36"
209.141.45.47 - - [21/Nov/2022:08:15:06 +0100] "POST /wp-login.php HTTP/1.1" 200 3970 "-" "Mozilla/5.0 (X11; Linux x86_64) AppleWebKit/537.36 (KHTML, like Gecko) Chrome/35.0.1916.153 Safari/537.36"
::1 - - [21/Nov/2022:08:15:09 +0100] "OPTIONS * HTTP/1.0" 200 - "-" "Apache/2.4.7 (Ubuntu) PHP/5.5.9-1ubuntu4.29 OpenSSL/1.0.1f (internal dummy connection)"
88.131.253.147 - - [21/Nov/2022:08:15:21 +0100] "GET /phpmyadmin_astacus2016/sql.php?db=energicontrol&table=tblEnergyLog2&sql_query=DELETE+FROM+%60energicontrol%60.%60tblEnergyLog2%60+WHERE+%60tblEnergyLog2%60.%60EnergyLogId%60+%3D+15&message_to_show=Raden+har+raderats&goto=sql.php%3Fdb%3Denergicontrol%26table%3DtblEnergyLog2%26sql_query%3DSELECT%2B%252A%2BFROM%2B%2560tblEnergyLog2%2560%26message_to_show%3DRaden%2Bhar%2Braderats%26goto%3Dtbl_sql.php%26token%3Da264638fb81a06cd9671b71916a3bedd&token=a264638fb81a06cd9671b71916a3bedd&ajax_request=true&is_js_confirmed=true&_nocache=1669015177403576682 HTTP/1.1" 200 2738 "https://www.astacus.se/phpmyadmin_astacus2016/index.php?token=a264638fb81a06cd9671b71916a3bedd" "Mozilla/5.0 (Windows NT 10.0; Win64; x64) AppleWebKit/537.36 (KHTML, like Gecko) Chrome/106.0.0.0 Safari/537.36"
::1 - - [21/Nov/2022:08:15:39 +0100] "OPTIONS * HTTP/1.0" 200 - "-" "Apache/2.4.7 (Ubuntu) PHP/5.5.9-1ubuntu4.29 OpenSSL/1.0.1f (internal dummy connection)"
88.131.253.147 - - [21/Nov/2022:08:15:50 +0100] "POST /project/historylogsave.php?companyId=1798 HTTP/1.1" 302 1 "https://icad.astacus.se/project/historylog.php?companyId=1798" "Mozilla/5.0 (Windows NT 10.0; Win64; x64; rv:106.0) Gecko/20100101 Firefox/106.0"
88.131.253.147 - - [21/Nov/2022:08:15:50 +0100] "GET /project/historylog.php?companyId=1798 HTTP/1.1" 200 5377 "https://icad.astacus.se/project/historylog.php?companyId=1798" "Mozilla/5.0 (Windows NT 10.0; Win64; x64; rv:106.0) Gecko/20100101 Firefox/106.0"
88.131.253.147 - - [21/Nov/2022:08:15:53 +0100] "GET /project/expiredaction.php HTTP/1.1" 200 10746 "https://icad.astacus.se/project/expiredaction.php" "Mozilla/5.0 (Windows NT 10.0; Win64; x64; rv:106.0) Gecko/20100101 Firefox/106.0"
185.191.171.2 - - [21/Nov/2022:08:15:53 +0100] "GET /?id=147&page=content HTTP/1.1" 200 4661 "-" "Mozilla/5.0 (compatible; SemrushBot/7~bl; +http://www.semrush.com/bot.html)"
88.131.253.147 - - [21/Nov/2022:08:16:01 +0100] "GET /project/index.php?companyId=1529&button=Show HTTP/1.1" 200 86082 "https://icad.astacus.se/project/index.php?companyId=1798&button=Show" "Mozilla/5.0 (Windows NT 10.0; Win64; x64; rv:106.0) Gecko/20100101 Firefox/106.0"
88.131.253.147 - - [21/Nov/2022:08:16:05 +0100] "GET /project/index.php?companyId=1529&page=project&projectId=33139 HTTP/1.1" 200 9205 "https://icad.astacus.se/project/index.php?companyId=1529&button=Show" "Mozilla/5.0 (Windows NT 10.0; Win64; x64; rv:106.0) Gecko/20100101 Firefox/106.0"
114.119.141.52 - - [21/Nov/2022:08:16:11 +0100] "GET /apps/school/www_old6/img/LevelA/Category2/LevelACat2Lesson16/?C=S%3BO%3DA HTTP/1.1" 200 510 "http://kulturdokumentation.se/apps/school/www_old6/img/LevelA/Category2/LevelACat2Lesson16/" "Mozilla/5.0 (Linux; Android 7.0;) AppleWebKit/537.36 (KHTML, like Gecko) Mobile Safari/537.36 (compatible; PetalBot;+https://webmaster.petalsearch.com/site/petalbot)"
88.131.253.147 - - [21/Nov/2022:08:16:17 +0100] "GET /project/historylog.php?companyId=555 HTTP/1.1" 200 7358 "https://icad.astacus.se/project/expiredaction.php" "Mozilla/5.0 (Windows NT 10.0; Win64; x64; rv:106.0) Gecko/20100101 Firefox/106.0"
88.131.253.147 - - [21/Nov/2022:08:16:20 +0100] "GET /project/company_klar.php?companyId=555&actionId=18998 HTTP/1.1" 302 - "https://icad.astacus.se/project/historylog.php?companyId=555" "Mozilla/5.0 (Windows NT 10.0; Win64; x64; rv:106.0) Gecko/20100101 Firefox/106.0"
88.131.253.147 - - [21/Nov/2022:08:16:20 +0100] "GET /project/historylog.php?companyId=555 HTTP/1.1" 200 7357 "https://icad.astacus.se/project/historylog.php?companyId=555" "Mozilla/5.0 (Windows NT 10.0; Win64; x64; rv:106.0) Gecko/20100101 Firefox/106.0"
88.131.253.147 - - [21/Nov/2022:08:16:42 +0100] "GET /project/index.php?companyId=1529&button=Show HTTP/1.1" 200 86082 "https://icad.astacus.se/project/index.php?companyId=1529&page=project&projectId=33139" "Mozilla/5.0 (Windows NT 10.0; Win64; x64; rv:106.0) Gecko/20100101 Firefox/106.0"
14.98.175.41 - - [21/Nov/2022:08:16:42 +0100] "-" 408 - "-" "-"
88.131.253.147 - - [21/Nov/2022:08:16:45 +0100] "GET /project/index.php?companyId=555&button=Show HTTP/1.1" 200 84876 "https://icad.astacus.se/project/index.php?companyId=1529&button=Show" "Mozilla/5.0 (Windows NT 10.0; Win64; x64; rv:106.0) Gecko/20100101 Firefox/106.0"
157.55.39.81 - - [21/Nov/2022:08:16:57 +0100] "GET /images/block_left_old_swe.png HTTP/1.1" 200 36986 "-" "Mozilla/5.0 AppleWebKit/537.36 (KHTML, like Gecko; compatible; bingbot/2.0; +http://www.bing.com/bingbot.htm) Chrome/103.0.5060.134 Safari/537.36"
::1 - - [21/Nov/2022:08:17:01 +0100] "OPTIONS * HTTP/1.0" 200 - "-" "Apache/2.4.7 (Ubuntu) PHP/5.5.9-1ubuntu4.29 OpenSSL/1.0.1f (internal dummy connection)"
114.119.134.165 - - [21/Nov/2022:08:17:51 +0100] "GET /apps/school/www_old9/img/LevelD/Category2 HTTP/1.1" 301 281 "http://kulturdokumentation.com/apps/school/www_old9/img/LevelD/Category2/LevelDCat2Lesson16?C=D%3BO%3DA" "Mozilla/5.0 (Linux; Android 7.0;) AppleWebKit/537.36 (KHTML, like Gecko) Mobile Safari/537.36 (compatible; PetalBot;+https://webmaster.petalsearch.com/site/petalbot)"
114.119.134.165 - - [21/Nov/2022:08:17:52 +0100] "GET /apps/school/www_old9/img/LevelD/Category2/ HTTP/1.1" 200 617 "http://kulturdokumentation.com/apps/school/www_old9/img/LevelD/Category2/LevelDCat2Lesson16?C=D%3BO%3DA" "Mozilla/5.0 (Linux; Android 7.0;) AppleWebKit/537.36 (KHTML, like Gecko) Mobile Safari/537.36 (compatible; PetalBot;+https://webmaster.petalsearch.com/site/petalbot)"
14.98.175.41 - - [21/Nov/2022:08:18:23 +0100] "GET /notifications.php?days=4 HTTP/1.1" 200 2918 "-" "Mozilla/5.0 (Windows NT 10.0; Win64; x64) AppleWebKit/537.36 (KHTML, like Gecko) Chrome/107.0.0.0 Safari/537.36"
185.106.208.50 - - [21/Nov/2022:08:18:31 +0100] "GET /wp-login.php HTTP/1.1" 302 219 "" "Mozilla/5.0 (Windows NT 10.0; Win64; x64; rv:106.0) Gecko/20100101 Firefox/106.0"
