::1 - - [21/Nov/2022:02:14:25 +0100] "OPTIONS * HTTP/1.0" 200 - "-" "Apache/2.4.7 (Ubuntu) PHP/5.5.9-1ubuntu4.29 OpenSSL/1.0.1f (internal dummy connection)"
::1 - - [21/Nov/2022:02:14:27 +0100] "OPTIONS * HTTP/1.0" 200 - "-" "Apache/2.4.7 (Ubuntu) PHP/5.5.9-1ubuntu4.29 OpenSSL/1.0.1f (internal dummy connection)"
111.93.24.58 - - [21/Nov/2022:02:14:27 +0100] "GET /project/index.php?AdmincountryId=Alla HTTP/1.1" 200 112481 "-" "Mozilla/5.0 (Windows NT 6.1; Win64; x64; rv:107.0) Gecko/20100101 Firefox/107.0"
111.93.24.58 - - [21/Nov/2022:02:14:28 +0100] "GET /images/ordervalue0.png HTTP/1.1" 200 3491 "https://icad.astacus.se/project/index.php?AdmincountryId=Alla" "Mozilla/5.0 (Windows NT 6.1; Win64; x64; rv:107.0) Gecko/20100101 Firefox/107.0"
111.93.24.58 - - [21/Nov/2022:02:14:28 +0100] "GET /images/nolog.png HTTP/1.1" 200 2866 "https://icad.astacus.se/project/index.php?AdmincountryId=Alla" "Mozilla/5.0 (Windows NT 6.1; Win64; x64; rv:107.0) Gecko/20100101 Firefox/107.0"
111.93.24.58 - - [21/Nov/2022:02:14:32 +0100] "GET /project/index.php?projectId=33190&page=project_production&button11=Show HTTP/1.1" 200 6363 "https://icad.astacus.se/project/index.php?AdmincountryId=Alla" "Mozilla/5.0 (Windows NT 10.0; Win64; x64; rv:107.0) Gecko/20100101 Firefox/107.0"
111.93.24.58 - - [21/Nov/2022:02:14:32 +0100] "GET /project/dhtmlxCalendar/codebase/dhtmlxcalendar.css HTTP/1.1" 200 2329 "https://icad.astacus.se/project/index.php?projectId=33190&page=project_production&button11=Show" "Mozilla/5.0 (Windows NT 10.0; Win64; x64; rv:107.0) Gecko/20100101 Firefox/107.0"
111.93.24.58 - - [21/Nov/2022:02:14:32 +0100] "GET /images/icons/folder.gif HTTP/1.1" 200 996 "https://icad.astacus.se/project/index.php?projectId=33190&page=project_production&button11=Show" "Mozilla/5.0 (Windows NT 10.0; Win64; x64; rv:107.0) Gecko/20100101 Firefox/107.0"
111.93.24.58 - - [21/Nov/2022:02:14:32 +0100] "GET /images/del.jpg HTTP/1.1" 200 781 "https://icad.astacus.se/project/index.php?projectId=33190&page=project_production&button11=Show" "Mozilla/5.0 (Windows NT 10.0; Win64; x64; rv:107.0) Gecko/20100101 Firefox/107.0"
111.93.24.58 - - [21/Nov/2022:02:14:32 +0100] "GET /images/Back-Arrow.jpg HTTP/1.1" 200 6310 "https://icad.astacus.se/project/index.php?projectId=33190&page=project_production&button11=Show" "Mozilla/5.0 (Windows NT 10.0; Win64; x64; rv:107.0) Gecko/20100101 Firefox/107.0"
111.93.24.58 - - [21/Nov/2022:02:14:32 +0100] "GET /project/calendar.gif HTTP/1.1" 200 244 "https://icad.astacus.se/project/index.php?projectId=33190&page=project_production&button11=Show" "Mozilla/5.0 (Windows NT 10.0; Win64; x64; rv:107.0) Gecko/20100101 Firefox/107.0"
111.93.24.58 - - [21/Nov/2022:02:14:32 +0100] "GET /project/dhtmlxCalendar/codebase/dhtmlxcalendar.js HTTP/1.1" 200 19750 "https://icad.astacus.se/project/index.php?projectId=33190&page=project_production&button11=Show" "Mozilla/5.0 (Windows NT 10.0; Win64; x64; rv:107.0) Gecko/20100101 Firefox/107.0"
111.93.24.58 - - [21/Nov/2022:02:14:39 +0100] "GET /project/index.php?page=project_production&projectId=33190&companyId=$&path=/Files%20from%20Production HTTP/1.1" 200 6113 "https://icad.astacus.se/project/index.php?projectId=33190&page=project_production&button11=Show" "Mozilla/5.0 (Windows NT 10.0; Win64; x64; rv:107.0) Gecko/20100101 Firefox/107.0"
111.93.24.58 - - [21/Nov/2022:02:14:41 +0100] "GET /project/index.php?projectId=33190&page=project_production&button11=Show HTTP/1.1" 200 6363 "https://icad.astacus.se/project/index.php?AdmincountryId=Alla" "Mozilla/5.0 (Windows NT 10.0; Win64; x64; rv:107.0) Gecko/20100101 Firefox/107.0"
192.241.194.205 - - [21/Nov/2022:02:14:41 +0100] "GET / HTTP/1.1" 200 21 "-" "Mozilla/5.0 zgrab/0.x"
111.93.24.58 - - [21/Nov/2022:02:14:43 +0100] "GET /project/index.php?page=project_production&projectId=33190&companyId=$&path=/Files%20from%20Customer HTTP/1.1" 200 6346 "https://icad.astacus.se/project/index.php?projectId=33190&page=project_production&button11=Show" "Mozilla/5.0 (Windows NT 10.0; Win64; x64; rv:107.0) Gecko/20100101 Firefox/107.0"
114.119.134.165 - - [21/Nov/2022:02:14:45 +0100] "GET /apps/school/www_old9/img/LevelB/Category1/LevelBCat1Lesson09 HTTP/1.1" 301 300 "http://kulturdokumentation.com/apps/school/www_old9/img/LevelB/Category1?C=D%3BO%3DA" "Mozilla/5.0 (Linux; Android 7.0;) AppleWebKit/537.36 (KHTML, like Gecko) Mobile Safari/537.36 (compatible; PetalBot;+https://webmaster.petalsearch.com/site/petalbot)"
114.119.134.165 - - [21/Nov/2022:02:14:48 +0100] "GET /apps/school/www_old9/img/LevelB/Category1/LevelBCat1Lesson09/ HTTP/1.1" 200 529 "http://kulturdokumentation.com/apps/school/www_old9/img/LevelB/Category1?C=D%3BO%3DA" "Mozilla/5.0 (Linux; Android 7.0;) AppleWebKit/537.36 (KHTML, like Gecko) Mobile Safari/537.36 (compatible; PetalBot;+https://webmaster.petalsearch.com/site/petalbot)"
111.93.24.58 - - [21/Nov/2022:02:14:47 +0100] "POST /project/download_checked_files.php?project=2465_Lagerkylar%20(33190)&projectId=33190&companyId=2465&systemUserMail=team18@astacus.in&systemUserName=Team%2018 HTTP/1.1" 200 9093148 "https://icad.astacus.se/project/index.php?page=project_production&projectId=33190&companyId=$&path=/Files%20from%20Customer" "Mozilla/5.0 (Windows NT 10.0; Win64; x64; rv:107.0) Gecko/20100101 Firefox/107.0"
111.93.24.58 - - [21/Nov/2022:02:15:05 +0100] "POST /logon.php?action=logon HTTP/1.1" 302 - "https://icad.astacus.se/?page=loggain&goto=approject" "Mozilla/5.0 (Windows NT 6.1; Win64; x64; rv:107.0) Gecko/20100101 Firefox/107.0"
111.93.24.58 - - [21/Nov/2022:02:15:05 +0100] "GET /project/index.php HTTP/1.1" 200 78172 "https://icad.astacus.se/?page=loggain&goto=approject" "Mozilla/5.0 (Windows NT 6.1; Win64; x64; rv:107.0) Gecko/20100101 Firefox/107.0"
111.93.24.58 - - [21/Nov/2022:02:15:06 +0100] "GET /project/astacusproject_logo.png HTTP/1.1" 200 2670 "https://icad.astacus.se/project/index.php" "Mozilla/5.0 (Windows NT 6.1; Win64; x64; rv:107.0) Gecko/20100101 Firefox/107.0"
111.93.24.58 - - [21/Nov/2022:02:15:06 +0100] "GET /images/support.png HTTP/1.1" 200 1909 "https://icad.astacus.se/project/index.php" "Mozilla/5.0 (Windows NT 6.1; Win64; x64; rv:107.0) Gecko/20100101 Firefox/107.0"
111.93.24.58 - - [21/Nov/2022:02:15:06 +0100] "GET /images/ordervalue0.png HTTP/1.1" 200 3491 "https://icad.astacus.se/project/index.php" "Mozilla/5.0 (Windows NT 6.1; Win64; x64; rv:107.0) Gecko/20100101 Firefox/107.0"
111.93.24.58 - - [21/Nov/2022:02:15:06 +0100] "GET /images/nolog.png HTTP/1.1" 200 2866 "https://icad.astacus.se/project/index.php" "Mozilla/5.0 (Windows NT 6.1; Win64; x64; rv:107.0) Gecko/20100101 Firefox/107.0"
111.93.24.58 - - [21/Nov/2022:02:15:07 +0100] "GET /images/bottom_small.jpg HTTP/1.1" 200 393 "https://icad.astacus.se/project/index.php" "Mozilla/5.0 (Windows NT 6.1; Win64; x64; rv:107.0) Gecko/20100101 Firefox/107.0"
111.93.24.58 - - [21/Nov/2022:02:15:10 +0100] "GET /project/index.php?projectId=30183&page=project_production&button11=Show HTTP/1.1" 200 6652 "https://icad.astacus.se/project/index.php" "Mozilla/5.0 (Windows NT 6.1; Win64; x64; rv:107.0) Gecko/20100101 Firefox/107.0"
111.93.24.58 - - [21/Nov/2022:02:15:11 +0100] "GET /images/Back-Arrow.jpg HTTP/1.1" 200 6310 "https://icad.astacus.se/project/index.php?projectId=30183&page=project_production&button11=Show" "Mozilla/5.0 (Windows NT 6.1; Win64; x64; rv:107.0) Gecko/20100101 Firefox/107.0"
111.93.24.58 - - [21/Nov/2022:02:15:11 +0100] "GET /images/icons/folder.gif HTTP/1.1" 200 996 "https://icad.astacus.se/project/index.php?projectId=30183&page=project_production&button11=Show" "Mozilla/5.0 (Windows NT 6.1; Win64; x64; rv:107.0) Gecko/20100101 Firefox/107.0"
111.93.24.58 - - [21/Nov/2022:02:15:11 +0100] "GET /project/calendar.gif HTTP/1.1" 200 244 "https://icad.astacus.se/project/index.php?projectId=30183&page=project_production&button11=Show" "Mozilla/5.0 (Windows NT 6.1; Win64; x64; rv:107.0) Gecko/20100101 Firefox/107.0"
111.93.24.58 - - [21/Nov/2022:02:15:11 +0100] "GET /images/del.jpg HTTP/1.1" 200 781 "https://icad.astacus.se/project/index.php?projectId=30183&page=project_production&button11=Show" "Mozilla/5.0 (Windows NT 6.1; Win64; x64; rv:107.0) Gecko/20100101 Firefox/107.0"
::1 - - [21/Nov/2022:02:15:27 +0100] "OPTIONS * HTTP/1.0" 200 - "-" "Apache/2.4.7 (Ubuntu) PHP/5.5.9-1ubuntu4.29 OpenSSL/1.0.1f (internal dummy connection)"
216.244.66.239 - - [21/Nov/2022:02:15:55 +0100] "GET /forge/forge-api-nodejs-client/node_modules/nyc/?C=D;O=A HTTP/1.1" 200 1974 "-" "Mozilla/5.0 (compatible; DotBot/1.2; +https://opensiteexplorer.org/dotbot; help@moz.com)"
111.93.24.58 - - [21/Nov/2022:02:16:06 +0100] "GET /project/index.php?page=project_production&projectId=33190&path= HTTP/1.1" 200 6363 "https://icad.astacus.se/project/index.php?page=project_production&projectId=33190&companyId=$&path=/Files%20from%20Customer" "Mozilla/5.0 (Windows NT 10.0; Win64; x64; rv:107.0) Gecko/20100101 Firefox/107.0"
111.93.24.58 - - [21/Nov/2022:02:16:08 +0100] "GET /project/index.php?page=project_production&projectId=33190&companyId=$&path=/Files%20to%20Customer HTTP/1.1" 200 6111 "https://icad.astacus.se/project/index.php?page=project_production&projectId=33190&path=" "Mozilla/5.0 (Windows NT 10.0; Win64; x64; rv:107.0) Gecko/20100101 Firefox/107.0"
207.46.13.191 - - [21/Nov/2022:02:16:30 +0100] "GET / HTTP/1.1" 302 208 "-" "Mozilla/5.0 (compatible; bingbot/2.0; +http://www.bing.com/bingbot.htm)"
141.255.166.2 - - [21/Nov/2022:02:16:52 +0100] "GET / HTTP/1.1" 200 21 "-" "Hello World"
111.93.24.58 - - [21/Nov/2022:02:17:07 +0100] "GET /project/index.php?projectId=31937&page=project_production&button11=Show HTTP/1.1" 200 6642 "https://icad.astacus.se/project/index.php?AdmincountryId=Alla" "Mozilla/5.0 (Windows NT 6.1; Win64; x64; rv:107.0) Gecko/20100101 Firefox/107.0"
111.93.24.58 - - [21/Nov/2022:02:17:07 +0100] "GET /project/dhtmlxCalendar/codebase/dhtmlxcalendar.css HTTP/1.1" 200 2329 "https://icad.astacus.se/project/index.php?projectId=31937&page=project_production&button11=Show" "Mozilla/5.0 (Windows NT 6.1; Win64; x64; rv:107.0) Gecko/20100101 Firefox/107.0"
111.93.24.58 - - [21/Nov/2022:02:17:08 +0100] "GET /images/icons/folder.gif HTTP/1.1" 200 996 "https://icad.astacus.se/project/index.php?projectId=31937&page=project_production&button11=Show" "Mozilla/5.0 (Windows NT 6.1; Win64; x64; rv:107.0) Gecko/20100101 Firefox/107.0"
111.93.24.58 - - [21/Nov/2022:02:17:31 +0100] "GET /?page=loggain&goto=approject HTTP/1.1" 200 1269 "-" "Mozilla/5.0 (Windows NT 6.1; Win64; x64; rv:107.0) Gecko/20100101 Firefox/107.0"
111.93.24.58 - - [21/Nov/2022:02:17:32 +0100] "GET /images/icadloggo.gif HTTP/1.1" 200 2516 "https://icad.astacus.se/?page=loggain&goto=approject" "Mozilla/5.0 (Windows NT 6.1; Win64; x64; rv:107.0) Gecko/20100101 Firefox/107.0"
111.93.24.58 - - [21/Nov/2022:02:17:32 +0100] "GET /images/astacus.jpg HTTP/1.1" 200 2244 "https://icad.astacus.se/?page=loggain&goto=approject" "Mozilla/5.0 (Windows NT 6.1; Win64; x64; rv:107.0) Gecko/20100101 Firefox/107.0"
111.93.24.58 - - [21/Nov/2022:02:17:34 +0100] "POST /logon.php?action=logon HTTP/1.1" 302 - "https://icad.astacus.se/?page=loggain&goto=approject" "Mozilla/5.0 (Windows NT 6.1; Win64; x64; rv:107.0) Gecko/20100101 Firefox/107.0"
111.93.24.58 - - [21/Nov/2022:02:17:34 +0100] "GET /project/index.php HTTP/1.1" 200 78172 "https://icad.astacus.se/?page=loggain&goto=approject" "Mozilla/5.0 (Windows NT 6.1; Win64; x64; rv:107.0) Gecko/20100101 Firefox/107.0"
111.93.24.58 - - [21/Nov/2022:02:17:35 +0100] "GET /project/astacusproject_logo.png HTTP/1.1" 200 2670 "https://icad.astacus.se/project/index.php" "Mozilla/5.0 (Windows NT 6.1; Win64; x64; rv:107.0) Gecko/20100101 Firefox/107.0"
111.93.24.58 - - [21/Nov/2022:02:17:35 +0100] "GET /images/support.png HTTP/1.1" 200 1909 "https://icad.astacus.se/project/index.php" "Mozilla/5.0 (Windows NT 6.1; Win64; x64; rv:107.0) Gecko/20100101 Firefox/107.0"
111.93.24.58 - - [21/Nov/2022:02:17:38 +0100] "GET /project/index.php?projectId=30599&page=project_production&button11=Show HTTP/1.1" 200 6240 "https://icad.astacus.se/project/index.php" "Mozilla/5.0 (Windows NT 6.1; Win64; x64; rv:107.0) Gecko/20100101 Firefox/107.0"
111.93.24.58 - - [21/Nov/2022:02:17:42 +0100] "GET /?page=loggaut&from=ap HTTP/1.1" 200 1276 "-" "Mozilla/5.0 (Windows NT 10.0; Win64; x64; rv:107.0) Gecko/20100101 Firefox/107.0"
111.93.24.58 - - [21/Nov/2022:02:17:42 +0100] "GET /main.css HTTP/1.1" 200 415 "https://icad.astacus.se/?page=loggaut&from=ap" "Mozilla/5.0 (Windows NT 10.0; Win64; x64; rv:107.0) Gecko/20100101 Firefox/107.0"
111.93.24.58 - - [21/Nov/2022:02:17:42 +0100] "GET /images/icadloggo.gif HTTP/1.1" 200 2516 "https://icad.astacus.se/?page=loggaut&from=ap" "Mozilla/5.0 (Windows NT 10.0; Win64; x64; rv:107.0) Gecko/20100101 Firefox/107.0"
111.93.24.58 - - [21/Nov/2022:02:17:42 +0100] "GET /images/facebook.jpg HTTP/1.1" 200 3874 "https://icad.astacus.se/?page=loggaut&from=ap" "Mozilla/5.0 (Windows NT 10.0; Win64; x64; rv:107.0) Gecko/20100101 Firefox/107.0"
136.243.228.194 - - [21/Nov/2022:02:17:43 +0100] "GET /en/ HTTP/1.1" 200 3098 "-" "Mozilla/5.0 (compatible; DataForSeoBot/1.0; +https://dataforseo.com/dataforseo-bot)"
136.243.220.209 - - [21/Nov/2022:02:17:44 +0100] "GET /?page=kontakt HTTP/1.1" 200 1468 "-" "Mozilla/5.0 (compatible; DataForSeoBot/1.0; +https://dataforseo.com/dataforseo-bot)"
136.243.228.193 - - [21/Nov/2022:02:17:45 +0100] "GET /index.php?page=kontakt&from=supervision HTTP/1.1" 302 250 "-" "Mozilla/5.0 (compatible; DataForSeoBot/1.0; +https://dataforseo.com/dataforseo-bot)"
136.243.228.195 - - [21/Nov/2022:02:17:46 +0100] "GET /index.php HTTP/1.1" 200 2907 "-" "Mozilla/5.0 (compatible; DataForSeoBot/1.0; +https://dataforseo.com/dataforseo-bot)"
136.243.228.193 - - [21/Nov/2022:02:17:46 +0100] "GET /index.php?page=start&from=supervision HTTP/1.1" 302 248 "-" "Mozilla/5.0 (compatible; DataForSeoBot/1.0; +https://dataforseo.com/dataforseo-bot)"
136.243.228.194 - - [21/Nov/2022:02:17:47 +0100] "GET /register.php HTTP/1.1" 200 3117 "-" "Mozilla/5.0 (compatible; DataForSeoBot/1.0; +https://dataforseo.com/dataforseo-bot)"
111.93.24.58 - - [21/Nov/2022:02:17:48 +0100] "POST /logon.php?action=logon HTTP/1.1" 302 - "https://icad.astacus.se/?page=loggaut&from=ap" "Mozilla/5.0 (Windows NT 10.0; Win64; x64; rv:107.0) Gecko/20100101 Firefox/107.0"
136.243.228.195 - - [21/Nov/2022:02:17:48 +0100] "GET /tillampningar.php HTTP/1.1" 200 3981 "-" "Mozilla/5.0 (compatible; DataForSeoBot/1.0; +https://dataforseo.com/dataforseo-bot)"
111.93.24.58 - - [21/Nov/2022:02:17:48 +0100] "GET /project/index.php HTTP/1.1" 200 104189 "https://icad.astacus.se/?page=loggaut&from=ap" "Mozilla/5.0 (Windows NT 10.0; Win64; x64; rv:107.0) Gecko/20100101 Firefox/107.0"
111.93.24.58 - - [21/Nov/2022:02:17:49 +0100] "GET /images/nolog.png HTTP/1.1" 200 2866 "https://icad.astacus.se/project/index.php" "Mozilla/5.0 (Windows NT 10.0; Win64; x64; rv:107.0) Gecko/20100101 Firefox/107.0"
111.93.24.58 - - [21/Nov/2022:02:17:49 +0100] "GET /images/ordervalue0.png HTTP/1.1" 200 3491 "https://icad.astacus.se/project/index.php" "Mozilla/5.0 (Windows NT 10.0; Win64; x64; rv:107.0) Gecko/20100101 Firefox/107.0"
111.93.24.58 - - [21/Nov/2022:02:17:49 +0100] "GET /favicon.ico HTTP/1.1" 404 209 "https://icad.astacus.se/project/index.php" "Mozilla/5.0 (Windows NT 10.0; Win64; x64; rv:107.0) Gecko/20100101 Firefox/107.0"
136.243.228.194 - - [21/Nov/2022:02:17:49 +0100] "GET /funktioner.php HTTP/1.1" 200 5147 "-" "Mozilla/5.0 (compatible; DataForSeoBot/1.0; +https://dataforseo.com/dataforseo-bot)"
136.243.228.193 - - [21/Nov/2022:02:17:50 +0100] "GET /index.php?page=referenser&from=supervision HTTP/1.1" 302 253 "-" "Mozilla/5.0 (compatible; DataForSeoBot/1.0; +https://dataforseo.com/dataforseo-bot)"
::1 - - [21/Nov/2022:02:17:54 +0100] "OPTIONS * HTTP/1.0" 200 - "-" "Apache/2.4.7 (Ubuntu) PHP/5.5.9-1ubuntu4.29 OpenSSL/1.0.1f (internal dummy connection)"
111.93.24.58 - - [21/Nov/2022:02:17:55 +0100] "GET /project/index.php?companyId=879&button11=Show HTTP/1.1" 200 79459 "https://icad.astacus.se/project/index.php" "Mozilla/5.0 (Windows NT 10.0; Win64; x64; rv:107.0) Gecko/20100101 Firefox/107.0"
111.93.24.58 - - [21/Nov/2022:02:17:56 +0100] "GET /favicon.ico HTTP/1.1" 404 209 "https://icad.astacus.se/project/index.php?companyId=879&button11=Show" "Mozilla/5.0 (Windows NT 10.0; Win64; x64; rv:107.0) Gecko/20100101 Firefox/107.0"
111.93.24.58 - - [21/Nov/2022:02:17:59 +0100] "GET /project/index.php?companyId=1666&button11=Show HTTP/1.1" 200 79772 "https://icad.astacus.se/project/index.php?companyId=879&button11=Show" "Mozilla/5.0 (Windows NT 10.0; Win64; x64; rv:107.0) Gecko/20100101 Firefox/107.0"
54.36.148.34 - - [21/Nov/2022:02:18:04 +0100] "GET /apps/school/www_old5/img/LevelD/?C=D;O=A HTTP/1.1" 200 437 "-" "Mozilla/5.0 (compatible; AhrefsBot/7.0; +http://ahrefs.com/robot/)"
114.119.141.53 - - [21/Nov/2022:02:18:38 +0100] "GET /apps/school/www_old4/ServerFileVersionsInfo.xml HTTP/1.1" 200 11137 "http://kulturdokumentation.se/apps/school/www_old4/?C=D%3BO%3DA" "Mozilla/5.0 (Linux; Android 7.0;) AppleWebKit/537.36 (KHTML, like Gecko) Mobile Safari/537.36 (compatible; PetalBot;+https://webmaster.petalsearch.com/site/petalbot)"
136.243.228.193 - - [21/Nov/2022:02:18:44 +0100] "GET /index.php?page=astacus&from=supervision HTTP/1.1" 302 250 "-" "Mozilla/5.0 (compatible; DataForSeoBot/1.0; +https://dataforseo.com/dataforseo-bot)"
136.243.228.195 - - [21/Nov/2022:02:18:45 +0100] "GET /privacypolicy.php HTTP/1.1" 200 4220 "-" "Mozilla/5.0 (compatible; DataForSeoBot/1.0; +https://dataforseo.com/dataforseo-bot)"
136.243.228.194 - - [21/Nov/2022:02:18:46 +0100] "GET /loggain.php HTTP/1.1" 200 2598 "-" "Mozilla/5.0 (compatible; DataForSeoBot/1.0; +https://dataforseo.com/dataforseo-bot)"
136.243.228.195 - - [21/Nov/2022:02:18:47 +0100] "GET /arkitekturen.php HTTP/1.1" 200 2693 "-" "Mozilla/5.0 (compatible; DataForSeoBot/1.0; +https://dataforseo.com/dataforseo-bot)"
136.243.228.194 - - [21/Nov/2022:02:18:49 +0100] "GET /index.php HTTP/1.1" 200 3082 "-" "Mozilla/5.0 (compatible; DataForSeoBot/1.0; +https://dataforseo.com/dataforseo-bot)"
136.243.228.193 - - [21/Nov/2022:02:18:49 +0100] "GET /index.php?page=nyheter&from=supervision HTTP/1.1" 302 250 "-" "Mozilla/5.0 (compatible; DataForSeoBot/1.0; +https://dataforseo.com/dataforseo-bot)"
136.243.228.194 - - [21/Nov/2022:02:18:50 +0100] "GET /funktioner HTTP/1.1" 404 208 "-" "Mozilla/5.0 (compatible; DataForSeoBot/1.0; +https://dataforseo.com/dataforseo-bot)"
136.243.228.195 - - [21/Nov/2022:02:18:52 +0100] "GET /register.php HTTP/1.1" 200 3205 "-" "Mozilla/5.0 (compatible; DataForSeoBot/1.0; +https://dataforseo.com/dataforseo-bot)"
136.243.228.193 - - [21/Nov/2022:02:18:52 +0100] "GET /index.php?page=kontakt&from=notes HTTP/1.1" 302 244 "-" "Mozilla/5.0 (compatible; DataForSeoBot/1.0; +https://dataforseo.com/dataforseo-bot)"
136.243.228.195 - - [21/Nov/2022:02:18:54 +0100] "GET /video.php HTTP/1.1" 200 2590 "-" "Mozilla/5.0 (compatible; DataForSeoBot/1.0; +https://dataforseo.com/dataforseo-bot)"
136.243.228.193 - - [21/Nov/2022:02:18:54 +0100] "GET /index.php?page=nyheter&from=notes HTTP/1.1" 302 244 "-" "Mozilla/5.0 (compatible; DataForSeoBot/1.0; +https://dataforseo.com/dataforseo-bot)"
35.88.131.42 - - [21/Nov/2022:02:19:17 +0100] "GET / HTTP/1.1" 200 21 "-" "Mozilla/5.0 (X11; Linux x86_64) AppleWebKit/537.36 (KHTML, like Gecko) Chrome/83.0.4103.97 Safari/537.36"
52.39.13.158 - - [21/Nov/2022:02:19:21 +0100] "GET / HTTP/1.1" 200 1772 "-" "Mozilla/5.0 (X11; Linux x86_64) AppleWebKit/537.36 (KHTML, like Gecko) Chrome/83.0.4103.97 Safari/537.36"
54.202.112.162 - - [21/Nov/2022:02:19:44 +0100] "GET /favicon.ico HTTP/1.1" 404 209 "-" "Mozilla/5.0 (X11; Linux x86_64) AppleWebKit/537.36 (KHTML, like Gecko) Chrome/83.0.4103.97 Safari/537.36"
54.202.112.162 - - [21/Nov/2022:02:19:46 +0100] "GET / HTTP/1.1" 200 1772 "-" "Mozilla/5.0 (X11; Linux x86_64) AppleWebKit/537.36 (KHTML, like Gecko) Chrome/83.0.4103.97 Safari/537.36"
136.243.228.193 - - [21/Nov/2022:02:19:46 +0100] "GET /index.php?page=start&from=notes HTTP/1.1" 302 242 "-" "Mozilla/5.0 (compatible; DataForSeoBot/1.0; +https://dataforseo.com/dataforseo-bot)"
114.119.134.155 - - [21/Nov/2022:02:19:49 +0100] "GET /apps/school/www_old4/img/LevelE/Category1/LevelECat1Lesson22 HTTP/1.1" 301 300 "http://kulturdokumentation.com/apps/school/www_old4/img/LevelE/Category1?C=D%3BO%3DA" "Mozilla/5.0 (Linux; Android 7.0;) AppleWebKit/537.36 (KHTML, like Gecko) Mobile Safari/537.36 (compatible; PetalBot;+https://webmaster.petalsearch.com/site/petalbot)"
114.119.134.155 - - [21/Nov/2022:02:19:49 +0100] "GET /apps/school/www_old4/img/LevelE/Category1/LevelECat1Lesson22/ HTTP/1.1" 200 449 "http://kulturdokumentation.com/apps/school/www_old4/img/LevelE/Category1?C=D%3BO%3DA" "Mozilla/5.0 (Linux; Android 7.0;) AppleWebKit/537.36 (KHTML, like Gecko) Mobile Safari/537.36 (compatible; PetalBot;+https://webmaster.petalsearch.com/site/petalbot)"
35.93.53.248 - - [21/Nov/2022:02:19:51 +0100] "GET /favicon.ico HTTP/1.1" 404 209 "-" "Mozilla/5.0 (X11; Linux x86_64) AppleWebKit/537.36 (KHTML, like Gecko) Chrome/83.0.4103.97 Safari/537.36"
35.93.53.248 - - [21/Nov/2022:02:19:53 +0100] "GET / HTTP/1.1" 200 21 "-" "Mozilla/5.0 (X11; Linux x86_64) AppleWebKit/537.36 (KHTML, like Gecko) Chrome/83.0.4103.97 Safari/537.36"
40.77.167.99 - - [21/Nov/2022:02:20:36 +0100] "GET /robots.txt HTTP/1.1" 404 208 "-" "Mozilla/5.0 (compatible; bingbot/2.0; +http://www.bing.com/bingbot.htm)"
54.36.149.40 - - [21/Nov/2022:02:20:44 +0100] "GET /apps/school/www_old9/img/LevelH/Category1/LevelHCat1Lesson30/?C=S;O=A HTTP/1.1" 200 447 "-" "Mozilla/5.0 (compatible; AhrefsBot/7.0; +http://ahrefs.com/robot/)"
207.46.13.161 - - [21/Nov/2022:02:20:51 +0100] "GET /?page=result&keyword=Kinnarps&presentation=true HTTP/1.1" 200 3865 "-" "Mozilla/5.0 AppleWebKit/537.36 (KHTML, like Gecko; compatible; bingbot/2.0; +http://www.bing.com/bingbot.htm) Chrome/103.0.5060.134 Safari/537.36"
111.93.24.58 - - [21/Nov/2022:02:21:01 +0100] "GET /project/index.php?page=project_production&projectId=30183&companyId=$&path=/Files%20from%20Production HTTP/1.1" 200 7312 "https://icad.astacus.se/project/index.php?projectId=30183&page=project_production&button11=Show" "Mozilla/5.0 (Windows NT 6.1; Win64; x64; rv:107.0) Gecko/20100101 Firefox/107.0"
111.93.24.58 - - [21/Nov/2022:02:21:02 +0100] "GET /favicon.ico HTTP/1.1" 404 209 "https://icad.astacus.se/project/index.php?page=project_production&projectId=30183&companyId=$&path=/Files%20from%20Production" "Mozilla/5.0 (Windows NT 6.1; Win64; x64; rv:107.0) Gecko/20100101 Firefox/107.0"
207.46.13.121 - - [21/Nov/2022:02:21:09 +0100] "GET /fadeslideshow.js HTTP/1.1" 200 4248 "-" "Mozilla/5.0 AppleWebKit/537.36 (KHTML, like Gecko; compatible; bingbot/2.0; +http://www.bing.com/bingbot.htm) Chrome/103.0.5060.134 Safari/537.36"
157.55.39.206 - - [21/Nov/2022:02:21:12 +0100] "GET /archive/index.php HTTP/1.1" 302 16665 "-" "Mozilla/5.0 (compatible; bingbot/2.0; +http://www.bing.com/bingbot.htm)"
111.93.24.58 - - [21/Nov/2022:02:21:20 +0100] "GET /project/index.php?page=project_production&projectId=30183&companyId=$$&path=/Files%20from%20Production/Final%20Shipment HTTP/1.1" 200 6953 "https://icad.astacus.se/project/index.php?page=project_production&projectId=30183&companyId=$&path=/Files%20from%20Production" "Mozilla/5.0 (Windows NT 6.1; Win64; x64; rv:107.0) Gecko/20100101 Firefox/107.0"
111.93.24.58 - - [21/Nov/2022:02:21:25 +0100] "GET /project/index.php?page=project_production&projectId=30183&path=/Files%20from%20Production HTTP/1.1" 200 7311 "https://icad.astacus.se/project/index.php?page=project_production&projectId=30183&companyId=$$&path=/Files%20from%20Production/Final%20Shipment" "Mozilla/5.0 (Windows NT 6.1; Win64; x64; rv:107.0) Gecko/20100101 Firefox/107.0"
111.93.24.58 - - [21/Nov/2022:02:21:27 +0100] "GET /project/index.php?page=project_production&projectId=30183&companyId=$&path=/Files%20from%20Production/Total%20Final HTTP/1.1" 200 6509 "https://icad.astacus.se/project/index.php?page=project_production&projectId=30183&path=/Files%20from%20Production" "Mozilla/5.0 (Windows NT 6.1; Win64; x64; rv:107.0) Gecko/20100101 Firefox/107.0"
111.93.24.58 - - [21/Nov/2022:02:21:30 +0100] "GET /project/index.php?page=project_production&projectId=30183&companyId=$$&path=/Files%20from%20Production/Total%20Final/220311 HTTP/1.1" 200 6538 "https://icad.astacus.se/project/index.php?page=project_production&projectId=30183&companyId=$&path=/Files%20from%20Production/Total%20Final" "Mozilla/5.0 (Windows NT 6.1; Win64; x64; rv:107.0) Gecko/20100101 Firefox/107.0"
136.243.228.195 - - [21/Nov/2022:02:21:31 +0100] "GET /pris.php HTTP/1.1" 200 3188 "-" "Mozilla/5.0 (compatible; DataForSeoBot/1.0; +https://dataforseo.com/dataforseo-bot)"
136.243.228.193 - - [21/Nov/2022:02:21:32 +0100] "GET /index.php?page=astacus&from=notes HTTP/1.1" 302 244 "-" "Mozilla/5.0 (compatible; DataForSeoBot/1.0; +https://dataforseo.com/dataforseo-bot)"
136.243.228.193 - - [21/Nov/2022:02:21:41 +0100] "GET /index.php?page=referenser&from=notes HTTP/1.1" 302 247 "-" "Mozilla/5.0 (compatible; DataForSeoBot/1.0; +https://dataforseo.com/dataforseo-bot)"
136.243.228.193 - - [21/Nov/2022:02:21:49 +0100] "GET /malmo-stad-forlanger-avtal-med-astacus/ HTTP/1.1" 200 9744 "-" "Mozilla/5.0 (compatible; DataForSeoBot/1.0; +https://dataforseo.com/dataforseo-bot)"
79.136.114.73 - - [21/Nov/2022:02:21:49 +0100] "POST /wp-cron.php?doing_wp_cron=1668993709.6603860855102539062500 HTTP/1.1" 200 - "https://www.astacus.se/wp-cron.php?doing_wp_cron=1668993709.6603860855102539062500" "WordPress/4.8.1; https://www.astacus.se"
136.243.228.193 - - [21/Nov/2022:02:21:56 +0100] "GET /ny-avdelning-for-laserscanning-ger-full-kontroll-over-processen-och-battre-pris-till-vara-kunder/ HTTP/1.1" 200 10099 "-" "Mozilla/5.0 (compatible; DataForSeoBot/1.0; +https://dataforseo.com/dataforseo-bot)"
52.40.118.126 - - [21/Nov/2022:02:22:12 +0100] "GET / HTTP/1.1" 200 1772 "-" "Mozilla/5.0 (X11; Linux x86_64) AppleWebKit/537.36 (KHTML, like Gecko) Chrome/83.0.4103.97 Safari/537.36"
34.213.5.49 - - [21/Nov/2022:02:22:14 +0100] "GET / HTTP/1.1" 200 1772 "-" "Mozilla/5.0 (X11; Linux x86_64) AppleWebKit/537.36 (KHTML, like Gecko) Chrome/83.0.4103.97 Safari/537.36"
111.93.24.58 - - [21/Nov/2022:02:21:35 +0100] "POST /project/download_checked_files.php?project=1503_B1-5100%20-%20Makrill_Manetv%E4gen%20(30183)&projectId=30183&companyId=1503&systemUserMail=team06@astacus.in&systemUserName=Team%2006 HTTP/1.1" 200 168206859 "https://icad.astacus.se/project/index.php?page=project_production&projectId=30183&companyId=$$&path=/Files%20from%20Production/Total%20Final/220311" "Mozilla/5.0 (Windows NT 6.1; Win64; x64; rv:107.0) Gecko/20100101 Firefox/107.0"
52.33.239.129 - - [21/Nov/2022:02:22:27 +0100] "GET /favicon.ico HTTP/1.1" 404 209 "-" "Mozilla/5.0 (X11; Linux x86_64) AppleWebKit/537.36 (KHTML, like Gecko) Chrome/83.0.4103.97 Safari/537.36"
52.33.239.129 - - [21/Nov/2022:02:22:28 +0100] "GET / HTTP/1.1" 200 1772 "-" "Mozilla/5.0 (X11; Linux x86_64) AppleWebKit/537.36 (KHTML, like Gecko) Chrome/83.0.4103.97 Safari/537.36"
54.202.112.162 - - [21/Nov/2022:02:22:41 +0100] "GET / HTTP/1.1" 200 1772 "-" "Mozilla/5.0 (X11; Linux x86_64) AppleWebKit/537.36 (KHTML, like Gecko) Chrome/83.0.4103.97 Safari/537.36"
35.88.131.42 - - [21/Nov/2022:02:22:41 +0100] "GET / HTTP/1.1" 200 4586 "-" "Mozilla/5.0 (X11; Linux x86_64) AppleWebKit/537.36 (KHTML, like Gecko) Chrome/83.0.4103.97 Safari/537.36"
52.11.26.9 - - [21/Nov/2022:02:22:51 +0100] "GET /favicon.ico HTTP/1.1" 404 209 "-" "Mozilla/5.0 (X11; Linux x86_64) AppleWebKit/537.36 (KHTML, like Gecko) Chrome/83.0.4103.97 Safari/537.36"
52.11.26.9 - - [21/Nov/2022:02:22:52 +0100] "GET / HTTP/1.1" 200 4586 "-" "Mozilla/5.0 (X11; Linux x86_64) AppleWebKit/537.36 (KHTML, like Gecko) Chrome/83.0.4103.97 Safari/537.36"
216.244.66.239 - - [21/Nov/2022:02:22:57 +0100] "GET /apps/school/www_old8/img/LevelG/Category2/LevelGCat2Lesson09/?C=S;O=A HTTP/1.1" 200 1216 "-" "Mozilla/5.0 (compatible; DotBot/1.2; +https://opensiteexplorer.org/dotbot; help@moz.com)"
216.244.66.239 - - [21/Nov/2022:02:23:03 +0100] "GET /apps/school/www_old9/img/LevelA/Category1/LevelACat1Lesson15/?C=M;O=A HTTP/1.1" 200 1028 "-" "Mozilla/5.0 (compatible; DotBot/1.2; +https://opensiteexplorer.org/dotbot; help@moz.com)"
216.244.66.239 - - [21/Nov/2022:02:23:08 +0100] "GET /apps/school/www_old9/img/LevelG/Category2/LevelGCat2Lesson43/?C=M;O=A HTTP/1.1" 200 2430 "-" "Mozilla/5.0 (compatible; DotBot/1.2; +https://opensiteexplorer.org/dotbot; help@moz.com)"
216.244.66.239 - - [21/Nov/2022:02:23:12 +0100] "GET /apps/school/www_old9/img/LevelG/Category2/LevelGCat2Lesson43/?C=S;O=A HTTP/1.1" 200 2430 "-" "Mozilla/5.0 (compatible; DotBot/1.2; +https://opensiteexplorer.org/dotbot; help@moz.com)"
136.243.228.193 - - [21/Nov/2022:02:23:40 +0100] "GET /ordning-och-reda-med-scanning/ HTTP/1.1" 200 10503 "-" "Mozilla/5.0 (compatible; DataForSeoBot/1.0; +https://dataforseo.com/dataforseo-bot)"
79.136.114.73 - - [21/Nov/2022:02:23:40 +0100] "POST /wp-cron.php?doing_wp_cron=1668993820.5367290973663330078125 HTTP/1.1" 200 - "https://www.astacus.se/wp-cron.php?doing_wp_cron=1668993820.5367290973663330078125" "WordPress/4.8.1; https://www.astacus.se"
114.119.141.73 - - [21/Nov/2022:02:23:48 +0100] "GET /apps/school/www_old3/img/LevelC/Category1/LevelCCat1Lesson22/?C=D%3BO%3DA HTTP/1.1" 200 455 "http://kulturdokumentation.se/apps/school/www_old3/img/LevelC/Category1/LevelCCat1Lesson22/?C=D%3BO%3DA" "Mozilla/5.0 (Linux; Android 7.0;) AppleWebKit/537.36 (KHTML, like Gecko) Mobile Safari/537.36 (compatible; PetalBot;+https://webmaster.petalsearch.com/site/petalbot)"
136.243.228.193 - - [21/Nov/2022:02:24:09 +0100] "GET /astacus-storsatsar-aven-i-norge/ HTTP/1.1" 200 9907 "-" "Mozilla/5.0 (compatible; DataForSeoBot/1.0; +https://dataforseo.com/dataforseo-bot)"
54.36.148.113 - - [21/Nov/2022:02:24:21 +0100] "GET /apps/school/www_old2/Html/LevelB/Category1/LevelBCat1Lesson1.html HTTP/1.1" 200 813 "-" "Mozilla/5.0 (compatible; AhrefsBot/7.0; +http://ahrefs.com/robot/)"
136.243.228.193 - - [21/Nov/2022:02:24:36 +0100] "GET /astacus-bidrar-till-att-starta-30-foretag-i-indien/ HTTP/1.1" 200 9799 "-" "Mozilla/5.0 (compatible; DataForSeoBot/1.0; +https://dataforseo.com/dataforseo-bot)"
136.243.228.193 - - [21/Nov/2022:02:25:08 +0100] "GET /astacus-har-gatt-med-i-fi2/ HTTP/1.1" 200 9715 "-" "Mozilla/5.0 (compatible; DataForSeoBot/1.0; +https://dataforseo.com/dataforseo-bot)"
114.119.134.161 - - [21/Nov/2022:02:25:09 +0100] "GET /apps/school/www_old8/img/LevelE/Category3/LevelECat3Lesson22?C=D%3BO%3DA HTTP/1.1" 301 312 "http://kulturdokumentation.com/apps/school/www_old8/img/LevelE/Category3/LevelECat3Lesson22" "Mozilla/5.0 (Linux; Android 7.0;) AppleWebKit/537.36 (KHTML, like Gecko) Mobile Safari/537.36 (compatible; PetalBot;+https://webmaster.petalsearch.com/site/petalbot)"
114.119.134.161 - - [21/Nov/2022:02:25:10 +0100] "GET /apps/school/www_old8/img/LevelE/Category3/LevelECat3Lesson22/?C=D%3BO%3DA HTTP/1.1" 200 446 "http://kulturdokumentation.com/apps/school/www_old8/img/LevelE/Category3/LevelECat3Lesson22" "Mozilla/5.0 (Linux; Android 7.0;) AppleWebKit/537.36 (KHTML, like Gecko) Mobile Safari/537.36 (compatible; PetalBot;+https://webmaster.petalsearch.com/site/petalbot)"
185.107.195.165 - - [21/Nov/2022:02:25:37 +0100] "GET /register.php HTTP/1.1" 200 3117 "-" "Mozilla/5.0 (Windows NT 10.0; Win64; x64) AppleWebKit/537.36 (KHTML, like Gecko) Chrome/100.0.4889.0 Safari/537.36"
185.107.195.165 - - [21/Nov/2022:02:25:39 +0100] "GET /images/skugga_left.jpg HTTP/1.1" 200 2590 "http://notes-online.se/register.php" "Mozilla/5.0 (Windows NT 10.0; Win64; x64) AppleWebKit/537.36 (KHTML, like Gecko) Chrome/100.0.4889.0 Safari/537.36"
185.107.195.165 - - [21/Nov/2022:02:25:39 +0100] "GET /top_banner/logga.png HTTP/1.1" 302 227 "http://notes-online.se/" "Mozilla/5.0 (Windows NT 10.0; Win64; x64) AppleWebKit/537.36 (KHTML, like Gecko) Chrome/100.0.4889.0 Safari/537.36"
185.107.195.165 - - [21/Nov/2022:02:25:39 +0100] "GET /images/skugga_right.jpg HTTP/1.1" 200 2589 "http://notes-online.se/register.php" "Mozilla/5.0 (Windows NT 10.0; Win64; x64) AppleWebKit/537.36 (KHTML, like Gecko) Chrome/100.0.4889.0 Safari/537.36"
185.107.195.165 - - [21/Nov/2022:02:25:39 +0100] "GET /images/meny4a.jpg HTTP/1.1" 200 2511 "http://notes-online.se/register.php" "Mozilla/5.0 (Windows NT 10.0; Win64; x64) AppleWebKit/537.36 (KHTML, like Gecko) Chrome/100.0.4889.0 Safari/537.36"
185.107.195.165 - - [21/Nov/2022:02:25:39 +0100] "GET /images/in_store.jpg HTTP/1.1" 200 3753 "http://notes-online.se/register.php" "Mozilla/5.0 (Windows NT 10.0; Win64; x64) AppleWebKit/537.36 (KHTML, like Gecko) Chrome/100.0.4889.0 Safari/537.36"
185.107.195.165 - - [21/Nov/2022:02:25:39 +0100] "GET /images/meny_pass.jpg HTTP/1.1" 200 3243 "http://notes-online.se/register.php" "Mozilla/5.0 (Windows NT 10.0; Win64; x64) AppleWebKit/537.36 (KHTML, like Gecko) Chrome/100.0.4889.0 Safari/537.36"
185.107.195.165 - - [21/Nov/2022:02:25:39 +0100] "GET /images/h_line.jpg HTTP/1.1" 200 3416 "http://notes-online.se/register.php" "Mozilla/5.0 (Windows NT 10.0; Win64; x64) AppleWebKit/537.36 (KHTML, like Gecko) Chrome/100.0.4889.0 Safari/537.36"
185.107.195.165 - - [21/Nov/2022:02:25:39 +0100] "GET /images/login.png HTTP/1.1" 200 65869 "http://notes-online.se/register.php" "Mozilla/5.0 (Windows NT 10.0; Win64; x64) AppleWebKit/537.36 (KHTML, like Gecko) Chrome/100.0.4889.0 Safari/537.36"
185.107.195.165 - - [21/Nov/2022:02:25:39 +0100] "GET /top_banner/background.png HTTP/1.1" 302 232 "http://notes-online.se/" "Mozilla/5.0 (Windows NT 10.0; Win64; x64) AppleWebKit/537.36 (KHTML, like Gecko) Chrome/100.0.4889.0 Safari/537.36"
185.107.195.165 - - [21/Nov/2022:02:25:39 +0100] "GET /images/supervision_loggo.jpg HTTP/1.1" 200 7892 "http://notes-online.se/register.php" "Mozilla/5.0 (Windows NT 10.0; Win64; x64) AppleWebKit/537.36 (KHTML, like Gecko) Chrome/100.0.4889.0 Safari/537.36"
185.107.195.165 - - [21/Nov/2022:02:25:39 +0100] "GET /images/meny1a.png HTTP/1.1" 200 1301 "http://notes-online.se/register.php" "Mozilla/5.0 (Windows NT 10.0; Win64; x64) AppleWebKit/537.36 (KHTML, like Gecko) Chrome/100.0.4889.0 Safari/537.36"
185.107.195.165 - - [21/Nov/2022:02:25:39 +0100] "GET /images/meny_l.jpg HTTP/1.1" 200 1181 "http://notes-online.se/register.php" "Mozilla/5.0 (Windows NT 10.0; Win64; x64) AppleWebKit/537.36 (KHTML, like Gecko) Chrome/100.0.4889.0 Safari/537.36"
185.107.195.165 - - [21/Nov/2022:02:25:39 +0100] "GET /images/meny6a.png HTTP/1.1" 200 1447 "http://notes-online.se/register.php" "Mozilla/5.0 (Windows NT 10.0; Win64; x64) AppleWebKit/537.36 (KHTML, like Gecko) Chrome/100.0.4889.0 Safari/537.36"
185.107.195.165 - - [21/Nov/2022:02:25:40 +0100] "GET /images/meny3a.png HTTP/1.1" 200 1500 "http://notes-online.se/register.php" "Mozilla/5.0 (Windows NT 10.0; Win64; x64) AppleWebKit/537.36 (KHTML, like Gecko) Chrome/100.0.4889.0 Safari/537.36"
185.107.195.165 - - [21/Nov/2022:02:25:40 +0100] "GET /top_banner/logga.png HTTP/1.1" 200 1675 "http://notes-online.se/" "Mozilla/5.0 (Windows NT 10.0; Win64; x64) AppleWebKit/537.36 (KHTML, like Gecko) Chrome/100.0.4889.0 Safari/537.36"
185.107.195.165 - - [21/Nov/2022:02:25:41 +0100] "GET /top_banner/background.png HTTP/1.1" 200 6799 "http://notes-online.se/" "Mozilla/5.0 (Windows NT 10.0; Win64; x64) AppleWebKit/537.36 (KHTML, like Gecko) Chrome/100.0.4889.0 Safari/537.36"
185.107.195.165 - - [21/Nov/2022:02:25:41 +0100] "GET /images/mwny3b.jpg HTTP/1.1" 200 2989 "http://notes-online.se/register.php" "Mozilla/5.0 (Windows NT 10.0; Win64; x64) AppleWebKit/537.36 (KHTML, like Gecko) Chrome/100.0.4889.0 Safari/537.36"
185.107.195.165 - - [21/Nov/2022:02:25:41 +0100] "GET /images/meny4b.jpg HTTP/1.1" 200 2342 "http://notes-online.se/register.php" "Mozilla/5.0 (Windows NT 10.0; Win64; x64) AppleWebKit/537.36 (KHTML, like Gecko) Chrome/100.0.4889.0 Safari/537.36"
185.107.195.165 - - [21/Nov/2022:02:25:41 +0100] "GET /images/astacus-power1.jpg HTTP/1.1" 200 1178 "http://notes-online.se/register.php" "Mozilla/5.0 (Windows NT 10.0; Win64; x64) AppleWebKit/537.36 (KHTML, like Gecko) Chrome/100.0.4889.0 Safari/537.36"
185.107.195.165 - - [21/Nov/2022:02:25:41 +0100] "GET /images/meny1b.png HTTP/1.1" 200 1242 "http://notes-online.se/register.php" "Mozilla/5.0 (Windows NT 10.0; Win64; x64) AppleWebKit/537.36 (KHTML, like Gecko) Chrome/100.0.4889.0 Safari/537.36"
185.107.195.165 - - [21/Nov/2022:02:25:41 +0100] "GET /images/meny6b.png HTTP/1.1" 200 1396 "http://notes-online.se/register.php" "Mozilla/5.0 (Windows NT 10.0; Win64; x64) AppleWebKit/537.36 (KHTML, like Gecko) Chrome/100.0.4889.0 Safari/537.36"
185.107.195.165 - - [21/Nov/2022:02:25:41 +0100] "GET /images/meny3b.png HTTP/1.1" 200 1405 "http://notes-online.se/register.php" "Mozilla/5.0 (Windows NT 10.0; Win64; x64) AppleWebKit/537.36 (KHTML, like Gecko) Chrome/100.0.4889.0 Safari/537.36"
185.107.195.165 - - [21/Nov/2022:02:25:51 +0100] "POST /scripts/addclient_fromipad.php?from=browser HTTP/1.1" 302 11 "http://notes-online.se/register.php" "Mozilla/5.0 (Windows NT 10.0; Win64; x64) AppleWebKit/537.36 (KHTML, like Gecko) Chrome/100.0.4889.0 Safari/537.36"
185.107.195.165 - - [21/Nov/2022:02:25:52 +0100] "GET /loggain.php?msg=Thank%20you,%20you%20will%20shortly%20receive%20an%20message%20where%20you%20need%20to%20confirm%20your%20e-mail. HTTP/1.1" 200 2665 "http://notes-online.se/" "Mozilla/5.0 (Windows NT 10.0; Win64; x64) AppleWebKit/537.36 (KHTML, like Gecko) Chrome/100.0.4889.0 Safari/537.36"
185.107.195.165 - - [21/Nov/2022:02:25:52 +0100] "GET /top_banner/logga.png HTTP/1.1" 302 227 "http://www.notes-online.se/" "Mozilla/5.0 (Windows NT 10.0; Win64; x64) AppleWebKit/537.36 (KHTML, like Gecko) Chrome/100.0.4889.0 Safari/537.36"
185.107.195.165 - - [21/Nov/2022:02:25:52 +0100] "GET /images/skugga_left.jpg HTTP/1.1" 200 2590 "http://www.notes-online.se/loggain.php?msg=Thank%20you,%20you%20will%20shortly%20receive%20an%20message%20where%20you%20need%20to%20confirm%20your%20e-mail." "Mozilla/5.0 (Windows NT 10.0; Win64; x64) AppleWebKit/537.36 (KHTML, like Gecko) Chrome/100.0.4889.0 Safari/537.36"
::1 - - [21/Nov/2022:02:25:56 +0100] "OPTIONS * HTTP/1.0" 200 - "-" "Apache/2.4.7 (Ubuntu) PHP/5.5.9-1ubuntu4.29 OpenSSL/1.0.1f (internal dummy connection)"
::1 - - [21/Nov/2022:02:25:57 +0100] "OPTIONS * HTTP/1.0" 200 - "-" "Apache/2.4.7 (Ubuntu) PHP/5.5.9-1ubuntu4.29 OpenSSL/1.0.1f (internal dummy connection)"
::1 - - [21/Nov/2022:02:25:58 +0100] "OPTIONS * HTTP/1.0" 200 - "-" "Apache/2.4.7 (Ubuntu) PHP/5.5.9-1ubuntu4.29 OpenSSL/1.0.1f (internal dummy connection)"
::1 - - [21/Nov/2022:02:25:59 +0100] "OPTIONS * HTTP/1.0" 200 - "-" "Apache/2.4.7 (Ubuntu) PHP/5.5.9-1ubuntu4.29 OpenSSL/1.0.1f (internal dummy connection)"
136.243.228.193 - - [21/Nov/2022:02:26:03 +0100] "GET /skraddarsydd-utbildning-i-indien/ HTTP/1.1" 200 10310 "-" "Mozilla/5.0 (compatible; DataForSeoBot/1.0; +https://dataforseo.com/dataforseo-bot)"
::1 - - [21/Nov/2022:02:26:06 +0100] "OPTIONS * HTTP/1.0" 200 - "-" "Apache/2.4.7 (Ubuntu) PHP/5.5.9-1ubuntu4.29 OpenSSL/1.0.1f (internal dummy connection)"
::1 - - [21/Nov/2022:02:26:07 +0100] "OPTIONS * HTTP/1.0" 200 - "-" "Apache/2.4.7 (Ubuntu) PHP/5.5.9-1ubuntu4.29 OpenSSL/1.0.1f (internal dummy connection)"
::1 - - [21/Nov/2022:02:26:08 +0100] "OPTIONS * HTTP/1.0" 200 - "-" "Apache/2.4.7 (Ubuntu) PHP/5.5.9-1ubuntu4.29 OpenSSL/1.0.1f (internal dummy connection)"
65.109.67.82 - - [21/Nov/2022:02:27:11 +0100] "GET /robots.txt HTTP/1.1" 404 208 "-" "Mozilla/5.0 (compatible; MJ12bot/v1.4.8; http://mj12bot.com/)"
65.109.67.82 - - [21/Nov/2022:02:27:13 +0100] "GET /apps/school/www_old5/img/LevelE/Category3/?C=D;O=A HTTP/1.1" 200 613 "-" "Mozilla/5.0 (compatible; MJ12bot/v1.4.8; http://mj12bot.com/)"
65.109.67.82 - - [21/Nov/2022:02:27:15 +0100] "GET /apps/school/www_old5/img/LevelE/Category3/?C=M;O=A HTTP/1.1" 200 615 "-" "Mozilla/5.0 (compatible; MJ12bot/v1.4.8; http://mj12bot.com/)"
65.109.67.82 - - [21/Nov/2022:02:27:16 +0100] "GET /apps/school/www_old5/img/LevelE/Category3/?C=N;O=D HTTP/1.1" 200 614 "-" "Mozilla/5.0 (compatible; MJ12bot/v1.4.8; http://mj12bot.com/)"
65.109.67.82 - - [21/Nov/2022:02:27:18 +0100] "GET /apps/school/www_old5/img/LevelE/Category3/?C=S;O=A HTTP/1.1" 200 613 "-" "Mozilla/5.0 (compatible; MJ12bot/v1.4.8; http://mj12bot.com/)"
207.46.13.191 - - [21/Nov/2022:02:27:41 +0100] "GET / HTTP/1.1" 302 207 "-" "Mozilla/5.0 (compatible; bingbot/2.0; +http://www.bing.com/bingbot.htm)"
91.238.165.67 - - [21/Nov/2022:02:28:22 +0100] "GET /wp-login.php HTTP/1.1" 302 219 "" "Mozilla/5.0 (Windows NT 10.0; Win64; x64; rv:106.0) Gecko/20100101 Firefox/106.0"
91.238.165.67 - - [21/Nov/2022:02:28:22 +0100] "GET /wp-login.php HTTP/1.1" 200 1274 "http://www.astacus.se/wp-login.php" "Mozilla/5.0 (Windows NT 10.0; Win64; x64; rv:106.0) Gecko/20100101 Firefox/106.0"
91.238.165.67 - - [21/Nov/2022:02:28:23 +0100] "GET /wp-json/wp/v2/users HTTP/1.1" 200 1174 "http://www.astacus.se/wp-login.php" "Mozilla/5.0 (Windows NT 10.0; Win64; x64; rv:106.0) Gecko/20100101 Firefox/106.0"
91.238.165.67 - - [21/Nov/2022:02:28:23 +0100] "POST /wp-login.php HTTP/1.1" 200 1659 "https://www.astacus.se/wp-login.php?redirect_to=https%3A%2F%2Fwww.astacus.se%2Fwp-admin%2F" "Mozilla/5.0 (Windows NT 10.0; Win64; x64; rv:106.0) Gecko/20100101 Firefox/106.0"
91.238.165.67 - - [21/Nov/2022:02:28:23 +0100] "POST /wp-login.php HTTP/1.1" 200 1653 "https://www.astacus.se/wp-login.php?redirect_to=https%3A%2F%2Fwww.astacus.se%2Fwp-admin%2F" "Mozilla/5.0 (Windows NT 10.0; Win64; x64; rv:106.0) Gecko/20100101 Firefox/106.0"
91.238.165.67 - - [21/Nov/2022:02:28:23 +0100] "POST /wp-login.php HTTP/1.1" 200 1634 "https://www.astacus.se/wp-login.php?redirect_to=https%3A%2F%2Fwww.astacus.se%2Fwp-admin%2F" "Mozilla/5.0 (Windows NT 10.0; Win64; x64; rv:106.0) Gecko/20100101 Firefox/106.0"
65.109.67.82 - - [21/Nov/2022:02:27:20 +0100] "GET /digitaltwin/upload/Skogsgatan/A-40-V-3.ifc HTTP/1.1" 200 57899269 "-" "Mozilla/5.0 (compatible; MJ12bot/v1.4.8; http://mj12bot.com/)"
114.119.132.76 - - [21/Nov/2022:02:28:45 +0100] "GET /apps/school/www_old_temp/AutodeskForge/learn.forge.viewmodels-nodejs/node_modules/serve-static/README.md HTTP/1.1" 200 7783 "http://kulturdokumentation.se/apps/school/www_old_temp/AutodeskForge/learn.forge.viewmodels-nodejs/node_modules/serve-static/?C=S%3BO%3DA" "Mozilla/5.0 (Linux; Android 7.0;) AppleWebKit/537.36 (KHTML, like Gecko) Mobile Safari/537.36 (compatible; PetalBot;+https://webmaster.petalsearch.com/site/petalbot)"
65.109.67.82 - - [21/Nov/2022:02:28:28 +0100] "GET /digitaltwin/upload/Skogsgatan/A-40-V-3.rvt HTTP/1.1" 200 107618304 "-" "Mozilla/5.0 (compatible; MJ12bot/v1.4.8; http://mj12bot.com/)"
65.109.67.82 - - [21/Nov/2022:02:28:50 +0100] "GET /robots.txt HTTP/1.1" 302 217 "-" "Mozilla/5.0 (compatible; MJ12bot/v1.4.8; http://mj12bot.com/)"
65.109.67.82 - - [21/Nov/2022:02:28:52 +0100] "GET /robots.txt HTTP/1.1" 200 67 "-" "Mozilla/5.0 (compatible; MJ12bot/v1.4.8; http://mj12bot.com/)"
65.109.67.82 - - [21/Nov/2022:02:28:54 +0100] "GET /?page=bestall&subject=Alla%20har%20h%C3%B6rt%20talats%20om%20BIM%20-%20Vi%20ber%C3%A4ttar%20vad%20det%20%C3%A4r HTTP/1.1" 302 322 "-" "Mozilla/5.0 (compatible; MJ12bot/v1.4.8; http://mj12bot.com/)"
65.109.67.82 - - [21/Nov/2022:02:28:56 +0100] "GET /?page=bestall&subject=Alla%20har%20h%C3%B6rt%20talats%20om%20BIM%20-%20Vi%20ber%C3%A4ttar%20vad%20det%20%C3%A4r HTTP/1.1" 200 13128 "-" "Mozilla/5.0 (compatible; MJ12bot/v1.4.8; http://mj12bot.com/)"
47.74.91.54 - - [21/Nov/2022:02:29:25 +0100] "GET /wp-login.php HTTP/1.1" 302 219 "" "Mozilla/5.0 (Windows NT 10.0; Win64; x64; rv:106.0) Gecko/20100101 Firefox/106.0"
47.74.91.54 - - [21/Nov/2022:02:29:27 +0100] "GET /wp-login.php HTTP/1.1" 200 1274 "http://www.astacus.se/wp-login.php" "Mozilla/5.0 (Windows NT 10.0; Win64; x64; rv:106.0) Gecko/20100101 Firefox/106.0"
47.74.91.54 - - [21/Nov/2022:02:29:29 +0100] "GET /wp-json/wp/v2/users HTTP/1.1" 200 1174 "http://www.astacus.se/wp-login.php" "Mozilla/5.0 (Windows NT 10.0; Win64; x64; rv:106.0) Gecko/20100101 Firefox/106.0"
47.74.91.54 - - [21/Nov/2022:02:29:32 +0100] "POST /wp-login.php HTTP/1.1" 200 1659 "https://www.astacus.se/wp-login.php?redirect_to=https%3A%2F%2Fwww.astacus.se%2Fwp-admin%2F" "Mozilla/5.0 (Windows NT 10.0; Win64; x64; rv:106.0) Gecko/20100101 Firefox/106.0"
47.74.91.54 - - [21/Nov/2022:02:29:36 +0100] "POST /wp-login.php HTTP/1.1" 200 1653 "https://www.astacus.se/wp-login.php?redirect_to=https%3A%2F%2Fwww.astacus.se%2Fwp-admin%2F" "Mozilla/5.0 (Windows NT 10.0; Win64; x64; rv:106.0) Gecko/20100101 Firefox/106.0"
47.74.91.54 - - [21/Nov/2022:02:29:38 +0100] "POST /wp-login.php HTTP/1.1" 200 1634 "https://www.astacus.se/wp-login.php?redirect_to=https%3A%2F%2Fwww.astacus.se%2Fwp-admin%2F" "Mozilla/5.0 (Windows NT 10.0; Win64; x64; rv:106.0) Gecko/20100101 Firefox/106.0"
114.119.134.155 - - [21/Nov/2022:02:30:03 +0100] "GET /apps/school/www_old2/?C=S%3BO%3DA HTTP/1.1" 200 763 "http://kulturdokumentation.com/apps/school/www_old2/" "Mozilla/5.0 (Linux; Android 7.0;) AppleWebKit/537.36 (KHTML, like Gecko) Mobile Safari/537.36 (compatible; PetalBot;+https://webmaster.petalsearch.com/site/petalbot)"
157.55.39.134 - - [21/Nov/2022:02:30:14 +0100] "GET / HTTP/1.1" 200 3088 "-" "Mozilla/5.0 AppleWebKit/537.36 (KHTML, like Gecko; compatible; bingbot/2.0; +http://www.bing.com/bingbot.htm) Chrome/103.0.5060.134 Safari/537.36"
136.243.228.193 - - [21/Nov/2022:02:30:22 +0100] "GET /nordea-uppdaterar-sina-ritningar-med-laser/ HTTP/1.1" 200 10036 "-" "Mozilla/5.0 (compatible; DataForSeoBot/1.0; +https://dataforseo.com/dataforseo-bot)"
136.243.228.193 - - [21/Nov/2022:02:30:28 +0100] "GET /gavle-kommun-ser-vardet-i-ytorna-2/ HTTP/1.1" 200 9927 "-" "Mozilla/5.0 (compatible; DataForSeoBot/1.0; +https://dataforseo.com/dataforseo-bot)"
136.243.228.193 - - [21/Nov/2022:02:30:32 +0100] "GET /comments/feed/ HTTP/1.1" 200 390 "-" "Mozilla/5.0 (compatible; DataForSeoBot/1.0; +https://dataforseo.com/dataforseo-bot)"
136.243.228.193 - - [21/Nov/2022:02:30:33 +0100] "GET /ny-magisk-grans-passerad/ HTTP/1.1" 200 9921 "-" "Mozilla/5.0 (compatible; DataForSeoBot/1.0; +https://dataforseo.com/dataforseo-bot)"
136.243.228.193 - - [21/Nov/2022:02:30:41 +0100] "GET /jordbruksverket-bestaller-fineditering-av-laserdata/ HTTP/1.1" 200 9769 "-" "Mozilla/5.0 (compatible; DataForSeoBot/1.0; +https://dataforseo.com/dataforseo-bot)"
136.243.228.193 - - [21/Nov/2022:02:30:49 +0100] "GET /stockholms-lokaltrafik-drar-nytta-av-notes-online/ HTTP/1.1" 200 9769 "-" "Mozilla/5.0 (compatible; DataForSeoBot/1.0; +https://dataforseo.com/dataforseo-bot)"
136.243.228.193 - - [21/Nov/2022:02:31:01 +0100] "GET /astacus-invald-i-bim-alliance-tekniska-rad/ HTTP/1.1" 200 10284 "-" "Mozilla/5.0 (compatible; DataForSeoBot/1.0; +https://dataforseo.com/dataforseo-bot)"
136.243.228.193 - - [21/Nov/2022:02:31:15 +0100] "GET /allt-fler-bestaller-energiscanning-2/ HTTP/1.1" 200 10148 "-" "Mozilla/5.0 (compatible; DataForSeoBot/1.0; +https://dataforseo.com/dataforseo-bot)"
23.88.66.12 - - [21/Nov/2022:02:31:23 +0100] "GET / HTTP/1.1" 200 23504 "-" "Mozilla/5.0 (Windows NT 10.0; Win64; x64) AppleWebKit/537.36 (KHTML, like Gecko) Chrome/89.0.4389.114 Safari/537.36"
136.243.228.193 - - [21/Nov/2022:02:31:36 +0100] "GET /laserscanning-var-losningen/ HTTP/1.1" 200 9726 "-" "Mozilla/5.0 (compatible; DataForSeoBot/1.0; +https://dataforseo.com/dataforseo-bot)"
23.88.66.12 - - [21/Nov/2022:02:31:23 +0100] "GET /wp-includes/wlwmanifest.xml HTTP/1.1" 404 225 "-" "Mozilla/5.0 (Windows NT 10.0; Win64; x64) AppleWebKit/537.36 (KHTML, like Gecko) Chrome/89.0.4389.114 Safari/537.36"
23.88.66.12 - - [21/Nov/2022:02:31:38 +0100] "GET /xmlrpc.php?rsd HTTP/1.1" 404 208 "-" "Mozilla/5.0 (Windows NT 10.0; Win64; x64) AppleWebKit/537.36 (KHTML, like Gecko) Chrome/89.0.4389.114 Safari/537.36"
23.88.66.12 - - [21/Nov/2022:02:31:53 +0100] "GET / HTTP/1.1" 200 23504 "-" "Mozilla/5.0 (Windows NT 10.0; Win64; x64) AppleWebKit/537.36 (KHTML, like Gecko) Chrome/89.0.4389.114 Safari/537.36"
136.243.228.193 - - [21/Nov/2022:02:32:00 +0100] "GET /stockholms-stads-gatubelysningsnat-vektoriseras/ HTTP/1.1" 200 9749 "-" "Mozilla/5.0 (compatible; DataForSeoBot/1.0; +https://dataforseo.com/dataforseo-bot)"
23.88.66.12 - - [21/Nov/2022:02:31:53 +0100] "GET /blog/wp-includes/wlwmanifest.xml HTTP/1.1" 404 230 "-" "Mozilla/5.0 (Windows NT 10.0; Win64; x64) AppleWebKit/537.36 (KHTML, like Gecko) Chrome/89.0.4389.114 Safari/537.36"
54.36.149.3 - - [21/Nov/2022:02:32:13 +0100] "GET /apps/school/www_old4/Html/LevelC/Category2/LevelCCat2Lesson17.html HTTP/1.1" 200 2502 "-" "Mozilla/5.0 (compatible; AhrefsBot/7.0; +http://ahrefs.com/robot/)"
23.88.66.12 - - [21/Nov/2022:02:32:08 +0100] "GET /web/wp-includes/wlwmanifest.xml HTTP/1.1" 404 229 "-" "Mozilla/5.0 (Windows NT 10.0; Win64; x64) AppleWebKit/537.36 (KHTML, like Gecko) Chrome/89.0.4389.114 Safari/537.36"
114.119.141.73 - - [21/Nov/2022:02:33:54 +0100] "GET /apps/school/www_old4/img/LevelA/Category2/LevelACat2Lesson7/?C=D%3BO%3DA HTTP/1.1" 200 503 "http://kulturdokumentation.se/apps/school/www_old4/img/LevelA/Category2/LevelACat2Lesson7/?C=N%3BO%3DD" "Mozilla/5.0 (Linux; Android 7.0;) AppleWebKit/537.36 (KHTML, like Gecko) Mobile Safari/537.36 (compatible; PetalBot;+https://webmaster.petalsearch.com/site/petalbot)"
136.243.228.193 - - [21/Nov/2022:02:34:52 +0100] "GET /sgus-rapporter-och-protokoll-digitaliseras/ HTTP/1.1" 200 9789 "-" "Mozilla/5.0 (compatible; DataForSeoBot/1.0; +https://dataforseo.com/dataforseo-bot)"
136.243.228.193 - - [21/Nov/2022:02:34:56 +0100] "GET /stockholms-hamn-ab-upphandlar-astacus-som-ritningskonsult/ HTTP/1.1" 200 9813 "-" "Mozilla/5.0 (compatible; DataForSeoBot/1.0; +https://dataforseo.com/dataforseo-bot)"
