111.93.24.58 - - [21/Nov/2022:08:42:38 +0100] "GET /?page=loggain&message= HTTP/1.1" 302 234 "-" "Mozilla/5.0 (Windows NT 6.1; Win64; x64; rv:107.0) Gecko/20100101 Firefox/107.0"
111.93.24.58 - - [21/Nov/2022:08:42:39 +0100] "GET /?page=loggain&message= HTTP/1.1" 200 1772 "-" "Mozilla/5.0 (Windows NT 6.1; Win64; x64; rv:107.0) Gecko/20100101 Firefox/107.0"
111.93.24.58 - - [21/Nov/2022:08:42:39 +0100] "GET /images/icadloggo.gif HTTP/1.1" 200 2516 "https://icad.astacus.se/?page=loggain&message=" "Mozilla/5.0 (Windows NT 6.1; Win64; x64; rv:107.0) Gecko/20100101 Firefox/107.0"
111.93.24.58 - - [21/Nov/2022:08:42:39 +0100] "GET /images/bottom.jpg HTTP/1.1" 200 521 "https://icad.astacus.se/?page=loggain&message=" "Mozilla/5.0 (Windows NT 6.1; Win64; x64; rv:107.0) Gecko/20100101 Firefox/107.0"
111.93.24.58 - - [21/Nov/2022:08:42:40 +0100] "GET /images/login.png HTTP/1.1" 200 65869 "https://icad.astacus.se/?page=loggain&message=" "Mozilla/5.0 (Windows NT 6.1; Win64; x64; rv:107.0) Gecko/20100101 Firefox/107.0"
111.93.24.58 - - [21/Nov/2022:08:42:40 +0100] "GET /images/start_project.jpg HTTP/1.1" 200 17898 "https://icad.astacus.se/?page=loggain&message=" "Mozilla/5.0 (Windows NT 6.1; Win64; x64; rv:107.0) Gecko/20100101 Firefox/107.0"
111.93.24.58 - - [21/Nov/2022:08:42:40 +0100] "GET /images/start_arkiv.jpg HTTP/1.1" 200 13974 "https://icad.astacus.se/?page=loggain&message=" "Mozilla/5.0 (Windows NT 6.1; Win64; x64; rv:107.0) Gecko/20100101 Firefox/107.0"
111.93.24.58 - - [21/Nov/2022:08:42:40 +0100] "GET /favicon.ico HTTP/1.1" 404 209 "https://icad.astacus.se/?page=loggain&message=" "Mozilla/5.0 (Windows NT 6.1; Win64; x64; rv:107.0) Gecko/20100101 Firefox/107.0"
111.93.24.58 - - [21/Nov/2022:08:42:42 +0100] "POST /logon.php?action=logon HTTP/1.1" 302 - "https://icad.astacus.se/?page=loggain&message=" "Mozilla/5.0 (Windows NT 6.1; Win64; x64; rv:107.0) Gecko/20100101 Firefox/107.0"
111.93.24.58 - - [21/Nov/2022:08:42:42 +0100] "GET /productionzon/index.php HTTP/1.1" 200 2695 "https://icad.astacus.se/?page=loggain&message=" "Mozilla/5.0 (Windows NT 6.1; Win64; x64; rv:107.0) Gecko/20100101 Firefox/107.0"
111.93.24.58 - - [21/Nov/2022:08:42:42 +0100] "GET /images/newMailMessage.gif HTTP/1.1" 200 383 "https://icad.astacus.se/productionzon/index.php" "Mozilla/5.0 (Windows NT 6.1; Win64; x64; rv:107.0) Gecko/20100101 Firefox/107.0"
111.93.24.58 - - [21/Nov/2022:08:42:46 +0100] "GET /project/index.php?page=start&companyId=Alla&countryId=Alla HTTP/1.1" 200 78179 "-" "Mozilla/5.0 (Windows NT 6.1; Win64; x64; rv:107.0) Gecko/20100101 Firefox/107.0"
111.93.24.58 - - [21/Nov/2022:08:42:48 +0100] "GET /project/index.php?AdmincountryId=Alla HTTP/1.1" 200 113771 "https://icad.astacus.se/project/index.php?page=start&companyId=Alla&countryId=Alla" "Mozilla/5.0 (Windows NT 6.1; Win64; x64; rv:107.0) Gecko/20100101 Firefox/107.0"
111.93.24.58 - - [21/Nov/2022:08:43:01 +0100] "GET /project/index.php?companyId=2465&button11=Show HTTP/1.1" 200 80032 "https://icad.astacus.se/project/index.php?AdmincountryId=Alla" "Mozilla/5.0 (Windows NT 6.1; Win64; x64; rv:107.0) Gecko/20100101 Firefox/107.0"
88.131.253.147 - - [21/Nov/2022:08:43:07 +0100] "GET /?page=loggain&goto=approject HTTP/1.1" 200 1269 "-" "Mozilla/5.0 (Windows NT 10.0; Win64; x64; rv:107.0) Gecko/20100101 Firefox/107.0"
88.131.253.147 - - [21/Nov/2022:08:43:11 +0100] "GET /project/index.php?companyId=4932 HTTP/1.1" 200 85889 "https://icad.astacus.se/project/index.php?BallId=6725" "Mozilla/5.0 (Windows NT 10.0; Win64; x64; rv:107.0) Gecko/20100101 Firefox/107.0"
88.131.253.147 - - [21/Nov/2022:08:43:11 +0100] "POST /logon.php?action=logon HTTP/1.1" 302 - "https://icad.astacus.se/?page=loggain&goto=approject" "Mozilla/5.0 (Windows NT 10.0; Win64; x64; rv:107.0) Gecko/20100101 Firefox/107.0"
88.131.253.147 - - [21/Nov/2022:08:43:11 +0100] "GET /project/index.php?BallId=3346 HTTP/1.1" 200 102067 "https://icad.astacus.se/?page=loggain&goto=approject" "Mozilla/5.0 (Windows NT 10.0; Win64; x64; rv:107.0) Gecko/20100101 Firefox/107.0"
88.131.253.147 - - [21/Nov/2022:08:43:13 +0100] "GET /images/ordervalue0.png HTTP/1.1" 200 3491 "https://icad.astacus.se/project/index.php?BallId=3346" "Mozilla/5.0 (Windows NT 10.0; Win64; x64; rv:107.0) Gecko/20100101 Firefox/107.0"
88.131.253.147 - - [21/Nov/2022:08:43:13 +0100] "GET /project/index.php?companyId=4932&page=project&projectId=33314 HTTP/1.1" 200 8888 "https://icad.astacus.se/project/index.php?companyId=4932" "Mozilla/5.0 (Windows NT 10.0; Win64; x64; rv:107.0) Gecko/20100101 Firefox/107.0"
88.131.253.147 - - [21/Nov/2022:08:43:14 +0100] "GET /project/dhtmlxCalendar/codebase/dhtmlxcalendar.css HTTP/1.1" 200 2329 "https://icad.astacus.se/project/index.php?companyId=4932&page=project&projectId=33314" "Mozilla/5.0 (Windows NT 10.0; Win64; x64; rv:107.0) Gecko/20100101 Firefox/107.0"
88.131.253.147 - - [21/Nov/2022:08:43:14 +0100] "GET /project/dhtmlxCalendar/codebase/dhtmlxcalendar.js HTTP/1.1" 200 19750 "https://icad.astacus.se/project/index.php?companyId=4932&page=project&projectId=33314" "Mozilla/5.0 (Windows NT 10.0; Win64; x64; rv:107.0) Gecko/20100101 Firefox/107.0"
88.131.253.147 - - [21/Nov/2022:08:43:14 +0100] "GET /images/del.jpg HTTP/1.1" 200 781 "https://icad.astacus.se/project/index.php?companyId=4932&page=project&projectId=33314" "Mozilla/5.0 (Windows NT 10.0; Win64; x64; rv:107.0) Gecko/20100101 Firefox/107.0"
88.131.253.147 - - [21/Nov/2022:08:43:14 +0100] "GET /images/icons/folder.gif HTTP/1.1" 200 996 "https://icad.astacus.se/project/index.php?companyId=4932&page=project&projectId=33314" "Mozilla/5.0 (Windows NT 10.0; Win64; x64; rv:107.0) Gecko/20100101 Firefox/107.0"
88.131.253.147 - - [21/Nov/2022:08:43:14 +0100] "GET /project/calendar.gif HTTP/1.1" 200 244 "https://icad.astacus.se/project/index.php?companyId=4932&page=project&projectId=33314" "Mozilla/5.0 (Windows NT 10.0; Win64; x64; rv:107.0) Gecko/20100101 Firefox/107.0"
88.131.253.147 - - [21/Nov/2022:08:43:14 +0100] "GET /images/Back-Arrow.jpg HTTP/1.1" 200 6310 "https://icad.astacus.se/project/index.php?companyId=4932&page=project&projectId=33314" "Mozilla/5.0 (Windows NT 10.0; Win64; x64; rv:107.0) Gecko/20100101 Firefox/107.0"
88.131.253.147 - - [21/Nov/2022:08:43:18 +0100] "GET /project/index.php?companyId=3446 HTTP/1.1" 200 86640 "https://icad.astacus.se/project/index.php?BallId=3346" "Mozilla/5.0 (Windows NT 10.0; Win64; x64; rv:107.0) Gecko/20100101 Firefox/107.0"
88.131.253.147 - - [21/Nov/2022:08:43:18 +0100] "GET /project/updateStatus.php?projectId=33314&statusId=1¶ms=companyId=4932EEpage=projectEEprojectId=33314&ID=JobTypeId&ProjectManagerName=par.karlsson@astacus.se&ClientUserName=marie.lonnqvist@svenskakyrkan.se HTTP/1.1" 302 - "https://icad.astacus.se/project/index.php?companyId=4932&page=project&projectId=33314" "Mozilla/5.0 (Windows NT 10.0; Win64; x64; rv:107.0) Gecko/20100101 Firefox/107.0"
88.131.253.147 - - [21/Nov/2022:08:43:18 +0100] "GET /project/index.php?companyId=4932&page=project&projectId=33314 HTTP/1.1" 200 8886 "https://icad.astacus.se/project/index.php?companyId=4932&page=project&projectId=33314" "Mozilla/5.0 (Windows NT 10.0; Win64; x64; rv:107.0) Gecko/20100101 Firefox/107.0"
88.131.253.147 - - [21/Nov/2022:08:43:23 +0100] "GET /project/updateStatus.php?projectId=33314&statusId=122¶ms=companyId=4932EEpage=projectEEprojectId=33314&ID=ProjectStatusId&ProjectManagerName=par.karlsson@astacus.se&ClientUserName=marie.lonnqvist@svenskakyrkan.se HTTP/1.1" 302 - "https://icad.astacus.se/project/index.php?companyId=4932&page=project&projectId=33314" "Mozilla/5.0 (Windows NT 10.0; Win64; x64; rv:107.0) Gecko/20100101 Firefox/107.0"
88.131.253.147 - - [21/Nov/2022:08:43:23 +0100] "GET /project/index.php?companyId=4932&page=project&projectId=33314 HTTP/1.1" 200 8887 "https://icad.astacus.se/project/index.php?companyId=4932&page=project&projectId=33314" "Mozilla/5.0 (Windows NT 10.0; Win64; x64; rv:107.0) Gecko/20100101 Firefox/107.0"
114.119.134.148 - - [21/Nov/2022:08:43:23 +0100] "GET /apps/school/www_old3/img?C=M%3BO%3DA HTTP/1.1" 301 276 "http://kulturdokumentation.com/apps/school/www_old3/img?C=N%3BO%3DD" "Mozilla/5.0 (Linux; Android 7.0;) AppleWebKit/537.36 (KHTML, like Gecko) Mobile Safari/537.36 (compatible; PetalBot;+https://webmaster.petalsearch.com/site/petalbot)"
114.119.134.148 - - [21/Nov/2022:08:43:24 +0100] "GET /apps/school/www_old3/img/?C=M%3BO%3DA HTTP/1.1" 200 470 "http://kulturdokumentation.com/apps/school/www_old3/img?C=N%3BO%3DD" "Mozilla/5.0 (Linux; Android 7.0;) AppleWebKit/537.36 (KHTML, like Gecko) Mobile Safari/537.36 (compatible; PetalBot;+https://webmaster.petalsearch.com/site/petalbot)"
88.131.253.147 - - [21/Nov/2022:08:43:25 +0100] "GET /project/index.php?page=new_project&companyId=3446 HTTP/1.1" 200 4806 "https://icad.astacus.se/project/index.php?companyId=3446" "Mozilla/5.0 (Windows NT 10.0; Win64; x64; rv:107.0) Gecko/20100101 Firefox/107.0"
88.131.253.147 - - [21/Nov/2022:08:43:25 +0100] "GET /project/calendar.js HTTP/1.1" 404 217 "https://icad.astacus.se/project/index.php?page=new_project&companyId=3446" "Mozilla/5.0 (Windows NT 10.0; Win64; x64; rv:107.0) Gecko/20100101 Firefox/107.0"
111.93.24.58 - - [21/Nov/2022:08:43:28 +0100] "GET /timereport_india/savetime.php?str=%22[{\\%22rowid\\%22:1669016802466,\\%22projectid\\%22:\\%2224442\\%22,\\%22activityid\\%22:\\%225\\%22,\\%22activity\\%22:\\%22Other\\%22,\\%22intervall\\%22:\\%2206:15%20-%2006:30%20Rast:%2000:00\\%22,\\%22hrs\\%22:\\%2200:15\\%22,\\%22comment\\%22:\\%22\\%22,\\%22username\\%22:\\%22D%20Tarakeswara%20Rao%20(TTPV2098)\\%22,\\%22datum\\%22:\\%222022-11-21\\%22},{\\%22rowid\\%22:1669016856884,\\%22projectid\\%22:\\%2224437\\%22,\\%22activityid\\%22:\\%224\\%22,\\%22activity\\%22:\\%22Training\\%22,\\%22intervall\\%22:\\%2206:30%20-%2011:15%20Rast:%2000:30\\%22,\\%22hrs\\%22:\\%2204:15\\%22,\\%22comment\\%22:\\%22\\%22,\\%22username\\%22:\\%22D%20Tarakeswara%20Rao%20(TTPV2098)\\%22,\\%22datum\\%22:\\%222022-11-21\\%22},{\\%22rowid\\%22:1669016860716,\\%22projectid\\%22:\\%2224437\\%22,\\%22activityid\\%22:\\%224\\%22,\\%22activity\\%22:\\%22Training\\%22,\\%22intervall\\%22:\\%2211:15%20-%2013:15%20Rast:%2000:10\\%22,\\%22hrs\\%22:\\%2201:50\\%22,\\%22comment\\%22:\\%22\\%22,\\%22username\\%22:\\%22D%20Tarakeswara%20Rao%20(TTPV2098)\\%22,\\%22datum\\%22:\\%222022-11-21\\%22}]%22&username=D%20Tarakeswara%20Rao%20(TTPV2098)&workdate=2022-11-21&type=new HTTP/1.1" 302 - "http://appsrv.astacus.se/timereport_india/addtime.php" "Mozilla/5.0 (Windows NT 6.1; Win64; x64; rv:107.0) Gecko/20100101 Firefox/107.0"
111.93.24.58 - - [21/Nov/2022:08:43:28 +0100] "GET /timereport_india/addtime.php?message=Thank%20you!%20The%20time%20has%20been%20reported!&result=1 HTTP/1.1" 200 4548 "http://appsrv.astacus.se/timereport_india/addtime.php" "Mozilla/5.0 (Windows NT 6.1; Win64; x64; rv:107.0) Gecko/20100101 Firefox/107.0"
::1 - - [21/Nov/2022:08:43:30 +0100] "OPTIONS * HTTP/1.0" 200 - "-" "Apache/2.4.7 (Ubuntu) PHP/5.5.9-1ubuntu4.29 OpenSSL/1.0.1f (internal dummy connection)"
::1 - - [21/Nov/2022:08:43:31 +0100] "OPTIONS * HTTP/1.0" 200 - "-" "Apache/2.4.7 (Ubuntu) PHP/5.5.9-1ubuntu4.29 OpenSSL/1.0.1f (internal dummy connection)"
::1 - - [21/Nov/2022:08:43:35 +0100] "OPTIONS * HTTP/1.0" 200 - "-" "Apache/2.4.7 (Ubuntu) PHP/5.5.9-1ubuntu4.29 OpenSSL/1.0.1f (internal dummy connection)"
::1 - - [21/Nov/2022:08:43:39 +0100] "OPTIONS * HTTP/1.0" 200 - "-" "Apache/2.4.7 (Ubuntu) PHP/5.5.9-1ubuntu4.29 OpenSSL/1.0.1f (internal dummy connection)"
::1 - - [21/Nov/2022:08:43:40 +0100] "OPTIONS * HTTP/1.0" 200 - "-" "Apache/2.4.7 (Ubuntu) PHP/5.5.9-1ubuntu4.29 OpenSSL/1.0.1f (internal dummy connection)"
::1 - - [21/Nov/2022:08:43:41 +0100] "OPTIONS * HTTP/1.0" 200 - "-" "Apache/2.4.7 (Ubuntu) PHP/5.5.9-1ubuntu4.29 OpenSSL/1.0.1f (internal dummy connection)"
88.131.253.147 - - [21/Nov/2022:08:43:45 +0100] "POST /project/addproject.php?page=project HTTP/1.1" 302 - "https://icad.astacus.se/project/index.php?page=new_project&companyId=3446" "Mozilla/5.0 (Windows NT 10.0; Win64; x64; rv:107.0) Gecko/20100101 Firefox/107.0"
88.131.253.147 - - [21/Nov/2022:08:43:46 +0100] "GET /project/index.php?companyId=3446&page=project&projectId=33392 HTTP/1.1" 200 8687 "https://icad.astacus.se/project/index.php?page=new_project&companyId=3446" "Mozilla/5.0 (Windows NT 10.0; Win64; x64; rv:107.0) Gecko/20100101 Firefox/107.0"
88.131.253.147 - - [21/Nov/2022:08:43:49 +0100] "POST /project/download_checked_files.php?project=3446_Rheinufer-Kaimauer%20(33392)&projectId=33392&companyId=3446&systemUserMail=barbara.dehmer-marko@astacus.se&systemUserName=Barbara%20Dehmer-Marko&path= HTTP/1.1" 302 - "https://icad.astacus.se/project/index.php?companyId=3446&page=project&projectId=33392" "Mozilla/5.0 (Windows NT 10.0; Win64; x64; rv:107.0) Gecko/20100101 Firefox/107.0"
88.131.253.147 - - [21/Nov/2022:08:43:49 +0100] "GET /project/index.php?page=deliver_files&ZIP=Delivery_33392_2022-11-21_08-43-49.zip&size=0%20Mb&project=3446_Rheinufer-Kaimauer%20(33392)&projectId=33392&companyId=3446&systemUserMail=barbara.dehmer-marko@astacus.se&systemUserName=Barbara%20Dehmer-Marko HTTP/1.1" 200 4089 "https://icad.astacus.se/project/index.php?companyId=3446&page=project&projectId=33392" "Mozilla/5.0 (Windows NT 10.0; Win64; x64; rv:107.0) Gecko/20100101 Firefox/107.0"
88.131.253.147 - - [21/Nov/2022:08:43:49 +0100] "GET /project/calendar.js HTTP/1.1" 404 217 "https://icad.astacus.se/project/index.php?page=deliver_files&ZIP=Delivery_33392_2022-11-21_08-43-49.zip&size=0%20Mb&project=3446_Rheinufer-Kaimauer%20(33392)&projectId=33392&companyId=3446&systemUserMail=barbara.dehmer-marko@astacus.se&systemUserName=Barbara%20Dehmer-Marko" "Mozilla/5.0 (Windows NT 10.0; Win64; x64; rv:107.0) Gecko/20100101 Firefox/107.0"
88.131.253.147 - - [21/Nov/2022:08:43:49 +0100] "POST /project/updateSTAT.php?projectId=33314&page=project HTTP/1.1" 302 - "https://icad.astacus.se/project/index.php?companyId=4932&page=project&projectId=33314" "Mozilla/5.0 (Windows NT 10.0; Win64; x64; rv:107.0) Gecko/20100101 Firefox/107.0"
88.131.253.147 - - [21/Nov/2022:08:43:50 +0100] "GET /project/index.php?page=project&projectId=33314 HTTP/1.1" 200 8884 "https://icad.astacus.se/project/index.php?companyId=4932&page=project&projectId=33314" "Mozilla/5.0 (Windows NT 10.0; Win64; x64; rv:107.0) Gecko/20100101 Firefox/107.0"
88.131.253.147 - - [21/Nov/2022:08:44:16 +0100] "GET /project/index.php?companyId=2465 HTTP/1.1" 200 87639 "https://icad.astacus.se/project/index.php?companyId=2465&page=project&projectId=33190" "Mozilla/5.0 (Windows NT 10.0; Win64; x64; rv:106.0) Gecko/20100101 Firefox/106.0"
88.131.253.147 - - [21/Nov/2022:08:44:41 +0100] "POST /project/updateDescription.php?projectId=33314&page=project&type=invoice HTTP/1.1" 302 - "https://icad.astacus.se/project/index.php?page=project&projectId=33314" "Mozilla/5.0 (Windows NT 10.0; Win64; x64; rv:107.0) Gecko/20100101 Firefox/107.0"
88.131.253.147 - - [21/Nov/2022:08:44:41 +0100] "GET /project/index.php?page=project&projectId=33314 HTTP/1.1" 200 8871 "https://icad.astacus.se/project/index.php?page=project&projectId=33314" "Mozilla/5.0 (Windows NT 10.0; Win64; x64; rv:107.0) Gecko/20100101 Firefox/107.0"
90.228.142.155 - - [21/Nov/2022:08:44:44 +0100] "GET / HTTP/1.1" 200 2537 "-" "Mozilla/5.0 (Windows NT 10.0; Win64; x64) AppleWebKit/537.36 (KHTML, like Gecko) Chrome/107.0.0.0 Safari/537.36 Edg/107.0.1418.42"
90.228.142.155 - - [21/Nov/2022:08:44:44 +0100] "GET /top_banner/logga.png HTTP/1.1" 302 227 "http://evacuationplans.se/" "Mozilla/5.0 (Windows NT 10.0; Win64; x64) AppleWebKit/537.36 (KHTML, like Gecko) Chrome/107.0.0.0 Safari/537.36 Edg/107.0.1418.42"
90.228.142.155 - - [21/Nov/2022:08:44:44 +0100] "GET /top_banner/background.png HTTP/1.1" 302 232 "http://evacuationplans.se/" "Mozilla/5.0 (Windows NT 10.0; Win64; x64) AppleWebKit/537.36 (KHTML, like Gecko) Chrome/107.0.0.0 Safari/537.36 Edg/107.0.1418.42"
90.228.142.155 - - [21/Nov/2022:08:44:44 +0100] "GET /favicon.ico HTTP/1.1" 404 209 "http://evacuationplans.se/" "Mozilla/5.0 (Windows NT 10.0; Win64; x64) AppleWebKit/537.36 (KHTML, like Gecko) Chrome/107.0.0.0 Safari/537.36 Edg/107.0.1418.42"
90.228.142.155 - - [21/Nov/2022:08:44:45 +0100] "GET /loggain.php HTTP/1.1" 200 2671 "http://evacuationplans.se/" "Mozilla/5.0 (Windows NT 10.0; Win64; x64) AppleWebKit/537.36 (KHTML, like Gecko) Chrome/107.0.0.0 Safari/537.36 Edg/107.0.1418.42"
90.228.142.155 - - [21/Nov/2022:08:44:45 +0100] "GET /top_banner/logga.png HTTP/1.1" 302 227 "http://evacuationplans.se/" "Mozilla/5.0 (Windows NT 10.0; Win64; x64) AppleWebKit/537.36 (KHTML, like Gecko) Chrome/107.0.0.0 Safari/537.36 Edg/107.0.1418.42"
90.228.142.155 - - [21/Nov/2022:08:44:45 +0100] "GET /top_banner/background.png HTTP/1.1" 302 232 "http://evacuationplans.se/" "Mozilla/5.0 (Windows NT 10.0; Win64; x64) AppleWebKit/537.36 (KHTML, like Gecko) Chrome/107.0.0.0 Safari/537.36 Edg/107.0.1418.42"
90.228.142.155 - - [21/Nov/2022:08:44:50 +0100] "POST /login/login.php HTTP/1.1" 302 - "http://evacuationplans.se/loggain.php" "Mozilla/5.0 (Windows NT 10.0; Win64; x64) AppleWebKit/537.36 (KHTML, like Gecko) Chrome/107.0.0.0 Safari/537.36 Edg/107.0.1418.42"
90.228.142.155 - - [21/Nov/2022:08:44:50 +0100] "GET /login/index.php HTTP/1.1" 200 4076 "http://evacuationplans.se/loggain.php" "Mozilla/5.0 (Windows NT 10.0; Win64; x64) AppleWebKit/537.36 (KHTML, like Gecko) Chrome/107.0.0.0 Safari/537.36 Edg/107.0.1418.42"
90.228.142.155 - - [21/Nov/2022:08:44:50 +0100] "GET /top_banner/logga.png HTTP/1.1" 302 227 "http://evacuationplans.se/" "Mozilla/5.0 (Windows NT 10.0; Win64; x64) AppleWebKit/537.36 (KHTML, like Gecko) Chrome/107.0.0.0 Safari/537.36 Edg/107.0.1418.42"
90.228.142.155 - - [21/Nov/2022:08:44:50 +0100] "GET /top_banner/background.png HTTP/1.1" 302 232 "http://evacuationplans.se/" "Mozilla/5.0 (Windows NT 10.0; Win64; x64) AppleWebKit/537.36 (KHTML, like Gecko) Chrome/107.0.0.0 Safari/537.36 Edg/107.0.1418.42"
90.228.142.155 - - [21/Nov/2022:08:44:52 +0100] "GET /login/project.php?projectid=33313 HTTP/1.1" 200 4937 "http://evacuationplans.se/login/index.php" "Mozilla/5.0 (Windows NT 10.0; Win64; x64) AppleWebKit/537.36 (KHTML, like Gecko) Chrome/107.0.0.0 Safari/537.36 Edg/107.0.1418.42"
90.228.142.155 - - [21/Nov/2022:08:44:52 +0100] "GET /top_banner/logga.png HTTP/1.1" 302 227 "http://evacuationplans.se/" "Mozilla/5.0 (Windows NT 10.0; Win64; x64) AppleWebKit/537.36 (KHTML, like Gecko) Chrome/107.0.0.0 Safari/537.36 Edg/107.0.1418.42"
90.228.142.155 - - [21/Nov/2022:08:44:52 +0100] "GET /top_banner/background.png HTTP/1.1" 302 232 "http://evacuationplans.se/" "Mozilla/5.0 (Windows NT 10.0; Win64; x64) AppleWebKit/537.36 (KHTML, like Gecko) Chrome/107.0.0.0 Safari/537.36 Edg/107.0.1418.42"
90.228.142.155 - - [21/Nov/2022:08:44:59 +0100] "GET /login/downloadpfile.php?file=/33313_Separated%20plans_221119.zip&projectid=33313&customerid=3285 HTTP/1.1" 200 69530311 "http://evacuationplans.se/login/project.php?projectid=33313" "Mozilla/5.0 (Windows NT 10.0; Win64; x64) AppleWebKit/537.36 (KHTML, like Gecko) Chrome/107.0.0.0 Safari/537.36 Edg/107.0.1418.42"
14.98.175.41 - - [21/Nov/2022:08:45:16 +0100] "-" 408 - "-" "-"
54.36.149.75 - - [21/Nov/2022:08:45:37 +0100] "GET /apps/school/www_old4/img/LevelC/?C=N;O=A HTTP/1.1" 200 429 "-" "Mozilla/5.0 (compatible; AhrefsBot/7.0; +http://ahrefs.com/robot/)"
::1 - - [21/Nov/2022:08:45:46 +0100] "OPTIONS * HTTP/1.0" 200 - "-" "Apache/2.4.7 (Ubuntu) PHP/5.5.9-1ubuntu4.29 OpenSSL/1.0.1f (internal dummy connection)"
195.191.219.130 - - [21/Nov/2022:08:45:54 +0100] "GET /robots.txt HTTP/1.1" 404 208 "-" "Mozilla/5.0 (compatible; MJ12bot/v1.4.8; http://mj12bot.com/)"
195.191.219.130 - - [21/Nov/2022:08:45:57 +0100] "GET / HTTP/1.1" 200 21 "-" "Mozilla/5.0 (compatible; MJ12bot/v1.4.8; http://mj12bot.com/)"
195.191.219.130 - - [21/Nov/2022:08:45:58 +0100] "GET /robots.txt HTTP/1.1" 404 208 "-" "Mozilla/5.0 (compatible; MJ12bot/v1.4.8; http://mj12bot.com/)"
195.191.219.130 - - [21/Nov/2022:08:46:00 +0100] "GET / HTTP/1.1" 200 21 "-" "Mozilla/5.0 (compatible; MJ12bot/v1.4.8; http://mj12bot.com/)"
88.131.253.147 - - [21/Nov/2022:08:46:09 +0100] "GET /project/index.php?companyId=2465&page=project&projectId=33190 HTTP/1.1" 200 9151 "https://icad.astacus.se/project/index.php?companyId=2465" "Mozilla/5.0 (Windows NT 10.0; Win64; x64; rv:106.0) Gecko/20100101 Firefox/106.0"
88.131.253.147 - - [21/Nov/2022:08:46:19 +0100] "GET /project/index.php?companyId=3446&page=project&projectId=33392 HTTP/1.1" 200 8687 "https://icad.astacus.se/project/index.php?page=new_project&companyId=3446" "Mozilla/5.0 (Windows NT 10.0; Win64; x64; rv:107.0) Gecko/20100101 Firefox/107.0"
88.131.253.147 - - [21/Nov/2022:08:46:22 +0100] "GET /project/index.php?page=new_project&companyId=3446 HTTP/1.1" 200 4806 "https://icad.astacus.se/project/index.php?companyId=3446" "Mozilla/5.0 (Windows NT 10.0; Win64; x64; rv:107.0) Gecko/20100101 Firefox/107.0"
88.131.253.147 - - [21/Nov/2022:08:46:23 +0100] "GET /project/index.php?companyId=3446 HTTP/1.1" 200 86912 "https://icad.astacus.se/project/index.php?BallId=3346" "Mozilla/5.0 (Windows NT 10.0; Win64; x64; rv:107.0) Gecko/20100101 Firefox/107.0"
88.131.253.147 - - [21/Nov/2022:08:46:26 +0100] "GET /project/index.php?companyId=3446&page=project&projectId=33388 HTTP/1.1" 200 8681 "https://icad.astacus.se/project/index.php?companyId=3446" "Mozilla/5.0 (Windows NT 10.0; Win64; x64; rv:107.0) Gecko/20100101 Firefox/107.0"
88.131.253.147 - - [21/Nov/2022:08:46:29 +0100] "POST /project/download_checked_files.php?project=3446_Tunnelprofil%20(33388)&projectId=33388&companyId=3446&systemUserMail=barbara.dehmer-marko@astacus.se&systemUserName=Barbara%20Dehmer-Marko&path= HTTP/1.1" 302 - "https://icad.astacus.se/project/index.php?companyId=3446&page=project&projectId=33388" "Mozilla/5.0 (Windows NT 10.0; Win64; x64; rv:107.0) Gecko/20100101 Firefox/107.0"
88.131.253.147 - - [21/Nov/2022:08:46:29 +0100] "GET /project/index.php?page=deliver_files&ZIP=Delivery_33388_2022-11-21_08-46-29.zip&size=0%20Mb&project=3446_Tunnelprofil%20(33388)&projectId=33388&companyId=3446&systemUserMail=barbara.dehmer-marko@astacus.se&systemUserName=Barbara%20Dehmer-Marko HTTP/1.1" 200 4081 "https://icad.astacus.se/project/index.php?companyId=3446&page=project&projectId=33388" "Mozilla/5.0 (Windows NT 10.0; Win64; x64; rv:107.0) Gecko/20100101 Firefox/107.0"
88.131.253.147 - - [21/Nov/2022:08:46:29 +0100] "GET /project/calendar.js HTTP/1.1" 404 217 "https://icad.astacus.se/project/index.php?page=deliver_files&ZIP=Delivery_33388_2022-11-21_08-46-29.zip&size=0%20Mb&project=3446_Tunnelprofil%20(33388)&projectId=33388&companyId=3446&systemUserMail=barbara.dehmer-marko@astacus.se&systemUserName=Barbara%20Dehmer-Marko" "Mozilla/5.0 (Windows NT 10.0; Win64; x64; rv:107.0) Gecko/20100101 Firefox/107.0"
88.131.253.147 - - [21/Nov/2022:08:46:35 +0100] "GET /project/index.php?companyId=3446&page=project&projectId=33388 HTTP/1.1" 200 8681 "https://icad.astacus.se/project/index.php?companyId=3446" "Mozilla/5.0 (Windows NT 10.0; Win64; x64; rv:107.0) Gecko/20100101 Firefox/107.0"
207.46.13.121 - - [21/Nov/2022:08:46:46 +0100] "GET /data/thumbs/GALANT%20Conference%20Table%20-%20195x110.jpg HTTP/1.1" 200 2491 "-" "Mozilla/5.0 (compatible; bingbot/2.0; +http://www.bing.com/bingbot.htm)"
114.119.141.52 - - [21/Nov/2022:08:46:50 +0100] "GET /apps/school/www_old8/img/LevelB/Category1/LevelBCat1Lesson28/?C=M%3BO%3DA HTTP/1.1" 200 450 "http://kulturdokumentation.se/apps/school/www_old8/img/LevelB/Category1/LevelBCat1Lesson28/" "Mozilla/5.0 (Linux; Android 7.0;) AppleWebKit/537.36 (KHTML, like Gecko) Mobile Safari/537.36 (compatible; PetalBot;+https://webmaster.petalsearch.com/site/petalbot)"
::1 - - [21/Nov/2022:08:47:06 +0100] "OPTIONS * HTTP/1.0" 200 - "-" "Apache/2.4.7 (Ubuntu) PHP/5.5.9-1ubuntu4.29 OpenSSL/1.0.1f (internal dummy connection)"
88.131.253.147 - - [21/Nov/2022:08:47:20 +0100] "POST /project/updateDescription.php?projectId=33190&page=project&type=regular HTTP/1.1" 302 - "https://icad.astacus.se/project/index.php?companyId=2465&page=project&projectId=33190" "Mozilla/5.0 (Windows NT 10.0; Win64; x64; rv:106.0) Gecko/20100101 Firefox/106.0"
88.131.253.147 - - [21/Nov/2022:08:47:20 +0100] "GET /project/index.php?page=project&projectId=33190 HTTP/1.1" 200 9178 "https://icad.astacus.se/project/index.php?companyId=2465&page=project&projectId=33190" "Mozilla/5.0 (Windows NT 10.0; Win64; x64; rv:106.0) Gecko/20100101 Firefox/106.0"
14.98.175.41 - - [21/Nov/2022:08:48:26 +0100] "GET /notifications.php?days=4 HTTP/1.1" 200 2918 "-" "Mozilla/5.0 (Windows NT 10.0; Win64; x64) AppleWebKit/537.36 (KHTML, like Gecko) Chrome/107.0.0.0 Safari/537.36"
114.119.134.165 - - [21/Nov/2022:08:48:50 +0100] "GET /apps/school/www_old8/img/LevelF/Category2/LevelFCat2Lesson04?C=N%3BO%3DD HTTP/1.1" 301 312 "http://kulturdokumentation.com/apps/school/www_old8/img/LevelF/Category2/LevelFCat2Lesson04?C=D%3BO%3DA" "Mozilla/5.0 (Linux; Android 7.0;) AppleWebKit/537.36 (KHTML, like Gecko) Mobile Safari/537.36 (compatible; PetalBot;+https://webmaster.petalsearch.com/site/petalbot)"
114.119.134.165 - - [21/Nov/2022:08:49:15 +0100] "GET /apps/school/www_old8/img/LevelF/Category2/LevelFCat2Lesson04/?C=N%3BO%3DD HTTP/1.1" 200 451 "http://kulturdokumentation.com/apps/school/www_old8/img/LevelF/Category2/LevelFCat2Lesson04?C=D%3BO%3DA" "Mozilla/5.0 (Linux; Android 7.0;) AppleWebKit/537.36 (KHTML, like Gecko) Mobile Safari/537.36 (compatible; PetalBot;+https://webmaster.petalsearch.com/site/petalbot)"
90.235.70.60 - - [21/Nov/2022:08:49:34 +0100] "POST /login/scripts/setUserPosition.php HTTP/1.1" 200 113 "-" "Supervision/5.5 (se.astacus.labs.Supervision; build:5.5; iOS 10.3.4) Alamofire/4.5.1"
90.235.70.60 - - [21/Nov/2022:08:49:35 +0100] "POST /login/scripts/setUserPosition.php HTTP/1.1" 200 115 "-" "Supervision/5.5 (se.astacus.labs.Supervision; build:5.5; iOS 10.3.4) Alamofire/4.5.1"
90.235.70.60 - - [21/Nov/2022:08:49:35 +0100] "POST /login/scripts/setUserPosition.php HTTP/1.1" 200 116 "-" "Supervision/5.5 (se.astacus.labs.Supervision; build:5.5; iOS 10.3.4) Alamofire/4.5.1"
216.244.66.239 - - [21/Nov/2022:08:49:35 +0100] "GET /apps/school/www_old3/android/plugins/org.apache.cordova.file-transfer/?C=M;O=A HTTP/1.1" 200 1019 "-" "Mozilla/5.0 (compatible; DotBot/1.2; +https://opensiteexplorer.org/dotbot; help@moz.com)"
90.235.70.60 - - [21/Nov/2022:08:49:35 +0100] "POST /login/scripts/setUserPosition.php HTTP/1.1" 200 116 "-" "Supervision/5.5 (se.astacus.labs.Supervision; build:5.5; iOS 10.3.4) Alamofire/4.5.1"
90.235.70.60 - - [21/Nov/2022:08:49:39 +0100] "POST /login/scripts/setUserPosition.php HTTP/1.1" 200 115 "-" "Supervision/5.5 (se.astacus.labs.Supervision; build:5.5; iOS 10.3.4) Alamofire/4.5.1"
90.235.70.60 - - [21/Nov/2022:08:49:41 +0100] "POST /login/scripts/setUserPosition.php HTTP/1.1" 200 114 "-" "Supervision/5.5 (se.astacus.labs.Supervision; build:5.5; iOS 10.3.4) Alamofire/4.5.1"
90.235.70.60 - - [21/Nov/2022:08:49:42 +0100] "POST /login/scripts/setUserPosition.php HTTP/1.1" 200 114 "-" "Supervision/5.5 (se.astacus.labs.Supervision; build:5.5; iOS 10.3.4) Alamofire/4.5.1"
40.77.167.27 - - [21/Nov/2022:08:49:42 +0100] "GET /data/thumbs/GALANT%20Desk_3%20-%2080x60.jpg HTTP/1.1" 200 4079 "-" "Mozilla/5.0 (compatible; bingbot/2.0; +http://www.bing.com/bingbot.htm)"
54.36.149.20 - - [21/Nov/2022:08:50:00 +0100] "GET /apps/school/www_old6/img/LevelC/Category3/LevelCCat3Lesson06/?C=S;O=A HTTP/1.1" 200 471 "-" "Mozilla/5.0 (compatible; AhrefsBot/7.0; +http://ahrefs.com/robot/)"
90.235.70.60 - - [21/Nov/2022:08:50:22 +0100] "POST /login/scripts/setUserPosition.php HTTP/1.1" 200 114 "-" "Supervision/5.5 (se.astacus.labs.Supervision; build:5.5; iOS 10.3.4) Alamofire/4.5.1"
90.235.70.60 - - [21/Nov/2022:08:50:22 +0100] "POST /login/scripts/setUserPosition.php HTTP/1.1" 200 116 "-" "Supervision/5.5 (se.astacus.labs.Supervision; build:5.5; iOS 10.3.4) Alamofire/4.5.1"
90.235.70.60 - - [21/Nov/2022:08:50:22 +0100] "POST /login/scripts/setUserPosition.php HTTP/1.1" 200 116 "-" "Supervision/5.5 (se.astacus.labs.Supervision; build:5.5; iOS 10.3.4) Alamofire/4.5.1"
90.235.70.60 - - [21/Nov/2022:08:50:24 +0100] "POST /login/scripts/setUserPosition.php HTTP/1.1" 200 116 "-" "Supervision/5.5 (se.astacus.labs.Supervision; build:5.5; iOS 10.3.4) Alamofire/4.5.1"
37.252.1.102 - - [21/Nov/2022:08:50:27 +0100] "GET /wp-login.php HTTP/1.1" 302 219 "" "Mozilla/5.0 (Windows NT 10.0; Win64; x64; rv:106.0) Gecko/20100101 Firefox/106.0"
37.252.1.102 - - [21/Nov/2022:08:50:28 +0100] "GET /wp-login.php HTTP/1.1" 200 1274 "http://www.astacus.se/wp-login.php" "Mozilla/5.0 (Windows NT 10.0; Win64; x64; rv:106.0) Gecko/20100101 Firefox/106.0"
37.252.1.102 - - [21/Nov/2022:08:50:28 +0100] "GET /wp-json/wp/v2/users HTTP/1.1" 200 1174 "http://www.astacus.se/wp-login.php" "Mozilla/5.0 (Windows NT 10.0; Win64; x64; rv:106.0) Gecko/20100101 Firefox/106.0"
37.252.1.102 - - [21/Nov/2022:08:50:28 +0100] "POST /wp-login.php HTTP/1.1" 200 1659 "https://www.astacus.se/wp-login.php?redirect_to=https%3A%2F%2Fwww.astacus.se%2Fwp-admin%2F" "Mozilla/5.0 (Windows NT 10.0; Win64; x64; rv:106.0) Gecko/20100101 Firefox/106.0"
37.252.1.102 - - [21/Nov/2022:08:50:28 +0100] "POST /wp-login.php HTTP/1.1" 200 1653 "https://www.astacus.se/wp-login.php?redirect_to=https%3A%2F%2Fwww.astacus.se%2Fwp-admin%2F" "Mozilla/5.0 (Windows NT 10.0; Win64; x64; rv:106.0) Gecko/20100101 Firefox/106.0"
37.252.1.102 - - [21/Nov/2022:08:50:29 +0100] "POST /wp-login.php HTTP/1.1" 200 1634 "https://www.astacus.se/wp-login.php?redirect_to=https%3A%2F%2Fwww.astacus.se%2Fwp-admin%2F" "Mozilla/5.0 (Windows NT 10.0; Win64; x64; rv:106.0) Gecko/20100101 Firefox/106.0"
90.235.70.60 - - [21/Nov/2022:08:50:31 +0100] "POST /login/scripts/setUserPosition.php HTTP/1.1" 200 116 "-" "Supervision/5.5 (se.astacus.labs.Supervision; build:5.5; iOS 10.3.4) Alamofire/4.5.1"
88.131.253.147 - - [21/Nov/2022:08:50:37 +0100] "GET /project/index.php?companyId=756&button=Show HTTP/1.1" 200 86232 "https://icad.astacus.se/project/index.php?page=project&projectId=32398&companyId=$$756&path=/Files%20from%20Production/221108" "Mozilla/5.0 (Windows NT 10.0; Win64; x64) AppleWebKit/537.36 (KHTML, like Gecko) Chrome/107.0.0.0 Safari/537.36"
90.235.70.60 - - [21/Nov/2022:08:50:42 +0100] "POST /login/scripts/setUserPosition.php HTTP/1.1" 200 116 "-" "Supervision/5.5 (se.astacus.labs.Supervision; build:5.5; iOS 10.3.4) Alamofire/4.5.1"
88.131.253.147 - - [21/Nov/2022:08:50:43 +0100] "GET /?page=loggain&goto=approject HTTP/1.1" 200 1269 "-" "Mozilla/5.0 (Windows NT 10.0; Win64; x64; rv:107.0) Gecko/20100101 Firefox/107.0"
155.4.21.158 - - [21/Nov/2022:08:50:46 +0100] "GET /customerzon/index.php?page=project&projectId=33375 HTTP/1.1" 200 2332 "https://icad.astacus.se/customerzon/index.php?page=download&projectId=33375&companyId=$&path=/221118" "Mozilla/5.0 (Windows NT 10.0; Win64; x64) AppleWebKit/537.36 (KHTML, like Gecko) Chrome/107.0.0.0 Safari/537.36"
88.131.253.147 - - [21/Nov/2022:08:50:46 +0100] "POST /logon.php?action=logon HTTP/1.1" 302 - "https://icad.astacus.se/?page=loggain&goto=approject" "Mozilla/5.0 (Windows NT 10.0; Win64; x64; rv:107.0) Gecko/20100101 Firefox/107.0"
155.4.21.158 - - [21/Nov/2022:08:50:47 +0100] "GET /customerzon/action.php?projectId=33375&action=delaccept HTTP/1.1" 302 - "https://icad.astacus.se/customerzon/index.php?page=project&projectId=33375" "Mozilla/5.0 (Windows NT 10.0; Win64; x64) AppleWebKit/537.36 (KHTML, like Gecko) Chrome/107.0.0.0 Safari/537.36"
155.4.21.158 - - [21/Nov/2022:08:50:48 +0100] "GET /customerzon/index.php?page=project&projectId=33375 HTTP/1.1" 200 2267 "https://icad.astacus.se/customerzon/index.php?page=project&projectId=33375" "Mozilla/5.0 (Windows NT 10.0; Win64; x64) AppleWebKit/537.36 (KHTML, like Gecko) Chrome/107.0.0.0 Safari/537.36"
88.131.253.147 - - [21/Nov/2022:08:50:46 +0100] "GET /project/index.php?BallId=3346 HTTP/1.1" 200 102253 "https://icad.astacus.se/?page=loggain&goto=approject" "Mozilla/5.0 (Windows NT 10.0; Win64; x64; rv:107.0) Gecko/20100101 Firefox/107.0"
155.4.21.158 - - [21/Nov/2022:08:50:51 +0100] "GET /customerzon/ HTTP/1.1" 200 11909 "https://icad.astacus.se/customerzon/index.php?page=project&projectId=33375" "Mozilla/5.0 (Windows NT 10.0; Win64; x64) AppleWebKit/537.36 (KHTML, like Gecko) Chrome/107.0.0.0 Safari/537.36"
::1 - - [21/Nov/2022:08:50:52 +0100] "OPTIONS * HTTP/1.0" 200 - "-" "Apache/2.4.7 (Ubuntu) PHP/5.5.9-1ubuntu4.29 OpenSSL/1.0.1f (internal dummy connection)"
88.131.253.147 - - [21/Nov/2022:08:50:54 +0100] "GET /project/index.php?companyId=3446 HTTP/1.1" 200 86912 "https://icad.astacus.se/project/index.php?BallId=3346" "Mozilla/5.0 (Windows NT 10.0; Win64; x64; rv:107.0) Gecko/20100101 Firefox/107.0"
90.235.70.60 - - [21/Nov/2022:08:50:55 +0100] "POST /login/scripts/setUserPosition.php HTTP/1.1" 200 115 "-" "Supervision/5.5 (se.astacus.labs.Supervision; build:5.5; iOS 10.3.4) Alamofire/4.5.1"
88.131.253.147 - - [21/Nov/2022:08:50:56 +0100] "GET /project/index.php?companyId=3446&page=project&projectId=33392 HTTP/1.1" 200 8687 "https://icad.astacus.se/project/index.php?companyId=3446" "Mozilla/5.0 (Windows NT 10.0; Win64; x64; rv:107.0) Gecko/20100101 Firefox/107.0"
155.4.21.158 - - [21/Nov/2022:08:50:59 +0100] "GET /customerzon/?page=project&projectId=30440 HTTP/1.1" 200 2246 "https://icad.astacus.se/customerzon/" "Mozilla/5.0 (Windows NT 10.0; Win64; x64) AppleWebKit/537.36 (KHTML, like Gecko) Chrome/107.0.0.0 Safari/537.36"
::1 - - [21/Nov/2022:08:50:59 +0100] "OPTIONS * HTTP/1.0" 200 - "-" "Apache/2.4.7 (Ubuntu) PHP/5.5.9-1ubuntu4.29 OpenSSL/1.0.1f (internal dummy connection)"
155.4.21.158 - - [21/Nov/2022:08:51:02 +0100] "GET /customerzon/?page=logg&projectId=30440 HTTP/1.1" 200 4135 "https://icad.astacus.se/customerzon/?page=project&projectId=30440" "Mozilla/5.0 (Windows NT 10.0; Win64; x64) AppleWebKit/537.36 (KHTML, like Gecko) Chrome/107.0.0.0 Safari/537.36"
88.131.253.147 - - [21/Nov/2022:08:51:04 +0100] "POST /project/updateDescription.php?projectId=33190&page=project&type=regular HTTP/1.1" 302 - "https://icad.astacus.se/project/index.php?page=project&projectId=33190" "Mozilla/5.0 (Windows NT 10.0; Win64; x64; rv:106.0) Gecko/20100101 Firefox/106.0"
88.131.253.147 - - [21/Nov/2022:08:51:04 +0100] "GET /project/index.php?page=project&projectId=33190 HTTP/1.1" 200 9178 "https://icad.astacus.se/project/index.php?page=project&projectId=33190" "Mozilla/5.0 (Windows NT 10.0; Win64; x64; rv:106.0) Gecko/20100101 Firefox/106.0"
90.235.70.60 - - [21/Nov/2022:08:51:09 +0100] "POST /login/scripts/setUserPosition.php HTTP/1.1" 200 113 "-" "Supervision/5.5 (se.astacus.labs.Supervision; build:5.5; iOS 10.3.4) Alamofire/4.5.1"
155.4.21.158 - - [21/Nov/2022:08:51:12 +0100] "GET /customerzon/ HTTP/1.1" 200 11909 "https://icad.astacus.se/customerzon/?page=logg&projectId=30440" "Mozilla/5.0 (Windows NT 10.0; Win64; x64) AppleWebKit/537.36 (KHTML, like Gecko) Chrome/107.0.0.0 Safari/537.36"
90.235.70.60 - - [21/Nov/2022:08:51:12 +0100] "POST /login/scripts/setUserPosition.php HTTP/1.1" 200 116 "-" "Supervision/5.5 (se.astacus.labs.Supervision; build:5.5; iOS 10.3.4) Alamofire/4.5.1"
90.235.70.60 - - [21/Nov/2022:08:51:17 +0100] "POST /login/scripts/setUserPosition.php HTTP/1.1" 200 109 "-" "Supervision/5.5 (se.astacus.labs.Supervision; build:5.5; iOS 10.3.4) Alamofire/4.5.1"
90.235.70.60 - - [21/Nov/2022:08:51:18 +0100] "POST /login/scripts/setUserPosition.php HTTP/1.1" 200 115 "-" "Supervision/5.5 (se.astacus.labs.Supervision; build:5.5; iOS 10.3.4) Alamofire/4.5.1"
88.131.253.147 - - [21/Nov/2022:08:51:18 +0100] "POST /project/updateDescription.php?projectId=33392&page=project&type=invoice HTTP/1.1" 302 - "https://icad.astacus.se/project/index.php?companyId=3446&page=project&projectId=33392" "Mozilla/5.0 (Windows NT 10.0; Win64; x64; rv:107.0) Gecko/20100101 Firefox/107.0"
88.131.253.147 - - [21/Nov/2022:08:51:18 +0100] "GET /project/index.php?page=project&projectId=33392 HTTP/1.1" 200 8714 "https://icad.astacus.se/project/index.php?companyId=3446&page=project&projectId=33392" "Mozilla/5.0 (Windows NT 10.0; Win64; x64; rv:107.0) Gecko/20100101 Firefox/107.0"
90.235.70.60 - - [21/Nov/2022:08:51:20 +0100] "POST /login/scripts/setUserPosition.php HTTP/1.1" 200 109 "-" "Supervision/5.5 (se.astacus.labs.Supervision; build:5.5; iOS 10.3.4) Alamofire/4.5.1"
90.235.70.60 - - [21/Nov/2022:08:51:20 +0100] "POST /login/scripts/setUserPosition.php HTTP/1.1" 200 115 "-" "Supervision/5.5 (se.astacus.labs.Supervision; build:5.5; iOS 10.3.4) Alamofire/4.5.1"
155.4.21.158 - - [21/Nov/2022:08:51:21 +0100] "GET /customerzon/?page=project&projectId=30277 HTTP/1.1" 200 2251 "https://icad.astacus.se/customerzon/" "Mozilla/5.0 (Windows NT 10.0; Win64; x64) AppleWebKit/537.36 (KHTML, like Gecko) Chrome/107.0.0.0 Safari/537.36"
88.131.253.147 - - [21/Nov/2022:08:51:23 +0100] "POST /project/download_checked_files.php?project=3446_Rheinufer-Kaimauer%20(33392)&projectId=33392&companyId=3446&systemUserMail=barbara.dehmer-marko@astacus.se&systemUserName=Barbara%20Dehmer-Marko&path= HTTP/1.1" 302 - "https://icad.astacus.se/project/index.php?page=project&projectId=33392" "Mozilla/5.0 (Windows NT 10.0; Win64; x64; rv:107.0) Gecko/20100101 Firefox/107.0"
88.131.253.147 - - [21/Nov/2022:08:51:23 +0100] "GET /project/index.php?page=deliver_files&ZIP=Delivery_33392_2022-11-21_08-51-23.zip&size=0%20Mb&project=3446_Rheinufer-Kaimauer%20(33392)&projectId=33392&companyId=3446&systemUserMail=barbara.dehmer-marko@astacus.se&systemUserName=Barbara%20Dehmer-Marko HTTP/1.1" 200 4087 "https://icad.astacus.se/project/index.php?page=project&projectId=33392" "Mozilla/5.0 (Windows NT 10.0; Win64; x64; rv:107.0) Gecko/20100101 Firefox/107.0"
88.131.253.147 - - [21/Nov/2022:08:51:23 +0100] "GET /project/calendar.js HTTP/1.1" 404 217 "https://icad.astacus.se/project/index.php?page=deliver_files&ZIP=Delivery_33392_2022-11-21_08-51-23.zip&size=0%20Mb&project=3446_Rheinufer-Kaimauer%20(33392)&projectId=33392&companyId=3446&systemUserMail=barbara.dehmer-marko@astacus.se&systemUserName=Barbara%20Dehmer-Marko" "Mozilla/5.0 (Windows NT 10.0; Win64; x64; rv:107.0) Gecko/20100101 Firefox/107.0"
155.4.21.158 - - [21/Nov/2022:08:51:23 +0100] "GET /customerzon/?page=logg&projectId=30277 HTTP/1.1" 200 4106 "https://icad.astacus.se/customerzon/?page=project&projectId=30277" "Mozilla/5.0 (Windows NT 10.0; Win64; x64) AppleWebKit/537.36 (KHTML, like Gecko) Chrome/107.0.0.0 Safari/537.36"
90.235.70.60 - - [21/Nov/2022:08:51:24 +0100] "POST /login/scripts/setUserPosition.php HTTP/1.1" 200 115 "-" "Supervision/5.5 (se.astacus.labs.Supervision; build:5.5; iOS 10.3.4) Alamofire/4.5.1"
90.235.70.60 - - [21/Nov/2022:08:51:24 +0100] "POST /login/scripts/setUserPosition.php HTTP/1.1" 200 109 "-" "Supervision/5.5 (se.astacus.labs.Supervision; build:5.5; iOS 10.3.4) Alamofire/4.5.1"
90.235.70.60 - - [21/Nov/2022:08:51:25 +0100] "POST /login/scripts/setUserPosition.php HTTP/1.1" 200 116 "-" "Supervision/5.5 (se.astacus.labs.Supervision; build:5.5; iOS 10.3.4) Alamofire/4.5.1"
88.131.253.147 - - [21/Nov/2022:08:51:20 +0100] "GET /project/index.php?tab=1 HTTP/1.1" 200 113128 "https://icad.astacus.se/project/index.php?companyId=756&button=Show" "Mozilla/5.0 (Windows NT 10.0; Win64; x64) AppleWebKit/537.36 (KHTML, like Gecko) Chrome/107.0.0.0 Safari/537.36"
88.131.253.147 - - [21/Nov/2022:08:51:29 +0100] "GET /project/index.php?page=project&projectId=33392 HTTP/1.1" 200 8714 "https://icad.astacus.se/project/index.php?companyId=3446&page=project&projectId=33392" "Mozilla/5.0 (Windows NT 10.0; Win64; x64; rv:107.0) Gecko/20100101 Firefox/107.0"
90.235.70.60 - - [21/Nov/2022:08:51:32 +0100] "POST /login/scripts/setUserPosition.php HTTP/1.1" 200 116 "-" "Supervision/5.5 (se.astacus.labs.Supervision; build:5.5; iOS 10.3.4) Alamofire/4.5.1"
88.131.253.147 - - [21/Nov/2022:08:51:32 +0100] "GET /project/index.php?companyId=2465 HTTP/1.1" 200 87639 "https://icad.astacus.se/project/index.php?page=project&projectId=33190" "Mozilla/5.0 (Windows NT 10.0; Win64; x64; rv:106.0) Gecko/20100101 Firefox/106.0"
90.235.70.60 - - [21/Nov/2022:08:51:34 +0100] "POST /login/scripts/setUserPosition.php HTTP/1.1" 200 116 "-" "Supervision/5.5 (se.astacus.labs.Supervision; build:5.5; iOS 10.3.4) Alamofire/4.5.1"
88.131.253.147 - - [21/Nov/2022:08:51:36 +0100] "GET /project/index.php?companyId=1798 HTTP/1.1" 200 85601 "https://icad.astacus.se/project/index.php?companyId=2465" "Mozilla/5.0 (Windows NT 10.0; Win64; x64; rv:106.0) Gecko/20100101 Firefox/106.0"
155.4.21.158 - - [21/Nov/2022:08:51:37 +0100] "GET /customerzon/ HTTP/1.1" 200 11909 "https://icad.astacus.se/customerzon/?page=logg&projectId=30277" "Mozilla/5.0 (Windows NT 10.0; Win64; x64) AppleWebKit/537.36 (KHTML, like Gecko) Chrome/107.0.0.0 Safari/537.36"
88.131.253.147 - - [21/Nov/2022:08:51:37 +0100] "GET /project/historylog.php?companyId=1798 HTTP/1.1" 200 5377 "https://icad.astacus.se/project/index.php?companyId=1798" "Mozilla/5.0 (Windows NT 10.0; Win64; x64; rv:106.0) Gecko/20100101 Firefox/106.0"
88.131.253.147 - - [21/Nov/2022:08:51:28 +0100] "GET /project/index.php?page=start&companyId=Alla&countryId=1 HTTP/1.1" 200 155972 "https://icad.astacus.se/project/index.php?show=archive&companyId=1714&countryId=1&SystemUserId=" "Mozilla/5.0 (Windows NT 10.0; Win64; x64) AppleWebKit/537.36 (KHTML, like Gecko) Chrome/106.0.0.0 Safari/537.36 OPR/92.0.0.0"
88.131.253.147 - - [21/Nov/2022:08:51:39 +0100] "GET /project/company_klar.php?companyId=1798&actionId=19543 HTTP/1.1" 302 - "https://icad.astacus.se/project/historylog.php?companyId=1798" "Mozilla/5.0 (Windows NT 10.0; Win64; x64; rv:106.0) Gecko/20100101 Firefox/106.0"
88.131.253.147 - - [21/Nov/2022:08:51:39 +0100] "GET /project/historylog.php?companyId=1798 HTTP/1.1" 200 5376 "https://icad.astacus.se/project/historylog.php?companyId=1798" "Mozilla/5.0 (Windows NT 10.0; Win64; x64; rv:106.0) Gecko/20100101 Firefox/106.0"
90.235.70.60 - - [21/Nov/2022:08:51:40 +0100] "POST /login/scripts/setUserPosition.php HTTP/1.1" 200 116 "-" "Supervision/5.5 (se.astacus.labs.Supervision; build:5.5; iOS 10.3.4) Alamofire/4.5.1"
155.4.21.158 - - [21/Nov/2022:08:51:43 +0100] "GET /customerzon/?page=project&projectId=30351 HTTP/1.1" 200 2260 "https://icad.astacus.se/customerzon/" "Mozilla/5.0 (Windows NT 10.0; Win64; x64) AppleWebKit/537.36 (KHTML, like Gecko) Chrome/107.0.0.0 Safari/537.36"
::1 - - [21/Nov/2022:08:51:44 +0100] "OPTIONS * HTTP/1.0" 200 - "-" "Apache/2.4.7 (Ubuntu) PHP/5.5.9-1ubuntu4.29 OpenSSL/1.0.1f (internal dummy connection)"
::1 - - [21/Nov/2022:08:51:45 +0100] "OPTIONS * HTTP/1.0" 200 - "-" "Apache/2.4.7 (Ubuntu) PHP/5.5.9-1ubuntu4.29 OpenSSL/1.0.1f (internal dummy connection)"
155.4.21.158 - - [21/Nov/2022:08:51:45 +0100] "GET /customerzon/?page=logg&projectId=30351 HTTP/1.1" 200 4518 "https://icad.astacus.se/customerzon/?page=project&projectId=30351" "Mozilla/5.0 (Windows NT 10.0; Win64; x64) AppleWebKit/537.36 (KHTML, like Gecko) Chrome/107.0.0.0 Safari/537.36"
88.131.253.147 - - [21/Nov/2022:08:51:55 +0100] "GET /project/updateProjectName.php?page=project&projectId=33392&name=Kaimauer HTTP/1.1" 302 - "https://icad.astacus.se/project/index.php?page=project&projectId=33392" "Mozilla/5.0 (Windows NT 10.0; Win64; x64; rv:107.0) Gecko/20100101 Firefox/107.0"
88.131.253.147 - - [21/Nov/2022:08:51:55 +0100] "GET /project/index.php?page=project&projectId=33392 HTTP/1.1" 200 8705 "https://icad.astacus.se/project/index.php?page=project&projectId=33392" "Mozilla/5.0 (Windows NT 10.0; Win64; x64; rv:107.0) Gecko/20100101 Firefox/107.0"
::1 - - [21/Nov/2022:08:51:55 +0100] "OPTIONS * HTTP/1.0" 200 - "-" "Apache/2.4.7 (Ubuntu) PHP/5.5.9-1ubuntu4.29 OpenSSL/1.0.1f (internal dummy connection)"
88.131.253.147 - - [21/Nov/2022:08:51:58 +0100] "POST /project/download_checked_files.php?project=3446_Kaimauer%20(33392)&projectId=33392&companyId=3446&systemUserMail=barbara.dehmer-marko@astacus.se&systemUserName=Barbara%20Dehmer-Marko&path= HTTP/1.1" 302 - "https://icad.astacus.se/project/index.php?page=project&projectId=33392" "Mozilla/5.0 (Windows NT 10.0; Win64; x64; rv:107.0) Gecko/20100101 Firefox/107.0"
88.131.253.147 - - [21/Nov/2022:08:51:58 +0100] "GET /project/index.php?page=deliver_files&ZIP=Delivery_33392_2022-11-21_08-51-58.zip&size=0%20Mb&project=3446_Kaimauer%20(33392)&projectId=33392&companyId=3446&systemUserMail=barbara.dehmer-marko@astacus.se&systemUserName=Barbara%20Dehmer-Marko HTTP/1.1" 200 4078 "https://icad.astacus.se/project/index.php?page=project&projectId=33392" "Mozilla/5.0 (Windows NT 10.0; Win64; x64; rv:107.0) Gecko/20100101 Firefox/107.0"
88.131.253.147 - - [21/Nov/2022:08:51:58 +0100] "GET /project/calendar.js HTTP/1.1" 404 217 "https://icad.astacus.se/project/index.php?page=deliver_files&ZIP=Delivery_33392_2022-11-21_08-51-58.zip&size=0%20Mb&project=3446_Kaimauer%20(33392)&projectId=33392&companyId=3446&systemUserMail=barbara.dehmer-marko@astacus.se&systemUserName=Barbara%20Dehmer-Marko" "Mozilla/5.0 (Windows NT 10.0; Win64; x64; rv:107.0) Gecko/20100101 Firefox/107.0"
88.131.253.147 - - [21/Nov/2022:08:51:58 +0100] "GET /favicon.ico HTTP/1.1" 404 209 "https://icad.astacus.se/project/index.php?page=deliver_files&ZIP=Delivery_33392_2022-11-21_08-51-58.zip&size=0%20Mb&project=3446_Kaimauer%20(33392)&projectId=33392&companyId=3446&systemUserMail=barbara.dehmer-marko@astacus.se&systemUserName=Barbara%20Dehmer-Marko" "Mozilla/5.0 (Windows NT 10.0; Win64; x64; rv:107.0) Gecko/20100101 Firefox/107.0"
::1 - - [21/Nov/2022:08:51:58 +0100] "OPTIONS * HTTP/1.0" 200 - "-" "Apache/2.4.7 (Ubuntu) PHP/5.5.9-1ubuntu4.29 OpenSSL/1.0.1f (internal dummy connection)"
90.235.70.60 - - [21/Nov/2022:08:52:02 +0100] "POST /login/scripts/setUserPosition.php HTTP/1.1" 200 116 "-" "Supervision/5.5 (se.astacus.labs.Supervision; build:5.5; iOS 10.3.4) Alamofire/4.5.1"
88.131.253.147 - - [21/Nov/2022:08:52:03 +0100] "GET /project/index.php?page=project&projectId=33392 HTTP/1.1" 200 8705 "https://icad.astacus.se/project/index.php?page=project&projectId=33392" "Mozilla/5.0 (Windows NT 10.0; Win64; x64; rv:107.0) Gecko/20100101 Firefox/107.0"
14.98.175.41 - - [21/Nov/2022:08:52:07 +0100] "GET /notifications.php?days=5 HTTP/1.1" 200 3179 "-" "Mozilla/5.0 (Windows NT 6.1; Win64; x64) AppleWebKit/537.36 (KHTML, like Gecko) Chrome/107.0.0.0 Safari/537.36"
90.235.70.60 - - [21/Nov/2022:08:52:10 +0100] "POST /login/scripts/setUserPosition.php HTTP/1.1" 200 115 "-" "Supervision/5.5 (se.astacus.labs.Supervision; build:5.5; iOS 10.3.4) Alamofire/4.5.1"
90.235.70.60 - - [21/Nov/2022:08:52:11 +0100] "POST /login/scripts/setUserPosition.php HTTP/1.1" 200 116 "-" "Supervision/5.5 (se.astacus.labs.Supervision; build:5.5; iOS 10.3.4) Alamofire/4.5.1"
90.235.70.60 - - [21/Nov/2022:08:52:12 +0100] "POST /login/scripts/setUserPosition.php HTTP/1.1" 200 116 "-" "Supervision/5.5 (se.astacus.labs.Supervision; build:5.5; iOS 10.3.4) Alamofire/4.5.1"
14.98.175.41 - - [21/Nov/2022:08:52:12 +0100] "GET / HTTP/1.1" 200 13133 "-" "Mozilla/5.0 (Windows NT 6.1; Win64; x64) AppleWebKit/537.36 (KHTML, like Gecko) Chrome/107.0.0.0 Safari/537.36"
90.235.70.60 - - [21/Nov/2022:08:52:13 +0100] "POST /login/scripts/setUserPosition.php HTTP/1.1" 200 116 "-" "Supervision/5.5 (se.astacus.labs.Supervision; build:5.5; iOS 10.3.4) Alamofire/4.5.1"
14.98.175.41 - - [21/Nov/2022:08:52:16 +0100] "GET /?page=loggain&goto=project HTTP/1.1" 200 1790 "https://www.astacus.se/" "Mozilla/5.0 (Windows NT 6.1; Win64; x64) AppleWebKit/537.36 (KHTML, like Gecko) Chrome/107.0.0.0 Safari/537.36"
14.98.175.41 - - [21/Nov/2022:08:52:18 +0100] "POST /logon.php?action=logon HTTP/1.1" 302 - "https://icad.astacus.se/?page=loggain&goto=project" "Mozilla/5.0 (Windows NT 6.1; Win64; x64) AppleWebKit/537.36 (KHTML, like Gecko) Chrome/107.0.0.0 Safari/537.36"
88.131.253.147 - - [21/Nov/2022:08:52:25 +0100] "POST /project/historylogsave.php?companyId=1798 HTTP/1.1" 302 1 "https://icad.astacus.se/project/historylog.php?companyId=1798" "Mozilla/5.0 (Windows NT 10.0; Win64; x64; rv:106.0) Gecko/20100101 Firefox/106.0"
88.131.253.147 - - [21/Nov/2022:08:52:25 +0100] "GET /project/index.php?companyId=&page=project&projectId=32213 HTTP/1.1" 200 8809 "https://icad.astacus.se/project/index.php?page=start&companyId=Alla&countryId=1" "Mozilla/5.0 (Windows NT 10.0; Win64; x64) AppleWebKit/537.36 (KHTML, like Gecko) Chrome/106.0.0.0 Safari/537.36 OPR/92.0.0.0"
88.131.253.147 - - [21/Nov/2022:08:52:25 +0100] "GET /project/historylog.php?companyId=1798 HTTP/1.1" 200 5428 "https://icad.astacus.se/project/historylog.php?companyId=1798" "Mozilla/5.0 (Windows NT 10.0; Win64; x64; rv:106.0) Gecko/20100101 Firefox/106.0"
88.131.253.147 - - [21/Nov/2022:08:52:28 +0100] "GET /project/index.php?BallId=2744&button=Visa HTTP/1.1" 200 104936 "https://icad.astacus.se/project/index.php?companyId=1798" "Mozilla/5.0 (Windows NT 10.0; Win64; x64; rv:106.0) Gecko/20100101 Firefox/106.0"
90.235.70.60 - - [21/Nov/2022:08:52:32 +0100] "POST /login/scripts/setUserPosition.php HTTP/1.1" 200 116 "-" "Supervision/5.5 (se.astacus.labs.Supervision; build:5.5; iOS 10.3.4) Alamofire/4.5.1"
88.131.253.147 - - [21/Nov/2022:08:52:32 +0100] "GET /project/index.php?page=project&projectId=32213&companyId=$&path=/Files%20from%20Production HTTP/1.1" 200 9208 "https://icad.astacus.se/project/index.php?companyId=&page=project&projectId=32213" "Mozilla/5.0 (Windows NT 10.0; Win64; x64) AppleWebKit/537.36 (KHTML, like Gecko) Chrome/106.0.0.0 Safari/537.36 OPR/92.0.0.0"
::1 - - [21/Nov/2022:08:52:34 +0100] "OPTIONS * HTTP/1.0" 200 - "-" "Apache/2.4.7 (Ubuntu) PHP/5.5.9-1ubuntu4.29 OpenSSL/1.0.1f (internal dummy connection)"
::1 - - [21/Nov/2022:08:52:35 +0100] "OPTIONS * HTTP/1.0" 200 - "-" "Apache/2.4.7 (Ubuntu) PHP/5.5.9-1ubuntu4.29 OpenSSL/1.0.1f (internal dummy connection)"
