65.108.78.33 - - [20/Nov/2022:08:33:31 +0100] "GET /apps/school/www_old9/img/LevelA/Category1/LevelACat1Lesson06/?C=M;O=D HTTP/1.1" 200 445 "-" "Mozilla/5.0 (compatible; MJ12bot/v1.4.8; http://mj12bot.com/)"
65.108.78.33 - - [20/Nov/2022:08:33:33 +0100] "GET /apps/school/www_old9/img/LevelA/Category1/LevelACat1Lesson06/?C=S;O=D HTTP/1.1" 200 445 "-" "Mozilla/5.0 (compatible; MJ12bot/v1.4.8; http://mj12bot.com/)"
65.108.78.33 - - [20/Nov/2022:08:33:34 +0100] "GET /apps/school/www_old9/img/LevelA/Category1/LevelACat1Lesson07/?C=D;O=D HTTP/1.1" 200 445 "-" "Mozilla/5.0 (compatible; MJ12bot/v1.4.8; http://mj12bot.com/)"
65.108.78.33 - - [20/Nov/2022:08:33:36 +0100] "GET /apps/school/www_old9/img/LevelA/Category1/LevelACat1Lesson07/?C=M;O=D HTTP/1.1" 200 445 "-" "Mozilla/5.0 (compatible; MJ12bot/v1.4.8; http://mj12bot.com/)"
65.108.78.33 - - [20/Nov/2022:08:33:37 +0100] "GET /apps/school/www_old9/img/LevelA/Category1/LevelACat1Lesson07/?C=N;O=A HTTP/1.1" 200 447 "-" "Mozilla/5.0 (compatible; MJ12bot/v1.4.8; http://mj12bot.com/)"
65.108.78.33 - - [20/Nov/2022:08:33:39 +0100] "GET /apps/school/www_old9/img/LevelA/Category1/LevelACat1Lesson07/?C=S;O=D HTTP/1.1" 200 445 "-" "Mozilla/5.0 (compatible; MJ12bot/v1.4.8; http://mj12bot.com/)"
65.108.78.33 - - [20/Nov/2022:08:33:40 +0100] "GET /apps/school/www_old9/img/LevelA/Category1/LevelACat1Lesson08/?C=M;O=D HTTP/1.1" 200 446 "-" "Mozilla/5.0 (compatible; MJ12bot/v1.4.8; http://mj12bot.com/)"
65.108.78.33 - - [20/Nov/2022:08:33:42 +0100] "GET /apps/school/www_old9/img/LevelA/Category1/LevelACat1Lesson08/?C=N;O=A HTTP/1.1" 200 448 "-" "Mozilla/5.0 (compatible; MJ12bot/v1.4.8; http://mj12bot.com/)"
65.108.78.33 - - [20/Nov/2022:08:33:43 +0100] "GET /apps/school/www_old9/img/LevelA/Category1/LevelACat1Lesson08/?C=S;O=D HTTP/1.1" 200 446 "-" "Mozilla/5.0 (compatible; MJ12bot/v1.4.8; http://mj12bot.com/)"
65.108.78.33 - - [20/Nov/2022:08:33:45 +0100] "GET /apps/school/www_old9/img/LevelA/Category1/LevelACat1Lesson09/?C=D;O=D HTTP/1.1" 200 448 "-" "Mozilla/5.0 (compatible; MJ12bot/v1.4.8; http://mj12bot.com/)"
65.108.78.33 - - [20/Nov/2022:08:34:01 +0100] "GET /apps/school/www_old9/img/LevelA/Category1/LevelACat1Lesson09/?C=M;O=D HTTP/1.1" 200 448 "-" "Mozilla/5.0 (compatible; MJ12bot/v1.4.8; http://mj12bot.com/)"
65.108.78.33 - - [20/Nov/2022:08:34:03 +0100] "GET /apps/school/www_old9/img/LevelA/Category1/LevelACat1Lesson09/?C=N;O=A HTTP/1.1" 200 450 "-" "Mozilla/5.0 (compatible; MJ12bot/v1.4.8; http://mj12bot.com/)"
65.108.78.33 - - [20/Nov/2022:08:34:04 +0100] "GET /apps/school/www_old9/img/LevelA/Category1/LevelACat1Lesson09/?C=S;O=D HTTP/1.1" 200 448 "-" "Mozilla/5.0 (compatible; MJ12bot/v1.4.8; http://mj12bot.com/)"
65.108.78.33 - - [20/Nov/2022:08:34:06 +0100] "GET /apps/school/www_old9/img/LevelA/Category1/LevelACat1Lesson10/?C=D;O=D HTTP/1.1" 200 488 "-" "Mozilla/5.0 (compatible; MJ12bot/v1.4.8; http://mj12bot.com/)"
54.36.148.160 - - [20/Nov/2022:08:34:07 +0100] "GET /apps/school/www_old2/img/LevelB/Category1/LevelBCat1Lesson17/ HTTP/1.1" 200 450 "-" "Mozilla/5.0 (compatible; AhrefsBot/7.0; +http://ahrefs.com/robot/)"
65.108.78.33 - - [20/Nov/2022:08:34:07 +0100] "GET /apps/school/www_old9/img/LevelA/Category1/LevelACat1Lesson10/?C=M;O=D HTTP/1.1" 200 489 "-" "Mozilla/5.0 (compatible; MJ12bot/v1.4.8; http://mj12bot.com/)"
65.108.78.33 - - [20/Nov/2022:08:34:09 +0100] "GET /apps/school/www_old9/img/LevelA/Category1/LevelACat1Lesson10/?C=N;O=A HTTP/1.1" 200 489 "-" "Mozilla/5.0 (compatible; MJ12bot/v1.4.8; http://mj12bot.com/)"
65.108.78.33 - - [20/Nov/2022:08:34:10 +0100] "GET /apps/school/www_old9/img/LevelA/Category1/LevelACat1Lesson10/?C=S;O=D HTTP/1.1" 200 488 "-" "Mozilla/5.0 (compatible; MJ12bot/v1.4.8; http://mj12bot.com/)"
65.108.78.33 - - [20/Nov/2022:08:34:12 +0100] "GET /apps/school/www_old9/img/LevelA/Category1/LevelACat1Lesson11/?C=D;O=D HTTP/1.1" 200 486 "-" "Mozilla/5.0 (compatible; MJ12bot/v1.4.8; http://mj12bot.com/)"
65.108.78.33 - - [20/Nov/2022:08:34:14 +0100] "GET /apps/school/www_old9/img/LevelA/Category1/LevelACat1Lesson11/?C=M;O=D HTTP/1.1" 200 487 "-" "Mozilla/5.0 (compatible; MJ12bot/v1.4.8; http://mj12bot.com/)"
65.108.78.33 - - [20/Nov/2022:08:34:15 +0100] "GET /apps/school/www_old9/img/LevelA/Category1/LevelACat1Lesson11/?C=N;O=A HTTP/1.1" 200 487 "-" "Mozilla/5.0 (compatible; MJ12bot/v1.4.8; http://mj12bot.com/)"
65.108.78.33 - - [20/Nov/2022:08:34:17 +0100] "GET /apps/school/www_old9/img/LevelA/Category1/LevelACat1Lesson11/?C=S;O=D HTTP/1.1" 200 486 "-" "Mozilla/5.0 (compatible; MJ12bot/v1.4.8; http://mj12bot.com/)"
65.108.78.33 - - [20/Nov/2022:08:34:18 +0100] "GET /apps/school/www_old9/img/LevelA/Category1/LevelACat1Lesson12/?C=D;O=D HTTP/1.1" 200 483 "-" "Mozilla/5.0 (compatible; MJ12bot/v1.4.8; http://mj12bot.com/)"
65.108.78.33 - - [20/Nov/2022:08:34:20 +0100] "GET /apps/school/www_old9/img/LevelA/Category1/LevelACat1Lesson12/?C=M;O=D HTTP/1.1" 200 483 "-" "Mozilla/5.0 (compatible; MJ12bot/v1.4.8; http://mj12bot.com/)"
65.108.78.33 - - [20/Nov/2022:08:34:21 +0100] "GET /apps/school/www_old9/img/LevelA/Category1/LevelACat1Lesson12/?C=N;O=A HTTP/1.1" 200 485 "-" "Mozilla/5.0 (compatible; MJ12bot/v1.4.8; http://mj12bot.com/)"
65.108.78.33 - - [20/Nov/2022:08:34:23 +0100] "GET /apps/school/www_old9/img/LevelA/Category1/LevelACat1Lesson12/?C=S;O=D HTTP/1.1" 200 481 "-" "Mozilla/5.0 (compatible; MJ12bot/v1.4.8; http://mj12bot.com/)"
65.108.78.33 - - [20/Nov/2022:08:34:24 +0100] "GET /apps/school/www_old9/img/LevelA/Category1/LevelACat1Lesson13/?C=D;O=D HTTP/1.1" 200 492 "-" "Mozilla/5.0 (compatible; MJ12bot/v1.4.8; http://mj12bot.com/)"
65.108.78.33 - - [20/Nov/2022:08:34:26 +0100] "GET /apps/school/www_old9/img/LevelA/Category1/LevelACat1Lesson13/?C=M;O=D HTTP/1.1" 200 493 "-" "Mozilla/5.0 (compatible; MJ12bot/v1.4.8; http://mj12bot.com/)"
114.119.134.155 - - [20/Nov/2022:08:34:55 +0100] "GET /apps/school/www_old3/img/LevelC/Category1/LevelCCat1Lesson24/?C=S%3BO%3DA HTTP/1.1" 200 452 "http://kulturdokumentation.com/apps/school/www_old3/img/LevelC/Category1/LevelCCat1Lesson24/?C=D%3BO%3DA" "Mozilla/5.0 (Linux; Android 7.0;) AppleWebKit/537.36 (KHTML, like Gecko) Mobile Safari/537.36 (compatible; PetalBot;+https://webmaster.petalsearch.com/site/petalbot)"
66.249.69.252 - - [20/Nov/2022:08:35:25 +0100] "GET /apps/school/www_old5/Html/ HTTP/1.1" 200 464 "-" "Mozilla/5.0 (Linux; Android 6.0.1; Nexus 5X Build/MMB29P) AppleWebKit/537.36 (KHTML, like Gecko) Chrome/107.0.5304.110 Mobile Safari/537.36 (compatible; Googlebot/2.1; +http://www.google.com/bot.html)"
65.108.78.33 - - [20/Nov/2022:08:35:42 +0100] "GET /apps/school/www_old9/img/LevelA/Category1/LevelACat1Lesson13/?C=N;O=A HTTP/1.1" 200 495 "-" "Mozilla/5.0 (compatible; MJ12bot/v1.4.8; http://mj12bot.com/)"
65.108.78.33 - - [20/Nov/2022:08:35:43 +0100] "GET /apps/school/www_old9/img/LevelA/Category1/LevelACat1Lesson16/?C=S;O=D HTTP/1.1" 200 478 "-" "Mozilla/5.0 (compatible; MJ12bot/v1.4.8; http://mj12bot.com/)"
65.108.78.33 - - [20/Nov/2022:08:35:45 +0100] "GET /apps/school/www_old9/img/LevelA/Category1/LevelACat1Lesson17/?C=D;O=D HTTP/1.1" 200 485 "-" "Mozilla/5.0 (compatible; MJ12bot/v1.4.8; http://mj12bot.com/)"
65.108.78.33 - - [20/Nov/2022:08:35:46 +0100] "GET /apps/school/www_old9/img/LevelA/Category1/LevelACat1Lesson17/?C=M;O=D HTTP/1.1" 200 486 "-" "Mozilla/5.0 (compatible; MJ12bot/v1.4.8; http://mj12bot.com/)"
65.108.78.33 - - [20/Nov/2022:08:35:48 +0100] "GET /apps/school/www_old9/img/LevelA/Category1/LevelACat1Lesson17/?C=N;O=A HTTP/1.1" 200 486 "-" "Mozilla/5.0 (compatible; MJ12bot/v1.4.8; http://mj12bot.com/)"
65.108.78.33 - - [20/Nov/2022:08:35:49 +0100] "GET /apps/school/www_old9/img/LevelA/Category1/LevelACat1Lesson17/?C=S;O=D HTTP/1.1" 200 485 "-" "Mozilla/5.0 (compatible; MJ12bot/v1.4.8; http://mj12bot.com/)"
65.108.78.33 - - [20/Nov/2022:08:35:51 +0100] "GET /apps/school/www_old9/img/LevelA/Category1/LevelACat1Lesson18/?C=D;O=D HTTP/1.1" 200 488 "-" "Mozilla/5.0 (compatible; MJ12bot/v1.4.8; http://mj12bot.com/)"
65.108.78.33 - - [20/Nov/2022:08:35:52 +0100] "GET /apps/school/www_old9/img/LevelA/Category1/LevelACat1Lesson18/?C=M;O=D HTTP/1.1" 200 488 "-" "Mozilla/5.0 (compatible; MJ12bot/v1.4.8; http://mj12bot.com/)"
65.108.78.33 - - [20/Nov/2022:08:35:54 +0100] "GET /apps/school/www_old9/img/LevelA/Category1/LevelACat1Lesson18/?C=N;O=A HTTP/1.1" 200 489 "-" "Mozilla/5.0 (compatible; MJ12bot/v1.4.8; http://mj12bot.com/)"
65.108.78.33 - - [20/Nov/2022:08:35:55 +0100] "GET /apps/school/www_old9/img/LevelA/Category1/LevelACat1Lesson18/?C=S;O=D HTTP/1.1" 200 486 "-" "Mozilla/5.0 (compatible; MJ12bot/v1.4.8; http://mj12bot.com/)"
65.108.78.33 - - [20/Nov/2022:08:35:57 +0100] "GET /apps/school/www_old9/img/LevelA/Category1/LevelACat1Lesson19/?C=D;O=D HTTP/1.1" 200 484 "-" "Mozilla/5.0 (compatible; MJ12bot/v1.4.8; http://mj12bot.com/)"
65.108.78.33 - - [20/Nov/2022:08:35:58 +0100] "GET /apps/school/www_old9/img/LevelA/Category1/LevelACat1Lesson19/?C=M;O=D HTTP/1.1" 200 484 "-" "Mozilla/5.0 (compatible; MJ12bot/v1.4.8; http://mj12bot.com/)"
65.108.78.33 - - [20/Nov/2022:08:36:00 +0100] "GET /apps/school/www_old9/img/LevelA/Category1/LevelACat1Lesson19/?C=N;O=A HTTP/1.1" 200 487 "-" "Mozilla/5.0 (compatible; MJ12bot/v1.4.8; http://mj12bot.com/)"
65.108.78.33 - - [20/Nov/2022:08:36:01 +0100] "GET /sales/?week=-27 HTTP/1.1" 200 1931 "-" "Mozilla/5.0 (compatible; MJ12bot/v1.4.8; http://mj12bot.com/)"
65.108.78.33 - - [20/Nov/2022:08:36:03 +0100] "GET /sales/?week=-40 HTTP/1.1" 200 2042 "-" "Mozilla/5.0 (compatible; MJ12bot/v1.4.8; http://mj12bot.com/)"
65.108.78.33 - - [20/Nov/2022:08:36:05 +0100] "GET /sales/?week=16 HTTP/1.1" 200 1595 "-" "Mozilla/5.0 (compatible; MJ12bot/v1.4.8; http://mj12bot.com/)"
65.108.78.33 - - [20/Nov/2022:08:36:07 +0100] "GET /sales/?week=29 HTTP/1.1" 200 1595 "-" "Mozilla/5.0 (compatible; MJ12bot/v1.4.8; http://mj12bot.com/)"
65.108.78.33 - - [20/Nov/2022:08:36:07 +0100] "GET /robots.txt HTTP/1.1" 302 217 "-" "Mozilla/5.0 (compatible; MJ12bot/v1.4.8; http://mj12bot.com/)"
65.108.78.33 - - [20/Nov/2022:08:36:08 +0100] "GET /robots.txt HTTP/1.1" 200 67 "-" "Mozilla/5.0 (compatible; MJ12bot/v1.4.8; http://mj12bot.com/)"
65.108.78.33 - - [20/Nov/2022:08:36:09 +0100] "GET /3-of-these-terms-of-service-create-new-works-from/feed/ HTTP/1.1" 302 262 "-" "Mozilla/5.0 (compatible; MJ12bot/v1.4.8; http://mj12bot.com/)"
65.108.78.33 - - [20/Nov/2022:08:36:11 +0100] "GET /3-of-these-terms-of-service-create-new-works-from/feed/ HTTP/1.1" 200 415 "-" "Mozilla/5.0 (compatible; MJ12bot/v1.4.8; http://mj12bot.com/)"
65.108.78.33 - - [20/Nov/2022:08:36:12 +0100] "GET /3-of-these-terms-of-service-create-new-works-from/feed/ HTTP/1.1" 200 415 "-" "Mozilla/5.0 (compatible; MJ12bot/v1.4.8; http://mj12bot.com/)"
65.108.78.33 - - [20/Nov/2022:08:36:14 +0100] "GET /here-you-will-find-the-fortress-like-walls-of-ancient/feed/ HTTP/1.1" 302 266 "-" "Mozilla/5.0 (compatible; MJ12bot/v1.4.8; http://mj12bot.com/)"
65.108.78.33 - - [20/Nov/2022:08:36:15 +0100] "GET /here-you-will-find-the-fortress-like-walls-of-ancient/feed/ HTTP/1.1" 200 418 "-" "Mozilla/5.0 (compatible; MJ12bot/v1.4.8; http://mj12bot.com/)"
65.108.78.33 - - [20/Nov/2022:08:36:17 +0100] "GET /here-you-will-find-the-fortress-like-walls-of-ancient/feed/ HTTP/1.1" 200 418 "-" "Mozilla/5.0 (compatible; MJ12bot/v1.4.8; http://mj12bot.com/)"
114.119.141.52 - - [20/Nov/2022:08:38:24 +0100] "GET /apps/school/www_old8/img/LevelF/Category1/LevelFCat1Lesson02/ HTTP/1.1" 200 447 "http://kulturdokumentation.se/apps/school/www_old8/img/LevelF/Category1/" "Mozilla/5.0 (Linux; Android 7.0;) AppleWebKit/537.36 (KHTML, like Gecko) Mobile Safari/537.36 (compatible; PetalBot;+https://webmaster.petalsearch.com/site/petalbot)"
31.6.33.121 - - [20/Nov/2022:08:38:27 +0100] "GET /flow_form.php HTTP/1.1" 200 545 "-" "-"
54.36.148.195 - - [20/Nov/2022:08:39:11 +0100] "GET /apps/school/www_old2/img/LevelB/Category1/LevelBCat1Lesson31/ HTTP/1.1" 200 452 "-" "Mozilla/5.0 (compatible; AhrefsBot/7.0; +http://ahrefs.com/robot/)"
184.94.240.88 - - [20/Nov/2022:08:39:56 +0100] "GET / HTTP/1.1" 200 23504 "-" "Mozilla/5.0 (Windows NT 10.0; Win64; x64; rv:104.0) Gecko/20100101 Firefox/104.0"
40.77.167.60 - - [20/Nov/2022:08:40:20 +0100] "GET / HTTP/1.1" 200 4586 "-" "Mozilla/5.0 (compatible; bingbot/2.0; +http://www.bing.com/bingbot.htm)"
114.119.134.152 - - [20/Nov/2022:08:40:48 +0100] "GET /apps/school/www_old9/Html/LevelE/Category2/LevelECat2Lesson13.html HTTP/1.1" 200 870 "-" "Mozilla/5.0 (Linux; Android 7.0;) AppleWebKit/537.36 (KHTML, like Gecko) Mobile Safari/537.36 (compatible; PetalBot;+https://webmaster.petalsearch.com/site/petalbot)"
114.119.134.152 - - [20/Nov/2022:08:40:50 +0100] "GET /apps/school/www_old9/cordova.js HTTP/1.1" 404 229 "http://kulturdokumentation.com/apps/school/www_old9/Html/LevelE/Category2/LevelECat2Lesson13.html" "Mozilla/5.0 (Linux; Android 7.0;) AppleWebKit/537.36 (KHTML, like Gecko) Mobile Safari/537.36 (compatible; PetalBot;+https://webmaster.petalsearch.com/site/petalbot)"
157.55.39.63 - - [20/Nov/2022:08:41:52 +0100] "GET / HTTP/1.1" 200 1772 "-" "Mozilla/5.0 (compatible; bingbot/2.0; +http://www.bing.com/bingbot.htm)"
54.36.148.117 - - [20/Nov/2022:08:42:10 +0100] "GET /apps/school/www_old5/img/LevelA/Category2/LevelACat2Lesson03/?C=M;O=A HTTP/1.1" 200 494 "-" "Mozilla/5.0 (compatible; AhrefsBot/7.0; +http://ahrefs.com/robot/)"
104.244.77.192 - - [20/Nov/2022:08:42:55 +0100] "GET /wp-login.php HTTP/1.1" 200 2977 "-" "Mozilla/5.0 (X11; Linux x86_64) AppleWebKit/537.36 (KHTML, like Gecko) Chrome/35.0.1916.153 Safari/537.36"
104.244.77.192 - - [20/Nov/2022:08:42:55 +0100] "POST /wp-login.php HTTP/1.1" 200 3996 "-" "Mozilla/5.0 (X11; Linux x86_64) AppleWebKit/537.36 (KHTML, like Gecko) Chrome/35.0.1916.153 Safari/537.36"
207.46.13.159 - - [20/Nov/2022:08:44:06 +0100] "GET / HTTP/1.1" 200 13133 "-" "Mozilla/5.0 (compatible; bingbot/2.0; +http://www.bing.com/bingbot.htm)"
114.119.141.53 - - [20/Nov/2022:08:44:10 +0100] "GET /apps/school/www_old3/img/LevelC/Category1/LevelCCat1Lesson7/ HTTP/1.1" 200 448 "http://kulturdokumentation.se/apps/school/www_old3/img/LevelC/Category1/" "Mozilla/5.0 (Linux; Android 7.0;) AppleWebKit/537.36 (KHTML, like Gecko) Mobile Safari/537.36 (compatible; PetalBot;+https://webmaster.petalsearch.com/site/petalbot)"
54.36.148.23 - - [20/Nov/2022:08:45:12 +0100] "GET /apps/school/www/res/?C=D;O=D HTTP/1.1" 200 427 "-" "Mozilla/5.0 (compatible; AhrefsBot/7.0; +http://ahrefs.com/robot/)"
114.119.134.148 - - [20/Nov/2022:08:46:35 +0100] "GET /apps/school/www_old9/Html/LevelD/Category2/LevelDCat2Lesson09.html HTTP/1.1" 200 3138 "http://kulturdokumentation.com/apps/school/www_old9/Html/LevelD/Category2/" "Mozilla/5.0 (Linux; Android 7.0;) AppleWebKit/537.36 (KHTML, like Gecko) Mobile Safari/537.36 (compatible; PetalBot;+https://webmaster.petalsearch.com/site/petalbot)"
54.36.148.186 - - [20/Nov/2022:08:48:13 +0100] "GET /digitaltwin/object.php?id=3 HTTP/1.1" 200 2228 "-" "Mozilla/5.0 (compatible; AhrefsBot/7.0; +http://ahrefs.com/robot/)"
216.244.66.239 - - [20/Nov/2022:08:49:50 +0100] "GET /robots.txt HTTP/1.1" 404 208 "-" "Mozilla/5.0 (compatible; DotBot/1.2; +https://opensiteexplorer.org/dotbot; help@moz.com)"
54.36.148.74 - - [20/Nov/2022:08:51:52 +0100] "GET /apps/school/www_old9/css/ HTTP/1.1" 200 497 "-" "Mozilla/5.0 (compatible; AhrefsBot/7.0; +http://ahrefs.com/robot/)"
207.46.13.187 - - [20/Nov/2022:08:52:16 +0100] "GET /?page=verktyg HTTP/1.1" 302 220 "-" "Mozilla/5.0 AppleWebKit/537.36 (KHTML, like Gecko; compatible; bingbot/2.0; +http://www.bing.com/bingbot.htm) Chrome/103.0.5060.134 Safari/537.36"
114.119.134.161 - - [20/Nov/2022:08:52:29 +0100] "GET /apps/school/www_old2/Html/LevelB/?C=S%3BO%3DA HTTP/1.1" 200 462 "http://kulturdokumentation.com/apps/school/www_old2/Html/LevelB/?C=N%3BO%3DD" "Mozilla/5.0 (Linux; Android 7.0;) AppleWebKit/537.36 (KHTML, like Gecko) Mobile Safari/537.36 (compatible; PetalBot;+https://webmaster.petalsearch.com/site/petalbot)"
31.220.3.140 - - [20/Nov/2022:08:53:38 +0100] "GET / HTTP/1.1" 200 21 "-" "Mozilla/5.0 zgrab/0.x"
207.46.13.187 - - [20/Nov/2022:08:54:56 +0100] "GET / HTTP/1.1" 200 1772 "-" "Mozilla/5.0 (compatible; bingbot/2.0; +http://www.bing.com/bingbot.htm)"
54.36.148.108 - - [20/Nov/2022:08:55:09 +0100] "GET /apps/school/www_old5/img/LevelG/Category2/LevelGCat2Lesson11/?C=D;O=A HTTP/1.1" 200 538 "-" "Mozilla/5.0 (compatible; AhrefsBot/7.0; +http://ahrefs.com/robot/)"
114.119.141.51 - - [20/Nov/2022:08:55:29 +0100] "GET /apps/school/www_old4/img/LevelB/Category2/LevelBCat2Lesson12/?C=S%3BO%3DA HTTP/1.1" 200 489 "http://kulturdokumentation.se/apps/school/www_old4/img/LevelB/Category2/LevelBCat2Lesson12/" "Mozilla/5.0 (Linux; Android 7.0;) AppleWebKit/537.36 (KHTML, like Gecko) Mobile Safari/537.36 (compatible; PetalBot;+https://webmaster.petalsearch.com/site/petalbot)"
216.244.66.203 - - [20/Nov/2022:08:55:42 +0100] "GET /robots.txt HTTP/1.1" 404 208 "-" "Mozilla/5.0 (compatible; DotBot/1.2; +https://opensiteexplorer.org/dotbot; help@moz.com)"
216.244.66.203 - - [20/Nov/2022:08:55:42 +0100] "GET /robots.txt HTTP/1.1" 404 208 "-" "Mozilla/5.0 (compatible; DotBot/1.2; +https://opensiteexplorer.org/dotbot; help@moz.com)"
54.36.149.46 - - [20/Nov/2022:08:55:50 +0100] "GET /robots.txt HTTP/1.1" 404 208 "-" "Mozilla/5.0 (compatible; AhrefsBot/7.0; +http://ahrefs.com/robot/)"
207.46.13.187 - - [20/Nov/2022:08:57:36 +0100] "GET / HTTP/1.1" 200 1772 "-" "Mozilla/5.0 (compatible; bingbot/2.0; +http://www.bing.com/bingbot.htm)"
114.119.134.165 - - [20/Nov/2022:08:58:22 +0100] "GET /apps/school/www_old6/img/LevelC/Category2/LevelCCat2Lesson11?C=N%3BO%3DD HTTP/1.1" 301 312 "http://kulturdokumentation.com/apps/school/www_old6/img/LevelC/Category2/LevelCCat2Lesson11?C=S%3BO%3DA" "Mozilla/5.0 (Linux; Android 7.0;) AppleWebKit/537.36 (KHTML, like Gecko) Mobile Safari/537.36 (compatible; PetalBot;+https://webmaster.petalsearch.com/site/petalbot)"
114.119.134.165 - - [20/Nov/2022:08:58:22 +0100] "GET /apps/school/www_old6/img/LevelC/Category2/LevelCCat2Lesson11/?C=N%3BO%3DD HTTP/1.1" 200 476 "http://kulturdokumentation.com/apps/school/www_old6/img/LevelC/Category2/LevelCCat2Lesson11?C=S%3BO%3DA" "Mozilla/5.0 (Linux; Android 7.0;) AppleWebKit/537.36 (KHTML, like Gecko) Mobile Safari/537.36 (compatible; PetalBot;+https://webmaster.petalsearch.com/site/petalbot)"
194.110.203.44 - - [20/Nov/2022:08:58:24 +0100] "GET /simplebim.sedb.tar.gz HTTP/1.1" 404 219 "-" "Firefox"
54.36.148.79 - - [20/Nov/2022:08:58:41 +0100] "GET /index.php?page=result&keyword=stolar HTTP/1.1" 200 4455 "-" "Mozilla/5.0 (compatible; AhrefsBot/7.0; +http://ahrefs.com/robot/)"
54.36.148.201 - - [20/Nov/2022:08:59:11 +0100] "GET /apps/school/www_old3/Html/LevelB/Category2/LevelBCat2Lesson18.html HTTP/1.1" 200 1906 "-" "Mozilla/5.0 (compatible; AhrefsBot/7.0; +http://ahrefs.com/robot/)"
114.119.141.42 - - [20/Nov/2022:09:01:12 +0100] "GET /apps/school/www_old_temp/AutodeskForge/learn.forge.viewmodels-nodejs/node_modules/readable-stream/transform.js HTTP/1.1" 200 55 "http://kulturdokumentation.se/apps/school/www_old_temp/AutodeskForge/learn.forge.viewmodels-nodejs/node_modules/readable-stream/?C=S%3BO%3DA" "Mozilla/5.0 (Linux; Android 7.0;) AppleWebKit/537.36 (KHTML, like Gecko) Mobile Safari/537.36 (compatible; PetalBot;+https://webmaster.petalsearch.com/site/petalbot)"
54.36.149.34 - - [20/Nov/2022:09:02:46 +0100] "GET /apps/school/www_old9/img/LevelF/Category1/LevelFCat1Lesson10/?C=D;O=A HTTP/1.1" 200 475 "-" "Mozilla/5.0 (compatible; AhrefsBot/7.0; +http://ahrefs.com/robot/)"
114.119.134.152 - - [20/Nov/2022:09:04:15 +0100] "GET /apps/school/www_old8/img/LevelG/Category1/LevelGCat1Lesson04?C=S%3BO%3DA HTTP/1.1" 301 312 "http://kulturdokumentation.com/apps/school/www_old8/img/LevelG/Category1/LevelGCat1Lesson04" "Mozilla/5.0 (Linux; Android 7.0;) AppleWebKit/537.36 (KHTML, like Gecko) Mobile Safari/537.36 (compatible; PetalBot;+https://webmaster.petalsearch.com/site/petalbot)"
114.119.134.152 - - [20/Nov/2022:09:04:16 +0100] "GET /apps/school/www_old8/img/LevelG/Category1/LevelGCat1Lesson04/?C=S%3BO%3DA HTTP/1.1" 200 449 "http://kulturdokumentation.com/apps/school/www_old8/img/LevelG/Category1/LevelGCat1Lesson04" "Mozilla/5.0 (Linux; Android 7.0;) AppleWebKit/537.36 (KHTML, like Gecko) Mobile Safari/537.36 (compatible; PetalBot;+https://webmaster.petalsearch.com/site/petalbot)"
216.244.66.239 - - [20/Nov/2022:09:06:23 +0100] "GET /apps/school/www_old_temp/FoodForNeedy/finishVolunteer.php HTTP/1.1" 200 - "-" "Mozilla/5.0 (compatible; DotBot/1.2; +https://opensiteexplorer.org/dotbot; help@moz.com)"
54.36.149.47 - - [20/Nov/2022:09:06:43 +0100] "GET /apps/school/www_old9/img/LevelF/Category1/LevelFCat1Lesson10/?C=M;O=A HTTP/1.1" 200 475 "-" "Mozilla/5.0 (compatible; AhrefsBot/7.0; +http://ahrefs.com/robot/)"
114.119.141.53 - - [20/Nov/2022:09:06:51 +0100] "GET /apps/school/www_old_temp/AutodeskForge/learn.forge.viewmodels-nodejs/node_modules/is-typedarray/test.js HTTP/1.1" 200 250 "http://kulturdokumentation.se/apps/school/www_old_temp/AutodeskForge/learn.forge.viewmodels-nodejs/node_modules/is-typedarray/?C=N%3BO%3DD" "Mozilla/5.0 (Linux; Android 7.0;) AppleWebKit/537.36 (KHTML, like Gecko) Mobile Safari/537.36 (compatible; PetalBot;+https://webmaster.petalsearch.com/site/petalbot)"
54.36.148.167 - - [20/Nov/2022:09:09:36 +0100] "GET /arkitekturen.php HTTP/1.1" 200 2693 "-" "Mozilla/5.0 (compatible; AhrefsBot/7.0; +http://ahrefs.com/robot/)"
114.119.134.155 - - [20/Nov/2022:09:09:59 +0100] "GET /forge/node_modules/body-parser/node_modules/on-finished/package.json HTTP/1.1" 200 6258 "http://www.kulturdokumentation.com/forge/node_modules/body-parser/node_modules/on-finished/" "Mozilla/5.0 (Linux; Android 7.0;) AppleWebKit/537.36 (KHTML, like Gecko) Mobile Safari/537.36 (compatible; PetalBot;+https://webmaster.petalsearch.com/site/petalbot)"
54.36.148.248 - - [20/Nov/2022:09:12:24 +0100] "GET /apps/school/www_old9/img/LevelF/Category1/LevelFCat1Lesson10/?C=S;O=A HTTP/1.1" 200 475 "-" "Mozilla/5.0 (compatible; AhrefsBot/7.0; +http://ahrefs.com/robot/)"
114.119.141.51 - - [20/Nov/2022:09:12:37 +0100] "GET /apps/school/www_old6/img/LevelB/Category1/LevelBCat1Lesson14/?C=D%3BO%3DA HTTP/1.1" 200 451 "http://kulturdokumentation.se/apps/school/www_old6/img/LevelB/Category1/LevelBCat1Lesson14/?C=S%3BO%3DA" "Mozilla/5.0 (Linux; Android 7.0;) AppleWebKit/537.36 (KHTML, like Gecko) Mobile Safari/537.36 (compatible; PetalBot;+https://webmaster.petalsearch.com/site/petalbot)"
66.249.77.155 - - [20/Nov/2022:09:14:29 +0100] "GET /category/ovrigt/nyheter/page/4/ HTTP/1.1" 200 12317 "-" "Mozilla/5.0 (Linux; Android 6.0.1; Nexus 5X Build/MMB29P) AppleWebKit/537.36 (KHTML, like Gecko) Chrome/107.0.5304.110 Mobile Safari/537.36 (compatible; Googlebot/2.1; +http://www.google.com/bot.html)"
216.244.66.203 - - [20/Nov/2022:09:15:00 +0100] "GET /apps/school/www_old6/img/LevelA/Category2/?C=D;O=A HTTP/1.1" 200 5566 "-" "Mozilla/5.0 (compatible; DotBot/1.2; +https://opensiteexplorer.org/dotbot; help@moz.com)"
5.45.207.144 - - [20/Nov/2022:09:15:02 +0100] "GET /robots.txt HTTP/1.1" 404 208 "-" "Mozilla/5.0 (compatible; YandexBot/3.0; +http://yandex.com/bots)"
5.45.207.144 - - [20/Nov/2022:09:15:06 +0100] "GET /apps/school/www_old9/Html/LevelC/Category2/LevelCCat2Lesson10.html HTTP/1.1" 200 3450 "-" "Mozilla/5.0 (compatible; YandexBot/3.0; +http://yandex.com/bots)"
216.244.66.203 - - [20/Nov/2022:09:15:07 +0100] "GET /sales/?week=40 HTTP/1.1" 200 11357 "-" "Mozilla/5.0 (compatible; DotBot/1.2; +https://opensiteexplorer.org/dotbot; help@moz.com)"
114.119.134.152 - - [20/Nov/2022:09:15:50 +0100] "GET /apps/school/www_old4/img/LevelE/Category1/LevelECat1Lesson12?C=D%3BO%3DA HTTP/1.1" 301 312 "http://kulturdokumentation.com/apps/school/www_old4/img/LevelE/Category1/LevelECat1Lesson12?C=N%3BO%3DD" "Mozilla/5.0 (Linux; Android 7.0;) AppleWebKit/537.36 (KHTML, like Gecko) Mobile Safari/537.36 (compatible; PetalBot;+https://webmaster.petalsearch.com/site/petalbot)"
114.119.134.152 - - [20/Nov/2022:09:15:51 +0100] "GET /apps/school/www_old4/img/LevelE/Category1/LevelECat1Lesson12/?C=D%3BO%3DA HTTP/1.1" 200 504 "http://kulturdokumentation.com/apps/school/www_old4/img/LevelE/Category1/LevelECat1Lesson12?C=N%3BO%3DD" "Mozilla/5.0 (Linux; Android 7.0;) AppleWebKit/537.36 (KHTML, like Gecko) Mobile Safari/537.36 (compatible; PetalBot;+https://webmaster.petalsearch.com/site/petalbot)"
173.252.79.6 - - [20/Nov/2022:09:17:14 +0100] "GET /images/hiring.jpg HTTP/1.1" 302 224 "-" "facebookexternalhit/1.1 (+http://www.facebook.com/externalhit_uatext.php)"
173.252.79.6 - - [20/Nov/2022:09:17:15 +0100] "GET /images/hiring.jpg HTTP/1.1" 404 35295 "-" "facebookexternalhit/1.1 (+http://www.facebook.com/externalhit_uatext.php)"
54.36.148.117 - - [20/Nov/2022:09:18:10 +0100] "GET /digitaltwin/list2.php HTTP/1.1" 200 1504 "-" "Mozilla/5.0 (compatible; AhrefsBot/7.0; +http://ahrefs.com/robot/)"
198.98.50.216 - - [20/Nov/2022:09:18:10 +0100] "GET /wp-login.php HTTP/1.1" 200 2977 "-" "Mozilla/5.0 (Windows NT 6.1) AppleWebKit/537.36 (KHTML, like Gecko) Chrome/36.0.1985.143 Safari/537.36"
198.98.50.216 - - [20/Nov/2022:09:18:10 +0100] "POST /wp-login.php HTTP/1.1" 200 3982 "-" "Mozilla/5.0 (Windows NT 6.1) AppleWebKit/537.36 (KHTML, like Gecko) Chrome/36.0.1985.143 Safari/537.36"
114.119.141.42 - - [20/Nov/2022:09:18:13 +0100] "GET /apps/school/www_old8/Html/LevelG/ HTTP/1.1" 200 470 "http://kulturdokumentation.se/apps/school/www_old8/Html/LevelG/Category1/?C=M%3BO%3DA" "Mozilla/5.0 (Linux; Android 7.0;) AppleWebKit/537.36 (KHTML, like Gecko) Mobile Safari/537.36 (compatible; PetalBot;+https://webmaster.petalsearch.com/site/petalbot)"
54.36.148.21 - - [20/Nov/2022:09:18:44 +0100] "GET /?page=bestall&subject=Prislista%20Planritningar%202D/3D HTTP/1.1" 302 266 "-" "Mozilla/5.0 (compatible; AhrefsBot/7.0; +http://ahrefs.com/robot/)"
185.220.101.10 - - [20/Nov/2022:09:20:57 +0100] "GET /register.php HTTP/1.1" 200 3117 "-" "Mozilla/5.0 (Windows NT 10.0; Win64; x64) AppleWebKit/537.36 (KHTML, like Gecko) Chrome/100.0.4889.0 Safari/537.36"
185.220.101.10 - - [20/Nov/2022:09:20:58 +0100] "GET /images/skugga_left.jpg HTTP/1.1" 200 2590 "http://notes-online.se/register.php" "Mozilla/5.0 (Windows NT 10.0; Win64; x64) AppleWebKit/537.36 (KHTML, like Gecko) Chrome/100.0.4889.0 Safari/537.36"
185.220.101.10 - - [20/Nov/2022:09:20:58 +0100] "GET /images/skugga_right.jpg HTTP/1.1" 200 2589 "http://notes-online.se/register.php" "Mozilla/5.0 (Windows NT 10.0; Win64; x64) AppleWebKit/537.36 (KHTML, like Gecko) Chrome/100.0.4889.0 Safari/537.36"
185.220.101.10 - - [20/Nov/2022:09:20:58 +0100] "GET /images/meny4a.jpg HTTP/1.1" 200 2511 "http://notes-online.se/register.php" "Mozilla/5.0 (Windows NT 10.0; Win64; x64) AppleWebKit/537.36 (KHTML, like Gecko) Chrome/100.0.4889.0 Safari/537.36"
185.220.101.10 - - [20/Nov/2022:09:20:58 +0100] "GET /images/meny_pass.jpg HTTP/1.1" 200 3243 "http://notes-online.se/register.php" "Mozilla/5.0 (Windows NT 10.0; Win64; x64) AppleWebKit/537.36 (KHTML, like Gecko) Chrome/100.0.4889.0 Safari/537.36"
185.220.101.10 - - [20/Nov/2022:09:20:58 +0100] "GET /images/in_store.jpg HTTP/1.1" 200 3753 "http://notes-online.se/register.php" "Mozilla/5.0 (Windows NT 10.0; Win64; x64) AppleWebKit/537.36 (KHTML, like Gecko) Chrome/100.0.4889.0 Safari/537.36"
185.220.101.10 - - [20/Nov/2022:09:20:58 +0100] "GET /top_banner/logga.png HTTP/1.1" 302 227 "http://notes-online.se/" "Mozilla/5.0 (Windows NT 10.0; Win64; x64) AppleWebKit/537.36 (KHTML, like Gecko) Chrome/100.0.4889.0 Safari/537.36"
185.220.101.10 - - [20/Nov/2022:09:20:58 +0100] "GET /images/login.png HTTP/1.1" 200 65869 "http://notes-online.se/register.php" "Mozilla/5.0 (Windows NT 10.0; Win64; x64) AppleWebKit/537.36 (KHTML, like Gecko) Chrome/100.0.4889.0 Safari/537.36"
185.220.101.10 - - [20/Nov/2022:09:20:58 +0100] "GET /top_banner/background.png HTTP/1.1" 302 232 "http://notes-online.se/" "Mozilla/5.0 (Windows NT 10.0; Win64; x64) AppleWebKit/537.36 (KHTML, like Gecko) Chrome/100.0.4889.0 Safari/537.36"
185.220.101.10 - - [20/Nov/2022:09:20:58 +0100] "GET /images/h_line.jpg HTTP/1.1" 200 3416 "http://notes-online.se/register.php" "Mozilla/5.0 (Windows NT 10.0; Win64; x64) AppleWebKit/537.36 (KHTML, like Gecko) Chrome/100.0.4889.0 Safari/537.36"
185.220.101.10 - - [20/Nov/2022:09:20:58 +0100] "GET /images/meny1a.png HTTP/1.1" 200 1301 "http://notes-online.se/register.php" "Mozilla/5.0 (Windows NT 10.0; Win64; x64) AppleWebKit/537.36 (KHTML, like Gecko) Chrome/100.0.4889.0 Safari/537.36"
185.220.101.10 - - [20/Nov/2022:09:20:58 +0100] "GET /images/supervision_loggo.jpg HTTP/1.1" 200 7892 "http://notes-online.se/register.php" "Mozilla/5.0 (Windows NT 10.0; Win64; x64) AppleWebKit/537.36 (KHTML, like Gecko) Chrome/100.0.4889.0 Safari/537.36"
185.220.101.10 - - [20/Nov/2022:09:20:58 +0100] "GET /images/meny_l.jpg HTTP/1.1" 200 1181 "http://notes-online.se/register.php" "Mozilla/5.0 (Windows NT 10.0; Win64; x64) AppleWebKit/537.36 (KHTML, like Gecko) Chrome/100.0.4889.0 Safari/537.36"
185.220.101.10 - - [20/Nov/2022:09:20:59 +0100] "GET /images/meny6a.png HTTP/1.1" 200 1447 "http://notes-online.se/register.php" "Mozilla/5.0 (Windows NT 10.0; Win64; x64) AppleWebKit/537.36 (KHTML, like Gecko) Chrome/100.0.4889.0 Safari/537.36"
185.220.101.10 - - [20/Nov/2022:09:20:59 +0100] "GET /images/meny3a.png HTTP/1.1" 200 1500 "http://notes-online.se/register.php" "Mozilla/5.0 (Windows NT 10.0; Win64; x64) AppleWebKit/537.36 (KHTML, like Gecko) Chrome/100.0.4889.0 Safari/537.36"
185.220.101.10 - - [20/Nov/2022:09:21:00 +0100] "GET /top_banner/logga.png HTTP/1.1" 200 1675 "http://notes-online.se/" "Mozilla/5.0 (Windows NT 10.0; Win64; x64) AppleWebKit/537.36 (KHTML, like Gecko) Chrome/100.0.4889.0 Safari/537.36"
185.220.101.10 - - [20/Nov/2022:09:21:00 +0100] "GET /top_banner/background.png HTTP/1.1" 200 6799 "http://notes-online.se/" "Mozilla/5.0 (Windows NT 10.0; Win64; x64) AppleWebKit/537.36 (KHTML, like Gecko) Chrome/100.0.4889.0 Safari/537.36"
185.220.101.10 - - [20/Nov/2022:09:21:00 +0100] "GET /images/mwny3b.jpg HTTP/1.1" 200 2989 "http://notes-online.se/register.php" "Mozilla/5.0 (Windows NT 10.0; Win64; x64) AppleWebKit/537.36 (KHTML, like Gecko) Chrome/100.0.4889.0 Safari/537.36"
185.220.101.10 - - [20/Nov/2022:09:21:00 +0100] "GET /images/meny1b.png HTTP/1.1" 200 1242 "http://notes-online.se/register.php" "Mozilla/5.0 (Windows NT 10.0; Win64; x64) AppleWebKit/537.36 (KHTML, like Gecko) Chrome/100.0.4889.0 Safari/537.36"
185.220.101.10 - - [20/Nov/2022:09:21:00 +0100] "GET /images/meny6b.png HTTP/1.1" 200 1396 "http://notes-online.se/register.php" "Mozilla/5.0 (Windows NT 10.0; Win64; x64) AppleWebKit/537.36 (KHTML, like Gecko) Chrome/100.0.4889.0 Safari/537.36"
185.220.101.10 - - [20/Nov/2022:09:21:00 +0100] "GET /images/astacus-power1.jpg HTTP/1.1" 200 1178 "http://notes-online.se/register.php" "Mozilla/5.0 (Windows NT 10.0; Win64; x64) AppleWebKit/537.36 (KHTML, like Gecko) Chrome/100.0.4889.0 Safari/537.36"
185.220.101.10 - - [20/Nov/2022:09:21:00 +0100] "GET /images/meny4b.jpg HTTP/1.1" 200 2342 "http://notes-online.se/register.php" "Mozilla/5.0 (Windows NT 10.0; Win64; x64) AppleWebKit/537.36 (KHTML, like Gecko) Chrome/100.0.4889.0 Safari/537.36"
185.220.101.10 - - [20/Nov/2022:09:21:00 +0100] "GET /images/meny3b.png HTTP/1.1" 200 1405 "http://notes-online.se/register.php" "Mozilla/5.0 (Windows NT 10.0; Win64; x64) AppleWebKit/537.36 (KHTML, like Gecko) Chrome/100.0.4889.0 Safari/537.36"
185.220.101.10 - - [20/Nov/2022:09:21:11 +0100] "POST /scripts/addclient_fromipad.php?from=browser HTTP/1.1" 302 11 "http://notes-online.se/register.php" "Mozilla/5.0 (Windows NT 10.0; Win64; x64) AppleWebKit/537.36 (KHTML, like Gecko) Chrome/100.0.4889.0 Safari/537.36"
185.220.101.10 - - [20/Nov/2022:09:21:11 +0100] "GET /loggain.php?msg=Thank%20you,%20you%20will%20shortly%20receive%20an%20message%20where%20you%20need%20to%20confirm%20your%20e-mail. HTTP/1.1" 200 2665 "http://notes-online.se/" "Mozilla/5.0 (Windows NT 10.0; Win64; x64) AppleWebKit/537.36 (KHTML, like Gecko) Chrome/100.0.4889.0 Safari/537.36"
185.220.101.10 - - [20/Nov/2022:09:21:12 +0100] "GET /top_banner/logga.png HTTP/1.1" 302 227 "http://www.notes-online.se/" "Mozilla/5.0 (Windows NT 10.0; Win64; x64) AppleWebKit/537.36 (KHTML, like Gecko) Chrome/100.0.4889.0 Safari/537.36"
185.220.101.10 - - [20/Nov/2022:09:21:12 +0100] "GET /images/skugga_left.jpg HTTP/1.1" 200 2590 "http://www.notes-online.se/loggain.php?msg=Thank%20you,%20you%20will%20shortly%20receive%20an%20message%20where%20you%20need%20to%20confirm%20your%20e-mail." "Mozilla/5.0 (Windows NT 10.0; Win64; x64) AppleWebKit/537.36 (KHTML, like Gecko) Chrome/100.0.4889.0 Safari/537.36"
::1 - - [20/Nov/2022:09:21:15 +0100] "OPTIONS * HTTP/1.0" 200 - "-" "Apache/2.4.7 (Ubuntu) PHP/5.5.9-1ubuntu4.29 OpenSSL/1.0.1f (internal dummy connection)"
::1 - - [20/Nov/2022:09:21:16 +0100] "OPTIONS * HTTP/1.0" 200 - "-" "Apache/2.4.7 (Ubuntu) PHP/5.5.9-1ubuntu4.29 OpenSSL/1.0.1f (internal dummy connection)"
::1 - - [20/Nov/2022:09:21:17 +0100] "OPTIONS * HTTP/1.0" 200 - "-" "Apache/2.4.7 (Ubuntu) PHP/5.5.9-1ubuntu4.29 OpenSSL/1.0.1f (internal dummy connection)"
::1 - - [20/Nov/2022:09:21:18 +0100] "OPTIONS * HTTP/1.0" 200 - "-" "Apache/2.4.7 (Ubuntu) PHP/5.5.9-1ubuntu4.29 OpenSSL/1.0.1f (internal dummy connection)"
185.220.101.10 - - [20/Nov/2022:09:21:26 +0100] "GET /images/supervision_loggo.jpg HTTP/1.1" 200 7892 "http://www.notes-online.se/loggain.php?msg=Thank%20you,%20you%20will%20shortly%20receive%20an%20message%20where%20you%20need%20to%20confirm%20your%20e-mail." "Mozilla/5.0 (Windows NT 10.0; Win64; x64) AppleWebKit/537.36 (KHTML, like Gecko) Chrome/100.0.4889.0 Safari/537.36"
::1 - - [20/Nov/2022:09:21:26 +0100] "OPTIONS * HTTP/1.0" 200 - "-" "Apache/2.4.7 (Ubuntu) PHP/5.5.9-1ubuntu4.29 OpenSSL/1.0.1f (internal dummy connection)"
::1 - - [20/Nov/2022:09:21:27 +0100] "OPTIONS * HTTP/1.0" 200 - "-" "Apache/2.4.7 (Ubuntu) PHP/5.5.9-1ubuntu4.29 OpenSSL/1.0.1f (internal dummy connection)"
::1 - - [20/Nov/2022:09:21:28 +0100] "OPTIONS * HTTP/1.0" 200 - "-" "Apache/2.4.7 (Ubuntu) PHP/5.5.9-1ubuntu4.29 OpenSSL/1.0.1f (internal dummy connection)"
114.119.134.155 - - [20/Nov/2022:09:21:39 +0100] "GET /apps/school/www_old4/img/LevelE/Category1/LevelECat1Lesson27?C=N%3BO%3DD HTTP/1.1" 301 312 "http://kulturdokumentation.com/apps/school/www_old4/img/LevelE/Category1/LevelECat1Lesson27?C=S%3BO%3DA" "Mozilla/5.0 (Linux; Android 7.0;) AppleWebKit/537.36 (KHTML, like Gecko) Mobile Safari/537.36 (compatible; PetalBot;+https://webmaster.petalsearch.com/site/petalbot)"
114.119.134.155 - - [20/Nov/2022:09:21:39 +0100] "GET /apps/school/www_old4/img/LevelE/Category1/LevelECat1Lesson27/?C=N%3BO%3DD HTTP/1.1" 200 450 "http://kulturdokumentation.com/apps/school/www_old4/img/LevelE/Category1/LevelECat1Lesson27?C=S%3BO%3DA" "Mozilla/5.0 (Linux; Android 7.0;) AppleWebKit/537.36 (KHTML, like Gecko) Mobile Safari/537.36 (compatible; PetalBot;+https://webmaster.petalsearch.com/site/petalbot)"
54.36.149.38 - - [20/Nov/2022:09:22:44 +0100] "GET /apps/school/www_old5/img/LevelA/Category2/LevelACat2Lesson03/?C=D;O=A HTTP/1.1" 200 494 "-" "Mozilla/5.0 (compatible; AhrefsBot/7.0; +http://ahrefs.com/robot/)"
114.119.132.76 - - [20/Nov/2022:09:24:03 +0100] "GET /apps/school/www_old6/img/LevelF/Category1/LevelFCat1Lesson34/?C=S%3BO%3DA HTTP/1.1" 200 449 "http://kulturdokumentation.se/apps/school/www_old6/img/LevelF/Category1/LevelFCat1Lesson34/?C=N%3BO%3DD" "Mozilla/5.0 (Linux; Android 7.0;) AppleWebKit/537.36 (KHTML, like Gecko) Mobile Safari/537.36 (compatible; PetalBot;+https://webmaster.petalsearch.com/site/petalbot)"
54.36.148.28 - - [20/Nov/2022:09:26:48 +0100] "GET /apps/school/www/res/icon/ios/?C=N;O=A HTTP/1.1" 200 364 "-" "Mozilla/5.0 (compatible; AhrefsBot/7.0; +http://ahrefs.com/robot/)"
193.23.3.44 - - [20/Nov/2022:09:27:00 +0100] "HEAD /modules/quickpay/logo.png HTTP/1.1" 404 - "-" "Mozilla/5.0 (Windows NT 10.0; Win64; x64) AppleWebKit/537.36 (KHTML, like Gecko) Chrome/101.0.4951.67 Safari/537.36"
193.23.3.44 - - [20/Nov/2022:09:27:00 +0100] "HEAD /modules/quickpay/views/img/visa.png HTTP/1.1" 404 - "-" "Mozilla/5.0 (Windows NT 10.0; Win64; x64) AppleWebKit/537.36 (KHTML, like Gecko) Chrome/101.0.4951.67 Safari/537.36"
193.23.3.44 - - [20/Nov/2022:09:27:00 +0100] "HEAD /plugins/woocommerce-quickpay/assets/images/cards/visa.svg HTTP/1.1" 404 - "-" "Mozilla/5.0 (Windows NT 10.0; Win64; x64) AppleWebKit/537.36 (KHTML, like Gecko) Chrome/101.0.4951.67 Safari/537.36"
193.23.3.44 - - [20/Nov/2022:09:27:01 +0100] "HEAD /skin/frontend/base/default/images/quickpaypayment/visa.png HTTP/1.1" 404 - "-" "Mozilla/5.0 (Windows NT 10.0; Win64; x64) AppleWebKit/537.36 (KHTML, like Gecko) Chrome/101.0.4951.67 Safari/537.36"
193.23.3.44 - - [20/Nov/2022:09:27:01 +0100] "HEAD /skin/frontend/salecto/default/images/quickpaypayment/visa.png HTTP/1.1" 404 - "-" "Mozilla/5.0 (Windows NT 10.0; Win64; x64) AppleWebKit/537.36 (KHTML, like Gecko) Chrome/101.0.4951.67 Safari/537.36"
193.23.3.44 - - [20/Nov/2022:09:27:01 +0100] "HEAD /wp-content/plugins/woocommerce-quickpay/assets/images/cards/visa.svg HTTP/1.1" 500 - "-" "Mozilla/5.0 (Windows NT 10.0; Win64; x64) AppleWebKit/537.36 (KHTML, like Gecko) Chrome/101.0.4951.67 Safari/537.36"
193.23.3.44 - - [20/Nov/2022:09:27:01 +0100] "HEAD /modules/quickpayv10/views/imgf/visa.gif HTTP/1.1" 404 - "-" "Mozilla/5.0 (Windows NT 10.0; Win64; x64) AppleWebKit/537.36 (KHTML, like Gecko) Chrome/101.0.4951.67 Safari/537.36"
193.23.3.44 - - [20/Nov/2022:09:27:01 +0100] "HEAD /modules/quickpay/views/img/visa_3d.png HTTP/1.1" 404 - "-" "Mozilla/5.0 (Windows NT 10.0; Win64; x64) AppleWebKit/537.36 (KHTML, like Gecko) Chrome/101.0.4951.67 Safari/537.36"
114.119.134.148 - - [20/Nov/2022:09:27:22 +0100] "GET /apps/school/www_old5/img/LevelD/Category2/LevelDCat2Lesson10?C=M%3BO%3DA HTTP/1.1" 301 312 "http://kulturdokumentation.com/apps/school/www_old5/img/LevelD/Category2/LevelDCat2Lesson10?C=D%3BO%3DA" "Mozilla/5.0 (Linux; Android 7.0;) AppleWebKit/537.36 (KHTML, like Gecko) Mobile Safari/537.36 (compatible; PetalBot;+https://webmaster.petalsearch.com/site/petalbot)"
114.119.134.148 - - [20/Nov/2022:09:27:23 +0100] "GET /apps/school/www_old5/img/LevelD/Category2/LevelDCat2Lesson10/?C=M%3BO%3DA HTTP/1.1" 200 625 "http://kulturdokumentation.com/apps/school/www_old5/img/LevelD/Category2/LevelDCat2Lesson10?C=D%3BO%3DA" "Mozilla/5.0 (Linux; Android 7.0;) AppleWebKit/537.36 (KHTML, like Gecko) Mobile Safari/537.36 (compatible; PetalBot;+https://webmaster.petalsearch.com/site/petalbot)"
114.119.132.76 - - [20/Nov/2022:09:29:38 +0100] "GET /apps/school/www_old6/img/LevelC/Category3/LevelCCat3Lesson20/ HTTP/1.1" 200 502 "http://kulturdokumentation.se/apps/school/www_old6/img/LevelC/Category3/" "Mozilla/5.0 (Linux; Android 7.0;) AppleWebKit/537.36 (KHTML, like Gecko) Mobile Safari/537.36 (compatible; PetalBot;+https://webmaster.petalsearch.com/site/petalbot)"
54.36.148.131 - - [20/Nov/2022:09:31:07 +0100] "GET /digitaltwin/start2.php HTTP/1.1" 200 2266 "-" "Mozilla/5.0 (compatible; AhrefsBot/7.0; +http://ahrefs.com/robot/)"
114.119.134.155 - - [20/Nov/2022:09:33:11 +0100] "GET /apps/school/www_old8/img/LevelE/Category2/LevelECat2Lesson02/?C=N%3BO%3DD HTTP/1.1" 200 486 "http://kulturdokumentation.com/apps/school/www_old8/img/LevelE/Category2/LevelECat2Lesson02/" "Mozilla/5.0 (Linux; Android 7.0;) AppleWebKit/537.36 (KHTML, like Gecko) Mobile Safari/537.36 (compatible; PetalBot;+https://webmaster.petalsearch.com/site/petalbot)"
54.36.148.120 - - [20/Nov/2022:09:35:07 +0100] "GET /apps/school/www_old4/Html/LevelE/Category3/LevelECat3Lesson11.html HTTP/1.1" 200 800 "-" "Mozilla/5.0 (compatible; AhrefsBot/7.0; +http://ahrefs.com/robot/)"
114.119.141.71 - - [20/Nov/2022:09:35:18 +0100] "GET /apps/school/www_old6/img/LevelH/Category1/LevelHCat1Lesson14/?C=D%3BO%3DA HTTP/1.1" 200 453 "http://kulturdokumentation.se/apps/school/www_old6/img/LevelH/Category1/LevelHCat1Lesson14/?C=N%3BO%3DD" "Mozilla/5.0 (Linux; Android 7.0;) AppleWebKit/537.36 (KHTML, like Gecko) Mobile Safari/537.36 (compatible; PetalBot;+https://webmaster.petalsearch.com/site/petalbot)"
114.119.134.165 - - [20/Nov/2022:09:38:59 +0100] "GET /apps/school/www_old5/img/LevelB/Category1/LevelBCat1Lesson07/?C=M%3BO%3DA HTTP/1.1" 200 465 "http://kulturdokumentation.com/apps/school/www_old5/img/LevelB/Category1/LevelBCat1Lesson07" "Mozilla/5.0 (Linux; Android 7.0;) AppleWebKit/537.36 (KHTML, like Gecko) Mobile Safari/537.36 (compatible; PetalBot;+https://webmaster.petalsearch.com/site/petalbot)"
54.36.148.242 - - [20/Nov/2022:09:39:19 +0100] "GET /apps/school/www_old5/img/LevelD/Category1/LevelDCat1Lesson20/?C=M;O=A HTTP/1.1" 200 454 "-" "Mozilla/5.0 (compatible; AhrefsBot/7.0; +http://ahrefs.com/robot/)"
114.119.141.42 - - [20/Nov/2022:09:41:02 +0100] "GET /apps/school/www_old_temp/AutodeskForge/learn.forge.viewmodels-nodejs/node_modules/readable-stream/README.md HTTP/1.1" 200 1304 "http://kulturdokumentation.se/apps/school/www_old_temp/AutodeskForge/learn.forge.viewmodels-nodejs/node_modules/readable-stream/?C=S%3BO%3DA" "Mozilla/5.0 (Linux; Android 7.0;) AppleWebKit/537.36 (KHTML, like Gecko) Mobile Safari/537.36 (compatible; PetalBot;+https://webmaster.petalsearch.com/site/petalbot)"
13.66.139.2 - - [20/Nov/2022:09:41:24 +0100] "GET /robots.txt HTTP/1.1" 404 208 "-" "Mozilla/5.0 (compatible; bingbot/2.0; +http://www.bing.com/bingbot.htm)"
13.66.139.7 - - [20/Nov/2022:09:41:31 +0100] "GET /astacusproject/ProjectSelected.do?projectId=11774 HTTP/1.1" 404 231 "-" "Mozilla/5.0 (compatible; bingbot/2.0; +http://www.bing.com/bingbot.htm)"
54.36.148.107 - - [20/Nov/2022:09:43:31 +0100] "GET /apps/school/www_old3/Html/LevelC/LevelCCategories.html HTTP/1.1" 200 933 "-" "Mozilla/5.0 (compatible; AhrefsBot/7.0; +http://ahrefs.com/robot/)"
114.119.134.152 - - [20/Nov/2022:09:44:50 +0100] "GET /apps/school/www_old9/img/LevelE/Category1/LevelECat1Lesson50/?C=S%3BO%3DA HTTP/1.1" 200 532 "http://kulturdokumentation.com/apps/school/www_old9/img/LevelE/Category1/LevelECat1Lesson50/?C=M%3BO%3DA" "Mozilla/5.0 (Linux; Android 7.0;) AppleWebKit/537.36 (KHTML, like Gecko) Mobile Safari/537.36 (compatible; PetalBot;+https://webmaster.petalsearch.com/site/petalbot)"
216.244.66.203 - - [20/Nov/2022:09:46:00 +0100] "GET /robots.txt HTTP/1.1" 404 208 "-" "Mozilla/5.0 (compatible; DotBot/1.2; +https://opensiteexplorer.org/dotbot; help@moz.com)"
114.119.132.76 - - [20/Nov/2022:09:46:41 +0100] "GET /apps/school/www_old8/Html/LevelB/Category1/?C=M%3BO%3DA HTTP/1.1" 200 782 "http://kulturdokumentation.se/apps/school/www_old8/Html/LevelB/Category1/?C=D%3BO%3DA" "Mozilla/5.0 (Linux; Android 7.0;) AppleWebKit/537.36 (KHTML, like Gecko) Mobile Safari/537.36 (compatible; PetalBot;+https://webmaster.petalsearch.com/site/petalbot)"
194.110.203.42 - - [20/Nov/2022:09:47:15 +0100] "GET /biminfo.sedb.tar.gz HTTP/1.1" 404 217 "-" "Firefox"
205.185.116.156 - - [20/Nov/2022:09:47:47 +0100] "GET /wp-login.php HTTP/1.1" 200 2977 "-" "Mozilla/5.0 (Macintosh; Intel Mac OS X 10_9_4) AppleWebKit/537.36 (KHTML, like Gecko) Chrome/36.0.1985.143 Safari/537.36"
205.185.116.156 - - [20/Nov/2022:09:47:47 +0100] "POST /wp-login.php HTTP/1.1" 200 3988 "-" "Mozilla/5.0 (Macintosh; Intel Mac OS X 10_9_4) AppleWebKit/537.36 (KHTML, like Gecko) Chrome/36.0.1985.143 Safari/537.36"
54.36.149.20 - - [20/Nov/2022:09:48:17 +0100] "GET /apps/school/www_old4/img/LevelE/Category1/ HTTP/1.1" 200 725 "-" "Mozilla/5.0 (compatible; AhrefsBot/7.0; +http://ahrefs.com/robot/)"
31.208.8.2 - - [20/Nov/2022:09:50:17 +0100] "GET / HTTP/1.1" 200 21 "-" "Mozilla/5.0 (iPhone; CPU iPhone OS 15_6_1 like Mac OS X) AppleWebKit/605.1.15 (KHTML, like Gecko) Version/15.6.1 Mobile/15E148 Safari/604.1"
114.119.134.148 - - [20/Nov/2022:09:50:34 +0100] "GET /apps/school/www_old3/img/LevelC/Category1/LevelCCat1Lesson9/?C=S%3BO%3DA HTTP/1.1" 200 466 "http://kulturdokumentation.com/apps/school/www_old3/img/LevelC/Category1/LevelCCat1Lesson9/?C=N%3BO%3DD" "Mozilla/5.0 (Linux; Android 7.0;) AppleWebKit/537.36 (KHTML, like Gecko) Mobile Safari/537.36 (compatible; PetalBot;+https://webmaster.petalsearch.com/site/petalbot)"
114.119.141.42 - - [20/Nov/2022:09:52:20 +0100] "GET /apps/school/www_old9/img/LevelE/Category2/LevelECat2Lesson24/?C=M%3BO%3DA HTTP/1.1" 200 489 "http://kulturdokumentation.se/apps/school/www_old9/img/LevelE/Category2/LevelECat2Lesson24/" "Mozilla/5.0 (Linux; Android 7.0;) AppleWebKit/537.36 (KHTML, like Gecko) Mobile Safari/537.36 (compatible; PetalBot;+https://webmaster.petalsearch.com/site/petalbot)"
54.36.148.115 - - [20/Nov/2022:09:52:39 +0100] "GET /apps/school/www_old5/img/LevelD/Category1/LevelDCat1Lesson20/?C=S;O=A HTTP/1.1" 200 454 "-" "Mozilla/5.0 (compatible; AhrefsBot/7.0; +http://ahrefs.com/robot/)"
31.208.8.2 - - [20/Nov/2022:09:53:11 +0100] "GET /energicontrol/strandis/index.php HTTP/1.1" 200 6665 "-" "Mozilla/5.0 (iPhone; CPU iPhone OS 15_6_1 like Mac OS X) AppleWebKit/605.1.15 (KHTML, like Gecko) Version/15.6.1 Mobile/15E148 Safari/604.1"
31.208.8.2 - - [20/Nov/2022:09:53:30 +0100] "GET /energicontrol/strandis/images/HUS3.jpg HTTP/1.1" 200 274672 "http://appsrv.astacus.se/energicontrol/strandis/index.php" "Mozilla/5.0 (iPhone; CPU iPhone OS 15_6_1 like Mac OS X) AppleWebKit/605.1.15 (KHTML, like Gecko) Version/15.6.1 Mobile/15E148 Safari/604.1"
51.222.253.11 - - [20/Nov/2022:09:55:19 +0100] "GET /robots.txt HTTP/1.1" 200 67 "-" "Mozilla/5.0 (compatible; AhrefsBot/7.0; +http://ahrefs.com/robot/)"
54.36.149.75 - - [20/Nov/2022:09:55:20 +0100] "GET / HTTP/1.1" 200 13133 "-" "Mozilla/5.0 (compatible; AhrefsBot/7.0; +http://ahrefs.com/robot/)"
114.119.141.30 - - [20/Nov/2022:09:56:15 +0100] "GET /index.php HTTP/1.1" 200 4249 "http://simplebim.se/process.php" "Mozilla/5.0 (Linux; Android 7.0;) AppleWebKit/537.36 (KHTML, like Gecko) Mobile Safari/537.36 (compatible; PetalBot;+https://webmaster.petalsearch.com/site/petalbot)"
114.119.134.161 - - [20/Nov/2022:09:56:21 +0100] "GET /apps/school/www_old8/img/LevelC/Category3/LevelCCat3Lesson20 HTTP/1.1" 301 300 "http://kulturdokumentation.com/apps/school/www_old8/img/LevelC/Category3?C=D%3BO%3DA" "Mozilla/5.0 (Linux; Android 7.0;) AppleWebKit/537.36 (KHTML, like Gecko) Mobile Safari/537.36 (compatible; PetalBot;+https://webmaster.petalsearch.com/site/petalbot)"
114.119.134.161 - - [20/Nov/2022:09:56:23 +0100] "GET /apps/school/www_old8/img/LevelC/Category3/LevelCCat3Lesson20/ HTTP/1.1" 200 502 "http://kulturdokumentation.com/apps/school/www_old8/img/LevelC/Category3?C=D%3BO%3DA" "Mozilla/5.0 (Linux; Android 7.0;) AppleWebKit/537.36 (KHTML, like Gecko) Mobile Safari/537.36 (compatible; PetalBot;+https://webmaster.petalsearch.com/site/petalbot)"
207.46.13.159 - - [20/Nov/2022:09:57:54 +0100] "GET /astacusproject/ProjectSelected.do?projectId=11708 HTTP/1.1" 404 231 "-" "Mozilla/5.0 AppleWebKit/537.36 (KHTML, like Gecko; compatible; bingbot/2.0; +http://www.bing.com/bingbot.htm) Chrome/103.0.5060.134 Safari/537.36"
54.36.148.176 - - [20/Nov/2022:09:58:02 +0100] "GET /apps/school/www_old4/Html/LevelE/Category3/LevelECat3Lesson16.html HTTP/1.1" 200 3380 "-" "Mozilla/5.0 (compatible; AhrefsBot/7.0; +http://ahrefs.com/robot/)"
114.119.141.73 - - [20/Nov/2022:09:58:04 +0100] "GET /apps/school/www_old8/MyBook/uploads/uploaded_photos/?C=M%3BO%3DA HTTP/1.1" 200 382 "http://kulturdokumentation.se/apps/school/www_old8/MyBook/uploads/uploaded_photos/?C=N%3BO%3DD" "Mozilla/5.0 (Linux; Android 7.0;) AppleWebKit/537.36 (KHTML, like Gecko) Mobile Safari/537.36 (compatible; PetalBot;+https://webmaster.petalsearch.com/site/petalbot)"
114.119.134.51 - - [20/Nov/2022:10:00:30 +0100] "GET /robots.txt HTTP/1.1" 404 208 "-" "Mozilla/5.0 (compatible;PetalBot;+https://webmaster.petalsearch.com/site/petalbot)"
114.119.134.155 - - [20/Nov/2022:10:02:18 +0100] "GET /apps/school/www_old3/img/LevelB/Category1/?C=N%3BO%3DD HTTP/1.1" 200 660 "http://kulturdokumentation.com/apps/school/www_old3/img/LevelB/Category1/" "Mozilla/5.0 (Linux; Android 7.0;) AppleWebKit/537.36 (KHTML, like Gecko) Mobile Safari/537.36 (compatible; PetalBot;+https://webmaster.petalsearch.com/site/petalbot)"
193.142.147.68 - - [20/Nov/2022:10:02:31 +0100] "GET /wp-login.php HTTP/1.1" 200 2977 "-" "Mozilla/5.0 (compatible; MSIE 9.0; Windows NT 6.1; Trident/5.0)"
54.36.148.175 - - [20/Nov/2022:10:02:45 +0100] "GET /?productid=333150 HTTP/1.1" 302 23504 "-" "Mozilla/5.0 (compatible; AhrefsBot/7.0; +http://ahrefs.com/robot/)"
31.208.8.2 - - [20/Nov/2022:10:03:06 +0100] "GET /energicontrol/strandis/index.php HTTP/1.1" 200 6665 "http://appsrv.astacus.se/energicontrol/strandis/index.php" "Mozilla/5.0 (iPhone; CPU iPhone OS 15_6_1 like Mac OS X) AppleWebKit/605.1.15 (KHTML, like Gecko) Version/15.6.1 Mobile/15E148 Safari/604.1"
31.208.8.2 - - [20/Nov/2022:10:03:28 +0100] "GET /energicontrol/strandis/js/utils.js HTTP/1.1" 200 1564 "http://appsrv.astacus.se/energicontrol/strandis/index.php" "Mozilla/5.0 (iPhone; CPU iPhone OS 15_6_1 like Mac OS X) AppleWebKit/605.1.15 (KHTML, like Gecko) Version/15.6.1 Mobile/15E148 Safari/604.1"
31.208.8.2 - - [20/Nov/2022:10:03:27 +0100] "GET /energicontrol/strandis/js/Chart.bundle.js HTTP/1.1" 200 127835 "http://appsrv.astacus.se/energicontrol/strandis/index.php" "Mozilla/5.0 (iPhone; CPU iPhone OS 15_6_1 like Mac OS X) AppleWebKit/605.1.15 (KHTML, like Gecko) Version/15.6.1 Mobile/15E148 Safari/604.1"
31.208.8.2 - - [20/Nov/2022:10:03:28 +0100] "GET /energicontrol/strandis/images/HUS3.jpg HTTP/1.1" 304 - "http://appsrv.astacus.se/energicontrol/strandis/index.php" "Mozilla/5.0 (iPhone; CPU iPhone OS 15_6_1 like Mac OS X) AppleWebKit/605.1.15 (KHTML, like Gecko) Version/15.6.1 Mobile/15E148 Safari/604.1"
54.36.148.179 - - [20/Nov/2022:10:03:29 +0100] "GET /apps/school/www_old5/img/LevelA/Category2/LevelACat2Lesson03/?C=S;O=A HTTP/1.1" 200 493 "-" "Mozilla/5.0 (compatible; AhrefsBot/7.0; +http://ahrefs.com/robot/)"
