54.36.148.139 - - [21/Nov/2022:03:35:04 +0100] "GET /apps/school/www_old9/img/LevelH/Category1/LevelHCat1Lesson24/?C=D;O=A HTTP/1.1" 200 445 "-" "Mozilla/5.0 (compatible; AhrefsBot/7.0; +http://ahrefs.com/robot/)"
114.119.141.71 - - [21/Nov/2022:03:35:26 +0100] "GET /apps/school/www_old8/img/LevelD/Category3/?C=D%3BO%3DA HTTP/1.1" 200 650 "http://kulturdokumentation.se/apps/school/www_old8/img/LevelD/Category3/?C=N%3BO%3DD" "Mozilla/5.0 (Linux; Android 7.0;) AppleWebKit/537.36 (KHTML, like Gecko) Mobile Safari/537.36 (compatible; PetalBot;+https://webmaster.petalsearch.com/site/petalbot)"
114.119.134.155 - - [21/Nov/2022:03:36:41 +0100] "GET /apps/school/www_old4/img/LevelC/Category3/LevelCCat3Lesson5/?C=M%3BO%3DA HTTP/1.1" 200 493 "http://kulturdokumentation.com/apps/school/www_old4/img/LevelC/Category3/LevelCCat3Lesson5/?C=S%3BO%3DA" "Mozilla/5.0 (Linux; Android 7.0;) AppleWebKit/537.36 (KHTML, like Gecko) Mobile Safari/537.36 (compatible; PetalBot;+https://webmaster.petalsearch.com/site/petalbot)"
54.36.149.73 - - [21/Nov/2022:03:37:56 +0100] "GET /billerud-ab-gruvons-bruk-forvaltar-allt-mer-information-digitalt/ HTTP/1.1" 200 9814 "-" "Mozilla/5.0 (compatible; AhrefsBot/7.0; +http://ahrefs.com/robot/)"
194.110.203.40 - - [21/Nov/2022:03:39:04 +0100] "GET /backup-biminfo.se.tar.gz HTTP/1.1" 404 222 "-" "Firefox"
111.93.24.58 - - [21/Nov/2022:03:40:36 +0100] "GET /project/index.php?page=project_production&projectId=30599&companyId=$&path=/Files%20from%20Production HTTP/1.1" 200 6313 "https://icad.astacus.se/project/index.php?projectId=30599&page=project_production&button11=Show" "Mozilla/5.0 (Windows NT 6.1; Win64; x64; rv:107.0) Gecko/20100101 Firefox/107.0"
111.93.24.58 - - [21/Nov/2022:03:40:37 +0100] "GET /favicon.ico HTTP/1.1" 404 209 "https://icad.astacus.se/project/index.php?page=project_production&projectId=30599&companyId=$&path=/Files%20from%20Production" "Mozilla/5.0 (Windows NT 6.1; Win64; x64; rv:107.0) Gecko/20100101 Firefox/107.0"
114.119.141.52 - - [21/Nov/2022:03:40:39 +0100] "GET /apps/school/www_old_temp/AutodeskForge/learn.forge.viewmodels-nodejs/node_modules/json-schema/draft-00/links HTTP/1.1" 200 608 "http://kulturdokumentation.se/apps/school/www_old_temp/AutodeskForge/learn.forge.viewmodels-nodejs/node_modules/json-schema/draft-00/?C=N%3BO%3DD" "Mozilla/5.0 (Linux; Android 7.0;) AppleWebKit/537.36 (KHTML, like Gecko) Mobile Safari/537.36 (compatible; PetalBot;+https://webmaster.petalsearch.com/site/petalbot)"
111.93.24.58 - - [21/Nov/2022:03:40:44 +0100] "GET /project/createfolder.php?page=project_production&projectId=30599&path=%2FFiles+from+Production&foldername=221121 HTTP/1.1" 302 - "https://icad.astacus.se/project/index.php?page=project_production&projectId=30599&companyId=$&path=/Files%20from%20Production" "Mozilla/5.0 (Windows NT 6.1; Win64; x64; rv:107.0) Gecko/20100101 Firefox/107.0"
111.93.24.58 - - [21/Nov/2022:03:40:44 +0100] "GET /project/index.php?page=project_production&projectId=30599&path=/Files%20from%20Production/221121 HTTP/1.1" 200 5985 "https://icad.astacus.se/project/index.php?page=project_production&projectId=30599&companyId=$&path=/Files%20from%20Production" "Mozilla/5.0 (Windows NT 6.1; Win64; x64; rv:107.0) Gecko/20100101 Firefox/107.0"
111.93.24.58 - - [21/Nov/2022:03:40:46 +0100] "GET /project/index.php?page=files_production&projectId=30599&path=/Files%20from%20Production/221121 HTTP/1.1" 200 4914 "https://icad.astacus.se/project/index.php?page=project_production&projectId=30599&path=/Files%20from%20Production/221121" "Mozilla/5.0 (Windows NT 6.1; Win64; x64; rv:107.0) Gecko/20100101 Firefox/107.0"
111.93.24.58 - - [21/Nov/2022:03:40:47 +0100] "GET /project/universal/style.css HTTP/1.1" 200 1840 "https://icad.astacus.se/project/index.php?page=files_production&projectId=30599&path=/Files%20from%20Production/221121" "Mozilla/5.0 (Windows NT 6.1; Win64; x64; rv:107.0) Gecko/20100101 Firefox/107.0"
111.93.24.58 - - [21/Nov/2022:03:40:47 +0100] "GET /project/universal/styles.css HTTP/1.1" 200 574 "https://icad.astacus.se/project/index.php?page=files_production&projectId=30599&path=/Files%20from%20Production/221121" "Mozilla/5.0 (Windows NT 6.1; Win64; x64; rv:107.0) Gecko/20100101 Firefox/107.0"
111.93.24.58 - - [21/Nov/2022:03:40:47 +0100] "GET /project/universal/universaluploader.js HTTP/1.1" 200 32880 "https://icad.astacus.se/project/index.php?page=files_production&projectId=30599&path=/Files%20from%20Production/221121" "Mozilla/5.0 (Windows NT 6.1; Win64; x64; rv:107.0) Gecko/20100101 Firefox/107.0"
111.93.24.58 - - [21/Nov/2022:03:40:47 +0100] "GET /favicon.ico HTTP/1.1" 404 209 "https://icad.astacus.se/project/index.php?page=files_production&projectId=30599&path=/Files%20from%20Production/221121" "Mozilla/5.0 (Windows NT 6.1; Win64; x64; rv:107.0) Gecko/20100101 Firefox/107.0"
111.93.24.58 - - [21/Nov/2022:03:40:47 +0100] "GET /project/universal/images/clear.png HTTP/1.1" 200 834 "https://icad.astacus.se/project/index.php?page=files_production&projectId=30599&path=/Files%20from%20Production/221121" "Mozilla/5.0 (Windows NT 6.1; Win64; x64; rv:107.0) Gecko/20100101 Firefox/107.0"
111.93.24.58 - - [21/Nov/2022:03:40:48 +0100] "GET /project/index.php?page=files_production&projectId=30599&path=/Files%20from%20Production/221121 HTTP/1.1" 200 4914 "https://icad.astacus.se/project/index.php?page=files_production&projectId=30599&path=/Files%20from%20Production/221121" "Mozilla/5.0 (Windows NT 6.1; Win64; x64; rv:107.0) Gecko/20100101 Firefox/107.0"
111.93.24.58 - - [21/Nov/2022:03:40:48 +0100] "GET /project/universal/images/bg-button.gif HTTP/1.1" 200 410 "https://icad.astacus.se/project/universal/style.css" "Mozilla/5.0 (Windows NT 6.1; Win64; x64; rv:107.0) Gecko/20100101 Firefox/107.0"
111.93.24.58 - - [21/Nov/2022:03:40:50 +0100] "GET /project/universal/images/file_unknown.png HTTP/1.1" 304 - "https://icad.astacus.se/project/index.php?page=files_production&projectId=30599&path=/Files%20from%20Production/221121" "Mozilla/5.0 (Windows NT 6.1; Win64; x64; rv:107.0) Gecko/20100101 Firefox/107.0"
111.93.24.58 - - [21/Nov/2022:03:40:50 +0100] "GET /project/universal/images/file_ready.png HTTP/1.1" 304 - "https://icad.astacus.se/project/index.php?page=files_production&projectId=30599&path=/Files%20from%20Production/221121" "Mozilla/5.0 (Windows NT 6.1; Win64; x64; rv:107.0) Gecko/20100101 Firefox/107.0"
111.93.24.58 - - [21/Nov/2022:03:40:50 +0100] "GET /project/universal/images/remove.png HTTP/1.1" 304 - "https://icad.astacus.se/project/index.php?page=files_production&projectId=30599&path=/Files%20from%20Production/221121" "Mozilla/5.0 (Windows NT 6.1; Win64; x64; rv:107.0) Gecko/20100101 Firefox/107.0"
111.93.24.58 - - [21/Nov/2022:03:40:50 +0100] "GET /project/universal/images/cancel.png HTTP/1.1" 304 - "https://icad.astacus.se/project/index.php?page=files_production&projectId=30599&path=/Files%20from%20Production/221121" "Mozilla/5.0 (Windows NT 6.1; Win64; x64; rv:107.0) Gecko/20100101 Firefox/107.0"
111.93.24.58 - - [21/Nov/2022:03:40:50 +0100] "GET /project/universal/images/file_progress.gif HTTP/1.1" 304 - "https://icad.astacus.se/project/index.php?page=files_production&projectId=30599&path=/Files%20from%20Production/221121" "Mozilla/5.0 (Windows NT 6.1; Win64; x64; rv:107.0) Gecko/20100101 Firefox/107.0"
68.134.225.236 - - [21/Nov/2022:03:41:08 +0100] "GET / HTTP/1.1" 200 13133 "-" "Mozilla/5.0 (X11; Linux i686) AppleWebKit/537.36 (KHTML, like Gecko) Chrome/103.0.0.0 Safari/537.36 Vivaldi/5.3.2679.68"
68.134.225.236 - - [21/Nov/2022:03:41:09 +0100] "GET /laserscanning/ HTTP/1.1" 200 13085 "https://www.astacus.se" "Mozilla/5.0 (X11; Linux i686) AppleWebKit/537.36 (KHTML, like Gecko) Chrome/103.0.0.0 Safari/537.36 Vivaldi/5.3.2679.68"
68.134.225.236 - - [21/Nov/2022:03:41:09 +0100] "GET /xmlrpc.php HTTP/1.1" 405 42 "https://www.astacus.se" "Mozilla/5.0 (X11; Linux i686) AppleWebKit/537.36 (KHTML, like Gecko) Chrome/103.0.0.0 Safari/537.36 Vivaldi/5.3.2679.68"
68.134.225.236 - - [21/Nov/2022:03:41:10 +0100] "GET /dronarscanning/ HTTP/1.1" 200 12102 "https://www.astacus.se" "Mozilla/5.0 (X11; Linux i686) AppleWebKit/537.36 (KHTML, like Gecko) Chrome/103.0.0.0 Safari/537.36 Vivaldi/5.3.2679.68"
68.134.225.236 - - [21/Nov/2022:03:41:11 +0100] "GET /wp-json/oembed/1.0/embed?url=https%3A%2F%2Fwww.astacus.se%2F& HTTP/1.1" 200 2172 "https://www.astacus.se" "Mozilla/5.0 (X11; Linux i686) AppleWebKit/537.36 (KHTML, like Gecko) Chrome/103.0.0.0 Safari/537.36 Vivaldi/5.3.2679.68"
68.134.225.236 - - [21/Nov/2022:03:41:11 +0100] "GET /arkivscanning/ HTTP/1.1" 200 11517 "https://www.astacus.se" "Mozilla/5.0 (X11; Linux i686) AppleWebKit/537.36 (KHTML, like Gecko) Chrome/103.0.0.0 Safari/537.36 Vivaldi/5.3.2679.68"
68.134.225.236 - - [21/Nov/2022:03:41:12 +0100] "GET /wp-json/oembed/1.0/embed?url=https%3A%2F%2Fwww.astacus.se%2F HTTP/1.1" 200 2172 "https://www.astacus.se" "Mozilla/5.0 (X11; Linux i686) AppleWebKit/537.36 (KHTML, like Gecko) Chrome/103.0.0.0 Safari/537.36 Vivaldi/5.3.2679.68"
111.93.24.58 - - [21/Nov/2022:03:40:51 +0100] "POST /project/DirUpload.php?projectId=30599&customerId=1503&path=%2FFiles+from+Production%2F221121 HTTP/1.1" 200 - "https://icad.astacus.se/project/index.php?page=files_production&projectId=30599&path=/Files%20from%20Production/221121" "Mozilla/5.0 (Windows NT 6.1; Win64; x64; rv:107.0) Gecko/20100101 Firefox/107.0"
68.134.225.236 - - [21/Nov/2022:03:41:13 +0100] "GET /verktyg/ HTTP/1.1" 200 10950 "https://www.astacus.se" "Mozilla/5.0 (X11; Linux i686) AppleWebKit/537.36 (KHTML, like Gecko) Chrome/103.0.0.0 Safari/537.36 Vivaldi/5.3.2679.68"
111.93.24.58 - - [21/Nov/2022:03:41:13 +0100] "GET /project/index.php?page=project_production&projectId=30599&companyId=1503&path=/Files%20from%20Production/221121&uploaded=true HTTP/1.1" 200 6186 "https://icad.astacus.se/project/index.php?page=files_production&projectId=30599&path=/Files%20from%20Production/221121" "Mozilla/5.0 (Windows NT 6.1; Win64; x64; rv:107.0) Gecko/20100101 Firefox/107.0"
68.134.225.236 - - [21/Nov/2022:03:41:13 +0100] "GET /wp-json/ HTTP/1.1" 200 58207 "https://www.astacus.se" "Mozilla/5.0 (X11; Linux i686) AppleWebKit/537.36 (KHTML, like Gecko) Chrome/103.0.0.0 Safari/537.36 Vivaldi/5.3.2679.68"
68.134.225.236 - - [21/Nov/2022:03:41:15 +0100] "GET /omoss/ HTTP/1.1" 200 10741 "https://www.astacus.se" "Mozilla/5.0 (X11; Linux i686) AppleWebKit/537.36 (KHTML, like Gecko) Chrome/103.0.0.0 Safari/537.36 Vivaldi/5.3.2679.68"
68.134.225.236 - - [21/Nov/2022:03:41:15 +0100] "GET /feed/ HTTP/1.1" 200 3397 "https://www.astacus.se" "Mozilla/5.0 (X11; Linux i686) AppleWebKit/537.36 (KHTML, like Gecko) Chrome/103.0.0.0 Safari/537.36 Vivaldi/5.3.2679.68"
68.134.225.236 - - [21/Nov/2022:03:41:20 +0100] "GET /?page=loggain&goto=project HTTP/1.1" 200 1790 "https://www.astacus.se" "Mozilla/5.0 (X11; Linux i686) AppleWebKit/537.36 (KHTML, like Gecko) Chrome/103.0.0.0 Safari/537.36 Vivaldi/5.3.2679.68"
68.134.225.236 - - [21/Nov/2022:03:41:22 +0100] "GET /comments/feed/ HTTP/1.1" 200 389 "https://www.astacus.se" "Mozilla/5.0 (X11; Linux i686) AppleWebKit/537.36 (KHTML, like Gecko) Chrome/103.0.0.0 Safari/537.36 Vivaldi/5.3.2679.68"
68.134.225.236 - - [21/Nov/2022:03:41:23 +0100] "GET /?page=loggain&goto=archive HTTP/1.1" 200 1777 "https://www.astacus.se" "Mozilla/5.0 (X11; Linux i686) AppleWebKit/537.36 (KHTML, like Gecko) Chrome/103.0.0.0 Safari/537.36 Vivaldi/5.3.2679.68"
68.134.225.236 - - [21/Nov/2022:03:41:23 +0100] "GET / HTTP/1.1" 200 13133 "https://www.astacus.se" "Mozilla/5.0 (X11; Linux i686) AppleWebKit/537.36 (KHTML, like Gecko) Chrome/103.0.0.0 Safari/537.36 Vivaldi/5.3.2679.68"
68.134.225.236 - - [21/Nov/2022:03:41:24 +0100] "GET /?page=loggain&goto=approject HTTP/1.1" 200 1269 "https://www.astacus.se" "Mozilla/5.0 (X11; Linux i686) AppleWebKit/537.36 (KHTML, like Gecko) Chrome/103.0.0.0 Safari/537.36 Vivaldi/5.3.2679.68"
68.134.225.236 - - [21/Nov/2022:03:41:25 +0100] "GET / HTTP/1.1" 200 13133 "https://www.astacus.se" "Mozilla/5.0 (X11; Linux i686) AppleWebKit/537.36 (KHTML, like Gecko) Chrome/103.0.0.0 Safari/537.36 Vivaldi/5.3.2679.68"
68.134.225.236 - - [21/Nov/2022:03:41:26 +0100] "GET /markscanning/ HTTP/1.1" 200 12102 "https://www.astacus.se" "Mozilla/5.0 (X11; Linux i686) AppleWebKit/537.36 (KHTML, like Gecko) Chrome/103.0.0.0 Safari/537.36 Vivaldi/5.3.2679.68"
68.134.225.236 - - [21/Nov/2022:03:41:26 +0100] "GET / HTTP/1.1" 302 207 "-" "Mozilla/5.0 (X11; Linux i686) AppleWebKit/537.36 (KHTML, like Gecko) Chrome/103.0.0.0 Safari/537.36 Vivaldi/5.3.2679.68"
68.134.225.236 - - [21/Nov/2022:03:41:27 +0100] "GET / HTTP/1.1" 200 13133 "http://www.astacus.se" "Mozilla/5.0 (X11; Linux i686) AppleWebKit/537.36 (KHTML, like Gecko) Chrome/103.0.0.0 Safari/537.36 Vivaldi/5.3.2679.68"
68.134.225.236 - - [21/Nov/2022:03:41:27 +0100] "GET /laserscanning HTTP/1.1" 302 220 "-" "Mozilla/5.0 (X11; Linux i686) AppleWebKit/537.36 (KHTML, like Gecko) Chrome/103.0.0.0 Safari/537.36 Vivaldi/5.3.2679.68"
68.134.225.236 - - [21/Nov/2022:03:41:28 +0100] "GET /laserscanning HTTP/1.1" 301 - "http://www.astacus.se/laserscanning" "Mozilla/5.0 (X11; Linux i686) AppleWebKit/537.36 (KHTML, like Gecko) Chrome/103.0.0.0 Safari/537.36 Vivaldi/5.3.2679.68"
68.134.225.236 - - [21/Nov/2022:03:41:28 +0100] "GET /laserscanning/ HTTP/1.1" 200 13085 "https://www.astacus.se/laserscanning" "Mozilla/5.0 (X11; Linux i686) AppleWebKit/537.36 (KHTML, like Gecko) Chrome/103.0.0.0 Safari/537.36 Vivaldi/5.3.2679.68"
68.134.225.236 - - [21/Nov/2022:03:41:29 +0100] "GET /referenser HTTP/1.1" 301 - "https://www.astacus.se" "Mozilla/5.0 (X11; Linux i686) AppleWebKit/537.36 (KHTML, like Gecko) Chrome/103.0.0.0 Safari/537.36 Vivaldi/5.3.2679.68"
68.134.225.236 - - [21/Nov/2022:03:41:29 +0100] "GET /referenser/ HTTP/1.1" 200 20894 "https://www.astacus.se/referenser" "Mozilla/5.0 (X11; Linux i686) AppleWebKit/537.36 (KHTML, like Gecko) Chrome/103.0.0.0 Safari/537.36 Vivaldi/5.3.2679.68"
68.134.225.236 - - [21/Nov/2022:03:41:30 +0100] "GET /dronarscanning HTTP/1.1" 302 221 "-" "Mozilla/5.0 (X11; Linux i686) AppleWebKit/537.36 (KHTML, like Gecko) Chrome/103.0.0.0 Safari/537.36 Vivaldi/5.3.2679.68"
68.134.225.236 - - [21/Nov/2022:03:41:31 +0100] "GET /dronarscanning HTTP/1.1" 301 - "http://www.astacus.se/dronarscanning" "Mozilla/5.0 (X11; Linux i686) AppleWebKit/537.36 (KHTML, like Gecko) Chrome/103.0.0.0 Safari/537.36 Vivaldi/5.3.2679.68"
68.134.225.236 - - [21/Nov/2022:03:41:31 +0100] "GET /dronarscanning/ HTTP/1.1" 200 12102 "https://www.astacus.se/dronarscanning" "Mozilla/5.0 (X11; Linux i686) AppleWebKit/537.36 (KHTML, like Gecko) Chrome/103.0.0.0 Safari/537.36 Vivaldi/5.3.2679.68"
68.134.225.236 - - [21/Nov/2022:03:41:32 +0100] "GET /medarbetare/ HTTP/1.1" 200 9571 "https://www.astacus.se" "Mozilla/5.0 (X11; Linux i686) AppleWebKit/537.36 (KHTML, like Gecko) Chrome/103.0.0.0 Safari/537.36 Vivaldi/5.3.2679.68"
68.134.225.236 - - [21/Nov/2022:03:41:32 +0100] "GET /arkivscanning HTTP/1.1" 302 220 "-" "Mozilla/5.0 (X11; Linux i686) AppleWebKit/537.36 (KHTML, like Gecko) Chrome/103.0.0.0 Safari/537.36 Vivaldi/5.3.2679.68"
68.134.225.236 - - [21/Nov/2022:03:41:33 +0100] "GET /arkivscanning HTTP/1.1" 301 - "http://www.astacus.se/arkivscanning" "Mozilla/5.0 (X11; Linux i686) AppleWebKit/537.36 (KHTML, like Gecko) Chrome/103.0.0.0 Safari/537.36 Vivaldi/5.3.2679.68"
68.134.225.236 - - [21/Nov/2022:03:41:33 +0100] "GET /arkivscanning/ HTTP/1.1" 200 11517 "https://www.astacus.se/arkivscanning" "Mozilla/5.0 (X11; Linux i686) AppleWebKit/537.36 (KHTML, like Gecko) Chrome/103.0.0.0 Safari/537.36 Vivaldi/5.3.2679.68"
68.134.225.236 - - [21/Nov/2022:03:41:34 +0100] "GET /referenser/ HTTP/1.1" 200 20894 "https://www.astacus.se" "Mozilla/5.0 (X11; Linux i686) AppleWebKit/537.36 (KHTML, like Gecko) Chrome/103.0.0.0 Safari/537.36 Vivaldi/5.3.2679.68"
68.134.225.236 - - [21/Nov/2022:03:41:35 +0100] "GET /gpr-positionering-med-hjalp-av-slam/ HTTP/1.1" 200 10677 "https://www.astacus.se" "Mozilla/5.0 (X11; Linux i686) AppleWebKit/537.36 (KHTML, like Gecko) Chrome/103.0.0.0 Safari/537.36 Vivaldi/5.3.2679.68"
68.134.225.236 - - [21/Nov/2022:03:41:35 +0100] "GET /scanning-av-parmar-at-orebro-bostader-ab/ HTTP/1.1" 200 9663 "https://www.astacus.se" "Mozilla/5.0 (X11; Linux i686) AppleWebKit/537.36 (KHTML, like Gecko) Chrome/103.0.0.0 Safari/537.36 Vivaldi/5.3.2679.68"
68.134.225.236 - - [21/Nov/2022:03:41:36 +0100] "GET /scanning-och-ocr-tolkning-av-800-000-sidor/ HTTP/1.1" 200 9656 "https://www.astacus.se" "Mozilla/5.0 (X11; Linux i686) AppleWebKit/537.36 (KHTML, like Gecko) Chrome/103.0.0.0 Safari/537.36 Vivaldi/5.3.2679.68"
68.134.225.236 - - [21/Nov/2022:03:41:37 +0100] "GET /scanning-och-ocr-tolkning-at-lansstyrelsen-stockholm/ HTTP/1.1" 200 9650 "https://www.astacus.se" "Mozilla/5.0 (X11; Linux i686) AppleWebKit/537.36 (KHTML, like Gecko) Chrome/103.0.0.0 Safari/537.36 Vivaldi/5.3.2679.68"
68.134.225.236 - - [21/Nov/2022:03:41:37 +0100] "GET /scanning-av-ritningar-at-arvidsjaur-hem/ HTTP/1.1" 200 9661 "https://www.astacus.se" "Mozilla/5.0 (X11; Linux i686) AppleWebKit/537.36 (KHTML, like Gecko) Chrome/103.0.0.0 Safari/537.36 Vivaldi/5.3.2679.68"
68.134.225.236 - - [21/Nov/2022:03:41:38 +0100] "GET /scanning-av-8000-kartor-i-farg-at-scb/ HTTP/1.1" 200 9610 "https://www.astacus.se" "Mozilla/5.0 (X11; Linux i686) AppleWebKit/537.36 (KHTML, like Gecko) Chrome/103.0.0.0 Safari/537.36 Vivaldi/5.3.2679.68"
68.134.225.236 - - [21/Nov/2022:03:41:39 +0100] "GET /scanning-av-ritningar-at-profi-fastighetsforvaltning-ab/ HTTP/1.1" 200 9674 "https://www.astacus.se" "Mozilla/5.0 (X11; Linux i686) AppleWebKit/537.36 (KHTML, like Gecko) Chrome/103.0.0.0 Safari/537.36 Vivaldi/5.3.2679.68"
68.134.225.236 - - [21/Nov/2022:03:41:39 +0100] "GET /scanning-och-ocr-tolkning-at-tekniska-verken-linkoping/ HTTP/1.1" 200 9618 "https://www.astacus.se" "Mozilla/5.0 (X11; Linux i686) AppleWebKit/537.36 (KHTML, like Gecko) Chrome/103.0.0.0 Safari/537.36 Vivaldi/5.3.2679.68"
114.119.134.165 - - [21/Nov/2022:03:41:47 +0100] "GET /apps/school/www_old6/Html/LevelE/Category3?C=S%3BO%3DA HTTP/1.1" 301 294 "http://kulturdokumentation.com/apps/school/www_old6/Html/LevelE/Category3" "Mozilla/5.0 (Linux; Android 7.0;) AppleWebKit/537.36 (KHTML, like Gecko) Mobile Safari/537.36 (compatible; PetalBot;+https://webmaster.petalsearch.com/site/petalbot)"
114.119.134.165 - - [21/Nov/2022:03:41:47 +0100] "GET /apps/school/www_old6/Html/LevelE/Category3/?C=S%3BO%3DA HTTP/1.1" 200 750 "http://kulturdokumentation.com/apps/school/www_old6/Html/LevelE/Category3" "Mozilla/5.0 (Linux; Android 7.0;) AppleWebKit/537.36 (KHTML, like Gecko) Mobile Safari/537.36 (compatible; PetalBot;+https://webmaster.petalsearch.com/site/petalbot)"
216.244.66.239 - - [21/Nov/2022:03:41:49 +0100] "GET /robots.txt HTTP/1.1" 404 208 "-" "Mozilla/5.0 (compatible; DotBot/1.2; +https://opensiteexplorer.org/dotbot; help@moz.com)"
54.36.148.25 - - [21/Nov/2022:03:42:30 +0100] "GET /apps/school/www_old8/img/LevelC/Category3/LevelCCat3Lesson01/ HTTP/1.1" 200 515 "-" "Mozilla/5.0 (compatible; AhrefsBot/7.0; +http://ahrefs.com/robot/)"
149.56.150.58 - - [21/Nov/2022:03:42:55 +0100] "GET / HTTP/1.1" 200 21 "-" "Mozilla/5.0 (Windows NT 6.3; Win64; x64) AppleWebKit/537.36 (KHTML, like Gecko) Chrome/60.0.3112.90 Safari/537.36 React.org"
149.56.150.58 - - [21/Nov/2022:03:42:56 +0100] "GET /robots.txt HTTP/1.1" 404 208 "-" "Mozilla/5.0 (Windows NT 6.3; Win64; x64) AppleWebKit/537.36 (KHTML, like Gecko) Chrome/60.0.3112.90 Safari/537.36 React.org"
149.56.150.58 - - [21/Nov/2022:03:42:56 +0100] "GET /sitemap.xml HTTP/1.1" 404 209 "-" "Mozilla/5.0 (Windows NT 6.3; Win64; x64) AppleWebKit/537.36 (KHTML, like Gecko) Chrome/60.0.3112.90 Safari/537.36 React.org"
149.56.150.58 - - [21/Nov/2022:03:42:57 +0100] "GET / HTTP/1.1" 200 21 "-" "Mozilla/5.0 (Windows NT 6.3; Win64; x64) AppleWebKit/537.36 (KHTML, like Gecko) Chrome/60.0.3112.90 Safari/537.36 React.org"
149.56.150.58 - - [21/Nov/2022:03:42:58 +0100] "GET /ads.txt HTTP/1.1" 404 205 "-" "Mozilla/5.0 (Windows NT 6.3; Win64; x64) AppleWebKit/537.36 (KHTML, like Gecko) Chrome/60.0.3112.90 Safari/537.36 React.org"
149.56.150.58 - - [21/Nov/2022:03:42:58 +0100] "GET / HTTP/1.1" 200 21 "-" "Mozilla/5.0 (Linux; Android 5.1.1; SM-G925F Build/LMY47X) AppleWebKit/537.36 (KHTML, like Gecko) Chrome/45.0.2454.94 Mobile Safari/537.36"
111.93.24.58 - - [21/Nov/2022:03:45:01 +0100] "GET /project/index.php?page=start&companyId=Alla&countryId=Alla HTTP/1.1" 302 27974 "-" "Mozilla/5.0 (Windows NT 6.1; Win64; x64; rv:107.0) Gecko/20100101 Firefox/107.0"
111.93.24.58 - - [21/Nov/2022:03:45:01 +0100] "GET /?page=loggain&message= HTTP/1.1" 302 234 "-" "Mozilla/5.0 (Windows NT 6.1; Win64; x64; rv:107.0) Gecko/20100101 Firefox/107.0"
111.93.24.58 - - [21/Nov/2022:03:45:02 +0100] "GET /?page=loggain&message= HTTP/1.1" 200 1772 "-" "Mozilla/5.0 (Windows NT 6.1; Win64; x64; rv:107.0) Gecko/20100101 Firefox/107.0"
111.93.24.58 - - [21/Nov/2022:03:45:02 +0100] "GET /main.css HTTP/1.1" 200 415 "https://icad.astacus.se/?page=loggain&message=" "Mozilla/5.0 (Windows NT 6.1; Win64; x64; rv:107.0) Gecko/20100101 Firefox/107.0"
111.93.24.58 - - [21/Nov/2022:03:45:09 +0100] "GET /project/index.php?page=start&companyId=Alla&countryId=Alla HTTP/1.1" 302 27974 "-" "Mozilla/5.0 (Windows NT 6.1; Win64; x64; rv:107.0) Gecko/20100101 Firefox/107.0"
111.93.24.58 - - [21/Nov/2022:03:45:09 +0100] "GET /?page=loggain&message= HTTP/1.1" 302 234 "-" "Mozilla/5.0 (Windows NT 6.1; Win64; x64; rv:107.0) Gecko/20100101 Firefox/107.0"
111.93.24.58 - - [21/Nov/2022:03:45:09 +0100] "GET /?page=loggain&message= HTTP/1.1" 200 1772 "-" "Mozilla/5.0 (Windows NT 6.1; Win64; x64; rv:107.0) Gecko/20100101 Firefox/107.0"
111.93.24.58 - - [21/Nov/2022:03:45:14 +0100] "POST /logon.php?action=logon HTTP/1.1" 302 - "https://icad.astacus.se/?page=loggain&message=" "Mozilla/5.0 (Windows NT 6.1; Win64; x64; rv:107.0) Gecko/20100101 Firefox/107.0"
111.93.24.58 - - [21/Nov/2022:03:45:14 +0100] "GET /productionzon/index.php HTTP/1.1" 200 2695 "https://icad.astacus.se/?page=loggain&message=" "Mozilla/5.0 (Windows NT 6.1; Win64; x64; rv:107.0) Gecko/20100101 Firefox/107.0"
111.93.24.58 - - [21/Nov/2022:03:45:14 +0100] "GET /images/newMailMessage.gif HTTP/1.1" 200 383 "https://icad.astacus.se/productionzon/index.php" "Mozilla/5.0 (Windows NT 6.1; Win64; x64; rv:107.0) Gecko/20100101 Firefox/107.0"
111.93.24.58 - - [21/Nov/2022:03:45:26 +0100] "GET /project/index.php?page=start&companyId=Alla&countryId=Alla HTTP/1.1" 200 78179 "-" "Mozilla/5.0 (Windows NT 6.1; Win64; x64; rv:107.0) Gecko/20100101 Firefox/107.0"
111.93.24.58 - - [21/Nov/2022:03:45:27 +0100] "GET /project/astacusproject_logo.png HTTP/1.1" 200 2670 "https://icad.astacus.se/project/index.php?page=start&companyId=Alla&countryId=Alla" "Mozilla/5.0 (Windows NT 6.1; Win64; x64; rv:107.0) Gecko/20100101 Firefox/107.0"
111.93.24.58 - - [21/Nov/2022:03:45:27 +0100] "GET /images/support.png HTTP/1.1" 200 1909 "https://icad.astacus.se/project/index.php?page=start&companyId=Alla&countryId=Alla" "Mozilla/5.0 (Windows NT 6.1; Win64; x64; rv:107.0) Gecko/20100101 Firefox/107.0"
111.93.24.58 - - [21/Nov/2022:03:45:27 +0100] "GET /images/ordervalue0.png HTTP/1.1" 200 3491 "https://icad.astacus.se/project/index.php?page=start&companyId=Alla&countryId=Alla" "Mozilla/5.0 (Windows NT 6.1; Win64; x64; rv:107.0) Gecko/20100101 Firefox/107.0"
111.93.24.58 - - [21/Nov/2022:03:45:27 +0100] "GET /images/nolog.png HTTP/1.1" 200 2866 "https://icad.astacus.se/project/index.php?page=start&companyId=Alla&countryId=Alla" "Mozilla/5.0 (Windows NT 6.1; Win64; x64; rv:107.0) Gecko/20100101 Firefox/107.0"
216.244.66.203 - - [21/Nov/2022:03:45:27 +0100] "GET /apps/school/www_old8/Html/LevelB/Category1/LevelBCat1Lesson37.html HTTP/1.1" 200 22726 "-" "Mozilla/5.0 (compatible; DotBot/1.2; +https://opensiteexplorer.org/dotbot; help@moz.com)"
114.119.141.73 - - [21/Nov/2022:03:45:30 +0100] "GET /apps/school/www_old3/Html/LevelB/Category1/?C=N%3BO%3DD HTTP/1.1" 200 915 "http://kulturdokumentation.se/apps/school/www_old3/Html/LevelB/Category1/?C=M%3BO%3DA" "Mozilla/5.0 (Linux; Android 7.0;) AppleWebKit/537.36 (KHTML, like Gecko) Mobile Safari/537.36 (compatible; PetalBot;+https://webmaster.petalsearch.com/site/petalbot)"
16.170.159.128 - - [21/Nov/2022:03:46:19 +0100] "GET / HTTP/1.1" 200 2537 "-" "node-fetch"
111.93.24.58 - - [21/Nov/2022:03:46:22 +0100] "GET /project/index.php?AdmincountryId=Alla HTTP/1.1" 200 113788 "https://icad.astacus.se/project/index.php?page=start&companyId=Alla&countryId=Alla" "Mozilla/5.0 (Windows NT 6.1; Win64; x64; rv:107.0) Gecko/20100101 Firefox/107.0"
114.119.134.152 - - [21/Nov/2022:03:46:58 +0100] "GET /apps/school/www_old3/img/LevelB/Category2/LevelBCat2Lesson2/fishesAll.png HTTP/1.1" 200 53188 "http://kulturdokumentation.com/apps/school/www_old3/Html/LevelB/Category2/LevelBCat2Lesson2.html" "Mozilla/5.0 (Linux; Android 7.0;) AppleWebKit/537.36 (KHTML, like Gecko) Mobile Safari/537.36 (compatible; PetalBot;+https://webmaster.petalsearch.com/site/petalbot)"
85.54.122.7 - - [21/Nov/2022:03:47:16 +0100] "GET /backup-notes-online.se.tar.gz HTTP/1.1" 404 227 "-" "Firefox"
40.77.167.99 - - [21/Nov/2022:03:49:34 +0100] "GET /robots.txt HTTP/1.1" 404 208 "-" "Mozilla/5.0 (compatible; bingbot/2.0; +http://www.bing.com/bingbot.htm)"
207.46.13.161 - - [21/Nov/2022:03:49:40 +0100] "GET /data/thumbs/KL%C3%84PPE%20Swivel%20chair.jpg HTTP/1.1" 200 5142 "-" "Mozilla/5.0 (compatible; bingbot/2.0; +http://www.bing.com/bingbot.htm)"
216.244.66.239 - - [21/Nov/2022:03:49:41 +0100] "GET /forge/warning_red.png HTTP/1.1" 200 25480 "-" "Mozilla/5.0 (compatible; DotBot/1.2; +https://opensiteexplorer.org/dotbot; help@moz.com)"
157.55.39.8 - - [21/Nov/2022:03:49:48 +0100] "GET /fi2/classlists/1042/Fi2list_transform.xslt HTTP/1.1" 200 12134 "-" "Mozilla/5.0 (compatible; bingbot/2.0; +http://www.bing.com/bingbot.htm)"
172.105.89.161 - - [21/Nov/2022:03:50:01 +0100] "\xba\xabd\xa1EZC\xdbM\x87\xee^\xfd\xbf\x159 X\xd4>\x12\x98\xc4<\xe0\x13\xcf" 400 226 "-" "-"
54.36.148.45 - - [21/Nov/2022:03:50:16 +0100] "GET /robots.txt HTTP/1.1" 404 208 "-" "Mozilla/5.0 (compatible; AhrefsBot/7.0; +http://ahrefs.com/robot/)"
54.36.148.130 - - [21/Nov/2022:03:50:17 +0100] "GET / HTTP/1.1" 200 1772 "-" "Mozilla/5.0 (compatible; AhrefsBot/7.0; +http://ahrefs.com/robot/)"
114.119.141.42 - - [21/Nov/2022:03:50:43 +0100] "GET /apps/school/www_old2/img/LevelC/Category3/LevelCCat3Lesson8/?C=D%3BO%3DA HTTP/1.1" 200 558 "http://kulturdokumentation.se/apps/school/www_old2/img/LevelC/Category3/LevelCCat3Lesson8/?C=D%3BO%3DA" "Mozilla/5.0 (Linux; Android 7.0;) AppleWebKit/537.36 (KHTML, like Gecko) Mobile Safari/537.36 (compatible; PetalBot;+https://webmaster.petalsearch.com/site/petalbot)"
40.77.167.60 - - [21/Nov/2022:03:51:39 +0100] "GET / HTTP/1.1" 200 4586 "-" "Mozilla/5.0 (compatible; bingbot/2.0; +http://www.bing.com/bingbot.htm)"
114.119.134.148 - - [21/Nov/2022:03:52:02 +0100] "GET /apps/school/www_old3/img/LevelC/Category2/LevelCCat2Lesson17 HTTP/1.1" 301 300 "http://kulturdokumentation.com/apps/school/www_old3/img/LevelC/Category2?C=D%3BO%3DA" "Mozilla/5.0 (Linux; Android 7.0;) AppleWebKit/537.36 (KHTML, like Gecko) Mobile Safari/537.36 (compatible; PetalBot;+https://webmaster.petalsearch.com/site/petalbot)"
114.119.134.148 - - [21/Nov/2022:03:52:02 +0100] "GET /apps/school/www_old3/img/LevelC/Category2/LevelCCat2Lesson17/ HTTP/1.1" 200 493 "http://kulturdokumentation.com/apps/school/www_old3/img/LevelC/Category2?C=D%3BO%3DA" "Mozilla/5.0 (Linux; Android 7.0;) AppleWebKit/537.36 (KHTML, like Gecko) Mobile Safari/537.36 (compatible; PetalBot;+https://webmaster.petalsearch.com/site/petalbot)"
40.77.167.97 - - [21/Nov/2022:03:52:05 +0100] "GET /robots.txt HTTP/1.1" 404 208 "-" "Mozilla/5.0 AppleWebKit/537.36 (KHTML, like Gecko; compatible; bingbot/2.0; +http://www.bing.com/bingbot.htm) Chrome/103.0.5060.134 Safari/537.36"
207.46.13.189 - - [21/Nov/2022:03:52:12 +0100] "GET /forfragan.php HTTP/1.1" 200 4921 "-" "Mozilla/5.0 (compatible; bingbot/2.0; +http://www.bing.com/bingbot.htm)"
103.131.71.72 - - [21/Nov/2022:03:52:36 +0100] "GET /robots.txt HTTP/1.1" 302 217 "-" "Mozilla/5.0 (compatible; coccocbot-web/1.0; +http://help.coccoc.com/searchengine)"
103.131.71.72 - - [21/Nov/2022:03:52:40 +0100] "GET /robots.txt HTTP/1.1" 200 67 "-" "Mozilla/5.0 (compatible; coccocbot-web/1.0; +http://help.coccoc.com/searchengine)"
103.131.71.180 - - [21/Nov/2022:03:52:41 +0100] "GET / HTTP/1.1" 200 13133 "-" "Mozilla/5.0 (compatible; coccocbot-web/1.0; +http://help.coccoc.com/searchengine)"
157.55.39.63 - - [21/Nov/2022:03:53:31 +0100] "GET / HTTP/1.1" 200 1772 "-" "Mozilla/5.0 AppleWebKit/537.36 (KHTML, like Gecko; compatible; bingbot/2.0; +http://www.bing.com/bingbot.htm) Chrome/103.0.5060.134 Safari/537.36"
185.191.171.44 - - [21/Nov/2022:03:54:39 +0100] "GET /robots.txt HTTP/1.1" 404 208 "-" "Mozilla/5.0 (compatible; SemrushBot/7~bl; +http://www.semrush.com/bot.html)"
185.191.171.22 - - [21/Nov/2022:03:54:40 +0100] "GET /index.php?CompanyId=435&page=change HTTP/1.1" 200 1772 "-" "Mozilla/5.0 (compatible; SemrushBot/7~bl; +http://www.semrush.com/bot.html)"
43.156.25.237 - - [21/Nov/2022:03:55:02 +0100] "GET / HTTP/1.1" 200 21 "-" "'Mozilla/5.0"
207.46.13.159 - - [21/Nov/2022:03:55:36 +0100] "GET / HTTP/1.1" 200 13133 "-" "Mozilla/5.0 AppleWebKit/537.36 (KHTML, like Gecko; compatible; bingbot/2.0; +http://www.bing.com/bingbot.htm) Chrome/103.0.5060.134 Safari/537.36"
114.119.141.52 - - [21/Nov/2022:03:55:53 +0100] "GET /apps/school/www_old3/downloadFiles.js HTTP/1.1" 200 3221 "http://kulturdokumentation.se/apps/school/www_old3/?C=S%3BO%3DA" "Mozilla/5.0 (Linux; Android 7.0;) AppleWebKit/537.36 (KHTML, like Gecko) Mobile Safari/537.36 (compatible; PetalBot;+https://webmaster.petalsearch.com/site/petalbot)"
114.119.134.155 - - [21/Nov/2022:03:57:16 +0100] "GET /apps/school/www_old4/img/LevelD/Category2/LevelDCat2Lesson5/?C=N%3BO%3DD HTTP/1.1" 200 504 "http://kulturdokumentation.com/apps/school/www_old4/img/LevelD/Category2/LevelDCat2Lesson5/?C=N%3BO%3DD" "Mozilla/5.0 (Linux; Android 7.0;) AppleWebKit/537.36 (KHTML, like Gecko) Mobile Safari/537.36 (compatible; PetalBot;+https://webmaster.petalsearch.com/site/petalbot)"
66.249.66.53 - - [21/Nov/2022:03:58:29 +0100] "GET /images/banner2.jpg HTTP/1.1" 200 67638 "-" "Googlebot-Image/1.0"
54.36.148.252 - - [21/Nov/2022:03:58:40 +0100] "GET /apps/school/www_old4/img/LevelB/Category2/LevelBCat2Lesson10/?C=M;O=A HTTP/1.1" 200 592 "-" "Mozilla/5.0 (compatible; AhrefsBot/7.0; +http://ahrefs.com/robot/)"
114.119.141.51 - - [21/Nov/2022:04:00:54 +0100] "GET /apps/school/www_old3/Html/LevelA/Category2/LevelACat2Lesson12.html HTTP/1.1" 200 2065 "http://kulturdokumentation.se/apps/school/www_old3/Html/LevelA/Category2/?C=S%3BO%3DA" "Mozilla/5.0 (Linux; Android 7.0;) AppleWebKit/537.36 (KHTML, like Gecko) Mobile Safari/537.36 (compatible; PetalBot;+https://webmaster.petalsearch.com/site/petalbot)"
114.119.134.155 - - [21/Nov/2022:04:02:12 +0100] "GET /apps/school/www_old4/img/LevelD/Category1/LevelDCat1Lesson4/?C=S%3BO%3DA HTTP/1.1" 200 449 "http://kulturdokumentation.com/apps/school/www_old4/img/LevelD/Category1/LevelDCat1Lesson4/?C=D%3BO%3DA" "Mozilla/5.0 (Linux; Android 7.0;) AppleWebKit/537.36 (KHTML, like Gecko) Mobile Safari/537.36 (compatible; PetalBot;+https://webmaster.petalsearch.com/site/petalbot)"
54.36.148.35 - - [21/Nov/2022:04:05:26 +0100] "GET /apps/school/www_old4/img/LevelA/Category1/?C=M;O=A HTTP/1.1" 200 645 "-" "Mozilla/5.0 (compatible; AhrefsBot/7.0; +http://ahrefs.com/robot/)"
216.244.66.239 - - [21/Nov/2022:04:05:38 +0100] "GET /apps/school/www_old3/img/LevelA/Category2/LevelACat2Lesson9/?C=S;O=A HTTP/1.1" 200 1452 "-" "Mozilla/5.0 (compatible; DotBot/1.2; +https://opensiteexplorer.org/dotbot; help@moz.com)"
216.244.66.239 - - [21/Nov/2022:04:05:42 +0100] "GET /apps/school/www_old3/img/LevelB/Category1/LevelBCat1Lesson23/?C=D;O=A HTTP/1.1" 200 1406 "-" "Mozilla/5.0 (compatible; DotBot/1.2; +https://opensiteexplorer.org/dotbot; help@moz.com)"
216.244.66.239 - - [21/Nov/2022:04:05:46 +0100] "GET /apps/school/www_old3/img/LevelD/Category3/LevelDCat3Lesson20/?C=M;O=A HTTP/1.1" 200 2038 "-" "Mozilla/5.0 (compatible; DotBot/1.2; +https://opensiteexplorer.org/dotbot; help@moz.com)"
216.244.66.239 - - [21/Nov/2022:04:05:49 +0100] "GET /apps/school/www_old5/img/LevelD/Category3/LevelDCat3Lesson08/?C=D;O=A HTTP/1.1" 200 3392 "-" "Mozilla/5.0 (compatible; DotBot/1.2; +https://opensiteexplorer.org/dotbot; help@moz.com)"
216.244.66.239 - - [21/Nov/2022:04:05:51 +0100] "GET /apps/school/www_old5/img/LevelD/Category3/LevelDCat3Lesson29/?C=S;O=A HTTP/1.1" 200 1032 "-" "Mozilla/5.0 (compatible; DotBot/1.2; +https://opensiteexplorer.org/dotbot; help@moz.com)"
216.244.66.239 - - [21/Nov/2022:04:05:53 +0100] "GET /apps/school/www_old5/img/LevelE/Category3/LevelECat3Lesson15/?C=M;O=A HTTP/1.1" 200 1014 "-" "Mozilla/5.0 (compatible; DotBot/1.2; +https://opensiteexplorer.org/dotbot; help@moz.com)"
216.244.66.239 - - [21/Nov/2022:04:05:55 +0100] "GET /apps/school/www_old6/img/LevelA/Category2/LevelACat2Lesson10/?C=S;O=A HTTP/1.1" 200 1220 "-" "Mozilla/5.0 (compatible; DotBot/1.2; +https://opensiteexplorer.org/dotbot; help@moz.com)"
216.244.66.239 - - [21/Nov/2022:04:05:57 +0100] "GET /apps/school/www_old6/img/LevelC/Category3/LevelCCat3Lesson22/?C=D;O=A HTTP/1.1" 200 2209 "-" "Mozilla/5.0 (compatible; DotBot/1.2; +https://opensiteexplorer.org/dotbot; help@moz.com)"
216.244.66.239 - - [21/Nov/2022:04:05:58 +0100] "GET /apps/school/www_old6/img/LevelD/Category2/LevelDCat2Lesson02/?C=S;O=A HTTP/1.1" 200 3588 "-" "Mozilla/5.0 (compatible; DotBot/1.2; +https://opensiteexplorer.org/dotbot; help@moz.com)"
114.119.141.53 - - [21/Nov/2022:04:06:00 +0100] "GET /apps/school/www_old6/img/LevelC/Category3/LevelCCat3Lesson01/?C=N%3BO%3DD HTTP/1.1" 200 512 "http://kulturdokumentation.se/apps/school/www_old6/img/LevelC/Category3/LevelCCat3Lesson01/?C=M%3BO%3DA" "Mozilla/5.0 (Linux; Android 7.0;) AppleWebKit/537.36 (KHTML, like Gecko) Mobile Safari/537.36 (compatible; PetalBot;+https://webmaster.petalsearch.com/site/petalbot)"
216.244.66.239 - - [21/Nov/2022:04:06:01 +0100] "GET /apps/school/www_old8/img/LevelE/Category2/LevelECat2Lesson06/?C=M;O=A HTTP/1.1" 200 1022 "-" "Mozilla/5.0 (compatible; DotBot/1.2; +https://opensiteexplorer.org/dotbot; help@moz.com)"
216.244.66.239 - - [21/Nov/2022:04:06:03 +0100] "GET /apps/school/www_old9/img/LevelG/Category2/LevelGCat2Lesson20/?C=D;O=A HTTP/1.1" 200 1028 "-" "Mozilla/5.0 (compatible; DotBot/1.2; +https://opensiteexplorer.org/dotbot; help@moz.com)"
207.46.13.187 - - [21/Nov/2022:04:06:25 +0100] "GET / HTTP/1.1" 200 1772 "-" "Mozilla/5.0 AppleWebKit/537.36 (KHTML, like Gecko; compatible; bingbot/2.0; +http://www.bing.com/bingbot.htm) Chrome/103.0.5060.134 Safari/537.36"
114.119.134.161 - - [21/Nov/2022:04:07:18 +0100] "GET /apps/school/www_old4/img/LevelD/Category1/LevelDCat1Lesson14/?C=M%3BO%3DA HTTP/1.1" 200 447 "http://kulturdokumentation.com/apps/school/www_old4/img/LevelD/Category1/LevelDCat1Lesson14?C=M%3BO%3DA" "Mozilla/5.0 (Linux; Android 7.0;) AppleWebKit/537.36 (KHTML, like Gecko) Mobile Safari/537.36 (compatible; PetalBot;+https://webmaster.petalsearch.com/site/petalbot)"
8.140.48.112 - - [21/Nov/2022:04:07:54 +0100] "GET /wp-login.php HTTP/1.1" 302 219 "" "Mozilla/5.0 (Windows NT 10.0; Win64; x64; rv:106.0) Gecko/20100101 Firefox/106.0"
141.255.166.2 - - [21/Nov/2022:04:08:04 +0100] "GET / HTTP/1.1" 200 21 "-" "Hello World"
185.7.214.218 - - [21/Nov/2022:04:09:01 +0100] "GET /remote/fgt_lang?lang=/../../../..//////////dev/cmdb/sslvpn_websession HTTP/1.1" 404 213 "-" "Python-urllib/3.8"
207.46.13.187 - - [21/Nov/2022:04:09:15 +0100] "GET / HTTP/1.1" 200 1772 "-" "Mozilla/5.0 AppleWebKit/537.36 (KHTML, like Gecko; compatible; bingbot/2.0; +http://www.bing.com/bingbot.htm) Chrome/103.0.5060.134 Safari/537.36"
114.119.132.76 - - [21/Nov/2022:04:11:03 +0100] "GET /apps/school/www_old9/img/LevelE/Category1/LevelECat1Lesson26/ HTTP/1.1" 200 457 "http://kulturdokumentation.se/apps/school/www_old9/img/LevelE/Category1/" "Mozilla/5.0 (Linux; Android 7.0;) AppleWebKit/537.36 (KHTML, like Gecko) Mobile Safari/537.36 (compatible; PetalBot;+https://webmaster.petalsearch.com/site/petalbot)"
54.36.149.79 - - [21/Nov/2022:04:11:53 +0100] "GET /apps/school/www_old4/img/LevelA/Category1/?C=S;O=A HTTP/1.1" 200 657 "-" "Mozilla/5.0 (compatible; AhrefsBot/7.0; +http://ahrefs.com/robot/)"
173.236.144.34 - - [21/Nov/2022:04:12:05 +0100] "GET /wp-login.php HTTP/1.1" 302 219 "" "Mozilla/5.0 (Windows NT 10.0; Win64; x64; rv:106.0) Gecko/20100101 Firefox/106.0"
173.236.144.34 - - [21/Nov/2022:04:12:06 +0100] "GET /wp-login.php HTTP/1.1" 200 1274 "http://www.astacus.se/wp-login.php" "Mozilla/5.0 (Windows NT 10.0; Win64; x64; rv:106.0) Gecko/20100101 Firefox/106.0"
173.236.144.34 - - [21/Nov/2022:04:12:06 +0100] "GET /wp-json/wp/v2/users HTTP/1.1" 200 1174 "http://www.astacus.se/wp-login.php" "Mozilla/5.0 (Windows NT 10.0; Win64; x64; rv:106.0) Gecko/20100101 Firefox/106.0"
173.236.144.34 - - [21/Nov/2022:04:12:07 +0100] "POST /wp-login.php HTTP/1.1" 200 1659 "https://www.astacus.se/wp-login.php?redirect_to=https%3A%2F%2Fwww.astacus.se%2Fwp-admin%2F" "Mozilla/5.0 (Windows NT 10.0; Win64; x64; rv:106.0) Gecko/20100101 Firefox/106.0"
173.236.144.34 - - [21/Nov/2022:04:12:07 +0100] "POST /wp-login.php HTTP/1.1" 200 1653 "https://www.astacus.se/wp-login.php?redirect_to=https%3A%2F%2Fwww.astacus.se%2Fwp-admin%2F" "Mozilla/5.0 (Windows NT 10.0; Win64; x64; rv:106.0) Gecko/20100101 Firefox/106.0"
173.236.144.34 - - [21/Nov/2022:04:12:08 +0100] "POST /wp-login.php HTTP/1.1" 200 1634 "https://www.astacus.se/wp-login.php?redirect_to=https%3A%2F%2Fwww.astacus.se%2Fwp-admin%2F" "Mozilla/5.0 (Windows NT 10.0; Win64; x64; rv:106.0) Gecko/20100101 Firefox/106.0"
114.119.134.165 - - [21/Nov/2022:04:12:26 +0100] "GET /apps/school/www_old3/img/LevelC/Category3/LevelCCat3Lesson22/Thumbs.db HTTP/1.1" 200 110592 "http://kulturdokumentation.com/apps/school/www_old3/img/LevelC/Category3/LevelCCat3Lesson22/" "Mozilla/5.0 (Linux; Android 7.0;) AppleWebKit/537.36 (KHTML, like Gecko) Mobile Safari/537.36 (compatible; PetalBot;+https://webmaster.petalsearch.com/site/petalbot)"
35.86.141.91 - - [21/Nov/2022:04:13:15 +0100] "GET / HTTP/1.1" 302 207 "-" "Mozilla/5.0 (X11; Linux x86_64) AppleWebKit/537.36 (KHTML, like Gecko) Chrome/83.0.4103.97 Safari/537.36"
35.91.250.62 - - [21/Nov/2022:04:13:17 +0100] "GET / HTTP/1.1" 302 207 "-" "Mozilla/5.0 (X11; Linux x86_64) AppleWebKit/537.36 (KHTML, like Gecko) Chrome/83.0.4103.97 Safari/537.36"
35.86.141.91 - - [21/Nov/2022:04:13:18 +0100] "GET / HTTP/1.1" 200 13133 "-" "Mozilla/5.0 (X11; Linux x86_64) AppleWebKit/537.36 (KHTML, like Gecko) Chrome/83.0.4103.97 Safari/537.36"
35.91.250.62 - - [21/Nov/2022:04:13:21 +0100] "GET / HTTP/1.1" 200 13133 "-" "Mozilla/5.0 (X11; Linux x86_64) AppleWebKit/537.36 (KHTML, like Gecko) Chrome/83.0.4103.97 Safari/537.36"
114.119.141.53 - - [21/Nov/2022:04:16:09 +0100] "GET /apps/school/www_old4/img/LevelA/Category2/LevelACat2Lesson13/?C=N%3BO%3DD HTTP/1.1" 200 515 "http://kulturdokumentation.se/apps/school/www_old4/img/LevelA/Category2/LevelACat2Lesson13/" "Mozilla/5.0 (Linux; Android 7.0;) AppleWebKit/537.36 (KHTML, like Gecko) Mobile Safari/537.36 (compatible; PetalBot;+https://webmaster.petalsearch.com/site/petalbot)"
54.36.149.10 - - [21/Nov/2022:04:16:40 +0100] "GET /elmias-massartiklar-moduleras-i-indien/ HTTP/1.1" 200 9874 "-" "Mozilla/5.0 (compatible; AhrefsBot/7.0; +http://ahrefs.com/robot/)"
66.249.66.89 - - [21/Nov/2022:04:17:02 +0100] "GET /apps/fi2xml/ HTTP/1.1" 200 405 "-" "Mozilla/5.0 (Linux; Android 6.0.1; Nexus 5X Build/MMB29P) AppleWebKit/537.36 (KHTML, like Gecko) Chrome/107.0.5304.110 Mobile Safari/537.36 (compatible; Googlebot/2.1; +http://www.google.com/bot.html)"
114.119.134.148 - - [21/Nov/2022:04:17:33 +0100] "GET /apps/school/www_old_temp/img/ HTTP/1.1" 200 454 "http://kulturdokumentation.com/apps/school/www_old_temp/" "Mozilla/5.0 (Linux; Android 7.0;) AppleWebKit/537.36 (KHTML, like Gecko) Mobile Safari/537.36 (compatible; PetalBot;+https://webmaster.petalsearch.com/site/petalbot)"
54.36.148.195 - - [21/Nov/2022:04:19:36 +0100] "GET /apps/school/www_old3/img/LevelD/Category2/LevelDCat2Lesson8/?C=M;O=A HTTP/1.1" 200 511 "-" "Mozilla/5.0 (compatible; AhrefsBot/7.0; +http://ahrefs.com/robot/)"
173.236.148.47 - - [21/Nov/2022:04:20:01 +0100] "GET /wp-login.php HTTP/1.1" 302 219 "" "Mozilla/5.0 (Windows NT 10.0; Win64; x64; rv:106.0) Gecko/20100101 Firefox/106.0"
173.236.148.47 - - [21/Nov/2022:04:20:01 +0100] "GET /wp-login.php HTTP/1.1" 200 1274 "http://www.astacus.se/wp-login.php" "Mozilla/5.0 (Windows NT 10.0; Win64; x64; rv:106.0) Gecko/20100101 Firefox/106.0"
173.236.148.47 - - [21/Nov/2022:04:20:02 +0100] "GET /wp-json/wp/v2/users HTTP/1.1" 200 1174 "http://www.astacus.se/wp-login.php" "Mozilla/5.0 (Windows NT 10.0; Win64; x64; rv:106.0) Gecko/20100101 Firefox/106.0"
173.236.148.47 - - [21/Nov/2022:04:20:02 +0100] "POST /wp-login.php HTTP/1.1" 200 1659 "https://www.astacus.se/wp-login.php?redirect_to=https%3A%2F%2Fwww.astacus.se%2Fwp-admin%2F" "Mozilla/5.0 (Windows NT 10.0; Win64; x64; rv:106.0) Gecko/20100101 Firefox/106.0"
173.236.148.47 - - [21/Nov/2022:04:20:03 +0100] "POST /wp-login.php HTTP/1.1" 200 1653 "https://www.astacus.se/wp-login.php?redirect_to=https%3A%2F%2Fwww.astacus.se%2Fwp-admin%2F" "Mozilla/5.0 (Windows NT 10.0; Win64; x64; rv:106.0) Gecko/20100101 Firefox/106.0"
173.236.148.47 - - [21/Nov/2022:04:20:03 +0100] "POST /wp-login.php HTTP/1.1" 200 1634 "https://www.astacus.se/wp-login.php?redirect_to=https%3A%2F%2Fwww.astacus.se%2Fwp-admin%2F" "Mozilla/5.0 (Windows NT 10.0; Win64; x64; rv:106.0) Gecko/20100101 Firefox/106.0"
5.189.172.220 - - [21/Nov/2022:04:20:36 +0100] "HEAD /wordpress HTTP/1.1" 404 - "-" "Mozilla/5.0 (Windows NT 10.0; Win64; x64) AppleWebKit/537.36 (KHTML, like Gecko) Chrome/74.0.3729.169 Safari/537.36"
5.189.172.220 - - [21/Nov/2022:04:20:36 +0100] "HEAD / HTTP/1.1" 200 - "-" "Mozilla/5.0 (Windows NT 10.0; Win64; x64) AppleWebKit/537.36 (KHTML, like Gecko) Chrome/74.0.3729.169 Safari/537.36"
5.189.172.220 - - [21/Nov/2022:04:20:36 +0100] "HEAD /wp HTTP/1.1" 404 - "-" "Mozilla/5.0 (Windows NT 10.0; Win64; x64) AppleWebKit/537.36 (KHTML, like Gecko) Chrome/74.0.3729.169 Safari/537.36"
5.189.172.220 - - [21/Nov/2022:04:20:36 +0100] "HEAD /bc HTTP/1.1" 404 - "-" "Mozilla/5.0 (Windows NT 10.0; Win64; x64) AppleWebKit/537.36 (KHTML, like Gecko) Chrome/74.0.3729.169 Safari/537.36"
5.189.172.220 - - [21/Nov/2022:04:20:36 +0100] "HEAD /bk HTTP/1.1" 404 - "-" "Mozilla/5.0 (Windows NT 10.0; Win64; x64) AppleWebKit/537.36 (KHTML, like Gecko) Chrome/74.0.3729.169 Safari/537.36"
5.189.172.220 - - [21/Nov/2022:04:20:37 +0100] "HEAD /backup HTTP/1.1" 404 - "-" "Mozilla/5.0 (Windows NT 10.0; Win64; x64) AppleWebKit/537.36 (KHTML, like Gecko) Chrome/74.0.3729.169 Safari/537.36"
5.189.172.220 - - [21/Nov/2022:04:20:37 +0100] "HEAD /old HTTP/1.1" 404 - "-" "Mozilla/5.0 (Windows NT 10.0; Win64; x64) AppleWebKit/537.36 (KHTML, like Gecko) Chrome/74.0.3729.169 Safari/537.36"
5.189.172.220 - - [21/Nov/2022:04:20:37 +0100] "HEAD /new HTTP/1.1" 404 - "-" "Mozilla/5.0 (Windows NT 10.0; Win64; x64) AppleWebKit/537.36 (KHTML, like Gecko) Chrome/74.0.3729.169 Safari/537.36"
5.189.172.220 - - [21/Nov/2022:04:20:37 +0100] "HEAD /main HTTP/1.1" 404 - "-" "Mozilla/5.0 (Windows NT 10.0; Win64; x64) AppleWebKit/537.36 (KHTML, like Gecko) Chrome/74.0.3729.169 Safari/537.36"
5.189.172.220 - - [21/Nov/2022:04:20:37 +0100] "HEAD /home HTTP/1.1" 404 - "-" "Mozilla/5.0 (Windows NT 10.0; Win64; x64) AppleWebKit/537.36 (KHTML, like Gecko) Chrome/74.0.3729.169 Safari/537.36"
114.119.141.73 - - [21/Nov/2022:04:21:15 +0100] "GET /apps/school/www_old8/img/LevelA/Category2/LevelACat2Lesson07/ HTTP/1.1" 200 499 "http://kulturdokumentation.se/apps/school/www_old8/img/LevelA/Category2/?C=S%3BO%3DA" "Mozilla/5.0 (Linux; Android 7.0;) AppleWebKit/537.36 (KHTML, like Gecko) Mobile Safari/537.36 (compatible; PetalBot;+https://webmaster.petalsearch.com/site/petalbot)"
114.119.134.161 - - [21/Nov/2022:04:22:43 +0100] "GET /apps/school/www_old9/Html/LevelD/Category2/LevelDCat2Lesson20.html HTTP/1.1" 200 2592 "http://kulturdokumentation.com/apps/school/www_old9/Html/LevelD/Category2/" "Mozilla/5.0 (Linux; Android 7.0;) AppleWebKit/537.36 (KHTML, like Gecko) Mobile Safari/537.36 (compatible; PetalBot;+https://webmaster.petalsearch.com/site/petalbot)"
14.98.175.41 - - [21/Nov/2022:04:22:43 +0100] "GET /productionzon/index.php?page=project&projectId=33389 HTTP/1.1" 200 4547 "https://icad.astacus.se/productionzon/index.php" "Mozilla/5.0 (Windows NT 10.0; Win64; x64) AppleWebKit/537.36 (KHTML, like Gecko) Chrome/107.0.0.0 Safari/537.36"
14.98.175.41 - - [21/Nov/2022:04:22:44 +0100] "GET /images/procent/p2560.jpg HTTP/1.1" 404 222 "https://icad.astacus.se/productionzon/index.php?page=project&projectId=33389" "Mozilla/5.0 (Windows NT 10.0; Win64; x64) AppleWebKit/537.36 (KHTML, like Gecko) Chrome/107.0.0.0 Safari/537.36"
14.98.175.41 - - [21/Nov/2022:04:22:45 +0100] "GET /productionzon/index.php?page=logg&projectId=33389 HTTP/1.1" 200 4041 "https://icad.astacus.se/productionzon/index.php?page=project&projectId=33389" "Mozilla/5.0 (Windows NT 10.0; Win64; x64) AppleWebKit/537.36 (KHTML, like Gecko) Chrome/107.0.0.0 Safari/537.36"
216.244.66.203 - - [21/Nov/2022:04:23:24 +0100] "GET /robots.txt HTTP/1.1" 404 208 "-" "Mozilla/5.0 (compatible; DotBot/1.2; +https://opensiteexplorer.org/dotbot; help@moz.com)"
40.77.167.32 - - [21/Nov/2022:04:23:35 +0100] "GET /index.php?page=report&customerid=1572&month=-1 HTTP/1.1" 200 1772 "-" "Mozilla/5.0 AppleWebKit/537.36 (KHTML, like Gecko; compatible; bingbot/2.0; +http://www.bing.com/bingbot.htm) Chrome/103.0.5060.134 Safari/537.36"
54.36.148.6 - - [21/Nov/2022:04:26:15 +0100] "GET /apps/school/www_old3/img/LevelD/Category2/LevelDCat2Lesson8/?C=S;O=A HTTP/1.1" 200 513 "-" "Mozilla/5.0 (compatible; AhrefsBot/7.0; +http://ahrefs.com/robot/)"
114.119.141.53 - - [21/Nov/2022:04:26:23 +0100] "GET /apps/school/www_old_temp/AutodeskForge/learn.forge.viewmodels-nodejs/node_modules/destroy/index.js HTTP/1.1" 200 429 "http://kulturdokumentation.se/apps/school/www_old_temp/AutodeskForge/learn.forge.viewmodels-nodejs/node_modules/destroy/" "Mozilla/5.0 (Linux; Android 7.0;) AppleWebKit/537.36 (KHTML, like Gecko) Mobile Safari/537.36 (compatible; PetalBot;+https://webmaster.petalsearch.com/site/petalbot)"
14.98.175.41 - - [21/Nov/2022:04:27:43 +0100] "-" 408 - "-" "-"
14.98.175.41 - - [21/Nov/2022:04:27:43 +0100] "-" 408 - "-" "-"
114.119.134.161 - - [21/Nov/2022:04:27:47 +0100] "GET /apps/school/www_old6/Html/LevelF/Category2/LevelFCat2Lesson24a.html HTTP/1.1" 200 2213 "http://kulturdokumentation.com/apps/school/www_old6/Html/LevelF/Category2" "Mozilla/5.0 (Linux; Android 7.0;) AppleWebKit/537.36 (KHTML, like Gecko) Mobile Safari/537.36 (compatible; PetalBot;+https://webmaster.petalsearch.com/site/petalbot)"
195.191.219.131 - - [21/Nov/2022:04:28:10 +0100] "GET /robots.txt HTTP/1.1" 404 208 "-" "Mozilla/5.0 (compatible; MJ12bot/v1.4.8; http://mj12bot.com/)"
195.191.219.131 - - [21/Nov/2022:04:28:12 +0100] "GET / HTTP/1.1" 200 3082 "-" "Mozilla/5.0 (compatible; MJ12bot/v1.4.8; http://mj12bot.com/)"
205.185.121.252 - - [21/Nov/2022:04:29:26 +0100] "GET /wp-login.php HTTP/1.1" 200 2977 "-" "Mozilla/5.0 (iPad; CPU OS 7_1_1 like Mac OS X) AppleWebKit/537.51.2 (KHTML, like Gecko) Version/7.0 Mobile/11D201 Safari/9537.53"
205.185.121.252 - - [21/Nov/2022:04:29:26 +0100] "POST /wp-login.php HTTP/1.1" 200 3988 "-" "Mozilla/5.0 (iPad; CPU OS 7_1_1 like Mac OS X) AppleWebKit/537.51.2 (KHTML, like Gecko) Version/7.0 Mobile/11D201 Safari/9537.53"
195.191.219.130 - - [21/Nov/2022:04:30:59 +0100] "GET /robots.txt HTTP/1.1" 404 208 "-" "Mozilla/5.0 (compatible; MJ12bot/v1.4.8; http://mj12bot.com/)"
195.191.219.130 - - [21/Nov/2022:04:31:01 +0100] "GET / HTTP/1.1" 200 2907 "-" "Mozilla/5.0 (compatible; MJ12bot/v1.4.8; http://mj12bot.com/)"
114.119.141.73 - - [21/Nov/2022:04:31:28 +0100] "GET /apps/school/www_old4/img/LevelB/Category2/LevelBCat2Lesson8/?C=S%3BO%3DA HTTP/1.1" 200 529 "http://kulturdokumentation.se/apps/school/www_old4/img/LevelB/Category2/LevelBCat2Lesson8/" "Mozilla/5.0 (Linux; Android 7.0;) AppleWebKit/537.36 (KHTML, like Gecko) Mobile Safari/537.36 (compatible; PetalBot;+https://webmaster.petalsearch.com/site/petalbot)"
114.119.134.148 - - [21/Nov/2022:04:33:03 +0100] "GET /apps/school/www_old3/img/LevelC/Category3/LevelCCat3Lesson7?C=D%3BO%3DA HTTP/1.1" 301 311 "http://kulturdokumentation.com/apps/school/www_old3/img/LevelC/Category3/LevelCCat3Lesson7" "Mozilla/5.0 (Linux; Android 7.0;) AppleWebKit/537.36 (KHTML, like Gecko) Mobile Safari/537.36 (compatible; PetalBot;+https://webmaster.petalsearch.com/site/petalbot)"
114.119.134.148 - - [21/Nov/2022:04:33:03 +0100] "GET /apps/school/www_old3/img/LevelC/Category3/LevelCCat3Lesson7/?C=D%3BO%3DA HTTP/1.1" 200 589 "http://kulturdokumentation.com/apps/school/www_old3/img/LevelC/Category3/LevelCCat3Lesson7" "Mozilla/5.0 (Linux; Android 7.0;) AppleWebKit/537.36 (KHTML, like Gecko) Mobile Safari/537.36 (compatible; PetalBot;+https://webmaster.petalsearch.com/site/petalbot)"
114.119.149.171 - - [21/Nov/2022:04:33:08 +0100] "GET /robots.txt HTTP/1.1" 404 208 "-" "Mozilla/5.0 (compatible;PetalBot;+https://webmaster.petalsearch.com/site/petalbot)"
195.191.219.131 - - [21/Nov/2022:04:33:09 +0100] "GET /robots.txt HTTP/1.1" 404 208 "-" "Mozilla/5.0 (compatible; MJ12bot/v1.4.8; http://mj12bot.com/)"
195.191.219.131 - - [21/Nov/2022:04:33:11 +0100] "GET / HTTP/1.1" 200 4586 "-" "Mozilla/5.0 (compatible; MJ12bot/v1.4.8; http://mj12bot.com/)"
111.93.24.58 - - [21/Nov/2022:04:33:47 +0100] "GET /project/index.php?page=start&companyId=Alla&countryId=Alla HTTP/1.1" 302 27974 "-" "Mozilla/5.0 (Windows NT 10.0; Win64; x64; rv:107.0) Gecko/20100101 Firefox/107.0"
