78.128.113.62 - - [21/Nov/2022:08:00:12 +0100] "POST /wp-includes/js/jquery/ui/widget.min.js HTTP/1.1" 200 2599 "-" "Mozilla/5.0 (X11; U; Linux x86_64; en-US; rv:1.9.0.5) Gecko/2008122014 CentOS/3.0.5-1.el4.centos Firefox/3.0.5"
78.128.113.62 - - [21/Nov/2022:08:00:13 +0100] "POST /wp-includes/js/jquery/ui/widget.min.js HTTP/1.1" 200 2599 "-" "Mozilla/5.0 (X11; U; Linux x86_64; en-US; rv:1.9.0.5) Gecko/2008122014 CentOS/3.0.5-1.el4.centos Firefox/3.0.5"
78.128.113.62 - - [21/Nov/2022:08:00:13 +0100] "POST /wp-includes/js/jquery/ui/widget.min.js HTTP/1.1" 200 2599 "-" "Mozilla/5.0 (X11; U; Linux x86_64; en-US; rv:1.9.0.5) Gecko/2008122014 CentOS/3.0.5-1.el4.centos Firefox/3.0.5"
78.128.113.62 - - [21/Nov/2022:08:00:13 +0100] "POST /wp-includes/js/jquery/ui/widget.min.js HTTP/1.1" 200 2599 "-" "Mozilla/5.0 (X11; U; Linux x86_64; en-US; rv:1.9.0.5) Gecko/2008122014 CentOS/3.0.5-1.el4.centos Firefox/3.0.5"
78.128.113.62 - - [21/Nov/2022:08:00:13 +0100] "POST /wp-includes/js/jquery/ui/widget.min.js HTTP/1.1" 200 2599 "-" "Mozilla/5.0 (X11; U; Linux x86_64; en-US; rv:1.9.0.5) Gecko/2008122014 CentOS/3.0.5-1.el4.centos Firefox/3.0.5"
78.128.113.62 - - [21/Nov/2022:08:00:13 +0100] "POST /wp-includes/js/jquery/ui/widget.min.js HTTP/1.1" 200 2599 "-" "Mozilla/5.0 (X11; U; Linux x86_64; en-US; rv:1.9.0.5) Gecko/2008122014 CentOS/3.0.5-1.el4.centos Firefox/3.0.5"
78.128.113.62 - - [21/Nov/2022:08:00:14 +0100] "POST /wp-includes/js/jquery/ui/widget.min.js HTTP/1.1" 200 2599 "-" "Mozilla/5.0 (X11; U; Linux x86_64; en-US; rv:1.9.0.5) Gecko/2008122014 CentOS/3.0.5-1.el4.centos Firefox/3.0.5"
78.128.113.62 - - [21/Nov/2022:08:00:15 +0100] "POST /wp-includes/js/jquery/ui/widget.min.js HTTP/1.1" 200 2599 "-" "Mozilla/5.0 (X11; U; Linux x86_64; en-US; rv:1.9.0.5) Gecko/2008122014 CentOS/3.0.5-1.el4.centos Firefox/3.0.5"
78.128.113.62 - - [21/Nov/2022:08:00:16 +0100] "POST /wp-includes/js/jquery/ui/widget.min.js HTTP/1.1" 200 2599 "-" "Mozilla/5.0 (X11; U; Linux x86_64; en-US; rv:1.9.0.5) Gecko/2008122014 CentOS/3.0.5-1.el4.centos Firefox/3.0.5"
78.128.113.62 - - [21/Nov/2022:08:00:16 +0100] "POST /wp-includes/js/jquery/ui/widget.min.js HTTP/1.1" 200 2599 "-" "Mozilla/5.0 (X11; U; Linux x86_64; en-US; rv:1.9.0.5) Gecko/2008122014 CentOS/3.0.5-1.el4.centos Firefox/3.0.5"
78.128.113.62 - - [21/Nov/2022:08:00:17 +0100] "POST /wp-includes/js/jquery/ui/widget.min.js HTTP/1.1" 200 2599 "-" "Mozilla/5.0 (X11; U; Linux x86_64; en-US; rv:1.9.0.5) Gecko/2008122014 CentOS/3.0.5-1.el4.centos Firefox/3.0.5"
78.128.113.62 - - [21/Nov/2022:08:00:17 +0100] "POST /wp-includes/js/jquery/ui/widget.min.js HTTP/1.1" 200 2599 "-" "Mozilla/5.0 (X11; U; Linux x86_64; en-US; rv:1.9.0.5) Gecko/2008122014 CentOS/3.0.5-1.el4.centos Firefox/3.0.5"
78.128.113.62 - - [21/Nov/2022:08:00:18 +0100] "POST /wp-includes/js/jquery/ui/widget.min.js HTTP/1.1" 200 2599 "-" "Mozilla/5.0 (X11; U; Linux x86_64; en-US; rv:1.9.0.5) Gecko/2008122014 CentOS/3.0.5-1.el4.centos Firefox/3.0.5"
78.128.113.62 - - [21/Nov/2022:08:00:18 +0100] "POST /wp-includes/js/jquery/ui/widget.min.js HTTP/1.1" 200 2599 "-" "Mozilla/5.0 (X11; U; Linux x86_64; en-US; rv:1.9.0.5) Gecko/2008122014 CentOS/3.0.5-1.el4.centos Firefox/3.0.5"
78.128.113.62 - - [21/Nov/2022:08:00:19 +0100] "POST /wp-includes/js/jquery/ui/widget.min.js HTTP/1.1" 200 2599 "-" "Mozilla/5.0 (X11; U; Linux x86_64; en-US; rv:1.9.0.5) Gecko/2008122014 CentOS/3.0.5-1.el4.centos Firefox/3.0.5"
78.128.113.62 - - [21/Nov/2022:08:00:20 +0100] "POST /wp-includes/js/jquery/ui/widget.min.js HTTP/1.1" 200 2599 "-" "Mozilla/5.0 (X11; U; Linux x86_64; en-US; rv:1.9.0.5) Gecko/2008122014 CentOS/3.0.5-1.el4.centos Firefox/3.0.5"
78.128.113.62 - - [21/Nov/2022:08:00:21 +0100] "POST /wp-includes/js/jquery/ui/widget.min.js HTTP/1.1" 200 2599 "-" "Mozilla/5.0 (X11; U; Linux x86_64; en-US; rv:1.9.0.5) Gecko/2008122014 CentOS/3.0.5-1.el4.centos Firefox/3.0.5"
78.128.113.62 - - [21/Nov/2022:08:00:22 +0100] "POST /wp-includes/js/jquery/ui/widget.min.js HTTP/1.1" 200 2599 "-" "Mozilla/5.0 (X11; U; Linux x86_64; en-US; rv:1.9.0.5) Gecko/2008122014 CentOS/3.0.5-1.el4.centos Firefox/3.0.5"
78.128.113.62 - - [21/Nov/2022:08:00:23 +0100] "POST /wp-includes/js/jquery/ui/widget.min.js HTTP/1.1" 200 2599 "-" "Mozilla/5.0 (X11; U; Linux x86_64; en-US; rv:1.9.0.5) Gecko/2008122014 CentOS/3.0.5-1.el4.centos Firefox/3.0.5"
78.128.113.62 - - [21/Nov/2022:08:00:23 +0100] "POST /wp-includes/js/jquery/ui/widget.min.js HTTP/1.1" 200 2599 "-" "Mozilla/5.0 (X11; U; Linux x86_64; en-US; rv:1.9.0.5) Gecko/2008122014 CentOS/3.0.5-1.el4.centos Firefox/3.0.5"
78.128.113.62 - - [21/Nov/2022:08:00:24 +0100] "POST /wp-includes/js/jquery/ui/widget.min.js HTTP/1.1" 200 2599 "-" "Mozilla/5.0 (X11; U; Linux x86_64; en-US; rv:1.9.0.5) Gecko/2008122014 CentOS/3.0.5-1.el4.centos Firefox/3.0.5"
78.128.113.62 - - [21/Nov/2022:08:00:25 +0100] "POST /wp-includes/js/jquery/ui/widget.min.js HTTP/1.1" 200 2599 "-" "Mozilla/5.0 (X11; U; Linux x86_64; en-US; rv:1.9.0.5) Gecko/2008122014 CentOS/3.0.5-1.el4.centos Firefox/3.0.5"
78.128.113.62 - - [21/Nov/2022:08:00:25 +0100] "POST /wp-includes/js/jquery/ui/widget.min.js HTTP/1.1" 200 2599 "-" "Mozilla/5.0 (X11; U; Linux x86_64; en-US; rv:1.9.0.5) Gecko/2008122014 CentOS/3.0.5-1.el4.centos Firefox/3.0.5"
78.128.113.62 - - [21/Nov/2022:08:00:26 +0100] "POST /wp-includes/js/jquery/ui/widget.min.js HTTP/1.1" 200 2599 "-" "Mozilla/5.0 (X11; U; Linux x86_64; en-US; rv:1.9.0.5) Gecko/2008122014 CentOS/3.0.5-1.el4.centos Firefox/3.0.5"
78.128.113.62 - - [21/Nov/2022:08:00:28 +0100] "POST /wp-includes/js/jquery/ui/widget.min.js HTTP/1.1" 200 2599 "-" "Mozilla/5.0 (X11; U; Linux x86_64; en-US; rv:1.9.0.5) Gecko/2008122014 CentOS/3.0.5-1.el4.centos Firefox/3.0.5"
78.128.113.62 - - [21/Nov/2022:08:00:29 +0100] "POST /wp-includes/js/jquery/ui/widget.min.js HTTP/1.1" 200 2599 "-" "Mozilla/5.0 (X11; U; Linux x86_64; en-US; rv:1.9.0.5) Gecko/2008122014 CentOS/3.0.5-1.el4.centos Firefox/3.0.5"
78.128.113.62 - - [21/Nov/2022:08:00:30 +0100] "POST /wp-includes/js/jquery/ui/widget.min.js HTTP/1.1" 200 2599 "-" "Mozilla/5.0 (X11; U; Linux x86_64; en-US; rv:1.9.0.5) Gecko/2008122014 CentOS/3.0.5-1.el4.centos Firefox/3.0.5"
78.128.113.62 - - [21/Nov/2022:08:00:31 +0100] "POST /wp-includes/js/jquery/ui/widget.min.js HTTP/1.1" 200 2599 "-" "Mozilla/5.0 (X11; U; Linux x86_64; en-US; rv:1.9.0.5) Gecko/2008122014 CentOS/3.0.5-1.el4.centos Firefox/3.0.5"
78.128.113.62 - - [21/Nov/2022:08:00:32 +0100] "POST /wp-includes/js/jquery/ui/widget.min.js HTTP/1.1" 200 2599 "-" "Mozilla/5.0 (X11; U; Linux x86_64; en-US; rv:1.9.0.5) Gecko/2008122014 CentOS/3.0.5-1.el4.centos Firefox/3.0.5"
14.98.175.41 - - [21/Nov/2022:08:00:32 +0100] "GET /productionzon/index.php?page=upload&projectId=33387 HTTP/1.1" 200 2626 "https://icad.astacus.se/productionzon/index.php?page=project&projectId=33387" "Mozilla/5.0 (Windows NT 10.0; Win64; x64) AppleWebKit/537.36 (KHTML, like Gecko) Chrome/107.0.0.0 Safari/537.36"
78.128.113.62 - - [21/Nov/2022:08:00:32 +0100] "POST /wp-includes/js/jquery/ui/widget.min.js HTTP/1.1" 200 2599 "-" "Mozilla/5.0 (X11; U; Linux x86_64; en-US; rv:1.9.0.5) Gecko/2008122014 CentOS/3.0.5-1.el4.centos Firefox/3.0.5"
78.128.113.62 - - [21/Nov/2022:08:00:33 +0100] "POST /wp-includes/js/jquery/ui/widget.min.js HTTP/1.1" 200 2599 "-" "Mozilla/5.0 (X11; U; Linux x86_64; en-US; rv:1.9.0.5) Gecko/2008122014 CentOS/3.0.5-1.el4.centos Firefox/3.0.5"
78.128.113.62 - - [21/Nov/2022:08:00:33 +0100] "POST /wp-includes/js/jquery/ui/widget.min.js HTTP/1.1" 200 2599 "-" "Mozilla/5.0 (X11; U; Linux x86_64; en-US; rv:1.9.0.5) Gecko/2008122014 CentOS/3.0.5-1.el4.centos Firefox/3.0.5"
78.128.113.62 - - [21/Nov/2022:08:00:34 +0100] "POST /wp-includes/js/jquery/ui/widget.min.js HTTP/1.1" 200 2599 "-" "Mozilla/5.0 (X11; U; Linux x86_64; en-US; rv:1.9.0.5) Gecko/2008122014 CentOS/3.0.5-1.el4.centos Firefox/3.0.5"
78.128.113.62 - - [21/Nov/2022:08:00:35 +0100] "POST /wp-includes/js/jquery/ui/widget.min.js HTTP/1.1" 200 2599 "-" "Mozilla/5.0 (X11; U; Linux x86_64; en-US; rv:1.9.0.5) Gecko/2008122014 CentOS/3.0.5-1.el4.centos Firefox/3.0.5"
78.128.113.62 - - [21/Nov/2022:08:00:36 +0100] "POST /wp-includes/js/jquery/ui/widget.min.js HTTP/1.1" 200 2599 "-" "Mozilla/5.0 (X11; U; Linux x86_64; en-US; rv:1.9.0.5) Gecko/2008122014 CentOS/3.0.5-1.el4.centos Firefox/3.0.5"
78.128.113.62 - - [21/Nov/2022:08:00:37 +0100] "POST /wp-includes/js/jquery/ui/widget.min.js HTTP/1.1" 200 2599 "-" "Mozilla/5.0 (X11; U; Linux x86_64; en-US; rv:1.9.0.5) Gecko/2008122014 CentOS/3.0.5-1.el4.centos Firefox/3.0.5"
78.128.113.62 - - [21/Nov/2022:08:00:38 +0100] "POST /wp-includes/js/jquery/ui/widget.min.js HTTP/1.1" 200 2599 "-" "Mozilla/5.0 (X11; U; Linux x86_64; en-US; rv:1.9.0.5) Gecko/2008122014 CentOS/3.0.5-1.el4.centos Firefox/3.0.5"
78.128.113.62 - - [21/Nov/2022:08:00:39 +0100] "POST /wp-includes/js/jquery/ui/widget.min.js HTTP/1.1" 200 2599 "-" "Mozilla/5.0 (X11; U; Linux x86_64; en-US; rv:1.9.0.5) Gecko/2008122014 CentOS/3.0.5-1.el4.centos Firefox/3.0.5"
78.128.113.62 - - [21/Nov/2022:08:00:40 +0100] "POST /wp-includes/js/jquery/ui/widget.min.js HTTP/1.1" 200 2599 "-" "Mozilla/5.0 (X11; U; Linux x86_64; en-US; rv:1.9.0.5) Gecko/2008122014 CentOS/3.0.5-1.el4.centos Firefox/3.0.5"
78.128.113.62 - - [21/Nov/2022:08:00:41 +0100] "POST /wp-includes/js/jquery/ui/widget.min.js HTTP/1.1" 200 2599 "-" "Mozilla/5.0 (X11; U; Linux x86_64; en-US; rv:1.9.0.5) Gecko/2008122014 CentOS/3.0.5-1.el4.centos Firefox/3.0.5"
78.128.113.62 - - [21/Nov/2022:08:00:42 +0100] "POST /wp-includes/js/jquery/ui/widget.min.js HTTP/1.1" 200 2599 "-" "Mozilla/5.0 (X11; U; Linux x86_64; en-US; rv:1.9.0.5) Gecko/2008122014 CentOS/3.0.5-1.el4.centos Firefox/3.0.5"
78.128.113.62 - - [21/Nov/2022:08:00:43 +0100] "POST /wp-includes/js/jquery/ui/widget.min.js HTTP/1.1" 200 2599 "-" "Mozilla/5.0 (X11; U; Linux x86_64; en-US; rv:1.9.0.5) Gecko/2008122014 CentOS/3.0.5-1.el4.centos Firefox/3.0.5"
78.128.113.62 - - [21/Nov/2022:08:00:43 +0100] "POST /wp-includes/js/jquery/ui/widget.min.js HTTP/1.1" 200 2599 "-" "Mozilla/5.0 (X11; U; Linux x86_64; en-US; rv:1.9.0.5) Gecko/2008122014 CentOS/3.0.5-1.el4.centos Firefox/3.0.5"
78.128.113.62 - - [21/Nov/2022:08:00:43 +0100] "POST /wp-includes/js/jquery/ui/widget.min.js HTTP/1.1" 200 2599 "-" "Mozilla/5.0 (X11; U; Linux x86_64; en-US; rv:1.9.0.5) Gecko/2008122014 CentOS/3.0.5-1.el4.centos Firefox/3.0.5"
78.128.113.62 - - [21/Nov/2022:08:00:44 +0100] "POST /wp-includes/js/jquery/ui/widget.min.js HTTP/1.1" 200 2599 "-" "Mozilla/5.0 (X11; U; Linux x86_64; en-US; rv:1.9.0.5) Gecko/2008122014 CentOS/3.0.5-1.el4.centos Firefox/3.0.5"
78.128.113.62 - - [21/Nov/2022:08:00:44 +0100] "POST /wp-includes/js/jquery/ui/widget.min.js HTTP/1.1" 200 2599 "-" "Mozilla/5.0 (X11; U; Linux x86_64; en-US; rv:1.9.0.5) Gecko/2008122014 CentOS/3.0.5-1.el4.centos Firefox/3.0.5"
78.128.113.62 - - [21/Nov/2022:08:00:44 +0100] "POST /wp-includes/js/jquery/ui/widget.min.js HTTP/1.1" 200 2599 "-" "Mozilla/5.0 (X11; U; Linux x86_64; en-US; rv:1.9.0.5) Gecko/2008122014 CentOS/3.0.5-1.el4.centos Firefox/3.0.5"
78.128.113.62 - - [21/Nov/2022:08:00:44 +0100] "POST /wp-includes/js/jquery/ui/widget.min.js HTTP/1.1" 200 2599 "-" "Mozilla/5.0 (X11; U; Linux x86_64; en-US; rv:1.9.0.5) Gecko/2008122014 CentOS/3.0.5-1.el4.centos Firefox/3.0.5"
78.128.113.62 - - [21/Nov/2022:08:00:44 +0100] "POST /wp-includes/js/jquery/ui/widget.min.js HTTP/1.1" 200 2599 "-" "Mozilla/5.0 (X11; U; Linux x86_64; en-US; rv:1.9.0.5) Gecko/2008122014 CentOS/3.0.5-1.el4.centos Firefox/3.0.5"
78.128.113.62 - - [21/Nov/2022:08:00:44 +0100] "POST /wp-includes/js/jquery/ui/widget.min.js HTTP/1.1" 200 2599 "-" "Mozilla/5.0 (X11; U; Linux x86_64; en-US; rv:1.9.0.5) Gecko/2008122014 CentOS/3.0.5-1.el4.centos Firefox/3.0.5"
78.128.113.62 - - [21/Nov/2022:08:00:45 +0100] "POST /wp-includes/js/jquery/ui/widget.min.js HTTP/1.1" 200 2599 "-" "Mozilla/5.0 (X11; U; Linux x86_64; en-US; rv:1.9.0.5) Gecko/2008122014 CentOS/3.0.5-1.el4.centos Firefox/3.0.5"
78.128.113.62 - - [21/Nov/2022:08:00:45 +0100] "POST /wp-includes/js/jquery/ui/widget.min.js HTTP/1.1" 200 2599 "-" "Mozilla/5.0 (X11; U; Linux x86_64; en-US; rv:1.9.0.5) Gecko/2008122014 CentOS/3.0.5-1.el4.centos Firefox/3.0.5"
78.128.113.62 - - [21/Nov/2022:08:00:45 +0100] "POST /wp-includes/js/jquery/ui/widget.min.js HTTP/1.1" 200 2599 "-" "Mozilla/5.0 (X11; U; Linux x86_64; en-US; rv:1.9.0.5) Gecko/2008122014 CentOS/3.0.5-1.el4.centos Firefox/3.0.5"
14.98.175.41 - - [21/Nov/2022:08:00:45 +0100] "GET /productionzon/createfolder.php?projectId=33387&path=&foldername=221121 HTTP/1.1" 302 - "https://icad.astacus.se/productionzon/index.php?page=upload&projectId=33387" "Mozilla/5.0 (Windows NT 10.0; Win64; x64) AppleWebKit/537.36 (KHTML, like Gecko) Chrome/107.0.0.0 Safari/537.36"
78.128.113.62 - - [21/Nov/2022:08:00:45 +0100] "POST /wp-includes/js/jquery/ui/widget.min.js HTTP/1.1" 200 2599 "-" "Mozilla/5.0 (X11; U; Linux x86_64; en-US; rv:1.9.0.5) Gecko/2008122014 CentOS/3.0.5-1.el4.centos Firefox/3.0.5"
14.98.175.41 - - [21/Nov/2022:08:00:45 +0100] "GET /productionzon/index.php?page=upload&projectId=33387&path=/221121 HTTP/1.1" 200 2637 "https://icad.astacus.se/productionzon/index.php?page=upload&projectId=33387" "Mozilla/5.0 (Windows NT 10.0; Win64; x64) AppleWebKit/537.36 (KHTML, like Gecko) Chrome/107.0.0.0 Safari/537.36"
78.128.113.62 - - [21/Nov/2022:08:00:46 +0100] "POST /wp-includes/js/jquery/ui/widget.min.js HTTP/1.1" 200 2599 "-" "Mozilla/5.0 (X11; U; Linux x86_64; en-US; rv:1.9.0.5) Gecko/2008122014 CentOS/3.0.5-1.el4.centos Firefox/3.0.5"
14.98.175.41 - - [21/Nov/2022:08:00:46 +0100] "GET /productionzon/index.php?page=files&projectId=33387&path=/221121 HTTP/1.1" 200 3285 "https://icad.astacus.se/productionzon/index.php?page=upload&projectId=33387&path=/221121" "Mozilla/5.0 (Windows NT 10.0; Win64; x64) AppleWebKit/537.36 (KHTML, like Gecko) Chrome/107.0.0.0 Safari/537.36"
14.98.175.41 - - [21/Nov/2022:08:00:47 +0100] "GET /productionzon/index.php?page=files&projectId=33387&path=/221121 HTTP/1.1" 200 3285 "https://icad.astacus.se/productionzon/index.php?page=files&projectId=33387&path=/221121" "Mozilla/5.0 (Windows NT 10.0; Win64; x64) AppleWebKit/537.36 (KHTML, like Gecko) Chrome/107.0.0.0 Safari/537.36"
78.128.113.62 - - [21/Nov/2022:08:00:47 +0100] "POST /wp-includes/js/jquery/ui/widget.min.js HTTP/1.1" 200 2599 "-" "Mozilla/5.0 (X11; U; Linux x86_64; en-US; rv:1.9.0.5) Gecko/2008122014 CentOS/3.0.5-1.el4.centos Firefox/3.0.5"
88.131.253.147 - - [21/Nov/2022:08:00:48 +0100] "GET /phpmyadmin_astacus2016/ HTTP/1.1" 200 2724 "-" "Mozilla/5.0 (Windows NT 10.0; Win64; x64) AppleWebKit/537.36 (KHTML, like Gecko) Chrome/106.0.0.0 Safari/537.36"
78.128.113.62 - - [21/Nov/2022:08:00:48 +0100] "POST /wp-includes/js/jquery/ui/widget.min.js HTTP/1.1" 200 2599 "-" "Mozilla/5.0 (X11; U; Linux x86_64; en-US; rv:1.9.0.5) Gecko/2008122014 CentOS/3.0.5-1.el4.centos Firefox/3.0.5"
88.131.253.147 - - [21/Nov/2022:08:00:48 +0100] "GET /phpmyadmin_astacus2016/phpmyadmin.css.php?server=1&token=a264638fb81a06cd9671b71916a3bedd&nocache=4147360344ltr HTTP/1.1" 200 17178 "https://www.astacus.se/phpmyadmin_astacus2016/" "Mozilla/5.0 (Windows NT 10.0; Win64; x64) AppleWebKit/537.36 (KHTML, like Gecko) Chrome/106.0.0.0 Safari/537.36"
88.131.253.147 - - [21/Nov/2022:08:00:48 +0100] "GET /phpmyadmin_astacus2016/js/get_image.js.php?theme=pmahomme HTTP/1.1" 200 6263 "https://www.astacus.se/phpmyadmin_astacus2016/" "Mozilla/5.0 (Windows NT 10.0; Win64; x64) AppleWebKit/537.36 (KHTML, like Gecko) Chrome/106.0.0.0 Safari/537.36"
88.131.253.147 - - [21/Nov/2022:08:00:48 +0100] "GET /phpmyadmin_astacus2016/js/messages.php?lang=sv&db=&token=a264638fb81a06cd9671b71916a3bedd HTTP/1.1" 200 17539 "https://www.astacus.se/phpmyadmin_astacus2016/" "Mozilla/5.0 (Windows NT 10.0; Win64; x64) AppleWebKit/537.36 (KHTML, like Gecko) Chrome/106.0.0.0 Safari/537.36"
88.131.253.147 - - [21/Nov/2022:08:00:48 +0100] "GET /phpmyadmin_astacus2016/js/get_scripts.js.php?scripts[]=jquery/jquery-1.8.3.min.js&scripts[]=ajax.js&scripts[]=keyhandler.js&scripts[]=jquery/jquery-ui-1.9.2.custom.min.js&scripts[]=jquery/jquery.sprintf.js&scripts[]=jquery/jquery.cookie.js&scripts[]=jquery/jquery.mousewheel.js&scripts[]=jquery/jquery.event.drag-2.2.js&scripts[]=jquery/jquery-ui-timepicker-addon.js&scripts[]=jquery/jquery.ba-hashchange-1.3.js&scripts[]=jquery/jquery.debounce-1.0.5.js&scripts[]=jquery/jquery.menuResizer-1.0.js&scripts[]=cross_framing_protection.js&scripts[]=rte.js&scripts[]=functions.js&scripts[]=navigation.js&scripts[]=indexes.js&scripts[]=common.js&scripts[]=codemirror/lib/codemirror.js&scripts[]=codemirror/mode/mysql/mysql.js HTTP/1.1" 200 818928 "https://www.astacus.se/phpmyadmin_astacus2016/" "Mozilla/5.0 (Windows NT 10.0; Win64; x64) AppleWebKit/537.36 (KHTML, like Gecko) Chrome/106.0.0.0 Safari/537.36"
78.128.113.62 - - [21/Nov/2022:08:00:49 +0100] "POST /wp-includes/js/jquery/ui/widget.min.js HTTP/1.1" 200 2599 "-" "Mozilla/5.0 (X11; U; Linux x86_64; en-US; rv:1.9.0.5) Gecko/2008122014 CentOS/3.0.5-1.el4.centos Firefox/3.0.5"
78.128.113.62 - - [21/Nov/2022:08:00:49 +0100] "POST /wp-includes/js/jquery/ui/widget.min.js HTTP/1.1" 200 2599 "-" "Mozilla/5.0 (X11; U; Linux x86_64; en-US; rv:1.9.0.5) Gecko/2008122014 CentOS/3.0.5-1.el4.centos Firefox/3.0.5"
88.131.253.147 - - [21/Nov/2022:08:00:50 +0100] "POST /phpmyadmin_astacus2016/index.php HTTP/1.1" 302 - "https://www.astacus.se/phpmyadmin_astacus2016/" "Mozilla/5.0 (Windows NT 10.0; Win64; x64) AppleWebKit/537.36 (KHTML, like Gecko) Chrome/106.0.0.0 Safari/537.36"
78.128.113.62 - - [21/Nov/2022:08:00:50 +0100] "POST /wp-includes/js/jquery/ui/widget.min.js HTTP/1.1" 200 2599 "-" "Mozilla/5.0 (X11; U; Linux x86_64; en-US; rv:1.9.0.5) Gecko/2008122014 CentOS/3.0.5-1.el4.centos Firefox/3.0.5"
88.131.253.147 - - [21/Nov/2022:08:00:50 +0100] "GET /phpmyadmin_astacus2016/index.php?token=a264638fb81a06cd9671b71916a3bedd HTTP/1.1" 200 9681 "https://www.astacus.se/phpmyadmin_astacus2016/" "Mozilla/5.0 (Windows NT 10.0; Win64; x64) AppleWebKit/537.36 (KHTML, like Gecko) Chrome/106.0.0.0 Safari/537.36"
88.131.253.147 - - [21/Nov/2022:08:00:50 +0100] "GET /phpmyadmin_astacus2016/phpmyadmin.css.php?server=1&token=a264638fb81a06cd9671b71916a3bedd&nocache=5814148123ltr HTTP/1.1" 200 17178 "https://www.astacus.se/phpmyadmin_astacus2016/index.php?token=a264638fb81a06cd9671b71916a3bedd" "Mozilla/5.0 (Windows NT 10.0; Win64; x64) AppleWebKit/537.36 (KHTML, like Gecko) Chrome/106.0.0.0 Safari/537.36"
78.128.113.62 - - [21/Nov/2022:08:00:51 +0100] "POST /wp-includes/js/jquery/ui/widget.min.js HTTP/1.1" 200 2599 "-" "Mozilla/5.0 (X11; U; Linux x86_64; en-US; rv:1.9.0.5) Gecko/2008122014 CentOS/3.0.5-1.el4.centos Firefox/3.0.5"
78.128.113.62 - - [21/Nov/2022:08:00:51 +0100] "POST /wp-includes/js/jquery/ui/widget.min.js HTTP/1.1" 200 2599 "-" "Mozilla/5.0 (X11; U; Linux x86_64; en-US; rv:1.9.0.5) Gecko/2008122014 CentOS/3.0.5-1.el4.centos Firefox/3.0.5"
78.128.113.62 - - [21/Nov/2022:08:00:51 +0100] "POST /wp-includes/js/jquery/ui/widget.min.js HTTP/1.1" 200 2599 "-" "Mozilla/5.0 (X11; U; Linux x86_64; en-US; rv:1.9.0.5) Gecko/2008122014 CentOS/3.0.5-1.el4.centos Firefox/3.0.5"
114.119.141.53 - - [21/Nov/2022:08:00:51 +0100] "GET /apps/school/www_old3/Html/LevelB/Category2/LevelBCat2Lesson2.html HTTP/1.1" 200 2572 "http://kulturdokumentation.se/apps/school/www_old3/Html/LevelB/Category2/" "Mozilla/5.0 (Linux; Android 7.0;) AppleWebKit/537.36 (KHTML, like Gecko) Mobile Safari/537.36 (compatible; PetalBot;+https://webmaster.petalsearch.com/site/petalbot)"
78.128.113.62 - - [21/Nov/2022:08:00:52 +0100] "POST /wp-includes/js/jquery/ui/widget.min.js HTTP/1.1" 200 2599 "-" "Mozilla/5.0 (X11; U; Linux x86_64; en-US; rv:1.9.0.5) Gecko/2008122014 CentOS/3.0.5-1.el4.centos Firefox/3.0.5"
88.131.253.147 - - [21/Nov/2022:08:00:53 +0100] "GET /phpmyadmin_astacus2016/db_structure.php?server=1&db=energicontrol&token=a264638fb81a06cd9671b71916a3bedd&ajax_request=true&ajax_page_request=true&menuHashes=7754dc73&_nocache=166901430944153222 HTTP/1.1" 200 52425 "https://www.astacus.se/phpmyadmin_astacus2016/index.php?token=a264638fb81a06cd9671b71916a3bedd" "Mozilla/5.0 (Windows NT 10.0; Win64; x64) AppleWebKit/537.36 (KHTML, like Gecko) Chrome/106.0.0.0 Safari/537.36"
88.131.253.147 - - [21/Nov/2022:08:00:53 +0100] "GET /phpmyadmin_astacus2016/js/get_scripts.js.php?scripts[]=db_structure.js&scripts[]=tbl_change.js HTTP/1.1" 200 34935 "https://www.astacus.se/phpmyadmin_astacus2016/index.php?token=a264638fb81a06cd9671b71916a3bedd" "Mozilla/5.0 (Windows NT 10.0; Win64; x64) AppleWebKit/537.36 (KHTML, like Gecko) Chrome/106.0.0.0 Safari/537.36"
14.98.175.41 - - [21/Nov/2022:08:00:52 +0100] "POST /productionzon/DirUpload.php?projectId=33387&customerId=172&path=/221121 HTTP/1.1" 200 - "https://icad.astacus.se/productionzon/index.php?page=files&projectId=33387&path=/221121" "Mozilla/5.0 (Windows NT 10.0; Win64; x64) AppleWebKit/537.36 (KHTML, like Gecko) Chrome/107.0.0.0 Safari/537.36"
88.131.253.147 - - [21/Nov/2022:08:00:53 +0100] "GET /phpmyadmin_astacus2016/navigation.php?ajax_request=1&token=a264638fb81a06cd9671b71916a3bedd&aPath=cm9vdA%3D%3D.ZW5lcmdpY29udHJvbA%3D%3D&vPath=cm9vdA%3D%3D.ZW5lcmdpY29udHJvbA%3D%3D&pos=0&pos2_name=&pos2_value=&searchClause=&searchClause2=&_nocache=1669014310055242872 HTTP/1.1" 200 13258 "https://www.astacus.se/phpmyadmin_astacus2016/index.php?token=a264638fb81a06cd9671b71916a3bedd" "Mozilla/5.0 (Windows NT 10.0; Win64; x64) AppleWebKit/537.36 (KHTML, like Gecko) Chrome/106.0.0.0 Safari/537.36"
78.128.113.62 - - [21/Nov/2022:08:00:53 +0100] "POST /wp-includes/js/jquery/ui/widget.min.js HTTP/1.1" 200 2599 "-" "Mozilla/5.0 (X11; U; Linux x86_64; en-US; rv:1.9.0.5) Gecko/2008122014 CentOS/3.0.5-1.el4.centos Firefox/3.0.5"
14.98.175.41 - - [21/Nov/2022:08:00:54 +0100] "POST /productionzon/DirUpload.php?projectId=33387&customerId=172&path=/221121 HTTP/1.1" 200 - "https://icad.astacus.se/productionzon/index.php?page=files&projectId=33387&path=/221121" "Mozilla/5.0 (Windows NT 10.0; Win64; x64) AppleWebKit/537.36 (KHTML, like Gecko) Chrome/107.0.0.0 Safari/537.36"
14.98.175.41 - - [21/Nov/2022:08:00:54 +0100] "GET /productionzon/index.php?page=upload&projectId=33387&companyId=172&path=/221121&uploaded=true HTTP/1.1" 200 2817 "https://icad.astacus.se/productionzon/index.php?page=files&projectId=33387&path=/221121" "Mozilla/5.0 (Windows NT 10.0; Win64; x64) AppleWebKit/537.36 (KHTML, like Gecko) Chrome/107.0.0.0 Safari/537.36"
78.128.113.62 - - [21/Nov/2022:08:00:54 +0100] "POST /wp-includes/js/jquery/ui/widget.min.js HTTP/1.1" 200 2599 "-" "Mozilla/5.0 (X11; U; Linux x86_64; en-US; rv:1.9.0.5) Gecko/2008122014 CentOS/3.0.5-1.el4.centos Firefox/3.0.5"
78.128.113.62 - - [21/Nov/2022:08:00:55 +0100] "POST /wp-includes/js/jquery/ui/widget.min.js HTTP/1.1" 200 2599 "-" "Mozilla/5.0 (X11; U; Linux x86_64; en-US; rv:1.9.0.5) Gecko/2008122014 CentOS/3.0.5-1.el4.centos Firefox/3.0.5"
78.128.113.62 - - [21/Nov/2022:08:00:56 +0100] "POST /wp-includes/js/jquery/ui/widget.min.js HTTP/1.1" 200 2599 "-" "Mozilla/5.0 (X11; U; Linux x86_64; en-US; rv:1.9.0.5) Gecko/2008122014 CentOS/3.0.5-1.el4.centos Firefox/3.0.5"
78.128.113.62 - - [21/Nov/2022:08:00:57 +0100] "POST /wp-includes/js/jquery/ui/widget.min.js HTTP/1.1" 200 2599 "-" "Mozilla/5.0 (X11; U; Linux x86_64; en-US; rv:1.9.0.5) Gecko/2008122014 CentOS/3.0.5-1.el4.centos Firefox/3.0.5"
78.128.113.62 - - [21/Nov/2022:08:00:58 +0100] "POST /wp-includes/js/jquery/ui/widget.min.js HTTP/1.1" 200 2599 "-" "Mozilla/5.0 (X11; U; Linux x86_64; en-US; rv:1.9.0.5) Gecko/2008122014 CentOS/3.0.5-1.el4.centos Firefox/3.0.5"
78.128.113.62 - - [21/Nov/2022:08:00:58 +0100] "POST /wp-includes/js/jquery/ui/widget.min.js HTTP/1.1" 200 2599 "-" "Mozilla/5.0 (X11; U; Linux x86_64; en-US; rv:1.9.0.5) Gecko/2008122014 CentOS/3.0.5-1.el4.centos Firefox/3.0.5"
88.131.253.147 - - [21/Nov/2022:08:00:59 +0100] "GET /phpmyadmin_astacus2016/sql.php?server=1&db=energicontrol&table=tblEnergyLog2&pos=0&token=a264638fb81a06cd9671b71916a3bedd&ajax_request=true&ajax_page_request=true&menuHashes=7754dc73-8ce69731&_nocache=1669014315658992800 HTTP/1.1" 200 88418 "https://www.astacus.se/phpmyadmin_astacus2016/index.php?token=a264638fb81a06cd9671b71916a3bedd" "Mozilla/5.0 (Windows NT 10.0; Win64; x64) AppleWebKit/537.36 (KHTML, like Gecko) Chrome/106.0.0.0 Safari/537.36"
14.98.175.41 - - [21/Nov/2022:08:00:59 +0100] "GET /productionzon/index.php?page=logg&projectId=33387 HTTP/1.1" 200 3947 "https://icad.astacus.se/productionzon/index.php?page=upload&projectId=33387&companyId=172&path=/221121&uploaded=true" "Mozilla/5.0 (Windows NT 10.0; Win64; x64) AppleWebKit/537.36 (KHTML, like Gecko) Chrome/107.0.0.0 Safari/537.36"
88.131.253.147 - - [21/Nov/2022:08:00:59 +0100] "GET /phpmyadmin_astacus2016/js/get_scripts.js.php?scripts[]=tbl_structure.js&scripts[]=gis_data_editor.js&scripts[]=makegrid.js&scripts[]=sql.js HTTP/1.1" 200 124782 "https://www.astacus.se/phpmyadmin_astacus2016/index.php?token=a264638fb81a06cd9671b71916a3bedd" "Mozilla/5.0 (Windows NT 10.0; Win64; x64) AppleWebKit/537.36 (KHTML, like Gecko) Chrome/106.0.0.0 Safari/537.36"
88.131.253.147 - - [21/Nov/2022:08:00:59 +0100] "GET /phpmyadmin_astacus2016/index.php?ajax_request=1&recent_table=1&token=a264638fb81a06cd9671b71916a3bedd HTTP/1.1" 200 1546 "https://www.astacus.se/phpmyadmin_astacus2016/index.php?token=a264638fb81a06cd9671b71916a3bedd" "Mozilla/5.0 (Windows NT 10.0; Win64; x64) AppleWebKit/537.36 (KHTML, like Gecko) Chrome/106.0.0.0 Safari/537.36"
78.128.113.62 - - [21/Nov/2022:08:01:00 +0100] "POST /wp-includes/js/jquery/ui/widget.min.js HTTP/1.1" 200 2599 "-" "Mozilla/5.0 (X11; U; Linux x86_64; en-US; rv:1.9.0.5) Gecko/2008122014 CentOS/3.0.5-1.el4.centos Firefox/3.0.5"
78.128.113.62 - - [21/Nov/2022:08:01:01 +0100] "POST /wp-includes/js/jquery/ui/widget.min.js HTTP/1.1" 200 2599 "-" "Mozilla/5.0 (X11; U; Linux x86_64; en-US; rv:1.9.0.5) Gecko/2008122014 CentOS/3.0.5-1.el4.centos Firefox/3.0.5"
78.128.113.62 - - [21/Nov/2022:08:01:02 +0100] "POST /wp-includes/js/jquery/ui/widget.min.js HTTP/1.1" 200 2599 "-" "Mozilla/5.0 (X11; U; Linux x86_64; en-US; rv:1.9.0.5) Gecko/2008122014 CentOS/3.0.5-1.el4.centos Firefox/3.0.5"
78.128.113.62 - - [21/Nov/2022:08:01:03 +0100] "POST /wp-includes/js/jquery/ui/widget.min.js HTTP/1.1" 200 2599 "-" "Mozilla/5.0 (X11; U; Linux x86_64; en-US; rv:1.9.0.5) Gecko/2008122014 CentOS/3.0.5-1.el4.centos Firefox/3.0.5"
14.98.175.41 - - [21/Nov/2022:08:01:03 +0100] "GET /productionzon/index.php?page=upload&projectId=33387 HTTP/1.1" 200 2730 "https://icad.astacus.se/productionzon/index.php?page=logg&projectId=33387" "Mozilla/5.0 (Windows NT 10.0; Win64; x64) AppleWebKit/537.36 (KHTML, like Gecko) Chrome/107.0.0.0 Safari/537.36"
78.128.113.62 - - [21/Nov/2022:08:01:03 +0100] "POST /wp-includes/js/jquery/ui/widget.min.js HTTP/1.1" 200 2599 "-" "Mozilla/5.0 (X11; U; Linux x86_64; en-US; rv:1.9.0.5) Gecko/2008122014 CentOS/3.0.5-1.el4.centos Firefox/3.0.5"
78.128.113.62 - - [21/Nov/2022:08:01:04 +0100] "POST /wp-includes/js/jquery/ui/widget.min.js HTTP/1.1" 200 2599 "-" "Mozilla/5.0 (X11; U; Linux x86_64; en-US; rv:1.9.0.5) Gecko/2008122014 CentOS/3.0.5-1.el4.centos Firefox/3.0.5"
14.98.175.41 - - [21/Nov/2022:08:01:04 +0100] "GET /productionzon/index.php?page=project&projectId=33387 HTTP/1.1" 200 4595 "https://icad.astacus.se/productionzon/index.php?page=upload&projectId=33387" "Mozilla/5.0 (Windows NT 10.0; Win64; x64) AppleWebKit/537.36 (KHTML, like Gecko) Chrome/107.0.0.0 Safari/537.36"
78.128.113.62 - - [21/Nov/2022:08:01:05 +0100] "POST /wp-includes/js/jquery/ui/widget.min.js HTTP/1.1" 200 2599 "-" "Mozilla/5.0 (X11; U; Linux x86_64; en-US; rv:1.9.0.5) Gecko/2008122014 CentOS/3.0.5-1.el4.centos Firefox/3.0.5"
78.128.113.62 - - [21/Nov/2022:08:01:06 +0100] "POST /wp-includes/js/jquery/ui/widget.min.js HTTP/1.1" 200 2599 "-" "Mozilla/5.0 (X11; U; Linux x86_64; en-US; rv:1.9.0.5) Gecko/2008122014 CentOS/3.0.5-1.el4.centos Firefox/3.0.5"
14.98.175.41 - - [21/Nov/2022:08:01:06 +0100] "GET /productionzon/index.php?page=logg&projectId=33387 HTTP/1.1" 200 3947 "https://icad.astacus.se/productionzon/index.php?page=project&projectId=33387" "Mozilla/5.0 (Windows NT 10.0; Win64; x64) AppleWebKit/537.36 (KHTML, like Gecko) Chrome/107.0.0.0 Safari/537.36"
78.128.113.62 - - [21/Nov/2022:08:01:06 +0100] "POST /wp-includes/js/jquery/ui/widget.min.js HTTP/1.1" 200 2599 "-" "Mozilla/5.0 (X11; U; Linux x86_64; en-US; rv:1.9.0.5) Gecko/2008122014 CentOS/3.0.5-1.el4.centos Firefox/3.0.5"
78.128.113.62 - - [21/Nov/2022:08:01:07 +0100] "POST /wp-includes/js/jquery/ui/widget.min.js HTTP/1.1" 200 2599 "-" "Mozilla/5.0 (X11; U; Linux x86_64; en-US; rv:1.9.0.5) Gecko/2008122014 CentOS/3.0.5-1.el4.centos Firefox/3.0.5"
78.128.113.62 - - [21/Nov/2022:08:01:07 +0100] "POST /wp-includes/js/jquery/ui/widget.min.js HTTP/1.1" 200 2599 "-" "Mozilla/5.0 (X11; U; Linux x86_64; en-US; rv:1.9.0.5) Gecko/2008122014 CentOS/3.0.5-1.el4.centos Firefox/3.0.5"
78.128.113.62 - - [21/Nov/2022:08:01:08 +0100] "POST /wp-includes/js/jquery/ui/widget.min.js HTTP/1.1" 200 2599 "-" "Mozilla/5.0 (X11; U; Linux x86_64; en-US; rv:1.9.0.5) Gecko/2008122014 CentOS/3.0.5-1.el4.centos Firefox/3.0.5"
78.128.113.62 - - [21/Nov/2022:08:01:09 +0100] "POST /wp-includes/js/jquery/ui/widget.min.js HTTP/1.1" 200 2599 "-" "Mozilla/5.0 (X11; U; Linux x86_64; en-US; rv:1.9.0.5) Gecko/2008122014 CentOS/3.0.5-1.el4.centos Firefox/3.0.5"
111.93.24.58 - - [21/Nov/2022:08:01:10 +0100] "GET /project/index.php?page=project_production&projectId=33231&companyId=$879&path=/Files%20from%20Production HTTP/1.1" 200 6503 "https://icad.astacus.se/project/index.php?companyId=879&page=project_production&projectId=33231" "Mozilla/5.0 (Windows NT 10.0; Win64; x64; rv:107.0) Gecko/20100101 Firefox/107.0"
78.128.113.62 - - [21/Nov/2022:08:01:10 +0100] "POST /wp-includes/js/jquery/ui/widget.min.js HTTP/1.1" 200 2599 "-" "Mozilla/5.0 (X11; U; Linux x86_64; en-US; rv:1.9.0.5) Gecko/2008122014 CentOS/3.0.5-1.el4.centos Firefox/3.0.5"
78.128.113.62 - - [21/Nov/2022:08:01:11 +0100] "POST /wp-includes/js/jquery/ui/widget.min.js HTTP/1.1" 200 2599 "-" "Mozilla/5.0 (X11; U; Linux x86_64; en-US; rv:1.9.0.5) Gecko/2008122014 CentOS/3.0.5-1.el4.centos Firefox/3.0.5"
78.128.113.62 - - [21/Nov/2022:08:01:12 +0100] "POST /wp-includes/js/jquery/ui/widget.min.js HTTP/1.1" 200 2599 "-" "Mozilla/5.0 (X11; U; Linux x86_64; en-US; rv:1.9.0.5) Gecko/2008122014 CentOS/3.0.5-1.el4.centos Firefox/3.0.5"
78.128.113.62 - - [21/Nov/2022:08:01:13 +0100] "POST /wp-includes/js/jquery/ui/widget.min.js HTTP/1.1" 200 2599 "-" "Mozilla/5.0 (X11; U; Linux x86_64; en-US; rv:1.9.0.5) Gecko/2008122014 CentOS/3.0.5-1.el4.centos Firefox/3.0.5"
111.93.24.58 - - [21/Nov/2022:08:01:13 +0100] "GET /project/createfolder.php?page=project_production&projectId=33231&path=%2FFiles+from+Production&foldername=221121 HTTP/1.1" 302 - "https://icad.astacus.se/project/index.php?page=project_production&projectId=33231&companyId=$879&path=/Files%20from%20Production" "Mozilla/5.0 (Windows NT 10.0; Win64; x64; rv:107.0) Gecko/20100101 Firefox/107.0"
111.93.24.58 - - [21/Nov/2022:08:01:13 +0100] "GET /project/index.php?page=project_production&projectId=33231&path=/Files%20from%20Production/221121 HTTP/1.1" 200 6337 "https://icad.astacus.se/project/index.php?page=project_production&projectId=33231&companyId=$879&path=/Files%20from%20Production" "Mozilla/5.0 (Windows NT 10.0; Win64; x64; rv:107.0) Gecko/20100101 Firefox/107.0"
111.93.24.58 - - [21/Nov/2022:08:01:14 +0100] "GET /favicon.ico HTTP/1.1" 404 209 "https://icad.astacus.se/project/index.php?page=project_production&projectId=33231&path=/Files%20from%20Production/221121" "Mozilla/5.0 (Windows NT 10.0; Win64; x64; rv:107.0) Gecko/20100101 Firefox/107.0"
78.128.113.62 - - [21/Nov/2022:08:01:14 +0100] "POST /wp-includes/js/jquery/ui/widget.min.js HTTP/1.1" 200 2599 "-" "Mozilla/5.0 (X11; U; Linux x86_64; en-US; rv:1.9.0.5) Gecko/2008122014 CentOS/3.0.5-1.el4.centos Firefox/3.0.5"
78.128.113.62 - - [21/Nov/2022:08:01:15 +0100] "POST /wp-includes/js/jquery/ui/widget.min.js HTTP/1.1" 200 2599 "-" "Mozilla/5.0 (X11; U; Linux x86_64; en-US; rv:1.9.0.5) Gecko/2008122014 CentOS/3.0.5-1.el4.centos Firefox/3.0.5"
111.93.24.58 - - [21/Nov/2022:08:01:15 +0100] "GET /project/index.php?page=files_production&projectId=33231&path=/Files%20from%20Production/221121 HTTP/1.1" 200 5086 "https://icad.astacus.se/project/index.php?page=project_production&projectId=33231&path=/Files%20from%20Production/221121" "Mozilla/5.0 (Windows NT 10.0; Win64; x64; rv:107.0) Gecko/20100101 Firefox/107.0"
111.93.24.58 - - [21/Nov/2022:08:01:15 +0100] "GET /project/index.php?page=files_production&projectId=33231&path=/Files%20from%20Production/221121 HTTP/1.1" 200 5086 "https://icad.astacus.se/project/index.php?page=files_production&projectId=33231&path=/Files%20from%20Production/221121" "Mozilla/5.0 (Windows NT 10.0; Win64; x64; rv:107.0) Gecko/20100101 Firefox/107.0"
78.128.113.62 - - [21/Nov/2022:08:01:16 +0100] "POST /wp-includes/js/jquery/ui/widget.min.js HTTP/1.1" 200 2599 "-" "Mozilla/5.0 (X11; U; Linux x86_64; en-US; rv:1.9.0.5) Gecko/2008122014 CentOS/3.0.5-1.el4.centos Firefox/3.0.5"
88.131.253.147 - - [21/Nov/2022:08:01:17 +0100] "GET /project/index.php?page=project&projectId=33231&companyId=$&path=/Files%20from%20Customer HTTP/1.1" 200 9121 "https://icad.astacus.se/project/index.php?page=project&projectId=33231&path=" "Mozilla/5.0 (Windows NT 10.0; Win64; x64; rv:106.0) Gecko/20100101 Firefox/106.0"
78.128.113.62 - - [21/Nov/2022:08:01:17 +0100] "POST /wp-includes/js/jquery/ui/widget.min.js HTTP/1.1" 200 2599 "-" "Mozilla/5.0 (X11; U; Linux x86_64; en-US; rv:1.9.0.5) Gecko/2008122014 CentOS/3.0.5-1.el4.centos Firefox/3.0.5"
78.128.113.62 - - [21/Nov/2022:08:01:18 +0100] "POST /wp-includes/js/jquery/ui/widget.min.js HTTP/1.1" 200 2599 "-" "Mozilla/5.0 (X11; U; Linux x86_64; en-US; rv:1.9.0.5) Gecko/2008122014 CentOS/3.0.5-1.el4.centos Firefox/3.0.5"
78.128.113.62 - - [21/Nov/2022:08:01:19 +0100] "POST /wp-includes/js/jquery/ui/widget.min.js HTTP/1.1" 200 2599 "-" "Mozilla/5.0 (X11; U; Linux x86_64; en-US; rv:1.9.0.5) Gecko/2008122014 CentOS/3.0.5-1.el4.centos Firefox/3.0.5"
88.131.253.147 - - [21/Nov/2022:08:01:19 +0100] "GET /project/index.php?page=project&projectId=33231&companyId=$$&path=/Files%20from%20Customer/221019 HTTP/1.1" 200 9244 "https://icad.astacus.se/project/index.php?page=project&projectId=33231&companyId=$&path=/Files%20from%20Customer" "Mozilla/5.0 (Windows NT 10.0; Win64; x64; rv:106.0) Gecko/20100101 Firefox/106.0"
111.93.24.58 - - [21/Nov/2022:08:01:19 +0100] "GET /project/universal/images/file_unknown.png HTTP/1.1" 200 4118 "https://icad.astacus.se/project/index.php?page=files_production&projectId=33231&path=/Files%20from%20Production/221121" "Mozilla/5.0 (Windows NT 10.0; Win64; x64; rv:107.0) Gecko/20100101 Firefox/107.0"
78.128.113.62 - - [21/Nov/2022:08:01:19 +0100] "POST /wp-includes/js/jquery/ui/widget.min.js HTTP/1.1" 200 2599 "-" "Mozilla/5.0 (X11; U; Linux x86_64; en-US; rv:1.9.0.5) Gecko/2008122014 CentOS/3.0.5-1.el4.centos Firefox/3.0.5"
78.128.113.62 - - [21/Nov/2022:08:01:20 +0100] "POST /wp-includes/js/jquery/ui/widget.min.js HTTP/1.1" 200 2599 "-" "Mozilla/5.0 (X11; U; Linux x86_64; en-US; rv:1.9.0.5) Gecko/2008122014 CentOS/3.0.5-1.el4.centos Firefox/3.0.5"
111.93.24.58 - - [21/Nov/2022:08:01:20 +0100] "POST /project/DirUpload.php?projectId=33231&customerId=879&path=%2FFiles+from+Production%2F221121 HTTP/1.1" 200 - "https://icad.astacus.se/project/index.php?page=files_production&projectId=33231&path=/Files%20from%20Production/221121" "Mozilla/5.0 (Windows NT 10.0; Win64; x64; rv:107.0) Gecko/20100101 Firefox/107.0"
111.93.24.58 - - [21/Nov/2022:08:01:21 +0100] "POST /project/DirUpload.php?projectId=33231&customerId=879&path=%2FFiles+from+Production%2F221121 HTTP/1.1" 200 - "https://icad.astacus.se/project/index.php?page=files_production&projectId=33231&path=/Files%20from%20Production/221121" "Mozilla/5.0 (Windows NT 10.0; Win64; x64; rv:107.0) Gecko/20100101 Firefox/107.0"
111.93.24.58 - - [21/Nov/2022:08:01:21 +0100] "POST /project/DirUpload.php?projectId=33231&customerId=879&path=%2FFiles+from+Production%2F221121 HTTP/1.1" 200 - "https://icad.astacus.se/project/index.php?page=files_production&projectId=33231&path=/Files%20from%20Production/221121" "Mozilla/5.0 (Windows NT 10.0; Win64; x64; rv:107.0) Gecko/20100101 Firefox/107.0"
88.131.253.147 - - [21/Nov/2022:08:01:21 +0100] "GET /project/download_singel_file.php?file=/Files%20from%20Customer/221019/A%2002(A).pdf&projectId=33231&customerId=879 HTTP/1.1" 200 122794 "https://icad.astacus.se/project/index.php?page=project&projectId=33231&companyId=$$&path=/Files%20from%20Customer/221019" "Mozilla/5.0 (Windows NT 10.0; Win64; x64; rv:106.0) Gecko/20100101 Firefox/106.0"
111.93.24.58 - - [21/Nov/2022:08:01:21 +0100] "POST /project/DirUpload.php?projectId=33231&customerId=879&path=%2FFiles+from+Production%2F221121 HTTP/1.1" 200 - "https://icad.astacus.se/project/index.php?page=files_production&projectId=33231&path=/Files%20from%20Production/221121" "Mozilla/5.0 (Windows NT 10.0; Win64; x64; rv:107.0) Gecko/20100101 Firefox/107.0"
78.128.113.62 - - [21/Nov/2022:08:01:21 +0100] "POST /wp-includes/js/jquery/ui/widget.min.js HTTP/1.1" 200 2599 "-" "Mozilla/5.0 (X11; U; Linux x86_64; en-US; rv:1.9.0.5) Gecko/2008122014 CentOS/3.0.5-1.el4.centos Firefox/3.0.5"
111.93.24.58 - - [21/Nov/2022:08:01:21 +0100] "POST /project/DirUpload.php?projectId=33231&customerId=879&path=%2FFiles+from+Production%2F221121 HTTP/1.1" 200 - "https://icad.astacus.se/project/index.php?page=files_production&projectId=33231&path=/Files%20from%20Production/221121" "Mozilla/5.0 (Windows NT 10.0; Win64; x64; rv:107.0) Gecko/20100101 Firefox/107.0"
111.93.24.58 - - [21/Nov/2022:08:01:22 +0100] "POST /project/DirUpload.php?projectId=33231&customerId=879&path=%2FFiles+from+Production%2F221121 HTTP/1.1" 200 - "https://icad.astacus.se/project/index.php?page=files_production&projectId=33231&path=/Files%20from%20Production/221121" "Mozilla/5.0 (Windows NT 10.0; Win64; x64; rv:107.0) Gecko/20100101 Firefox/107.0"
111.93.24.58 - - [21/Nov/2022:08:01:22 +0100] "POST /project/DirUpload.php?projectId=33231&customerId=879&path=%2FFiles+from+Production%2F221121 HTTP/1.1" 200 - "https://icad.astacus.se/project/index.php?page=files_production&projectId=33231&path=/Files%20from%20Production/221121" "Mozilla/5.0 (Windows NT 10.0; Win64; x64; rv:107.0) Gecko/20100101 Firefox/107.0"
111.93.24.58 - - [21/Nov/2022:08:01:22 +0100] "POST /project/DirUpload.php?projectId=33231&customerId=879&path=%2FFiles+from+Production%2F221121 HTTP/1.1" 200 - "https://icad.astacus.se/project/index.php?page=files_production&projectId=33231&path=/Files%20from%20Production/221121" "Mozilla/5.0 (Windows NT 10.0; Win64; x64; rv:107.0) Gecko/20100101 Firefox/107.0"
111.93.24.58 - - [21/Nov/2022:08:01:22 +0100] "POST /project/DirUpload.php?projectId=33231&customerId=879&path=%2FFiles+from+Production%2F221121 HTTP/1.1" 200 - "https://icad.astacus.se/project/index.php?page=files_production&projectId=33231&path=/Files%20from%20Production/221121" "Mozilla/5.0 (Windows NT 10.0; Win64; x64; rv:107.0) Gecko/20100101 Firefox/107.0"
78.128.113.62 - - [21/Nov/2022:08:01:22 +0100] "POST /wp-includes/js/jquery/ui/widget.min.js HTTP/1.1" 200 2599 "-" "Mozilla/5.0 (X11; U; Linux x86_64; en-US; rv:1.9.0.5) Gecko/2008122014 CentOS/3.0.5-1.el4.centos Firefox/3.0.5"
185.191.171.35 - - [21/Nov/2022:08:01:23 +0100] "GET /index.php?id=103&page=content HTTP/1.1" 200 4663 "-" "Mozilla/5.0 (compatible; SemrushBot/7~bl; +http://www.semrush.com/bot.html)"
111.93.24.58 - - [21/Nov/2022:08:01:23 +0100] "POST /project/DirUpload.php?projectId=33231&customerId=879&path=%2FFiles+from+Production%2F221121 HTTP/1.1" 200 - "https://icad.astacus.se/project/index.php?page=files_production&projectId=33231&path=/Files%20from%20Production/221121" "Mozilla/5.0 (Windows NT 10.0; Win64; x64; rv:107.0) Gecko/20100101 Firefox/107.0"
111.93.24.58 - - [21/Nov/2022:08:01:23 +0100] "POST /project/DirUpload.php?projectId=33231&customerId=879&path=%2FFiles+from+Production%2F221121 HTTP/1.1" 200 - "https://icad.astacus.se/project/index.php?page=files_production&projectId=33231&path=/Files%20from%20Production/221121" "Mozilla/5.0 (Windows NT 10.0; Win64; x64; rv:107.0) Gecko/20100101 Firefox/107.0"
111.93.24.58 - - [21/Nov/2022:08:01:23 +0100] "GET /project/index.php?page=project_production&projectId=33231&companyId=879&path=/Files%20from%20Production/221121&uploaded=true HTTP/1.1" 200 6879 "https://icad.astacus.se/project/index.php?page=files_production&projectId=33231&path=/Files%20from%20Production/221121" "Mozilla/5.0 (Windows NT 10.0; Win64; x64; rv:107.0) Gecko/20100101 Firefox/107.0"
78.128.113.62 - - [21/Nov/2022:08:01:23 +0100] "POST /wp-includes/js/jquery/ui/widget.min.js HTTP/1.1" 200 2599 "-" "Mozilla/5.0 (X11; U; Linux x86_64; en-US; rv:1.9.0.5) Gecko/2008122014 CentOS/3.0.5-1.el4.centos Firefox/3.0.5"
78.128.113.62 - - [21/Nov/2022:08:01:24 +0100] "POST /wp-includes/js/jquery/ui/widget.min.js HTTP/1.1" 200 2599 "-" "Mozilla/5.0 (X11; U; Linux x86_64; en-US; rv:1.9.0.5) Gecko/2008122014 CentOS/3.0.5-1.el4.centos Firefox/3.0.5"
78.128.113.62 - - [21/Nov/2022:08:01:24 +0100] "POST /wp-includes/js/jquery/ui/widget.min.js HTTP/1.1" 200 2599 "-" "Mozilla/5.0 (X11; U; Linux x86_64; en-US; rv:1.9.0.5) Gecko/2008122014 CentOS/3.0.5-1.el4.centos Firefox/3.0.5"
78.128.113.62 - - [21/Nov/2022:08:01:25 +0100] "POST /wp-includes/js/jquery/ui/widget.min.js HTTP/1.1" 200 2599 "-" "Mozilla/5.0 (X11; U; Linux x86_64; en-US; rv:1.9.0.5) Gecko/2008122014 CentOS/3.0.5-1.el4.centos Firefox/3.0.5"
78.128.113.62 - - [21/Nov/2022:08:01:26 +0100] "POST /wp-includes/js/jquery/ui/widget.min.js HTTP/1.1" 200 2599 "-" "Mozilla/5.0 (X11; U; Linux x86_64; en-US; rv:1.9.0.5) Gecko/2008122014 CentOS/3.0.5-1.el4.centos Firefox/3.0.5"
78.128.113.62 - - [21/Nov/2022:08:01:26 +0100] "POST /wp-includes/js/jquery/ui/widget.min.js HTTP/1.1" 200 2599 "-" "Mozilla/5.0 (X11; U; Linux x86_64; en-US; rv:1.9.0.5) Gecko/2008122014 CentOS/3.0.5-1.el4.centos Firefox/3.0.5"
78.128.113.62 - - [21/Nov/2022:08:01:27 +0100] "POST /wp-includes/js/jquery/ui/widget.min.js HTTP/1.1" 200 2599 "-" "Mozilla/5.0 (X11; U; Linux x86_64; en-US; rv:1.9.0.5) Gecko/2008122014 CentOS/3.0.5-1.el4.centos Firefox/3.0.5"
78.128.113.62 - - [21/Nov/2022:08:01:28 +0100] "POST /wp-includes/js/jquery/ui/widget.min.js HTTP/1.1" 200 2599 "-" "Mozilla/5.0 (X11; U; Linux x86_64; en-US; rv:1.9.0.5) Gecko/2008122014 CentOS/3.0.5-1.el4.centos Firefox/3.0.5"
78.128.113.62 - - [21/Nov/2022:08:01:29 +0100] "POST /wp-includes/js/jquery/ui/widget.min.js HTTP/1.1" 200 2599 "-" "Mozilla/5.0 (X11; U; Linux x86_64; en-US; rv:1.9.0.5) Gecko/2008122014 CentOS/3.0.5-1.el4.centos Firefox/3.0.5"
78.128.113.62 - - [21/Nov/2022:08:01:29 +0100] "POST /wp-includes/js/jquery/ui/widget.min.js HTTP/1.1" 200 2599 "-" "Mozilla/5.0 (X11; U; Linux x86_64; en-US; rv:1.9.0.5) Gecko/2008122014 CentOS/3.0.5-1.el4.centos Firefox/3.0.5"
78.128.113.62 - - [21/Nov/2022:08:01:30 +0100] "POST /wp-includes/js/jquery/ui/widget.min.js HTTP/1.1" 200 2599 "-" "Mozilla/5.0 (X11; U; Linux x86_64; en-US; rv:1.9.0.5) Gecko/2008122014 CentOS/3.0.5-1.el4.centos Firefox/3.0.5"
78.128.113.62 - - [21/Nov/2022:08:01:31 +0100] "POST /wp-includes/js/jquery/ui/widget.min.js HTTP/1.1" 200 2599 "-" "Mozilla/5.0 (X11; U; Linux x86_64; en-US; rv:1.9.0.5) Gecko/2008122014 CentOS/3.0.5-1.el4.centos Firefox/3.0.5"
78.128.113.62 - - [21/Nov/2022:08:01:32 +0100] "POST /wp-includes/js/jquery/ui/widget.min.js HTTP/1.1" 200 2599 "-" "Mozilla/5.0 (X11; U; Linux x86_64; en-US; rv:1.9.0.5) Gecko/2008122014 CentOS/3.0.5-1.el4.centos Firefox/3.0.5"
78.128.113.62 - - [21/Nov/2022:08:01:32 +0100] "POST /wp-includes/js/jquery/ui/widget.min.js HTTP/1.1" 200 2599 "-" "Mozilla/5.0 (X11; U; Linux x86_64; en-US; rv:1.9.0.5) Gecko/2008122014 CentOS/3.0.5-1.el4.centos Firefox/3.0.5"
78.128.113.62 - - [21/Nov/2022:08:01:33 +0100] "POST /wp-includes/js/jquery/ui/widget.min.js HTTP/1.1" 200 2599 "-" "Mozilla/5.0 (X11; U; Linux x86_64; en-US; rv:1.9.0.5) Gecko/2008122014 CentOS/3.0.5-1.el4.centos Firefox/3.0.5"
14.98.175.41 - - [21/Nov/2022:08:01:33 +0100] "POST /productionzon/addlogg.php?ProjectId=33387&type=logg HTTP/1.1" 302 - "https://icad.astacus.se/productionzon/index.php?page=logg&projectId=33387" "Mozilla/5.0 (Windows NT 10.0; Win64; x64) AppleWebKit/537.36 (KHTML, like Gecko) Chrome/107.0.0.0 Safari/537.36"
78.128.113.62 - - [21/Nov/2022:08:01:34 +0100] "POST /wp-includes/js/jquery/ui/widget.min.js HTTP/1.1" 200 2599 "-" "Mozilla/5.0 (X11; U; Linux x86_64; en-US; rv:1.9.0.5) Gecko/2008122014 CentOS/3.0.5-1.el4.centos Firefox/3.0.5"
14.98.175.41 - - [21/Nov/2022:08:01:34 +0100] "GET /productionzon/index.php?page=logg&projectId=33387 HTTP/1.1" 200 4227 "https://icad.astacus.se/productionzon/index.php?page=logg&projectId=33387" "Mozilla/5.0 (Windows NT 10.0; Win64; x64) AppleWebKit/537.36 (KHTML, like Gecko) Chrome/107.0.0.0 Safari/537.36"
78.128.113.62 - - [21/Nov/2022:08:01:34 +0100] "POST /wp-includes/js/jquery/ui/widget.min.js HTTP/1.1" 200 2599 "-" "Mozilla/5.0 (X11; U; Linux x86_64; en-US; rv:1.9.0.5) Gecko/2008122014 CentOS/3.0.5-1.el4.centos Firefox/3.0.5"
78.128.113.62 - - [21/Nov/2022:08:01:35 +0100] "POST /wp-includes/js/jquery/ui/widget.min.js HTTP/1.1" 200 2599 "-" "Mozilla/5.0 (X11; U; Linux x86_64; en-US; rv:1.9.0.5) Gecko/2008122014 CentOS/3.0.5-1.el4.centos Firefox/3.0.5"
78.128.113.62 - - [21/Nov/2022:08:01:36 +0100] "POST /wp-includes/js/jquery/ui/widget.min.js HTTP/1.1" 200 2599 "-" "Mozilla/5.0 (X11; U; Linux x86_64; en-US; rv:1.9.0.5) Gecko/2008122014 CentOS/3.0.5-1.el4.centos Firefox/3.0.5"
14.98.175.41 - - [21/Nov/2022:08:01:37 +0100] "GET /productionzon/index.php?page=project&projectId=33387 HTTP/1.1" 200 4595 "https://icad.astacus.se/productionzon/index.php?page=logg&projectId=33387" "Mozilla/5.0 (Windows NT 10.0; Win64; x64) AppleWebKit/537.36 (KHTML, like Gecko) Chrome/107.0.0.0 Safari/537.36"
78.128.113.62 - - [21/Nov/2022:08:01:37 +0100] "POST /wp-includes/js/jquery/ui/widget.min.js HTTP/1.1" 200 2599 "-" "Mozilla/5.0 (X11; U; Linux x86_64; en-US; rv:1.9.0.5) Gecko/2008122014 CentOS/3.0.5-1.el4.centos Firefox/3.0.5"
78.128.113.62 - - [21/Nov/2022:08:01:38 +0100] "POST /wp-includes/js/jquery/ui/widget.min.js HTTP/1.1" 200 2599 "-" "Mozilla/5.0 (X11; U; Linux x86_64; en-US; rv:1.9.0.5) Gecko/2008122014 CentOS/3.0.5-1.el4.centos Firefox/3.0.5"
78.128.113.62 - - [21/Nov/2022:08:01:39 +0100] "POST /wp-includes/js/jquery/ui/widget.min.js HTTP/1.1" 200 2599 "-" "Mozilla/5.0 (X11; U; Linux x86_64; en-US; rv:1.9.0.5) Gecko/2008122014 CentOS/3.0.5-1.el4.centos Firefox/3.0.5"
78.128.113.62 - - [21/Nov/2022:08:01:40 +0100] "POST /wp-includes/js/jquery/ui/widget.min.js HTTP/1.1" 200 2599 "-" "Mozilla/5.0 (X11; U; Linux x86_64; en-US; rv:1.9.0.5) Gecko/2008122014 CentOS/3.0.5-1.el4.centos Firefox/3.0.5"
::1 - - [21/Nov/2022:08:01:40 +0100] "OPTIONS * HTTP/1.0" 200 - "-" "Apache/2.4.7 (Ubuntu) PHP/5.5.9-1ubuntu4.29 OpenSSL/1.0.1f (internal dummy connection)"
78.128.113.62 - - [21/Nov/2022:08:01:41 +0100] "POST /wp-includes/js/jquery/ui/widget.min.js HTTP/1.1" 200 2599 "-" "Mozilla/5.0 (X11; U; Linux x86_64; en-US; rv:1.9.0.5) Gecko/2008122014 CentOS/3.0.5-1.el4.centos Firefox/3.0.5"
78.128.113.62 - - [21/Nov/2022:08:01:42 +0100] "POST /wp-includes/js/jquery/ui/widget.min.js HTTP/1.1" 200 2599 "-" "Mozilla/5.0 (X11; U; Linux x86_64; en-US; rv:1.9.0.5) Gecko/2008122014 CentOS/3.0.5-1.el4.centos Firefox/3.0.5"
78.128.113.62 - - [21/Nov/2022:08:01:42 +0100] "POST /wp-includes/js/jquery/ui/widget.min.js HTTP/1.1" 200 2599 "-" "Mozilla/5.0 (X11; U; Linux x86_64; en-US; rv:1.9.0.5) Gecko/2008122014 CentOS/3.0.5-1.el4.centos Firefox/3.0.5"
78.128.113.62 - - [21/Nov/2022:08:01:43 +0100] "POST /wp-includes/js/jquery/ui/widget.min.js HTTP/1.1" 200 2599 "-" "Mozilla/5.0 (X11; U; Linux x86_64; en-US; rv:1.9.0.5) Gecko/2008122014 CentOS/3.0.5-1.el4.centos Firefox/3.0.5"
78.128.113.62 - - [21/Nov/2022:08:01:44 +0100] "POST /wp-includes/js/jquery/ui/widget.min.js HTTP/1.1" 200 2599 "-" "Mozilla/5.0 (X11; U; Linux x86_64; en-US; rv:1.9.0.5) Gecko/2008122014 CentOS/3.0.5-1.el4.centos Firefox/3.0.5"
111.93.24.58 - - [21/Nov/2022:08:01:44 +0100] "GET /?page=loggain&goto=approject HTTP/1.1" 200 1269 "-" "Mozilla/5.0 (Windows NT 10.0; Win64; x64; rv:107.0) Gecko/20100101 Firefox/107.0"
111.93.24.58 - - [21/Nov/2022:08:01:44 +0100] "GET /main.css HTTP/1.1" 200 415 "https://icad.astacus.se/?page=loggain&goto=approject" "Mozilla/5.0 (Windows NT 10.0; Win64; x64; rv:107.0) Gecko/20100101 Firefox/107.0"
111.93.24.58 - - [21/Nov/2022:08:01:44 +0100] "GET /images/facebook.jpg HTTP/1.1" 200 3874 "https://icad.astacus.se/?page=loggain&goto=approject" "Mozilla/5.0 (Windows NT 10.0; Win64; x64; rv:107.0) Gecko/20100101 Firefox/107.0"
78.128.113.62 - - [21/Nov/2022:08:01:44 +0100] "POST /wp-includes/js/jquery/ui/widget.min.js HTTP/1.1" 200 2599 "-" "Mozilla/5.0 (X11; U; Linux x86_64; en-US; rv:1.9.0.5) Gecko/2008122014 CentOS/3.0.5-1.el4.centos Firefox/3.0.5"
111.93.24.58 - - [21/Nov/2022:08:01:44 +0100] "GET /images/astacus.jpg HTTP/1.1" 200 2244 "https://icad.astacus.se/?page=loggain&goto=approject" "Mozilla/5.0 (Windows NT 10.0; Win64; x64; rv:107.0) Gecko/20100101 Firefox/107.0"
14.98.175.41 - - [21/Nov/2022:08:01:45 +0100] "GET /productionzon/index.php?page=logg&projectId=33387 HTTP/1.1" 200 4227 "https://icad.astacus.se/productionzon/index.php?page=project&projectId=33387" "Mozilla/5.0 (Windows NT 10.0; Win64; x64) AppleWebKit/537.36 (KHTML, like Gecko) Chrome/107.0.0.0 Safari/537.36"
78.128.113.62 - - [21/Nov/2022:08:01:45 +0100] "POST /wp-includes/js/jquery/ui/widget.min.js HTTP/1.1" 200 2599 "-" "Mozilla/5.0 (X11; U; Linux x86_64; en-US; rv:1.9.0.5) Gecko/2008122014 CentOS/3.0.5-1.el4.centos Firefox/3.0.5"
