111.93.24.58 - - [21/Nov/2022:08:38:46 +0100] "GET /timereport_india/addtime.php HTTP/1.1" 200 4494 "http://appsrv.astacus.se/timereport_india/start.php?trigeoid=TTPV1116" "Mozilla/5.0 (Windows NT 6.1; Win64; x64; rv:107.0) Gecko/20100101 Firefox/107.0"
90.235.70.60 - - [21/Nov/2022:08:38:47 +0100] "POST /login/scripts/setUserPosition.php HTTP/1.1" 200 115 "-" "Supervision/5.5 (se.astacus.labs.Supervision; build:5.5; iOS 10.3.4) Alamofire/4.5.1"
90.235.70.60 - - [21/Nov/2022:08:38:48 +0100] "POST /login/scripts/setUserPosition.php HTTP/1.1" 200 116 "-" "Supervision/5.5 (se.astacus.labs.Supervision; build:5.5; iOS 10.3.4) Alamofire/4.5.1"
90.235.70.60 - - [21/Nov/2022:08:38:49 +0100] "POST /login/scripts/setUserPosition.php HTTP/1.1" 200 116 "-" "Supervision/5.5 (se.astacus.labs.Supervision; build:5.5; iOS 10.3.4) Alamofire/4.5.1"
90.235.70.60 - - [21/Nov/2022:08:38:50 +0100] "POST /login/scripts/setUserPosition.php HTTP/1.1" 200 116 "-" "Supervision/5.5 (se.astacus.labs.Supervision; build:5.5; iOS 10.3.4) Alamofire/4.5.1"
90.235.70.60 - - [21/Nov/2022:08:38:51 +0100] "POST /login/scripts/setUserPosition.php HTTP/1.1" 200 116 "-" "Supervision/5.5 (se.astacus.labs.Supervision; build:5.5; iOS 10.3.4) Alamofire/4.5.1"
90.235.70.60 - - [21/Nov/2022:08:38:52 +0100] "POST /login/scripts/setUserPosition.php HTTP/1.1" 200 116 "-" "Supervision/5.5 (se.astacus.labs.Supervision; build:5.5; iOS 10.3.4) Alamofire/4.5.1"
90.235.70.60 - - [21/Nov/2022:08:38:53 +0100] "POST /login/scripts/setUserPosition.php HTTP/1.1" 200 115 "-" "Supervision/5.5 (se.astacus.labs.Supervision; build:5.5; iOS 10.3.4) Alamofire/4.5.1"
90.235.70.60 - - [21/Nov/2022:08:38:54 +0100] "POST /login/scripts/setUserPosition.php HTTP/1.1" 200 116 "-" "Supervision/5.5 (se.astacus.labs.Supervision; build:5.5; iOS 10.3.4) Alamofire/4.5.1"
90.235.70.60 - - [21/Nov/2022:08:38:55 +0100] "POST /login/scripts/setUserPosition.php HTTP/1.1" 200 115 "-" "Supervision/5.5 (se.astacus.labs.Supervision; build:5.5; iOS 10.3.4) Alamofire/4.5.1"
90.235.70.60 - - [21/Nov/2022:08:38:56 +0100] "POST /login/scripts/setUserPosition.php HTTP/1.1" 200 115 "-" "Supervision/5.5 (se.astacus.labs.Supervision; build:5.5; iOS 10.3.4) Alamofire/4.5.1"
::1 - - [21/Nov/2022:08:38:56 +0100] "OPTIONS * HTTP/1.0" 200 - "-" "Apache/2.4.7 (Ubuntu) PHP/5.5.9-1ubuntu4.29 OpenSSL/1.0.1f (internal dummy connection)"
90.235.70.60 - - [21/Nov/2022:08:38:57 +0100] "POST /login/scripts/setUserPosition.php HTTP/1.1" 200 115 "-" "Supervision/5.5 (se.astacus.labs.Supervision; build:5.5; iOS 10.3.4) Alamofire/4.5.1"
90.235.70.60 - - [21/Nov/2022:08:38:58 +0100] "POST /login/scripts/setUserPosition.php HTTP/1.1" 200 114 "-" "Supervision/5.5 (se.astacus.labs.Supervision; build:5.5; iOS 10.3.4) Alamofire/4.5.1"
90.235.70.60 - - [21/Nov/2022:08:38:59 +0100] "POST /login/scripts/setUserPosition.php HTTP/1.1" 200 115 "-" "Supervision/5.5 (se.astacus.labs.Supervision; build:5.5; iOS 10.3.4) Alamofire/4.5.1"
90.235.70.60 - - [21/Nov/2022:08:39:01 +0100] "POST /login/scripts/setUserPosition.php HTTP/1.1" 200 116 "-" "Supervision/5.5 (se.astacus.labs.Supervision; build:5.5; iOS 10.3.4) Alamofire/4.5.1"
90.235.70.60 - - [21/Nov/2022:08:39:01 +0100] "POST /login/scripts/setUserPosition.php HTTP/1.1" 200 116 "-" "Supervision/5.5 (se.astacus.labs.Supervision; build:5.5; iOS 10.3.4) Alamofire/4.5.1"
90.235.70.60 - - [21/Nov/2022:08:39:02 +0100] "POST /login/scripts/setUserPosition.php HTTP/1.1" 200 113 "-" "Supervision/5.5 (se.astacus.labs.Supervision; build:5.5; iOS 10.3.4) Alamofire/4.5.1"
::1 - - [21/Nov/2022:08:39:02 +0100] "OPTIONS * HTTP/1.0" 200 - "-" "Apache/2.4.7 (Ubuntu) PHP/5.5.9-1ubuntu4.29 OpenSSL/1.0.1f (internal dummy connection)"
90.235.70.60 - - [21/Nov/2022:08:39:03 +0100] "POST /login/scripts/setUserPosition.php HTTP/1.1" 200 115 "-" "Supervision/5.5 (se.astacus.labs.Supervision; build:5.5; iOS 10.3.4) Alamofire/4.5.1"
90.235.70.60 - - [21/Nov/2022:08:39:04 +0100] "POST /login/scripts/setUserPosition.php HTTP/1.1" 200 116 "-" "Supervision/5.5 (se.astacus.labs.Supervision; build:5.5; iOS 10.3.4) Alamofire/4.5.1"
90.235.70.60 - - [21/Nov/2022:08:39:05 +0100] "POST /login/scripts/setUserPosition.php HTTP/1.1" 200 116 "-" "Supervision/5.5 (se.astacus.labs.Supervision; build:5.5; iOS 10.3.4) Alamofire/4.5.1"
90.235.70.60 - - [21/Nov/2022:08:39:06 +0100] "POST /login/scripts/setUserPosition.php HTTP/1.1" 200 116 "-" "Supervision/5.5 (se.astacus.labs.Supervision; build:5.5; iOS 10.3.4) Alamofire/4.5.1"
90.235.70.60 - - [21/Nov/2022:08:39:07 +0100] "POST /login/scripts/setUserPosition.php HTTP/1.1" 200 114 "-" "Supervision/5.5 (se.astacus.labs.Supervision; build:5.5; iOS 10.3.4) Alamofire/4.5.1"
90.235.70.60 - - [21/Nov/2022:08:39:09 +0100] "POST /login/scripts/setUserPosition.php HTTP/1.1" 200 116 "-" "Supervision/5.5 (se.astacus.labs.Supervision; build:5.5; iOS 10.3.4) Alamofire/4.5.1"
90.235.70.60 - - [21/Nov/2022:08:39:09 +0100] "POST /login/scripts/setUserPosition.php HTTP/1.1" 200 114 "-" "Supervision/5.5 (se.astacus.labs.Supervision; build:5.5; iOS 10.3.4) Alamofire/4.5.1"
90.235.70.60 - - [21/Nov/2022:08:39:10 +0100] "POST /login/scripts/setUserPosition.php HTTP/1.1" 200 116 "-" "Supervision/5.5 (se.astacus.labs.Supervision; build:5.5; iOS 10.3.4) Alamofire/4.5.1"
90.235.70.60 - - [21/Nov/2022:08:39:11 +0100] "POST /login/scripts/setUserPosition.php HTTP/1.1" 200 116 "-" "Supervision/5.5 (se.astacus.labs.Supervision; build:5.5; iOS 10.3.4) Alamofire/4.5.1"
90.235.70.60 - - [21/Nov/2022:08:39:12 +0100] "POST /login/scripts/setUserPosition.php HTTP/1.1" 200 116 "-" "Supervision/5.5 (se.astacus.labs.Supervision; build:5.5; iOS 10.3.4) Alamofire/4.5.1"
90.235.70.60 - - [21/Nov/2022:08:39:13 +0100] "POST /login/scripts/setUserPosition.php HTTP/1.1" 200 116 "-" "Supervision/5.5 (se.astacus.labs.Supervision; build:5.5; iOS 10.3.4) Alamofire/4.5.1"
90.235.70.60 - - [21/Nov/2022:08:39:14 +0100] "POST /login/scripts/setUserPosition.php HTTP/1.1" 200 116 "-" "Supervision/5.5 (se.astacus.labs.Supervision; build:5.5; iOS 10.3.4) Alamofire/4.5.1"
90.235.70.60 - - [21/Nov/2022:08:39:15 +0100] "POST /login/scripts/setUserPosition.php HTTP/1.1" 200 114 "-" "Supervision/5.5 (se.astacus.labs.Supervision; build:5.5; iOS 10.3.4) Alamofire/4.5.1"
90.235.70.60 - - [21/Nov/2022:08:39:16 +0100] "POST /login/scripts/setUserPosition.php HTTP/1.1" 200 116 "-" "Supervision/5.5 (se.astacus.labs.Supervision; build:5.5; iOS 10.3.4) Alamofire/4.5.1"
90.235.70.60 - - [21/Nov/2022:08:39:17 +0100] "POST /login/scripts/setUserPosition.php HTTP/1.1" 200 116 "-" "Supervision/5.5 (se.astacus.labs.Supervision; build:5.5; iOS 10.3.4) Alamofire/4.5.1"
90.235.70.60 - - [21/Nov/2022:08:39:18 +0100] "POST /login/scripts/setUserPosition.php HTTP/1.1" 200 116 "-" "Supervision/5.5 (se.astacus.labs.Supervision; build:5.5; iOS 10.3.4) Alamofire/4.5.1"
111.93.24.58 - - [21/Nov/2022:08:39:19 +0100] "GET /timereport_india/savetime.php?str=%22[{\\%22rowid\\%22:1669016593793,\\%22projectid\\%22:\\%2224436\\%22,\\%22activityid\\%22:\\%223\\%22,\\%22activity\\%22:\\%22Internal%20meeting\\%22,\\%22intervall\\%22:\\%2206:15%20-%2006:30%20Rast:%2000:00\\%22,\\%22hrs\\%22:\\%2200:15\\%22,\\%22comment\\%22:\\%22\\%22,\\%22username\\%22:\\%22M.Hemanth%20Kumar%20(TTPV1116)\\%22,\\%22datum\\%22:\\%222022-11-21\\%22},{\\%22rowid\\%22:1669016612409,\\%22projectid\\%22:\\%2224437\\%22,\\%22activityid\\%22:\\%224\\%22,\\%22activity\\%22:\\%22Training\\%22,\\%22intervall\\%22:\\%2206:30%20-%2013:15%20Rast:%2000:30\\%22,\\%22hrs\\%22:\\%2206:15\\%22,\\%22comment\\%22:\\%22\\%22,\\%22username\\%22:\\%22M.Hemanth%20Kumar%20(TTPV1116)\\%22,\\%22datum\\%22:\\%222022-11-21\\%22}]%22&username=M.Hemanth%20Kumar%20(TTPV1116)&workdate=2022-11-21&type=new HTTP/1.1" 302 - "http://appsrv.astacus.se/timereport_india/addtime.php" "Mozilla/5.0 (Windows NT 6.1; Win64; x64; rv:107.0) Gecko/20100101 Firefox/107.0"
90.235.70.60 - - [21/Nov/2022:08:39:19 +0100] "POST /login/scripts/setUserPosition.php HTTP/1.1" 200 114 "-" "Supervision/5.5 (se.astacus.labs.Supervision; build:5.5; iOS 10.3.4) Alamofire/4.5.1"
111.93.24.58 - - [21/Nov/2022:08:39:19 +0100] "GET /timereport_india/addtime.php?message=Thank%20you!%20The%20time%20has%20been%20reported!&result=1 HTTP/1.1" 200 4539 "http://appsrv.astacus.se/timereport_india/addtime.php" "Mozilla/5.0 (Windows NT 6.1; Win64; x64; rv:107.0) Gecko/20100101 Firefox/107.0"
90.235.70.60 - - [21/Nov/2022:08:39:20 +0100] "POST /login/scripts/setUserPosition.php HTTP/1.1" 200 115 "-" "Supervision/5.5 (se.astacus.labs.Supervision; build:5.5; iOS 10.3.4) Alamofire/4.5.1"
90.235.70.60 - - [21/Nov/2022:08:39:20 +0100] "POST /login/scripts/setUserPosition.php HTTP/1.1" 200 116 "-" "Supervision/5.5 (se.astacus.labs.Supervision; build:5.5; iOS 10.3.4) Alamofire/4.5.1"
90.235.70.60 - - [21/Nov/2022:08:39:21 +0100] "POST /login/scripts/setUserPosition.php HTTP/1.1" 200 116 "-" "Supervision/5.5 (se.astacus.labs.Supervision; build:5.5; iOS 10.3.4) Alamofire/4.5.1"
90.235.70.60 - - [21/Nov/2022:08:39:21 +0100] "POST /login/scripts/setUserPosition.php HTTP/1.1" 200 116 "-" "Supervision/5.5 (se.astacus.labs.Supervision; build:5.5; iOS 10.3.4) Alamofire/4.5.1"
90.235.70.60 - - [21/Nov/2022:08:39:22 +0100] "POST /login/scripts/setUserPosition.php HTTP/1.1" 200 116 "-" "Supervision/5.5 (se.astacus.labs.Supervision; build:5.5; iOS 10.3.4) Alamofire/4.5.1"
54.36.148.69 - - [21/Nov/2022:08:39:22 +0100] "GET /apps/school/www_old5/img/LevelG/Category2/LevelGCat2Lesson15/?C=M;O=A HTTP/1.1" 200 493 "-" "Mozilla/5.0 (compatible; AhrefsBot/7.0; +http://ahrefs.com/robot/)"
90.235.70.60 - - [21/Nov/2022:08:39:23 +0100] "POST /login/scripts/setUserPosition.php HTTP/1.1" 200 116 "-" "Supervision/5.5 (se.astacus.labs.Supervision; build:5.5; iOS 10.3.4) Alamofire/4.5.1"
90.235.70.60 - - [21/Nov/2022:08:39:25 +0100] "POST /login/scripts/setUserPosition.php HTTP/1.1" 200 116 "-" "Supervision/5.5 (se.astacus.labs.Supervision; build:5.5; iOS 10.3.4) Alamofire/4.5.1"
90.235.70.60 - - [21/Nov/2022:08:39:25 +0100] "POST /login/scripts/setUserPosition.php HTTP/1.1" 200 116 "-" "Supervision/5.5 (se.astacus.labs.Supervision; build:5.5; iOS 10.3.4) Alamofire/4.5.1"
90.235.70.60 - - [21/Nov/2022:08:39:25 +0100] "POST /login/scripts/setUserPosition.php HTTP/1.1" 200 116 "-" "Supervision/5.5 (se.astacus.labs.Supervision; build:5.5; iOS 10.3.4) Alamofire/4.5.1"
90.235.70.60 - - [21/Nov/2022:08:39:25 +0100] "POST /login/scripts/setUserPosition.php HTTP/1.1" 200 116 "-" "Supervision/5.5 (se.astacus.labs.Supervision; build:5.5; iOS 10.3.4) Alamofire/4.5.1"
90.235.70.60 - - [21/Nov/2022:08:39:26 +0100] "POST /login/scripts/setUserPosition.php HTTP/1.1" 200 116 "-" "Supervision/5.5 (se.astacus.labs.Supervision; build:5.5; iOS 10.3.4) Alamofire/4.5.1"
90.235.70.60 - - [21/Nov/2022:08:39:27 +0100] "POST /login/scripts/setUserPosition.php HTTP/1.1" 200 115 "-" "Supervision/5.5 (se.astacus.labs.Supervision; build:5.5; iOS 10.3.4) Alamofire/4.5.1"
90.235.70.60 - - [21/Nov/2022:08:39:27 +0100] "POST /login/scripts/setUserPosition.php HTTP/1.1" 200 115 "-" "Supervision/5.5 (se.astacus.labs.Supervision; build:5.5; iOS 10.3.4) Alamofire/4.5.1"
88.131.253.147 - - [21/Nov/2022:08:39:28 +0100] "GET /project/index.php?companyId=2465 HTTP/1.1" 200 87639 "https://icad.astacus.se/project/index.php?companyId=555&button=Show" "Mozilla/5.0 (Windows NT 10.0; Win64; x64; rv:106.0) Gecko/20100101 Firefox/106.0"
90.235.70.60 - - [21/Nov/2022:08:39:29 +0100] "POST /login/scripts/setUserPosition.php HTTP/1.1" 200 116 "-" "Supervision/5.5 (se.astacus.labs.Supervision; build:5.5; iOS 10.3.4) Alamofire/4.5.1"
90.235.70.60 - - [21/Nov/2022:08:39:30 +0100] "POST /login/scripts/setUserPosition.php HTTP/1.1" 200 114 "-" "Supervision/5.5 (se.astacus.labs.Supervision; build:5.5; iOS 10.3.4) Alamofire/4.5.1"
88.131.253.147 - - [21/Nov/2022:08:39:32 +0100] "GET /project/index.php?companyId=2465&page=project&projectId=33190 HTTP/1.1" 200 9151 "https://icad.astacus.se/project/index.php?companyId=2465" "Mozilla/5.0 (Windows NT 10.0; Win64; x64; rv:106.0) Gecko/20100101 Firefox/106.0"
90.235.70.60 - - [21/Nov/2022:08:39:32 +0100] "POST /login/scripts/setUserPosition.php HTTP/1.1" 200 116 "-" "Supervision/5.5 (se.astacus.labs.Supervision; build:5.5; iOS 10.3.4) Alamofire/4.5.1"
90.235.70.60 - - [21/Nov/2022:08:39:33 +0100] "POST /login/scripts/setUserPosition.php HTTP/1.1" 200 116 "-" "Supervision/5.5 (se.astacus.labs.Supervision; build:5.5; iOS 10.3.4) Alamofire/4.5.1"
::1 - - [21/Nov/2022:08:39:34 +0100] "OPTIONS * HTTP/1.0" 200 - "-" "Apache/2.4.7 (Ubuntu) PHP/5.5.9-1ubuntu4.29 OpenSSL/1.0.1f (internal dummy connection)"
90.235.70.60 - - [21/Nov/2022:08:39:38 +0100] "POST /login/scripts/setUserPosition.php HTTP/1.1" 200 115 "-" "Supervision/5.5 (se.astacus.labs.Supervision; build:5.5; iOS 10.3.4) Alamofire/4.5.1"
90.235.70.60 - - [21/Nov/2022:08:39:38 +0100] "POST /login/scripts/setUserPosition.php HTTP/1.1" 200 115 "-" "Supervision/5.5 (se.astacus.labs.Supervision; build:5.5; iOS 10.3.4) Alamofire/4.5.1"
90.235.70.60 - - [21/Nov/2022:08:39:41 +0100] "POST /login/scripts/setUserPosition.php HTTP/1.1" 200 116 "-" "Supervision/5.5 (se.astacus.labs.Supervision; build:5.5; iOS 10.3.4) Alamofire/4.5.1"
90.235.70.60 - - [21/Nov/2022:08:39:41 +0100] "POST /login/scripts/setUserPosition.php HTTP/1.1" 200 115 "-" "Supervision/5.5 (se.astacus.labs.Supervision; build:5.5; iOS 10.3.4) Alamofire/4.5.1"
90.235.70.60 - - [21/Nov/2022:08:39:42 +0100] "POST /login/scripts/setUserPosition.php HTTP/1.1" 200 115 "-" "Supervision/5.5 (se.astacus.labs.Supervision; build:5.5; iOS 10.3.4) Alamofire/4.5.1"
90.235.70.60 - - [21/Nov/2022:08:39:43 +0100] "POST /login/scripts/setUserPosition.php HTTP/1.1" 200 113 "-" "Supervision/5.5 (se.astacus.labs.Supervision; build:5.5; iOS 10.3.4) Alamofire/4.5.1"
90.235.70.60 - - [21/Nov/2022:08:39:44 +0100] "POST /login/scripts/setUserPosition.php HTTP/1.1" 200 116 "-" "Supervision/5.5 (se.astacus.labs.Supervision; build:5.5; iOS 10.3.4) Alamofire/4.5.1"
90.235.70.60 - - [21/Nov/2022:08:39:44 +0100] "POST /login/scripts/setUserPosition.php HTTP/1.1" 200 115 "-" "Supervision/5.5 (se.astacus.labs.Supervision; build:5.5; iOS 10.3.4) Alamofire/4.5.1"
90.235.70.60 - - [21/Nov/2022:08:39:45 +0100] "POST /login/scripts/setUserPosition.php HTTP/1.1" 200 116 "-" "Supervision/5.5 (se.astacus.labs.Supervision; build:5.5; iOS 10.3.4) Alamofire/4.5.1"
90.235.70.60 - - [21/Nov/2022:08:39:46 +0100] "POST /login/scripts/setUserPosition.php HTTP/1.1" 200 116 "-" "Supervision/5.5 (se.astacus.labs.Supervision; build:5.5; iOS 10.3.4) Alamofire/4.5.1"
90.235.70.60 - - [21/Nov/2022:08:39:47 +0100] "POST /login/scripts/setUserPosition.php HTTP/1.1" 200 115 "-" "Supervision/5.5 (se.astacus.labs.Supervision; build:5.5; iOS 10.3.4) Alamofire/4.5.1"
90.235.70.60 - - [21/Nov/2022:08:39:49 +0100] "POST /login/scripts/setUserPosition.php HTTP/1.1" 200 116 "-" "Supervision/5.5 (se.astacus.labs.Supervision; build:5.5; iOS 10.3.4) Alamofire/4.5.1"
90.235.70.60 - - [21/Nov/2022:08:39:49 +0100] "POST /login/scripts/setUserPosition.php HTTP/1.1" 200 116 "-" "Supervision/5.5 (se.astacus.labs.Supervision; build:5.5; iOS 10.3.4) Alamofire/4.5.1"
90.235.70.60 - - [21/Nov/2022:08:39:50 +0100] "POST /login/scripts/setUserPosition.php HTTP/1.1" 200 115 "-" "Supervision/5.5 (se.astacus.labs.Supervision; build:5.5; iOS 10.3.4) Alamofire/4.5.1"
90.235.70.60 - - [21/Nov/2022:08:39:50 +0100] "POST /login/scripts/setUserPosition.php HTTP/1.1" 200 116 "-" "Supervision/5.5 (se.astacus.labs.Supervision; build:5.5; iOS 10.3.4) Alamofire/4.5.1"
90.235.70.60 - - [21/Nov/2022:08:39:51 +0100] "POST /login/scripts/setUserPosition.php HTTP/1.1" 200 116 "-" "Supervision/5.5 (se.astacus.labs.Supervision; build:5.5; iOS 10.3.4) Alamofire/4.5.1"
90.235.70.60 - - [21/Nov/2022:08:39:52 +0100] "POST /login/scripts/setUserPosition.php HTTP/1.1" 200 115 "-" "Supervision/5.5 (se.astacus.labs.Supervision; build:5.5; iOS 10.3.4) Alamofire/4.5.1"
90.235.70.60 - - [21/Nov/2022:08:39:53 +0100] "POST /login/scripts/setUserPosition.php HTTP/1.1" 200 115 "-" "Supervision/5.5 (se.astacus.labs.Supervision; build:5.5; iOS 10.3.4) Alamofire/4.5.1"
90.235.70.60 - - [21/Nov/2022:08:39:54 +0100] "POST /login/scripts/setUserPosition.php HTTP/1.1" 200 116 "-" "Supervision/5.5 (se.astacus.labs.Supervision; build:5.5; iOS 10.3.4) Alamofire/4.5.1"
90.235.70.60 - - [21/Nov/2022:08:39:55 +0100] "POST /login/scripts/setUserPosition.php HTTP/1.1" 200 113 "-" "Supervision/5.5 (se.astacus.labs.Supervision; build:5.5; iOS 10.3.4) Alamofire/4.5.1"
90.235.70.60 - - [21/Nov/2022:08:39:56 +0100] "POST /login/scripts/setUserPosition.php HTTP/1.1" 200 116 "-" "Supervision/5.5 (se.astacus.labs.Supervision; build:5.5; iOS 10.3.4) Alamofire/4.5.1"
90.235.70.60 - - [21/Nov/2022:08:39:57 +0100] "POST /login/scripts/setUserPosition.php HTTP/1.1" 200 115 "-" "Supervision/5.5 (se.astacus.labs.Supervision; build:5.5; iOS 10.3.4) Alamofire/4.5.1"
90.235.70.60 - - [21/Nov/2022:08:39:58 +0100] "POST /login/scripts/setUserPosition.php HTTP/1.1" 200 115 "-" "Supervision/5.5 (se.astacus.labs.Supervision; build:5.5; iOS 10.3.4) Alamofire/4.5.1"
90.235.70.60 - - [21/Nov/2022:08:39:59 +0100] "POST /login/scripts/setUserPosition.php HTTP/1.1" 200 115 "-" "Supervision/5.5 (se.astacus.labs.Supervision; build:5.5; iOS 10.3.4) Alamofire/4.5.1"
90.235.70.60 - - [21/Nov/2022:08:40:00 +0100] "POST /login/scripts/setUserPosition.php HTTP/1.1" 200 116 "-" "Supervision/5.5 (se.astacus.labs.Supervision; build:5.5; iOS 10.3.4) Alamofire/4.5.1"
90.235.70.60 - - [21/Nov/2022:08:40:01 +0100] "POST /login/scripts/setUserPosition.php HTTP/1.1" 200 115 "-" "Supervision/5.5 (se.astacus.labs.Supervision; build:5.5; iOS 10.3.4) Alamofire/4.5.1"
90.235.70.60 - - [21/Nov/2022:08:40:02 +0100] "POST /login/scripts/setUserPosition.php HTTP/1.1" 200 116 "-" "Supervision/5.5 (se.astacus.labs.Supervision; build:5.5; iOS 10.3.4) Alamofire/4.5.1"
90.235.70.60 - - [21/Nov/2022:08:40:03 +0100] "POST /login/scripts/setUserPosition.php HTTP/1.1" 200 116 "-" "Supervision/5.5 (se.astacus.labs.Supervision; build:5.5; iOS 10.3.4) Alamofire/4.5.1"
90.235.70.60 - - [21/Nov/2022:08:40:04 +0100] "POST /login/scripts/setUserPosition.php HTTP/1.1" 200 115 "-" "Supervision/5.5 (se.astacus.labs.Supervision; build:5.5; iOS 10.3.4) Alamofire/4.5.1"
90.235.70.60 - - [21/Nov/2022:08:40:05 +0100] "POST /login/scripts/setUserPosition.php HTTP/1.1" 200 115 "-" "Supervision/5.5 (se.astacus.labs.Supervision; build:5.5; iOS 10.3.4) Alamofire/4.5.1"
90.235.70.60 - - [21/Nov/2022:08:40:06 +0100] "POST /login/scripts/setUserPosition.php HTTP/1.1" 200 114 "-" "Supervision/5.5 (se.astacus.labs.Supervision; build:5.5; iOS 10.3.4) Alamofire/4.5.1"
90.235.70.60 - - [21/Nov/2022:08:40:07 +0100] "POST /login/scripts/setUserPosition.php HTTP/1.1" 200 115 "-" "Supervision/5.5 (se.astacus.labs.Supervision; build:5.5; iOS 10.3.4) Alamofire/4.5.1"
90.235.70.60 - - [21/Nov/2022:08:40:08 +0100] "POST /login/scripts/setUserPosition.php HTTP/1.1" 200 116 "-" "Supervision/5.5 (se.astacus.labs.Supervision; build:5.5; iOS 10.3.4) Alamofire/4.5.1"
90.235.70.60 - - [21/Nov/2022:08:40:09 +0100] "POST /login/scripts/setUserPosition.php HTTP/1.1" 200 116 "-" "Supervision/5.5 (se.astacus.labs.Supervision; build:5.5; iOS 10.3.4) Alamofire/4.5.1"
90.235.70.60 - - [21/Nov/2022:08:40:10 +0100] "POST /login/scripts/setUserPosition.php HTTP/1.1" 200 115 "-" "Supervision/5.5 (se.astacus.labs.Supervision; build:5.5; iOS 10.3.4) Alamofire/4.5.1"
90.235.70.60 - - [21/Nov/2022:08:40:11 +0100] "POST /login/scripts/setUserPosition.php HTTP/1.1" 200 115 "-" "Supervision/5.5 (se.astacus.labs.Supervision; build:5.5; iOS 10.3.4) Alamofire/4.5.1"
90.235.70.60 - - [21/Nov/2022:08:40:12 +0100] "POST /login/scripts/setUserPosition.php HTTP/1.1" 200 115 "-" "Supervision/5.5 (se.astacus.labs.Supervision; build:5.5; iOS 10.3.4) Alamofire/4.5.1"
90.235.70.60 - - [21/Nov/2022:08:40:13 +0100] "POST /login/scripts/setUserPosition.php HTTP/1.1" 200 116 "-" "Supervision/5.5 (se.astacus.labs.Supervision; build:5.5; iOS 10.3.4) Alamofire/4.5.1"
90.235.70.60 - - [21/Nov/2022:08:40:14 +0100] "POST /login/scripts/setUserPosition.php HTTP/1.1" 200 116 "-" "Supervision/5.5 (se.astacus.labs.Supervision; build:5.5; iOS 10.3.4) Alamofire/4.5.1"
90.235.70.60 - - [21/Nov/2022:08:40:15 +0100] "POST /login/scripts/setUserPosition.php HTTP/1.1" 200 115 "-" "Supervision/5.5 (se.astacus.labs.Supervision; build:5.5; iOS 10.3.4) Alamofire/4.5.1"
45.61.188.188 - - [21/Nov/2022:08:40:15 +0100] "GET /wp-login.php HTTP/1.1" 200 2977 "-" "Mozilla/5.0 (Windows NT 6.1; rv:24.0) Gecko/20100101 Firefox/24.0"
45.61.188.188 - - [21/Nov/2022:08:40:15 +0100] "POST /wp-login.php HTTP/1.1" 200 3982 "-" "Mozilla/5.0 (Windows NT 6.1; rv:24.0) Gecko/20100101 Firefox/24.0"
90.235.70.60 - - [21/Nov/2022:08:40:16 +0100] "POST /login/scripts/setUserPosition.php HTTP/1.1" 200 115 "-" "Supervision/5.5 (se.astacus.labs.Supervision; build:5.5; iOS 10.3.4) Alamofire/4.5.1"
14.98.175.41 - - [21/Nov/2022:08:40:16 +0100] "GET /notifications.php?days=4 HTTP/1.1" 200 2918 "-" "Mozilla/5.0 (Windows NT 10.0; Win64; x64) AppleWebKit/537.36 (KHTML, like Gecko) Chrome/107.0.0.0 Safari/537.36"
90.235.70.60 - - [21/Nov/2022:08:40:17 +0100] "POST /login/scripts/setUserPosition.php HTTP/1.1" 200 115 "-" "Supervision/5.5 (se.astacus.labs.Supervision; build:5.5; iOS 10.3.4) Alamofire/4.5.1"
90.235.70.60 - - [21/Nov/2022:08:40:18 +0100] "POST /login/scripts/setUserPosition.php HTTP/1.1" 200 116 "-" "Supervision/5.5 (se.astacus.labs.Supervision; build:5.5; iOS 10.3.4) Alamofire/4.5.1"
90.235.70.60 - - [21/Nov/2022:08:40:19 +0100] "POST /login/scripts/setUserPosition.php HTTP/1.1" 200 116 "-" "Supervision/5.5 (se.astacus.labs.Supervision; build:5.5; iOS 10.3.4) Alamofire/4.5.1"
90.235.70.60 - - [21/Nov/2022:08:40:20 +0100] "POST /login/scripts/setUserPosition.php HTTP/1.1" 200 116 "-" "Supervision/5.5 (se.astacus.labs.Supervision; build:5.5; iOS 10.3.4) Alamofire/4.5.1"
66.249.66.29 - - [21/Nov/2022:08:40:21 +0100] "GET /medarbetare/ HTTP/1.1" 200 9571 "-" "Mozilla/5.0 (Linux; Android 6.0.1; Nexus 5X Build/MMB29P) AppleWebKit/537.36 (KHTML, like Gecko) Chrome/107.0.5304.110 Mobile Safari/537.36 (compatible; Googlebot/2.1; +http://www.google.com/bot.html)"
90.235.70.60 - - [21/Nov/2022:08:40:21 +0100] "POST /login/scripts/setUserPosition.php HTTP/1.1" 200 116 "-" "Supervision/5.5 (se.astacus.labs.Supervision; build:5.5; iOS 10.3.4) Alamofire/4.5.1"
90.235.70.60 - - [21/Nov/2022:08:40:22 +0100] "POST /login/scripts/setUserPosition.php HTTP/1.1" 200 116 "-" "Supervision/5.5 (se.astacus.labs.Supervision; build:5.5; iOS 10.3.4) Alamofire/4.5.1"
90.235.70.60 - - [21/Nov/2022:08:40:23 +0100] "POST /login/scripts/setUserPosition.php HTTP/1.1" 200 116 "-" "Supervision/5.5 (se.astacus.labs.Supervision; build:5.5; iOS 10.3.4) Alamofire/4.5.1"
90.235.70.60 - - [21/Nov/2022:08:40:24 +0100] "POST /login/scripts/setUserPosition.php HTTP/1.1" 200 114 "-" "Supervision/5.5 (se.astacus.labs.Supervision; build:5.5; iOS 10.3.4) Alamofire/4.5.1"
90.235.70.60 - - [21/Nov/2022:08:40:25 +0100] "POST /login/scripts/setUserPosition.php HTTP/1.1" 200 115 "-" "Supervision/5.5 (se.astacus.labs.Supervision; build:5.5; iOS 10.3.4) Alamofire/4.5.1"
90.235.70.60 - - [21/Nov/2022:08:40:26 +0100] "POST /login/scripts/setUserPosition.php HTTP/1.1" 200 116 "-" "Supervision/5.5 (se.astacus.labs.Supervision; build:5.5; iOS 10.3.4) Alamofire/4.5.1"
90.235.70.60 - - [21/Nov/2022:08:40:27 +0100] "POST /login/scripts/setUserPosition.php HTTP/1.1" 200 116 "-" "Supervision/5.5 (se.astacus.labs.Supervision; build:5.5; iOS 10.3.4) Alamofire/4.5.1"
90.235.70.60 - - [21/Nov/2022:08:40:28 +0100] "POST /login/scripts/setUserPosition.php HTTP/1.1" 200 116 "-" "Supervision/5.5 (se.astacus.labs.Supervision; build:5.5; iOS 10.3.4) Alamofire/4.5.1"
90.235.70.60 - - [21/Nov/2022:08:40:29 +0100] "POST /login/scripts/setUserPosition.php HTTP/1.1" 200 115 "-" "Supervision/5.5 (se.astacus.labs.Supervision; build:5.5; iOS 10.3.4) Alamofire/4.5.1"
90.235.70.60 - - [21/Nov/2022:08:40:30 +0100] "POST /login/scripts/setUserPosition.php HTTP/1.1" 200 116 "-" "Supervision/5.5 (se.astacus.labs.Supervision; build:5.5; iOS 10.3.4) Alamofire/4.5.1"
90.235.70.60 - - [21/Nov/2022:08:40:31 +0100] "POST /login/scripts/setUserPosition.php HTTP/1.1" 200 115 "-" "Supervision/5.5 (se.astacus.labs.Supervision; build:5.5; iOS 10.3.4) Alamofire/4.5.1"
90.235.70.60 - - [21/Nov/2022:08:40:32 +0100] "POST /login/scripts/setUserPosition.php HTTP/1.1" 200 115 "-" "Supervision/5.5 (se.astacus.labs.Supervision; build:5.5; iOS 10.3.4) Alamofire/4.5.1"
90.235.70.60 - - [21/Nov/2022:08:40:33 +0100] "POST /login/scripts/setUserPosition.php HTTP/1.1" 200 115 "-" "Supervision/5.5 (se.astacus.labs.Supervision; build:5.5; iOS 10.3.4) Alamofire/4.5.1"
209.141.43.56 - - [21/Nov/2022:08:40:33 +0100] "POST /wp-login.php HTTP/1.1" 200 3970 "-" "Mozilla/5.0 (Macintosh; Intel Mac OS X 10_10) AppleWebKit/538.46 (KHTML, like Gecko) Version/8.0 Safari/538.46"
90.235.70.60 - - [21/Nov/2022:08:40:34 +0100] "POST /login/scripts/setUserPosition.php HTTP/1.1" 200 115 "-" "Supervision/5.5 (se.astacus.labs.Supervision; build:5.5; iOS 10.3.4) Alamofire/4.5.1"
90.235.70.60 - - [21/Nov/2022:08:40:35 +0100] "POST /login/scripts/setUserPosition.php HTTP/1.1" 200 114 "-" "Supervision/5.5 (se.astacus.labs.Supervision; build:5.5; iOS 10.3.4) Alamofire/4.5.1"
90.235.70.60 - - [21/Nov/2022:08:40:36 +0100] "POST /login/scripts/setUserPosition.php HTTP/1.1" 200 115 "-" "Supervision/5.5 (se.astacus.labs.Supervision; build:5.5; iOS 10.3.4) Alamofire/4.5.1"
90.235.70.60 - - [21/Nov/2022:08:40:37 +0100] "POST /login/scripts/setUserPosition.php HTTP/1.1" 200 115 "-" "Supervision/5.5 (se.astacus.labs.Supervision; build:5.5; iOS 10.3.4) Alamofire/4.5.1"
90.235.70.60 - - [21/Nov/2022:08:40:38 +0100] "POST /login/scripts/setUserPosition.php HTTP/1.1" 200 116 "-" "Supervision/5.5 (se.astacus.labs.Supervision; build:5.5; iOS 10.3.4) Alamofire/4.5.1"
90.235.70.60 - - [21/Nov/2022:08:40:39 +0100] "POST /login/scripts/setUserPosition.php HTTP/1.1" 200 115 "-" "Supervision/5.5 (se.astacus.labs.Supervision; build:5.5; iOS 10.3.4) Alamofire/4.5.1"
90.235.70.60 - - [21/Nov/2022:08:40:40 +0100] "POST /login/scripts/setUserPosition.php HTTP/1.1" 200 115 "-" "Supervision/5.5 (se.astacus.labs.Supervision; build:5.5; iOS 10.3.4) Alamofire/4.5.1"
90.235.70.60 - - [21/Nov/2022:08:40:41 +0100] "POST /login/scripts/setUserPosition.php HTTP/1.1" 200 116 "-" "Supervision/5.5 (se.astacus.labs.Supervision; build:5.5; iOS 10.3.4) Alamofire/4.5.1"
90.235.70.60 - - [21/Nov/2022:08:40:42 +0100] "POST /login/scripts/setUserPosition.php HTTP/1.1" 200 116 "-" "Supervision/5.5 (se.astacus.labs.Supervision; build:5.5; iOS 10.3.4) Alamofire/4.5.1"
90.235.70.60 - - [21/Nov/2022:08:40:43 +0100] "POST /login/scripts/setUserPosition.php HTTP/1.1" 200 114 "-" "Supervision/5.5 (se.astacus.labs.Supervision; build:5.5; iOS 10.3.4) Alamofire/4.5.1"
90.235.70.60 - - [21/Nov/2022:08:40:44 +0100] "POST /login/scripts/setUserPosition.php HTTP/1.1" 200 115 "-" "Supervision/5.5 (se.astacus.labs.Supervision; build:5.5; iOS 10.3.4) Alamofire/4.5.1"
90.235.70.60 - - [21/Nov/2022:08:40:45 +0100] "POST /login/scripts/setUserPosition.php HTTP/1.1" 200 116 "-" "Supervision/5.5 (se.astacus.labs.Supervision; build:5.5; iOS 10.3.4) Alamofire/4.5.1"
90.235.70.60 - - [21/Nov/2022:08:40:46 +0100] "POST /login/scripts/setUserPosition.php HTTP/1.1" 200 116 "-" "Supervision/5.5 (se.astacus.labs.Supervision; build:5.5; iOS 10.3.4) Alamofire/4.5.1"
90.235.70.60 - - [21/Nov/2022:08:40:47 +0100] "POST /login/scripts/setUserPosition.php HTTP/1.1" 200 116 "-" "Supervision/5.5 (se.astacus.labs.Supervision; build:5.5; iOS 10.3.4) Alamofire/4.5.1"
90.235.70.60 - - [21/Nov/2022:08:40:48 +0100] "POST /login/scripts/setUserPosition.php HTTP/1.1" 200 115 "-" "Supervision/5.5 (se.astacus.labs.Supervision; build:5.5; iOS 10.3.4) Alamofire/4.5.1"
90.235.70.60 - - [21/Nov/2022:08:40:49 +0100] "POST /login/scripts/setUserPosition.php HTTP/1.1" 200 116 "-" "Supervision/5.5 (se.astacus.labs.Supervision; build:5.5; iOS 10.3.4) Alamofire/4.5.1"
90.235.70.60 - - [21/Nov/2022:08:40:50 +0100] "POST /login/scripts/setUserPosition.php HTTP/1.1" 200 116 "-" "Supervision/5.5 (se.astacus.labs.Supervision; build:5.5; iOS 10.3.4) Alamofire/4.5.1"
90.235.70.60 - - [21/Nov/2022:08:40:51 +0100] "POST /login/scripts/setUserPosition.php HTTP/1.1" 200 115 "-" "Supervision/5.5 (se.astacus.labs.Supervision; build:5.5; iOS 10.3.4) Alamofire/4.5.1"
90.235.70.60 - - [21/Nov/2022:08:40:52 +0100] "POST /login/scripts/setUserPosition.php HTTP/1.1" 200 115 "-" "Supervision/5.5 (se.astacus.labs.Supervision; build:5.5; iOS 10.3.4) Alamofire/4.5.1"
90.235.70.60 - - [21/Nov/2022:08:40:53 +0100] "POST /login/scripts/setUserPosition.php HTTP/1.1" 200 116 "-" "Supervision/5.5 (se.astacus.labs.Supervision; build:5.5; iOS 10.3.4) Alamofire/4.5.1"
90.235.70.60 - - [21/Nov/2022:08:40:54 +0100] "POST /login/scripts/setUserPosition.php HTTP/1.1" 200 116 "-" "Supervision/5.5 (se.astacus.labs.Supervision; build:5.5; iOS 10.3.4) Alamofire/4.5.1"
90.235.70.60 - - [21/Nov/2022:08:40:55 +0100] "POST /login/scripts/setUserPosition.php HTTP/1.1" 200 115 "-" "Supervision/5.5 (se.astacus.labs.Supervision; build:5.5; iOS 10.3.4) Alamofire/4.5.1"
90.235.70.60 - - [21/Nov/2022:08:40:56 +0100] "POST /login/scripts/setUserPosition.php HTTP/1.1" 200 115 "-" "Supervision/5.5 (se.astacus.labs.Supervision; build:5.5; iOS 10.3.4) Alamofire/4.5.1"
90.235.70.60 - - [21/Nov/2022:08:40:57 +0100] "POST /login/scripts/setUserPosition.php HTTP/1.1" 200 116 "-" "Supervision/5.5 (se.astacus.labs.Supervision; build:5.5; iOS 10.3.4) Alamofire/4.5.1"
90.235.70.60 - - [21/Nov/2022:08:40:58 +0100] "POST /login/scripts/setUserPosition.php HTTP/1.1" 200 115 "-" "Supervision/5.5 (se.astacus.labs.Supervision; build:5.5; iOS 10.3.4) Alamofire/4.5.1"
90.235.70.60 - - [21/Nov/2022:08:40:59 +0100] "POST /login/scripts/setUserPosition.php HTTP/1.1" 200 116 "-" "Supervision/5.5 (se.astacus.labs.Supervision; build:5.5; iOS 10.3.4) Alamofire/4.5.1"
90.235.70.60 - - [21/Nov/2022:08:41:00 +0100] "POST /login/scripts/setUserPosition.php HTTP/1.1" 200 114 "-" "Supervision/5.5 (se.astacus.labs.Supervision; build:5.5; iOS 10.3.4) Alamofire/4.5.1"
90.235.70.60 - - [21/Nov/2022:08:41:01 +0100] "POST /login/scripts/setUserPosition.php HTTP/1.1" 200 115 "-" "Supervision/5.5 (se.astacus.labs.Supervision; build:5.5; iOS 10.3.4) Alamofire/4.5.1"
90.235.70.60 - - [21/Nov/2022:08:41:02 +0100] "POST /login/scripts/setUserPosition.php HTTP/1.1" 200 113 "-" "Supervision/5.5 (se.astacus.labs.Supervision; build:5.5; iOS 10.3.4) Alamofire/4.5.1"
90.235.70.60 - - [21/Nov/2022:08:41:03 +0100] "POST /login/scripts/setUserPosition.php HTTP/1.1" 200 116 "-" "Supervision/5.5 (se.astacus.labs.Supervision; build:5.5; iOS 10.3.4) Alamofire/4.5.1"
90.235.70.60 - - [21/Nov/2022:08:41:04 +0100] "POST /login/scripts/setUserPosition.php HTTP/1.1" 200 115 "-" "Supervision/5.5 (se.astacus.labs.Supervision; build:5.5; iOS 10.3.4) Alamofire/4.5.1"
90.235.70.60 - - [21/Nov/2022:08:41:05 +0100] "POST /login/scripts/setUserPosition.php HTTP/1.1" 200 116 "-" "Supervision/5.5 (se.astacus.labs.Supervision; build:5.5; iOS 10.3.4) Alamofire/4.5.1"
90.235.70.60 - - [21/Nov/2022:08:41:06 +0100] "POST /login/scripts/setUserPosition.php HTTP/1.1" 200 116 "-" "Supervision/5.5 (se.astacus.labs.Supervision; build:5.5; iOS 10.3.4) Alamofire/4.5.1"
90.235.70.60 - - [21/Nov/2022:08:41:07 +0100] "POST /login/scripts/setUserPosition.php HTTP/1.1" 200 116 "-" "Supervision/5.5 (se.astacus.labs.Supervision; build:5.5; iOS 10.3.4) Alamofire/4.5.1"
90.235.70.60 - - [21/Nov/2022:08:41:08 +0100] "POST /login/scripts/setUserPosition.php HTTP/1.1" 200 116 "-" "Supervision/5.5 (se.astacus.labs.Supervision; build:5.5; iOS 10.3.4) Alamofire/4.5.1"
90.235.70.60 - - [21/Nov/2022:08:41:09 +0100] "POST /login/scripts/setUserPosition.php HTTP/1.1" 200 114 "-" "Supervision/5.5 (se.astacus.labs.Supervision; build:5.5; iOS 10.3.4) Alamofire/4.5.1"
90.235.70.60 - - [21/Nov/2022:08:41:10 +0100] "POST /login/scripts/setUserPosition.php HTTP/1.1" 200 116 "-" "Supervision/5.5 (se.astacus.labs.Supervision; build:5.5; iOS 10.3.4) Alamofire/4.5.1"
90.235.70.60 - - [21/Nov/2022:08:41:11 +0100] "POST /login/scripts/setUserPosition.php HTTP/1.1" 200 115 "-" "Supervision/5.5 (se.astacus.labs.Supervision; build:5.5; iOS 10.3.4) Alamofire/4.5.1"
90.235.70.60 - - [21/Nov/2022:08:41:12 +0100] "POST /login/scripts/setUserPosition.php HTTP/1.1" 200 115 "-" "Supervision/5.5 (se.astacus.labs.Supervision; build:5.5; iOS 10.3.4) Alamofire/4.5.1"
90.235.70.60 - - [21/Nov/2022:08:41:13 +0100] "POST /login/scripts/setUserPosition.php HTTP/1.1" 200 116 "-" "Supervision/5.5 (se.astacus.labs.Supervision; build:5.5; iOS 10.3.4) Alamofire/4.5.1"
90.235.70.60 - - [21/Nov/2022:08:41:14 +0100] "POST /login/scripts/setUserPosition.php HTTP/1.1" 200 116 "-" "Supervision/5.5 (se.astacus.labs.Supervision; build:5.5; iOS 10.3.4) Alamofire/4.5.1"
90.235.70.60 - - [21/Nov/2022:08:41:15 +0100] "POST /login/scripts/setUserPosition.php HTTP/1.1" 200 115 "-" "Supervision/5.5 (se.astacus.labs.Supervision; build:5.5; iOS 10.3.4) Alamofire/4.5.1"
90.235.70.60 - - [21/Nov/2022:08:41:16 +0100] "POST /login/scripts/setUserPosition.php HTTP/1.1" 200 116 "-" "Supervision/5.5 (se.astacus.labs.Supervision; build:5.5; iOS 10.3.4) Alamofire/4.5.1"
90.235.70.60 - - [21/Nov/2022:08:41:17 +0100] "POST /login/scripts/setUserPosition.php HTTP/1.1" 200 116 "-" "Supervision/5.5 (se.astacus.labs.Supervision; build:5.5; iOS 10.3.4) Alamofire/4.5.1"
90.235.70.60 - - [21/Nov/2022:08:41:18 +0100] "POST /login/scripts/setUserPosition.php HTTP/1.1" 200 116 "-" "Supervision/5.5 (se.astacus.labs.Supervision; build:5.5; iOS 10.3.4) Alamofire/4.5.1"
90.235.70.60 - - [21/Nov/2022:08:41:19 +0100] "POST /login/scripts/setUserPosition.php HTTP/1.1" 200 116 "-" "Supervision/5.5 (se.astacus.labs.Supervision; build:5.5; iOS 10.3.4) Alamofire/4.5.1"
90.235.70.60 - - [21/Nov/2022:08:41:20 +0100] "POST /login/scripts/setUserPosition.php HTTP/1.1" 200 116 "-" "Supervision/5.5 (se.astacus.labs.Supervision; build:5.5; iOS 10.3.4) Alamofire/4.5.1"
90.235.70.60 - - [21/Nov/2022:08:41:21 +0100] "POST /login/scripts/setUserPosition.php HTTP/1.1" 200 116 "-" "Supervision/5.5 (se.astacus.labs.Supervision; build:5.5; iOS 10.3.4) Alamofire/4.5.1"
90.235.70.60 - - [21/Nov/2022:08:41:22 +0100] "POST /login/scripts/setUserPosition.php HTTP/1.1" 200 116 "-" "Supervision/5.5 (se.astacus.labs.Supervision; build:5.5; iOS 10.3.4) Alamofire/4.5.1"
90.235.70.60 - - [21/Nov/2022:08:41:23 +0100] "POST /login/scripts/setUserPosition.php HTTP/1.1" 200 116 "-" "Supervision/5.5 (se.astacus.labs.Supervision; build:5.5; iOS 10.3.4) Alamofire/4.5.1"
90.235.70.60 - - [21/Nov/2022:08:41:24 +0100] "POST /login/scripts/setUserPosition.php HTTP/1.1" 200 116 "-" "Supervision/5.5 (se.astacus.labs.Supervision; build:5.5; iOS 10.3.4) Alamofire/4.5.1"
90.235.70.60 - - [21/Nov/2022:08:41:25 +0100] "POST /login/scripts/setUserPosition.php HTTP/1.1" 200 115 "-" "Supervision/5.5 (se.astacus.labs.Supervision; build:5.5; iOS 10.3.4) Alamofire/4.5.1"
90.235.70.60 - - [21/Nov/2022:08:41:26 +0100] "POST /login/scripts/setUserPosition.php HTTP/1.1" 200 111 "-" "Supervision/5.5 (se.astacus.labs.Supervision; build:5.5; iOS 10.3.4) Alamofire/4.5.1"
90.235.70.60 - - [21/Nov/2022:08:41:27 +0100] "POST /login/scripts/setUserPosition.php HTTP/1.1" 200 114 "-" "Supervision/5.5 (se.astacus.labs.Supervision; build:5.5; iOS 10.3.4) Alamofire/4.5.1"
90.235.70.60 - - [21/Nov/2022:08:41:28 +0100] "POST /login/scripts/setUserPosition.php HTTP/1.1" 200 116 "-" "Supervision/5.5 (se.astacus.labs.Supervision; build:5.5; iOS 10.3.4) Alamofire/4.5.1"
90.235.70.60 - - [21/Nov/2022:08:41:29 +0100] "POST /login/scripts/setUserPosition.php HTTP/1.1" 200 116 "-" "Supervision/5.5 (se.astacus.labs.Supervision; build:5.5; iOS 10.3.4) Alamofire/4.5.1"
90.235.70.60 - - [21/Nov/2022:08:41:30 +0100] "POST /login/scripts/setUserPosition.php HTTP/1.1" 200 115 "-" "Supervision/5.5 (se.astacus.labs.Supervision; build:5.5; iOS 10.3.4) Alamofire/4.5.1"
90.235.70.60 - - [21/Nov/2022:08:41:31 +0100] "POST /login/scripts/setUserPosition.php HTTP/1.1" 200 116 "-" "Supervision/5.5 (se.astacus.labs.Supervision; build:5.5; iOS 10.3.4) Alamofire/4.5.1"
90.235.70.60 - - [21/Nov/2022:08:41:32 +0100] "POST /login/scripts/setUserPosition.php HTTP/1.1" 200 115 "-" "Supervision/5.5 (se.astacus.labs.Supervision; build:5.5; iOS 10.3.4) Alamofire/4.5.1"
90.235.70.60 - - [21/Nov/2022:08:41:33 +0100] "POST /login/scripts/setUserPosition.php HTTP/1.1" 200 116 "-" "Supervision/5.5 (se.astacus.labs.Supervision; build:5.5; iOS 10.3.4) Alamofire/4.5.1"
90.235.70.60 - - [21/Nov/2022:08:41:34 +0100] "POST /login/scripts/setUserPosition.php HTTP/1.1" 200 113 "-" "Supervision/5.5 (se.astacus.labs.Supervision; build:5.5; iOS 10.3.4) Alamofire/4.5.1"
90.235.70.60 - - [21/Nov/2022:08:41:35 +0100] "POST /login/scripts/setUserPosition.php HTTP/1.1" 200 114 "-" "Supervision/5.5 (se.astacus.labs.Supervision; build:5.5; iOS 10.3.4) Alamofire/4.5.1"
90.235.70.60 - - [21/Nov/2022:08:41:36 +0100] "POST /login/scripts/setUserPosition.php HTTP/1.1" 200 115 "-" "Supervision/5.5 (se.astacus.labs.Supervision; build:5.5; iOS 10.3.4) Alamofire/4.5.1"
90.235.70.60 - - [21/Nov/2022:08:41:37 +0100] "POST /login/scripts/setUserPosition.php HTTP/1.1" 200 115 "-" "Supervision/5.5 (se.astacus.labs.Supervision; build:5.5; iOS 10.3.4) Alamofire/4.5.1"
90.235.70.60 - - [21/Nov/2022:08:41:38 +0100] "POST /login/scripts/setUserPosition.php HTTP/1.1" 200 115 "-" "Supervision/5.5 (se.astacus.labs.Supervision; build:5.5; iOS 10.3.4) Alamofire/4.5.1"
90.235.70.60 - - [21/Nov/2022:08:41:39 +0100] "POST /login/scripts/setUserPosition.php HTTP/1.1" 200 116 "-" "Supervision/5.5 (se.astacus.labs.Supervision; build:5.5; iOS 10.3.4) Alamofire/4.5.1"
90.235.70.60 - - [21/Nov/2022:08:41:40 +0100] "POST /login/scripts/setUserPosition.php HTTP/1.1" 200 115 "-" "Supervision/5.5 (se.astacus.labs.Supervision; build:5.5; iOS 10.3.4) Alamofire/4.5.1"
90.235.70.60 - - [21/Nov/2022:08:41:41 +0100] "POST /login/scripts/setUserPosition.php HTTP/1.1" 200 116 "-" "Supervision/5.5 (se.astacus.labs.Supervision; build:5.5; iOS 10.3.4) Alamofire/4.5.1"
90.235.70.60 - - [21/Nov/2022:08:41:42 +0100] "POST /login/scripts/setUserPosition.php HTTP/1.1" 200 114 "-" "Supervision/5.5 (se.astacus.labs.Supervision; build:5.5; iOS 10.3.4) Alamofire/4.5.1"
90.235.70.60 - - [21/Nov/2022:08:41:43 +0100] "POST /login/scripts/setUserPosition.php HTTP/1.1" 200 115 "-" "Supervision/5.5 (se.astacus.labs.Supervision; build:5.5; iOS 10.3.4) Alamofire/4.5.1"
90.235.70.60 - - [21/Nov/2022:08:41:44 +0100] "POST /login/scripts/setUserPosition.php HTTP/1.1" 200 115 "-" "Supervision/5.5 (se.astacus.labs.Supervision; build:5.5; iOS 10.3.4) Alamofire/4.5.1"
114.119.141.51 - - [21/Nov/2022:08:41:44 +0100] "GET /apps/school/www_old5/img/?C=S%3BO%3DA HTTP/1.1" 200 495 "http://kulturdokumentation.se/apps/school/www_old5/img/?C=M%3BO%3DA" "Mozilla/5.0 (Linux; Android 7.0;) AppleWebKit/537.36 (KHTML, like Gecko) Mobile Safari/537.36 (compatible; PetalBot;+https://webmaster.petalsearch.com/site/petalbot)"
90.235.70.60 - - [21/Nov/2022:08:41:45 +0100] "POST /login/scripts/setUserPosition.php HTTP/1.1" 200 113 "-" "Supervision/5.5 (se.astacus.labs.Supervision; build:5.5; iOS 10.3.4) Alamofire/4.5.1"
90.235.70.60 - - [21/Nov/2022:08:41:46 +0100] "POST /login/scripts/setUserPosition.php HTTP/1.1" 200 115 "-" "Supervision/5.5 (se.astacus.labs.Supervision; build:5.5; iOS 10.3.4) Alamofire/4.5.1"
90.235.70.60 - - [21/Nov/2022:08:41:47 +0100] "POST /login/scripts/setUserPosition.php HTTP/1.1" 200 116 "-" "Supervision/5.5 (se.astacus.labs.Supervision; build:5.5; iOS 10.3.4) Alamofire/4.5.1"
90.235.70.60 - - [21/Nov/2022:08:41:48 +0100] "POST /login/scripts/setUserPosition.php HTTP/1.1" 200 115 "-" "Supervision/5.5 (se.astacus.labs.Supervision; build:5.5; iOS 10.3.4) Alamofire/4.5.1"
90.235.70.60 - - [21/Nov/2022:08:41:49 +0100] "POST /login/scripts/setUserPosition.php HTTP/1.1" 200 115 "-" "Supervision/5.5 (se.astacus.labs.Supervision; build:5.5; iOS 10.3.4) Alamofire/4.5.1"
90.235.70.60 - - [21/Nov/2022:08:41:50 +0100] "POST /login/scripts/setUserPosition.php HTTP/1.1" 200 115 "-" "Supervision/5.5 (se.astacus.labs.Supervision; build:5.5; iOS 10.3.4) Alamofire/4.5.1"
90.235.70.60 - - [21/Nov/2022:08:41:51 +0100] "POST /login/scripts/setUserPosition.php HTTP/1.1" 200 116 "-" "Supervision/5.5 (se.astacus.labs.Supervision; build:5.5; iOS 10.3.4) Alamofire/4.5.1"
90.235.70.60 - - [21/Nov/2022:08:41:52 +0100] "POST /login/scripts/setUserPosition.php HTTP/1.1" 200 114 "-" "Supervision/5.5 (se.astacus.labs.Supervision; build:5.5; iOS 10.3.4) Alamofire/4.5.1"
90.235.70.60 - - [21/Nov/2022:08:41:53 +0100] "POST /login/scripts/setUserPosition.php HTTP/1.1" 200 115 "-" "Supervision/5.5 (se.astacus.labs.Supervision; build:5.5; iOS 10.3.4) Alamofire/4.5.1"
90.235.70.60 - - [21/Nov/2022:08:41:54 +0100] "POST /login/scripts/setUserPosition.php HTTP/1.1" 200 116 "-" "Supervision/5.5 (se.astacus.labs.Supervision; build:5.5; iOS 10.3.4) Alamofire/4.5.1"
90.235.70.60 - - [21/Nov/2022:08:41:55 +0100] "POST /login/scripts/setUserPosition.php HTTP/1.1" 200 116 "-" "Supervision/5.5 (se.astacus.labs.Supervision; build:5.5; iOS 10.3.4) Alamofire/4.5.1"
90.235.70.60 - - [21/Nov/2022:08:41:56 +0100] "POST /login/scripts/setUserPosition.php HTTP/1.1" 200 114 "-" "Supervision/5.5 (se.astacus.labs.Supervision; build:5.5; iOS 10.3.4) Alamofire/4.5.1"
90.235.70.60 - - [21/Nov/2022:08:41:57 +0100] "POST /login/scripts/setUserPosition.php HTTP/1.1" 200 116 "-" "Supervision/5.5 (se.astacus.labs.Supervision; build:5.5; iOS 10.3.4) Alamofire/4.5.1"
90.235.70.60 - - [21/Nov/2022:08:41:58 +0100] "POST /login/scripts/setUserPosition.php HTTP/1.1" 200 114 "-" "Supervision/5.5 (se.astacus.labs.Supervision; build:5.5; iOS 10.3.4) Alamofire/4.5.1"
90.235.70.60 - - [21/Nov/2022:08:41:59 +0100] "POST /login/scripts/setUserPosition.php HTTP/1.1" 200 115 "-" "Supervision/5.5 (se.astacus.labs.Supervision; build:5.5; iOS 10.3.4) Alamofire/4.5.1"
90.235.70.60 - - [21/Nov/2022:08:42:00 +0100] "POST /login/scripts/setUserPosition.php HTTP/1.1" 200 116 "-" "Supervision/5.5 (se.astacus.labs.Supervision; build:5.5; iOS 10.3.4) Alamofire/4.5.1"
90.235.70.60 - - [21/Nov/2022:08:42:01 +0100] "POST /login/scripts/setUserPosition.php HTTP/1.1" 200 115 "-" "Supervision/5.5 (se.astacus.labs.Supervision; build:5.5; iOS 10.3.4) Alamofire/4.5.1"
111.93.24.58 - - [21/Nov/2022:08:42:02 +0100] "GET /timereport_india/ HTTP/1.1" 200 1596 "-" "Mozilla/5.0 (Windows NT 6.1; Win64; x64; rv:107.0) Gecko/20100101 Firefox/107.0"
111.93.24.58 - - [21/Nov/2022:08:42:02 +0100] "GET /timereport_india/images/Astacus_Pos8x1.7.jpg HTTP/1.1" 200 4898 "http://appsrv.astacus.se/timereport_india/" "Mozilla/5.0 (Windows NT 6.1; Win64; x64; rv:107.0) Gecko/20100101 Firefox/107.0"
90.235.70.60 - - [21/Nov/2022:08:42:02 +0100] "POST /login/scripts/setUserPosition.php HTTP/1.1" 200 114 "-" "Supervision/5.5 (se.astacus.labs.Supervision; build:5.5; iOS 10.3.4) Alamofire/4.5.1"
111.93.24.58 - - [21/Nov/2022:08:42:02 +0100] "GET /favicon.ico HTTP/1.1" 404 209 "http://appsrv.astacus.se/timereport_india/" "Mozilla/5.0 (Windows NT 6.1; Win64; x64; rv:107.0) Gecko/20100101 Firefox/107.0"
90.235.70.60 - - [21/Nov/2022:08:42:03 +0100] "POST /login/scripts/setUserPosition.php HTTP/1.1" 200 116 "-" "Supervision/5.5 (se.astacus.labs.Supervision; build:5.5; iOS 10.3.4) Alamofire/4.5.1"
111.93.24.58 - - [21/Nov/2022:08:42:03 +0100] "GET /timereport_india/ HTTP/1.1" 200 1596 "-" "Mozilla/5.0 (Windows NT 6.1; Win64; x64; rv:107.0) Gecko/20100101 Firefox/107.0"
90.235.70.60 - - [21/Nov/2022:08:42:04 +0100] "POST /login/scripts/setUserPosition.php HTTP/1.1" 200 114 "-" "Supervision/5.5 (se.astacus.labs.Supervision; build:5.5; iOS 10.3.4) Alamofire/4.5.1"
90.235.70.60 - - [21/Nov/2022:08:42:05 +0100] "POST /login/scripts/setUserPosition.php HTTP/1.1" 200 116 "-" "Supervision/5.5 (se.astacus.labs.Supervision; build:5.5; iOS 10.3.4) Alamofire/4.5.1"
90.235.70.60 - - [21/Nov/2022:08:42:06 +0100] "POST /login/scripts/setUserPosition.php HTTP/1.1" 200 116 "-" "Supervision/5.5 (se.astacus.labs.Supervision; build:5.5; iOS 10.3.4) Alamofire/4.5.1"
90.235.70.60 - - [21/Nov/2022:08:42:07 +0100] "POST /login/scripts/setUserPosition.php HTTP/1.1" 200 116 "-" "Supervision/5.5 (se.astacus.labs.Supervision; build:5.5; iOS 10.3.4) Alamofire/4.5.1"
90.235.70.60 - - [21/Nov/2022:08:42:08 +0100] "POST /login/scripts/setUserPosition.php HTTP/1.1" 200 116 "-" "Supervision/5.5 (se.astacus.labs.Supervision; build:5.5; iOS 10.3.4) Alamofire/4.5.1"
90.235.70.60 - - [21/Nov/2022:08:42:09 +0100] "POST /login/scripts/setUserPosition.php HTTP/1.1" 200 115 "-" "Supervision/5.5 (se.astacus.labs.Supervision; build:5.5; iOS 10.3.4) Alamofire/4.5.1"
90.235.70.60 - - [21/Nov/2022:08:42:10 +0100] "POST /login/scripts/setUserPosition.php HTTP/1.1" 200 116 "-" "Supervision/5.5 (se.astacus.labs.Supervision; build:5.5; iOS 10.3.4) Alamofire/4.5.1"
90.235.70.60 - - [21/Nov/2022:08:42:11 +0100] "POST /login/scripts/setUserPosition.php HTTP/1.1" 200 113 "-" "Supervision/5.5 (se.astacus.labs.Supervision; build:5.5; iOS 10.3.4) Alamofire/4.5.1"
111.93.24.58 - - [21/Nov/2022:08:42:11 +0100] "GET /timereport_india/start.php?trigeoid=TTPV2098 HTTP/1.1" 200 875 "http://appsrv.astacus.se/timereport_india/" "Mozilla/5.0 (Windows NT 6.1; Win64; x64; rv:107.0) Gecko/20100101 Firefox/107.0"
111.93.24.58 - - [21/Nov/2022:08:42:12 +0100] "GET /timereport_india/addtime.php HTTP/1.1" 200 4503 "http://appsrv.astacus.se/timereport_india/start.php?trigeoid=TTPV2098" "Mozilla/5.0 (Windows NT 6.1; Win64; x64; rv:107.0) Gecko/20100101 Firefox/107.0"
90.235.70.60 - - [21/Nov/2022:08:42:13 +0100] "POST /login/scripts/setUserPosition.php HTTP/1.1" 200 116 "-" "Supervision/5.5 (se.astacus.labs.Supervision; build:5.5; iOS 10.3.4) Alamofire/4.5.1"
90.235.70.60 - - [21/Nov/2022:08:42:14 +0100] "POST /login/scripts/setUserPosition.php HTTP/1.1" 200 116 "-" "Supervision/5.5 (se.astacus.labs.Supervision; build:5.5; iOS 10.3.4) Alamofire/4.5.1"
90.235.70.60 - - [21/Nov/2022:08:42:15 +0100] "POST /login/scripts/setUserPosition.php HTTP/1.1" 200 115 "-" "Supervision/5.5 (se.astacus.labs.Supervision; build:5.5; iOS 10.3.4) Alamofire/4.5.1"
90.235.70.60 - - [21/Nov/2022:08:42:16 +0100] "POST /login/scripts/setUserPosition.php HTTP/1.1" 200 115 "-" "Supervision/5.5 (se.astacus.labs.Supervision; build:5.5; iOS 10.3.4) Alamofire/4.5.1"
90.235.70.60 - - [21/Nov/2022:08:42:17 +0100] "POST /login/scripts/setUserPosition.php HTTP/1.1" 200 116 "-" "Supervision/5.5 (se.astacus.labs.Supervision; build:5.5; iOS 10.3.4) Alamofire/4.5.1"
90.235.70.60 - - [21/Nov/2022:08:42:18 +0100] "POST /login/scripts/setUserPosition.php HTTP/1.1" 200 115 "-" "Supervision/5.5 (se.astacus.labs.Supervision; build:5.5; iOS 10.3.4) Alamofire/4.5.1"
90.235.70.60 - - [21/Nov/2022:08:42:19 +0100] "POST /login/scripts/setUserPosition.php HTTP/1.1" 200 116 "-" "Supervision/5.5 (se.astacus.labs.Supervision; build:5.5; iOS 10.3.4) Alamofire/4.5.1"
90.235.70.60 - - [21/Nov/2022:08:42:20 +0100] "POST /login/scripts/setUserPosition.php HTTP/1.1" 200 116 "-" "Supervision/5.5 (se.astacus.labs.Supervision; build:5.5; iOS 10.3.4) Alamofire/4.5.1"
90.235.70.60 - - [21/Nov/2022:08:42:21 +0100] "POST /login/scripts/setUserPosition.php HTTP/1.1" 200 116 "-" "Supervision/5.5 (se.astacus.labs.Supervision; build:5.5; iOS 10.3.4) Alamofire/4.5.1"
90.235.70.60 - - [21/Nov/2022:08:42:22 +0100] "POST /login/scripts/setUserPosition.php HTTP/1.1" 200 116 "-" "Supervision/5.5 (se.astacus.labs.Supervision; build:5.5; iOS 10.3.4) Alamofire/4.5.1"
90.235.70.60 - - [21/Nov/2022:08:42:23 +0100] "POST /login/scripts/setUserPosition.php HTTP/1.1" 200 116 "-" "Supervision/5.5 (se.astacus.labs.Supervision; build:5.5; iOS 10.3.4) Alamofire/4.5.1"
90.235.70.60 - - [21/Nov/2022:08:42:24 +0100] "POST /login/scripts/setUserPosition.php HTTP/1.1" 200 114 "-" "Supervision/5.5 (se.astacus.labs.Supervision; build:5.5; iOS 10.3.4) Alamofire/4.5.1"
90.235.70.60 - - [21/Nov/2022:08:42:25 +0100] "POST /login/scripts/setUserPosition.php HTTP/1.1" 200 116 "-" "Supervision/5.5 (se.astacus.labs.Supervision; build:5.5; iOS 10.3.4) Alamofire/4.5.1"
90.235.70.60 - - [21/Nov/2022:08:42:26 +0100] "POST /login/scripts/setUserPosition.php HTTP/1.1" 200 116 "-" "Supervision/5.5 (se.astacus.labs.Supervision; build:5.5; iOS 10.3.4) Alamofire/4.5.1"
90.235.70.60 - - [21/Nov/2022:08:42:27 +0100] "POST /login/scripts/setUserPosition.php HTTP/1.1" 200 115 "-" "Supervision/5.5 (se.astacus.labs.Supervision; build:5.5; iOS 10.3.4) Alamofire/4.5.1"
90.235.70.60 - - [21/Nov/2022:08:42:28 +0100] "POST /login/scripts/setUserPosition.php HTTP/1.1" 200 116 "-" "Supervision/5.5 (se.astacus.labs.Supervision; build:5.5; iOS 10.3.4) Alamofire/4.5.1"
90.235.70.60 - - [21/Nov/2022:08:42:29 +0100] "POST /login/scripts/setUserPosition.php HTTP/1.1" 200 116 "-" "Supervision/5.5 (se.astacus.labs.Supervision; build:5.5; iOS 10.3.4) Alamofire/4.5.1"
90.235.70.60 - - [21/Nov/2022:08:42:31 +0100] "POST /login/scripts/setUserPosition.php HTTP/1.1" 200 115 "-" "Supervision/5.5 (se.astacus.labs.Supervision; build:5.5; iOS 10.3.4) Alamofire/4.5.1"
90.235.70.60 - - [21/Nov/2022:08:42:31 +0100] "POST /login/scripts/setUserPosition.php HTTP/1.1" 200 115 "-" "Supervision/5.5 (se.astacus.labs.Supervision; build:5.5; iOS 10.3.4) Alamofire/4.5.1"
111.93.24.58 - - [21/Nov/2022:08:42:38 +0100] "GET /project/index.php?companyId=2465&button11=Show HTTP/1.1" 302 27854 "https://icad.astacus.se/project/index.php?AdmincountryId=Alla" "Mozilla/5.0 (Windows NT 6.1; Win64; x64; rv:107.0) Gecko/20100101 Firefox/107.0"
