216.244.66.239 - - [20/Nov/2022:22:39:34 +0100] "GET /apps/school/www_old8/img/LevelD/Category2/LevelDCat2Lesson11/apartment2Set5.png HTTP/1.1" 200 66455 "-" "Mozilla/5.0 (compatible; DotBot/1.2; +https://opensiteexplorer.org/dotbot; help@moz.com)"
216.244.66.239 - - [20/Nov/2022:22:39:36 +0100] "GET /apps/school/www_old8/img/LevelE/Category1/LevelECat1Lesson06/rainyDayInTheCity.png HTTP/1.1" 200 113554 "-" "Mozilla/5.0 (compatible; DotBot/1.2; +https://opensiteexplorer.org/dotbot; help@moz.com)"
216.244.66.239 - - [20/Nov/2022:22:39:41 +0100] "GET /apps/school/www_old8/img/LevelE/Category1/LevelECat1Lesson38/signInTheTuneOFMulberryBrush.png HTTP/1.1" 200 84785 "-" "Mozilla/5.0 (compatible; DotBot/1.2; +https://opensiteexplorer.org/dotbot; help@moz.com)"
216.244.66.239 - - [20/Nov/2022:22:39:44 +0100] "GET /apps/school/www_old8/img/LevelG/Category2/LevelGCat2Lesson25/phasesOfMoon.png HTTP/1.1" 200 306001 "-" "Mozilla/5.0 (compatible; DotBot/1.2; +https://opensiteexplorer.org/dotbot; help@moz.com)"
216.244.66.239 - - [20/Nov/2022:22:39:53 +0100] "GET /apps/school/www_old9/img/LevelC/Category2/LevelCCat2Lesson12/glassesCat3Set4.png HTTP/1.1" 200 13672 "-" "Mozilla/5.0 (compatible; DotBot/1.2; +https://opensiteexplorer.org/dotbot; help@moz.com)"
114.119.134.155 - - [20/Nov/2022:22:40:06 +0100] "GET /apps/school/www_old3/img/LevelB/Category1/LevelBCat1Lesson15/ HTTP/1.1" 200 449 "http://kulturdokumentation.com/apps/school/www_old3/img/LevelB/Category1/" "Mozilla/5.0 (Linux; Android 7.0;) AppleWebKit/537.36 (KHTML, like Gecko) Mobile Safari/537.36 (compatible; PetalBot;+https://webmaster.petalsearch.com/site/petalbot)"
216.244.66.239 - - [20/Nov/2022:22:41:40 +0100] "GET /apps/school/www_old6/img/LevelE/Category3/?C=M;O=A HTTP/1.1" 200 6220 "-" "Mozilla/5.0 (compatible; DotBot/1.2; +https://opensiteexplorer.org/dotbot; help@moz.com)"
216.244.66.239 - - [20/Nov/2022:22:41:44 +0100] "GET /apps/school/www_old8/img/LevelD/Category2/?C=N;O=A HTTP/1.1" 200 6002 "-" "Mozilla/5.0 (compatible; DotBot/1.2; +https://opensiteexplorer.org/dotbot; help@moz.com)"
191.96.227.161 - - [20/Nov/2022:22:42:15 +0100] "GET / HTTP/1.1" 200 13133 "-" "Mozilla/5.0 (Macintosh; Intel Mac OS X 10_15_7) AppleWebKit/537.36 (KHTML, like Gecko) Chrome/103.0.0.0 Safari/537.36"
185.34.33.2 - - [20/Nov/2022:22:43:19 +0100] "GET /register.php HTTP/1.1" 200 3117 "-" "Mozilla/5.0 (Windows NT 10.0; Win64; x64) AppleWebKit/537.36 (KHTML, like Gecko) Chrome/100.0.4889.0 Safari/537.36"
185.34.33.2 - - [20/Nov/2022:22:43:20 +0100] "GET /images/skugga_left.jpg HTTP/1.1" 200 2590 "http://notes-online.se/register.php" "Mozilla/5.0 (Windows NT 10.0; Win64; x64) AppleWebKit/537.36 (KHTML, like Gecko) Chrome/100.0.4889.0 Safari/537.36"
185.34.33.2 - - [20/Nov/2022:22:43:21 +0100] "GET /images/meny_pass.jpg HTTP/1.1" 200 3243 "http://notes-online.se/register.php" "Mozilla/5.0 (Windows NT 10.0; Win64; x64) AppleWebKit/537.36 (KHTML, like Gecko) Chrome/100.0.4889.0 Safari/537.36"
185.34.33.2 - - [20/Nov/2022:22:43:21 +0100] "GET /images/meny4a.jpg HTTP/1.1" 200 2511 "http://notes-online.se/register.php" "Mozilla/5.0 (Windows NT 10.0; Win64; x64) AppleWebKit/537.36 (KHTML, like Gecko) Chrome/100.0.4889.0 Safari/537.36"
185.34.33.2 - - [20/Nov/2022:22:43:21 +0100] "GET /images/skugga_right.jpg HTTP/1.1" 200 2589 "http://notes-online.se/register.php" "Mozilla/5.0 (Windows NT 10.0; Win64; x64) AppleWebKit/537.36 (KHTML, like Gecko) Chrome/100.0.4889.0 Safari/537.36"
185.34.33.2 - - [20/Nov/2022:22:43:21 +0100] "GET /images/h_line.jpg HTTP/1.1" 200 3416 "http://notes-online.se/register.php" "Mozilla/5.0 (Windows NT 10.0; Win64; x64) AppleWebKit/537.36 (KHTML, like Gecko) Chrome/100.0.4889.0 Safari/537.36"
185.34.33.2 - - [20/Nov/2022:22:43:21 +0100] "GET /top_banner/logga.png HTTP/1.1" 302 227 "http://notes-online.se/" "Mozilla/5.0 (Windows NT 10.0; Win64; x64) AppleWebKit/537.36 (KHTML, like Gecko) Chrome/100.0.4889.0 Safari/537.36"
185.34.33.2 - - [20/Nov/2022:22:43:21 +0100] "GET /images/login.png HTTP/1.1" 200 65869 "http://notes-online.se/register.php" "Mozilla/5.0 (Windows NT 10.0; Win64; x64) AppleWebKit/537.36 (KHTML, like Gecko) Chrome/100.0.4889.0 Safari/537.36"
185.34.33.2 - - [20/Nov/2022:22:43:21 +0100] "GET /top_banner/background.png HTTP/1.1" 302 232 "http://notes-online.se/" "Mozilla/5.0 (Windows NT 10.0; Win64; x64) AppleWebKit/537.36 (KHTML, like Gecko) Chrome/100.0.4889.0 Safari/537.36"
185.34.33.2 - - [20/Nov/2022:22:43:21 +0100] "GET /images/in_store.jpg HTTP/1.1" 200 3753 "http://notes-online.se/register.php" "Mozilla/5.0 (Windows NT 10.0; Win64; x64) AppleWebKit/537.36 (KHTML, like Gecko) Chrome/100.0.4889.0 Safari/537.36"
185.34.33.2 - - [20/Nov/2022:22:43:21 +0100] "GET /images/supervision_loggo.jpg HTTP/1.1" 200 7892 "http://notes-online.se/register.php" "Mozilla/5.0 (Windows NT 10.0; Win64; x64) AppleWebKit/537.36 (KHTML, like Gecko) Chrome/100.0.4889.0 Safari/537.36"
185.34.33.2 - - [20/Nov/2022:22:43:21 +0100] "GET /images/meny1a.png HTTP/1.1" 200 1301 "http://notes-online.se/register.php" "Mozilla/5.0 (Windows NT 10.0; Win64; x64) AppleWebKit/537.36 (KHTML, like Gecko) Chrome/100.0.4889.0 Safari/537.36"
185.34.33.2 - - [20/Nov/2022:22:43:21 +0100] "GET /images/meny_l.jpg HTTP/1.1" 200 1181 "http://notes-online.se/register.php" "Mozilla/5.0 (Windows NT 10.0; Win64; x64) AppleWebKit/537.36 (KHTML, like Gecko) Chrome/100.0.4889.0 Safari/537.36"
185.34.33.2 - - [20/Nov/2022:22:43:21 +0100] "GET /images/meny6a.png HTTP/1.1" 200 1447 "http://notes-online.se/register.php" "Mozilla/5.0 (Windows NT 10.0; Win64; x64) AppleWebKit/537.36 (KHTML, like Gecko) Chrome/100.0.4889.0 Safari/537.36"
185.34.33.2 - - [20/Nov/2022:22:43:21 +0100] "GET /images/meny3a.png HTTP/1.1" 200 1500 "http://notes-online.se/register.php" "Mozilla/5.0 (Windows NT 10.0; Win64; x64) AppleWebKit/537.36 (KHTML, like Gecko) Chrome/100.0.4889.0 Safari/537.36"
185.34.33.2 - - [20/Nov/2022:22:43:23 +0100] "GET /top_banner/logga.png HTTP/1.1" 200 1675 "http://notes-online.se/" "Mozilla/5.0 (Windows NT 10.0; Win64; x64) AppleWebKit/537.36 (KHTML, like Gecko) Chrome/100.0.4889.0 Safari/537.36"
185.34.33.2 - - [20/Nov/2022:22:43:23 +0100] "GET /top_banner/background.png HTTP/1.1" 200 6799 "http://notes-online.se/" "Mozilla/5.0 (Windows NT 10.0; Win64; x64) AppleWebKit/537.36 (KHTML, like Gecko) Chrome/100.0.4889.0 Safari/537.36"
185.34.33.2 - - [20/Nov/2022:22:43:24 +0100] "GET /images/mwny3b.jpg HTTP/1.1" 200 2989 "http://notes-online.se/register.php" "Mozilla/5.0 (Windows NT 10.0; Win64; x64) AppleWebKit/537.36 (KHTML, like Gecko) Chrome/100.0.4889.0 Safari/537.36"
185.34.33.2 - - [20/Nov/2022:22:43:24 +0100] "GET /images/meny4b.jpg HTTP/1.1" 200 2342 "http://notes-online.se/register.php" "Mozilla/5.0 (Windows NT 10.0; Win64; x64) AppleWebKit/537.36 (KHTML, like Gecko) Chrome/100.0.4889.0 Safari/537.36"
185.34.33.2 - - [20/Nov/2022:22:43:24 +0100] "GET /images/astacus-power1.jpg HTTP/1.1" 200 1178 "http://notes-online.se/register.php" "Mozilla/5.0 (Windows NT 10.0; Win64; x64) AppleWebKit/537.36 (KHTML, like Gecko) Chrome/100.0.4889.0 Safari/537.36"
185.34.33.2 - - [20/Nov/2022:22:43:24 +0100] "GET /images/meny6b.png HTTP/1.1" 200 1396 "http://notes-online.se/register.php" "Mozilla/5.0 (Windows NT 10.0; Win64; x64) AppleWebKit/537.36 (KHTML, like Gecko) Chrome/100.0.4889.0 Safari/537.36"
185.34.33.2 - - [20/Nov/2022:22:43:24 +0100] "GET /images/meny3b.png HTTP/1.1" 200 1405 "http://notes-online.se/register.php" "Mozilla/5.0 (Windows NT 10.0; Win64; x64) AppleWebKit/537.36 (KHTML, like Gecko) Chrome/100.0.4889.0 Safari/537.36"
185.34.33.2 - - [20/Nov/2022:22:43:24 +0100] "GET /images/meny1b.png HTTP/1.1" 200 1242 "http://notes-online.se/register.php" "Mozilla/5.0 (Windows NT 10.0; Win64; x64) AppleWebKit/537.36 (KHTML, like Gecko) Chrome/100.0.4889.0 Safari/537.36"
185.34.33.2 - - [20/Nov/2022:22:43:34 +0100] "POST /scripts/addclient_fromipad.php?from=browser HTTP/1.1" 302 11 "http://notes-online.se/register.php" "Mozilla/5.0 (Windows NT 10.0; Win64; x64) AppleWebKit/537.36 (KHTML, like Gecko) Chrome/100.0.4889.0 Safari/537.36"
185.34.33.2 - - [20/Nov/2022:22:43:35 +0100] "GET /loggain.php?msg=Thank%20you,%20you%20will%20shortly%20receive%20an%20message%20where%20you%20need%20to%20confirm%20your%20e-mail. HTTP/1.1" 200 2665 "http://notes-online.se/" "Mozilla/5.0 (Windows NT 10.0; Win64; x64) AppleWebKit/537.36 (KHTML, like Gecko) Chrome/100.0.4889.0 Safari/537.36"
185.34.33.2 - - [20/Nov/2022:22:43:36 +0100] "GET /images/skugga_left.jpg HTTP/1.1" 200 2590 "http://www.notes-online.se/loggain.php?msg=Thank%20you,%20you%20will%20shortly%20receive%20an%20message%20where%20you%20need%20to%20confirm%20your%20e-mail." "Mozilla/5.0 (Windows NT 10.0; Win64; x64) AppleWebKit/537.36 (KHTML, like Gecko) Chrome/100.0.4889.0 Safari/537.36"
185.34.33.2 - - [20/Nov/2022:22:43:38 +0100] "GET /top_banner/logga.png HTTP/1.1" 302 227 "http://www.notes-online.se/" "Mozilla/5.0 (Windows NT 10.0; Win64; x64) AppleWebKit/537.36 (KHTML, like Gecko) Chrome/100.0.4889.0 Safari/537.36"
::1 - - [20/Nov/2022:22:43:40 +0100] "OPTIONS * HTTP/1.0" 200 - "-" "Apache/2.4.7 (Ubuntu) PHP/5.5.9-1ubuntu4.29 OpenSSL/1.0.1f (internal dummy connection)"
::1 - - [20/Nov/2022:22:43:41 +0100] "OPTIONS * HTTP/1.0" 200 - "-" "Apache/2.4.7 (Ubuntu) PHP/5.5.9-1ubuntu4.29 OpenSSL/1.0.1f (internal dummy connection)"
::1 - - [20/Nov/2022:22:43:42 +0100] "OPTIONS * HTTP/1.0" 200 - "-" "Apache/2.4.7 (Ubuntu) PHP/5.5.9-1ubuntu4.29 OpenSSL/1.0.1f (internal dummy connection)"
::1 - - [20/Nov/2022:22:43:43 +0100] "OPTIONS * HTTP/1.0" 200 - "-" "Apache/2.4.7 (Ubuntu) PHP/5.5.9-1ubuntu4.29 OpenSSL/1.0.1f (internal dummy connection)"
185.34.33.2 - - [20/Nov/2022:22:43:49 +0100] "GET /images/supervision_loggo.jpg HTTP/1.1" 200 7892 "http://www.notes-online.se/loggain.php?msg=Thank%20you,%20you%20will%20shortly%20receive%20an%20message%20where%20you%20need%20to%20confirm%20your%20e-mail." "Mozilla/5.0 (Windows NT 10.0; Win64; x64) AppleWebKit/537.36 (KHTML, like Gecko) Chrome/100.0.4889.0 Safari/537.36"
::1 - - [20/Nov/2022:22:43:50 +0100] "OPTIONS * HTTP/1.0" 200 - "-" "Apache/2.4.7 (Ubuntu) PHP/5.5.9-1ubuntu4.29 OpenSSL/1.0.1f (internal dummy connection)"
::1 - - [20/Nov/2022:22:43:51 +0100] "OPTIONS * HTTP/1.0" 200 - "-" "Apache/2.4.7 (Ubuntu) PHP/5.5.9-1ubuntu4.29 OpenSSL/1.0.1f (internal dummy connection)"
::1 - - [20/Nov/2022:22:43:52 +0100] "OPTIONS * HTTP/1.0" 200 - "-" "Apache/2.4.7 (Ubuntu) PHP/5.5.9-1ubuntu4.29 OpenSSL/1.0.1f (internal dummy connection)"
114.119.141.42 - - [20/Nov/2022:22:44:04 +0100] "GET /apps/school/www_old6/img/LevelC/Category1/LevelCCat1Lesson20/?C=M%3BO%3DA HTTP/1.1" 200 475 "http://kulturdokumentation.se/apps/school/www_old6/img/LevelC/Category1/LevelCCat1Lesson20/?C=D%3BO%3DA" "Mozilla/5.0 (Linux; Android 7.0;) AppleWebKit/537.36 (KHTML, like Gecko) Mobile Safari/537.36 (compatible; PetalBot;+https://webmaster.petalsearch.com/site/petalbot)"
54.36.148.162 - - [20/Nov/2022:22:44:13 +0100] "GET /apps/school/www_old4/img/LevelC/Category2/LevelCCat2Lesson12/?C=S;O=A HTTP/1.1" 200 590 "-" "Mozilla/5.0 (compatible; AhrefsBot/7.0; +http://ahrefs.com/robot/)"
114.119.134.155 - - [20/Nov/2022:22:45:13 +0100] "GET /apps/school/www_old6/img/LevelG/Category2/LevelGCat2Lesson34 HTTP/1.1" 301 300 "http://kulturdokumentation.com/apps/school/www_old6/img/LevelG/Category2?C=N%3BO%3DD" "Mozilla/5.0 (Linux; Android 7.0;) AppleWebKit/537.36 (KHTML, like Gecko) Mobile Safari/537.36 (compatible; PetalBot;+https://webmaster.petalsearch.com/site/petalbot)"
114.119.134.155 - - [20/Nov/2022:22:45:14 +0100] "GET /apps/school/www_old6/img/LevelG/Category2/LevelGCat2Lesson34/ HTTP/1.1" 200 450 "http://kulturdokumentation.com/apps/school/www_old6/img/LevelG/Category2?C=N%3BO%3DD" "Mozilla/5.0 (Linux; Android 7.0;) AppleWebKit/537.36 (KHTML, like Gecko) Mobile Safari/537.36 (compatible; PetalBot;+https://webmaster.petalsearch.com/site/petalbot)"
54.36.149.90 - - [20/Nov/2022:22:46:59 +0100] "GET /apps/school/www_old4/img/LevelC/Category2/LevelCCat2Lesson12/?C=D;O=A HTTP/1.1" 200 591 "-" "Mozilla/5.0 (compatible; AhrefsBot/7.0; +http://ahrefs.com/robot/)"
207.46.13.159 - - [20/Nov/2022:22:48:55 +0100] "GET /?page=jobb1 HTTP/1.1" 302 218 "-" "Mozilla/5.0 (compatible; bingbot/2.0; +http://www.bing.com/bingbot.htm)"
114.119.141.53 - - [20/Nov/2022:22:49:09 +0100] "GET /apps/school/www_old9/Html/LevelD/Category2/LevelDCat2Lesson06.html HTTP/1.1" 200 2491 "http://kulturdokumentation.se/apps/school/www_old9/Html/LevelD/Category2/" "Mozilla/5.0 (Linux; Android 7.0;) AppleWebKit/537.36 (KHTML, like Gecko) Mobile Safari/537.36 (compatible; PetalBot;+https://webmaster.petalsearch.com/site/petalbot)"
54.36.148.91 - - [20/Nov/2022:22:49:26 +0100] "GET /apps/school/www_old5/img/LevelD/Category1/LevelDCat1Lesson24/?C=N;O=D HTTP/1.1" 200 450 "-" "Mozilla/5.0 (compatible; AhrefsBot/7.0; +http://ahrefs.com/robot/)"
114.119.134.152 - - [20/Nov/2022:22:50:19 +0100] "GET /apps/school/www_old3/Html/LevelD/Category2/LevelDCat2Lesson16.html HTTP/1.1" 200 2166 "http://kulturdokumentation.com/apps/school/www_old3/Html/LevelD/Category2?C=S%3BO%3DA" "Mozilla/5.0 (Linux; Android 7.0;) AppleWebKit/537.36 (KHTML, like Gecko) Mobile Safari/537.36 (compatible; PetalBot;+https://webmaster.petalsearch.com/site/petalbot)"
54.36.149.26 - - [20/Nov/2022:22:52:25 +0100] "GET /skraddarsydd-utbildning-i-indien/ HTTP/1.1" 200 10310 "-" "Mozilla/5.0 (compatible; AhrefsBot/7.0; +http://ahrefs.com/robot/)"
66.249.66.55 - - [20/Nov/2022:22:53:10 +0100] "GET /?productid=333133 HTTP/1.1" 302 23504 "-" "Mozilla/5.0 (Linux; Android 6.0.1; Nexus 5X Build/MMB29P) AppleWebKit/537.36 (KHTML, like Gecko) Chrome/107.0.5304.110 Mobile Safari/537.36 (compatible; Googlebot/2.1; +http://www.google.com/bot.html)"
54.36.148.224 - - [20/Nov/2022:22:53:28 +0100] "GET /apps/school/www_old4/img/LevelC/Category2/LevelCCat2Lesson13/?C=D;O=A HTTP/1.1" 200 594 "-" "Mozilla/5.0 (compatible; AhrefsBot/7.0; +http://ahrefs.com/robot/)"
114.119.141.52 - - [20/Nov/2022:22:54:14 +0100] "GET /apps/school/www_old8/img/LevelB/Category1/LevelBCat1Lesson38/ HTTP/1.1" 200 451 "http://kulturdokumentation.se/apps/school/www_old8/img/LevelB/Category1/" "Mozilla/5.0 (Linux; Android 7.0;) AppleWebKit/537.36 (KHTML, like Gecko) Mobile Safari/537.36 (compatible; PetalBot;+https://webmaster.petalsearch.com/site/petalbot)"
216.244.66.239 - - [20/Nov/2022:22:54:24 +0100] "GET /robots.txt HTTP/1.1" 404 208 "-" "Mozilla/5.0 (compatible; DotBot/1.2; +https://opensiteexplorer.org/dotbot; help@moz.com)"
114.119.134.152 - - [20/Nov/2022:22:55:28 +0100] "GET /apps/school/www_old3/img/LevelC/Category2/LevelCCat2Lesson17?C=S%3BO%3DA HTTP/1.1" 301 312 "http://kulturdokumentation.com/apps/school/www_old3/img/LevelC/Category2/LevelCCat2Lesson17" "Mozilla/5.0 (Linux; Android 7.0;) AppleWebKit/537.36 (KHTML, like Gecko) Mobile Safari/537.36 (compatible; PetalBot;+https://webmaster.petalsearch.com/site/petalbot)"
114.119.134.152 - - [20/Nov/2022:22:55:30 +0100] "GET /apps/school/www_old3/img/LevelC/Category2/LevelCCat2Lesson17/?C=S%3BO%3DA HTTP/1.1" 200 493 "http://kulturdokumentation.com/apps/school/www_old3/img/LevelC/Category2/LevelCCat2Lesson17" "Mozilla/5.0 (Linux; Android 7.0;) AppleWebKit/537.36 (KHTML, like Gecko) Mobile Safari/537.36 (compatible; PetalBot;+https://webmaster.petalsearch.com/site/petalbot)"
207.46.13.159 - - [20/Nov/2022:22:57:58 +0100] "GET /apps/school/www_old9/ HTTP/1.1" 200 630 "-" "Mozilla/5.0 AppleWebKit/537.36 (KHTML, like Gecko; compatible; bingbot/2.0; +http://www.bing.com/bingbot.htm) Chrome/103.0.5060.134 Safari/537.36"
176.9.139.229 - - [20/Nov/2022:22:58:37 +0100] "GET / HTTP/1.1" 200 2907 "-" "Mozilla/5.0 (compatible; MegaIndex.ru/2.0; +http://megaindex.com/crawler)"
176.9.139.229 - - [20/Nov/2022:22:58:39 +0100] "GET /robots.txt HTTP/1.1" 404 208 "-" "Mozilla/5.0 (compatible; MegaIndex.ru/2.0; +http://megaindex.com/crawler)"
176.9.139.229 - - [20/Nov/2022:22:58:39 +0100] "GET /index.php HTTP/1.1" 200 2907 "-" "Mozilla/5.0 (compatible; MegaIndex.ru/2.0; +http://megaindex.com/crawler)"
176.9.139.229 - - [20/Nov/2022:22:58:55 +0100] "GET /register.php HTTP/1.1" 200 3205 "-" "Mozilla/5.0 (compatible; MegaIndex.ru/2.0; +http://megaindex.com/crawler)"
176.9.139.229 - - [20/Nov/2022:22:58:57 +0100] "GET /tillampningar.php HTTP/1.1" 200 3981 "-" "Mozilla/5.0 (compatible; MegaIndex.ru/2.0; +http://megaindex.com/crawler)"
114.119.141.53 - - [20/Nov/2022:22:59:22 +0100] "GET /apps/school/www_old8/img/LevelA/Category2/LevelACat2Lesson20/?C=M%3BO%3DA HTTP/1.1" 200 479 "http://kulturdokumentation.se/apps/school/www_old8/img/LevelA/Category2/LevelACat2Lesson20/?C=D%3BO%3DA" "Mozilla/5.0 (Linux; Android 7.0;) AppleWebKit/537.36 (KHTML, like Gecko) Mobile Safari/537.36 (compatible; PetalBot;+https://webmaster.petalsearch.com/site/petalbot)"
176.9.139.229 - - [20/Nov/2022:22:59:25 +0100] "GET /arkitekturen.php HTTP/1.1" 200 2693 "-" "Mozilla/5.0 (compatible; MegaIndex.ru/2.0; +http://megaindex.com/crawler)"
176.9.139.229 - - [20/Nov/2022:22:59:29 +0100] "GET /pris.php HTTP/1.1" 200 3188 "-" "Mozilla/5.0 (compatible; MegaIndex.ru/2.0; +http://megaindex.com/crawler)"
176.9.139.229 - - [20/Nov/2022:22:59:30 +0100] "GET /loggain.php HTTP/1.1" 200 2900 "-" "Mozilla/5.0 (compatible; MegaIndex.ru/2.0; +http://megaindex.com/crawler)"
176.9.139.229 - - [20/Nov/2022:22:59:38 +0100] "GET /flow.php HTTP/1.1" 200 3771 "-" "Mozilla/5.0 (compatible; MegaIndex.ru/2.0; +http://megaindex.com/crawler)"
54.36.149.68 - - [20/Nov/2022:23:00:03 +0100] "GET /apps/school/www_old_temp/Html/LevelA/Category2/ HTTP/1.1" 200 520 "-" "Mozilla/5.0 (compatible; AhrefsBot/7.0; +http://ahrefs.com/robot/)"
176.9.139.229 - - [20/Nov/2022:23:00:31 +0100] "GET /video.php HTTP/1.1" 200 2590 "-" "Mozilla/5.0 (compatible; MegaIndex.ru/2.0; +http://megaindex.com/crawler)"
114.119.134.148 - - [20/Nov/2022:23:00:31 +0100] "GET /apps/school/www_old3/ios?C=M%3BO%3DA HTTP/1.1" 301 276 "http://kulturdokumentation.com/apps/school/www_old3/ios?C=S%3BO%3DA" "Mozilla/5.0 (Linux; Android 7.0;) AppleWebKit/537.36 (KHTML, like Gecko) Mobile Safari/537.36 (compatible; PetalBot;+https://webmaster.petalsearch.com/site/petalbot)"
114.119.134.148 - - [20/Nov/2022:23:00:31 +0100] "GET /apps/school/www_old3/ios/?C=M%3BO%3DA HTTP/1.1" 200 478 "http://kulturdokumentation.com/apps/school/www_old3/ios?C=S%3BO%3DA" "Mozilla/5.0 (Linux; Android 7.0;) AppleWebKit/537.36 (KHTML, like Gecko) Mobile Safari/537.36 (compatible; PetalBot;+https://webmaster.petalsearch.com/site/petalbot)"
176.9.139.229 - - [20/Nov/2022:23:00:36 +0100] "GET /privacypolicy.php HTTP/1.1" 200 4220 "-" "Mozilla/5.0 (compatible; MegaIndex.ru/2.0; +http://megaindex.com/crawler)"
176.9.139.229 - - [20/Nov/2022:23:00:47 +0100] "GET /nyttlosenord.php HTTP/1.1" 200 2478 "-" "Mozilla/5.0 (compatible; MegaIndex.ru/2.0; +http://megaindex.com/crawler)"
176.9.139.229 - - [20/Nov/2022:23:00:50 +0100] "GET /flow_pos.php HTTP/1.1" 200 548 "-" "Mozilla/5.0 (compatible; MegaIndex.ru/2.0; +http://megaindex.com/crawler)"
176.9.139.229 - - [20/Nov/2022:23:00:51 +0100] "GET /flow_form.php HTTP/1.1" 200 545 "-" "Mozilla/5.0 (compatible; MegaIndex.ru/2.0; +http://megaindex.com/crawler)"
114.119.146.69 - - [20/Nov/2022:23:02:44 +0100] "GET /en/newpassword.php HTTP/1.1" 200 2675 "http://www.notes-online.se/en/loggain.php" "Mozilla/5.0 (Linux; Android 7.0;) AppleWebKit/537.36 (KHTML, like Gecko) Mobile Safari/537.36 (compatible; PetalBot;+https://webmaster.petalsearch.com/site/petalbot)"
66.249.75.83 - - [20/Nov/2022:23:03:21 +0100] "GET /robots.txt HTTP/1.1" 404 208 "-" "Mozilla/5.0 (compatible; Googlebot/2.1; +http://www.google.com/bot.html)"
66.249.75.81 - - [20/Nov/2022:23:03:21 +0100] "GET /?page=start HTTP/1.1" 200 1772 "-" "Mozilla/5.0 (Linux; Android 6.0.1; Nexus 5X Build/MMB29P) AppleWebKit/537.36 (KHTML, like Gecko) Chrome/107.0.5304.110 Mobile Safari/537.36 (compatible; Googlebot/2.1; +http://www.google.com/bot.html)"
114.119.141.71 - - [20/Nov/2022:23:04:28 +0100] "GET /apps/school/www_old8/img/LevelA/Category1/LevelACat1Lesson08/ HTTP/1.1" 200 448 "http://kulturdokumentation.se/apps/school/www_old8/img/LevelA/Category1/?C=M%3BO%3DA" "Mozilla/5.0 (Linux; Android 7.0;) AppleWebKit/537.36 (KHTML, like Gecko) Mobile Safari/537.36 (compatible; PetalBot;+https://webmaster.petalsearch.com/site/petalbot)"
66.249.66.138 - - [20/Nov/2022:23:05:30 +0100] "GET /robots.txt HTTP/1.1" 404 208 "-" "Mozilla/5.0 (compatible; Googlebot/2.1; +http://www.google.com/bot.html)"
66.249.66.136 - - [20/Nov/2022:23:05:30 +0100] "GET / HTTP/1.1" 200 3088 "-" "Mozilla/5.0 (compatible; Googlebot/2.1; +http://www.google.com/bot.html)"
114.119.134.161 - - [20/Nov/2022:23:05:39 +0100] "GET /apps/school/www_old5/img/LevelB/Category2/LevelBCat2Lesson11?C=D%3BO%3DA HTTP/1.1" 301 312 "http://kulturdokumentation.com/apps/school/www_old5/img/LevelB/Category2/LevelBCat2Lesson11?C=N%3BO%3DD" "Mozilla/5.0 (Linux; Android 7.0;) AppleWebKit/537.36 (KHTML, like Gecko) Mobile Safari/537.36 (compatible; PetalBot;+https://webmaster.petalsearch.com/site/petalbot)"
114.119.134.161 - - [20/Nov/2022:23:05:40 +0100] "GET /apps/school/www_old5/img/LevelB/Category2/LevelBCat2Lesson11/?C=D%3BO%3DA HTTP/1.1" 200 639 "http://kulturdokumentation.com/apps/school/www_old5/img/LevelB/Category2/LevelBCat2Lesson11?C=N%3BO%3DD" "Mozilla/5.0 (Linux; Android 7.0;) AppleWebKit/537.36 (KHTML, like Gecko) Mobile Safari/537.36 (compatible; PetalBot;+https://webmaster.petalsearch.com/site/petalbot)"
194.110.203.40 - - [20/Nov/2022:23:06:49 +0100] "GET /notes-online.se_backup.tar.gz HTTP/1.1" 404 227 "-" "Firefox"
54.36.148.254 - - [20/Nov/2022:23:07:30 +0100] "GET /apps/school/www_old5/img/LevelC/Category2/LevelCCat2Lesson13/?C=M;O=D HTTP/1.1" 200 591 "-" "Mozilla/5.0 (compatible; AhrefsBot/7.0; +http://ahrefs.com/robot/)"
114.119.141.51 - - [20/Nov/2022:23:09:33 +0100] "GET /apps/school/www_old8/img/LevelF/Category1/LevelFCat1Lesson34/?C=M%3BO%3DA HTTP/1.1" 200 448 "http://kulturdokumentation.se/apps/school/www_old8/img/LevelF/Category1/LevelFCat1Lesson34/" "Mozilla/5.0 (Linux; Android 7.0;) AppleWebKit/537.36 (KHTML, like Gecko) Mobile Safari/537.36 (compatible; PetalBot;+https://webmaster.petalsearch.com/site/petalbot)"
66.249.66.53 - - [20/Nov/2022:23:10:29 +0100] "GET /index.php?page=result&keyword=revit HTTP/1.1" 200 8938 "-" "Mozilla/5.0 (Linux; Android 6.0.1; Nexus 5X Build/MMB29P) AppleWebKit/537.36 (KHTML, like Gecko) Chrome/107.0.5304.110 Mobile Safari/537.36 (compatible; Googlebot/2.1; +http://www.google.com/bot.html)"
114.119.134.152 - - [20/Nov/2022:23:10:45 +0100] "GET /apps/school/www_old8/img/LevelC/Category3/LevelCCat3Lesson15/fox.png HTTP/1.1" 200 13585 "http://kulturdokumentation.com/apps/school/www_old8/Html/LevelC/Category3/LevelCCat3Lesson19.html" "Mozilla/5.0 (Linux; Android 7.0;) AppleWebKit/537.36 (KHTML, like Gecko) Mobile Safari/537.36 (compatible; PetalBot;+https://webmaster.petalsearch.com/site/petalbot)"
17.121.112.82 - - [20/Nov/2022:23:13:57 +0100] "GET /robots.txt HTTP/1.1" 404 208 "-" "Mozilla/5.0 (Macintosh; Intel Mac OS X 10_15_5) AppleWebKit/605.1.15 (KHTML, like Gecko) Version/13.1.1 Safari/605.1.15 (Applebot/0.1; +http://www.apple.com/go/applebot)"
17.121.112.82 - - [20/Nov/2022:23:13:57 +0100] "GET /pdf/Best%C3%A4llningsblankett%20utrymningsplaner.pdf HTTP/1.1" 200 485510 "-" "Mozilla/5.0 (Macintosh; Intel Mac OS X 10_15_5) AppleWebKit/605.1.15 (KHTML, like Gecko) Version/13.1.1 Safari/605.1.15 (Applebot/0.1; +http://www.apple.com/go/applebot)"
54.36.149.76 - - [20/Nov/2022:23:14:18 +0100] "GET /apps/school/www_old4/img/LevelC/Category2/LevelCCat2Lesson13/?C=S;O=A HTTP/1.1" 200 600 "-" "Mozilla/5.0 (compatible; AhrefsBot/7.0; +http://ahrefs.com/robot/)"
114.119.141.71 - - [20/Nov/2022:23:14:39 +0100] "GET /apps/school/www_old_temp/AutodeskForge/learn.forge.viewmodels-nodejs/node_modules/sshpk/bin/sshpk-verify HTTP/1.1" 200 3553 "http://kulturdokumentation.se/apps/school/www_old_temp/AutodeskForge/learn.forge.viewmodels-nodejs/node_modules/sshpk/bin/?C=D%3BO%3DA" "Mozilla/5.0 (Linux; Android 7.0;) AppleWebKit/537.36 (KHTML, like Gecko) Mobile Safari/537.36 (compatible; PetalBot;+https://webmaster.petalsearch.com/site/petalbot)"
114.119.134.165 - - [20/Nov/2022:23:15:49 +0100] "GET /apps/school/www_old3/img/LevelB/Category1/LevelBCat1Lesson38/?C=D%3BO%3DA HTTP/1.1" 200 451 "http://kulturdokumentation.com/apps/school/www_old3/img/LevelB/Category1/LevelBCat1Lesson38?C=S%3BO%3DA" "Mozilla/5.0 (Linux; Android 7.0;) AppleWebKit/537.36 (KHTML, like Gecko) Mobile Safari/537.36 (compatible; PetalBot;+https://webmaster.petalsearch.com/site/petalbot)"
114.119.144.64 - - [20/Nov/2022:23:17:58 +0100] "GET /index.php?page=content&id=36 HTTP/1.1" 200 4792 "http://www.biminfo.se?page=result&keyword=hyllor" "Mozilla/5.0 (Linux; Android 7.0;) AppleWebKit/537.36 (KHTML, like Gecko) Mobile Safari/537.36 (compatible; PetalBot;+https://webmaster.petalsearch.com/site/petalbot)"
114.119.141.69 - - [20/Nov/2022:23:19:45 +0100] "GET /apps/school/www_old_temp/AutodeskForge/learn.forge.viewmodels-nodejs/node_modules/statuses/index.js HTTP/1.1" 200 867 "http://kulturdokumentation.se/apps/school/www_old_temp/AutodeskForge/learn.forge.viewmodels-nodejs/node_modules/statuses/?C=S%3BO%3DA" "Mozilla/5.0 (Linux; Android 7.0;) AppleWebKit/537.36 (KHTML, like Gecko) Mobile Safari/537.36 (compatible; PetalBot;+https://webmaster.petalsearch.com/site/petalbot)"
216.244.66.239 - - [20/Nov/2022:23:20:10 +0100] "GET /apps/school/www_old10/Html/LevelF/Category1/ HTTP/1.1" 200 10636 "-" "Mozilla/5.0 (compatible; DotBot/1.2; +https://opensiteexplorer.org/dotbot; help@moz.com)"
216.244.66.239 - - [20/Nov/2022:23:20:15 +0100] "GET /apps/school/www_old3/img/LevelA/Category2/LevelACat2Lesson5/ HTTP/1.1" 200 1458 "-" "Mozilla/5.0 (compatible; DotBot/1.2; +https://opensiteexplorer.org/dotbot; help@moz.com)"
216.244.66.239 - - [20/Nov/2022:23:20:19 +0100] "GET /apps/school/www_old4/img/LevelB/Category2/LevelBCat2Lesson5/ HTTP/1.1" 200 1648 "-" "Mozilla/5.0 (compatible; DotBot/1.2; +https://opensiteexplorer.org/dotbot; help@moz.com)"
216.244.66.239 - - [20/Nov/2022:23:20:22 +0100] "GET /apps/school/www_old5/Html/LevelD/Category1/LevelDCat1Lesson32.html HTTP/1.1" 200 2731 "-" "Mozilla/5.0 (compatible; DotBot/1.2; +https://opensiteexplorer.org/dotbot; help@moz.com)"
216.244.66.239 - - [20/Nov/2022:23:20:25 +0100] "GET /apps/school/www_old5/Html/LevelG/Category1/LevelGCat1Lesson12.html HTTP/1.1" 200 2787 "-" "Mozilla/5.0 (compatible; DotBot/1.2; +https://opensiteexplorer.org/dotbot; help@moz.com)"
216.244.66.239 - - [20/Nov/2022:23:20:28 +0100] "GET /apps/school/www_old5/img/LevelA/Category1/LevelACat1Lesson07/ HTTP/1.1" 200 1020 "-" "Mozilla/5.0 (compatible; DotBot/1.2; +https://opensiteexplorer.org/dotbot; help@moz.com)"
216.244.66.239 - - [20/Nov/2022:23:20:30 +0100] "GET /apps/school/www_old8/Html/LevelF/Category2/LevelFCat2Lesson05.html HTTP/1.1" 200 2932 "-" "Mozilla/5.0 (compatible; DotBot/1.2; +https://opensiteexplorer.org/dotbot; help@moz.com)"
216.244.66.239 - - [20/Nov/2022:23:20:32 +0100] "GET /apps/school/www_old8/img/LevelE/Category1/LevelECat1Lesson42/ HTTP/1.1" 200 1034 "-" "Mozilla/5.0 (compatible; DotBot/1.2; +https://opensiteexplorer.org/dotbot; help@moz.com)"
216.244.66.239 - - [20/Nov/2022:23:20:34 +0100] "GET /apps/school/www_old8/img/LevelG/Category2/LevelGCat2Lesson06/ HTTP/1.1" 200 1222 "-" "Mozilla/5.0 (compatible; DotBot/1.2; +https://opensiteexplorer.org/dotbot; help@moz.com)"
216.244.66.239 - - [20/Nov/2022:23:20:35 +0100] "GET /apps/school/www_old9/Html/LevelF/Category2/LevelFCat2Lesson18.html HTTP/1.1" 200 2753 "-" "Mozilla/5.0 (compatible; DotBot/1.2; +https://opensiteexplorer.org/dotbot; help@moz.com)"
216.244.66.239 - - [20/Nov/2022:23:20:37 +0100] "GET /apps/school/www_old9/Html/LevelG/Category1/LevelGCat1Lesson08.html HTTP/1.1" 200 30225 "-" "Mozilla/5.0 (compatible; DotBot/1.2; +https://opensiteexplorer.org/dotbot; help@moz.com)"
216.244.66.239 - - [20/Nov/2022:23:20:39 +0100] "GET /apps/school/www_old9/img/LevelC/Category3/LevelCCat3Lesson12/ HTTP/1.1" 200 1626 "-" "Mozilla/5.0 (compatible; DotBot/1.2; +https://opensiteexplorer.org/dotbot; help@moz.com)"
216.244.66.239 - - [20/Nov/2022:23:20:40 +0100] "GET /apps/school/www_old9/img/LevelD/Category2/LevelDCat2Lesson04/ HTTP/1.1" 200 2074 "-" "Mozilla/5.0 (compatible; DotBot/1.2; +https://opensiteexplorer.org/dotbot; help@moz.com)"
216.244.66.239 - - [20/Nov/2022:23:20:42 +0100] "GET /apps/school/www_old9/img/LevelD/Category3/LevelDCat3Lesson12/ HTTP/1.1" 200 3056 "-" "Mozilla/5.0 (compatible; DotBot/1.2; +https://opensiteexplorer.org/dotbot; help@moz.com)"
216.244.66.239 - - [20/Nov/2022:23:20:43 +0100] "GET /apps/school/www_old9/img/LevelG/Category1/LevelGCat1Lesson01/ HTTP/1.1" 200 1026 "-" "Mozilla/5.0 (compatible; DotBot/1.2; +https://opensiteexplorer.org/dotbot; help@moz.com)"
216.244.66.239 - - [20/Nov/2022:23:20:44 +0100] "GET /apps/school/www_old9/img/LevelG/Category2/LevelGCat2Lesson01/ HTTP/1.1" 200 1024 "-" "Mozilla/5.0 (compatible; DotBot/1.2; +https://opensiteexplorer.org/dotbot; help@moz.com)"
54.36.149.103 - - [20/Nov/2022:23:20:53 +0100] "GET /apps/school/www_old9/Html/LevelB/Category1/?C=S;O=A HTTP/1.1" 200 825 "-" "Mozilla/5.0 (compatible; AhrefsBot/7.0; +http://ahrefs.com/robot/)"
114.119.134.148 - - [20/Nov/2022:23:20:57 +0100] "GET /apps/school/www_old9/Html/LevelF/LevelFCat2Lesson02.html HTTP/1.1" 404 254 "http://kulturdokumentation.com/apps/school/www_old9/Html/LevelF/Category2?C=D%3BO%3DA" "Mozilla/5.0 (Linux; Android 7.0;) AppleWebKit/537.36 (KHTML, like Gecko) Mobile Safari/537.36 (compatible; PetalBot;+https://webmaster.petalsearch.com/site/petalbot)"
194.180.48.125 - - [20/Nov/2022:23:21:43 +0100] "GET /explore HTTP/1.1" 404 205 "-" "Mozilla/5.0 (Linux; Android 10; DL1036) AppleWebKit/537.36 (KHTML, like Gecko) Chrome/81.0.4044.138 Safari/537.36"
114.119.141.24 - - [20/Nov/2022:23:21:51 +0100] "GET /?page=loggain HTTP/1.1" 200 1772 "https://simplebim.se/" "Mozilla/5.0 (Linux; Android 7.0;) AppleWebKit/537.36 (KHTML, like Gecko) Mobile Safari/537.36 (compatible; PetalBot;+https://webmaster.petalsearch.com/site/petalbot)"
216.244.66.239 - - [20/Nov/2022:23:22:12 +0100] "GET /apps/school/www_old10/Html/LevelB/Category1/LevelBCat1Lesson28.html HTTP/1.1" 200 2920 "-" "Mozilla/5.0 (compatible; DotBot/1.2; +https://opensiteexplorer.org/dotbot; help@moz.com)"
216.244.66.239 - - [20/Nov/2022:23:22:14 +0100] "GET /apps/school/www_old10/Html/LevelB/Category2/LevelBCat2Lesson01.html HTTP/1.1" 200 27013 "-" "Mozilla/5.0 (compatible; DotBot/1.2; +https://opensiteexplorer.org/dotbot; help@moz.com)"
216.244.66.239 - - [20/Nov/2022:23:22:15 +0100] "GET /apps/school/www_old10/img/LevelA/Category2/LevelACat2Lesson06/ HTTP/1.1" 200 2781 "-" "Mozilla/5.0 (compatible; DotBot/1.2; +https://opensiteexplorer.org/dotbot; help@moz.com)"
216.244.66.239 - - [20/Nov/2022:23:22:16 +0100] "GET /apps/school/www_old2/Html/LevelA/Category1/LevelACat1Lesson4.html HTTP/1.1" 200 13722 "-" "Mozilla/5.0 (compatible; DotBot/1.2; +https://opensiteexplorer.org/dotbot; help@moz.com)"
216.244.66.239 - - [20/Nov/2022:23:22:17 +0100] "GET /apps/school/www_old2/Html/LevelC/Category1/LevelCCat1Lesson25.html HTTP/1.1" 200 3103 "-" "Mozilla/5.0 (compatible; DotBot/1.2; +https://opensiteexplorer.org/dotbot; help@moz.com)"
216.244.66.239 - - [20/Nov/2022:23:22:18 +0100] "GET /apps/school/www_old3/Html/LevelA/Category1/LevelACat1Lesson22.html HTTP/1.1" 200 2841 "-" "Mozilla/5.0 (compatible; DotBot/1.2; +https://opensiteexplorer.org/dotbot; help@moz.com)"
216.244.66.239 - - [20/Nov/2022:23:22:19 +0100] "GET /apps/school/www_old3/Html/LevelB/Category2/LevelBCat2Lesson10.html HTTP/1.1" 200 33356 "-" "Mozilla/5.0 (compatible; DotBot/1.2; +https://opensiteexplorer.org/dotbot; help@moz.com)"
216.244.66.239 - - [20/Nov/2022:23:22:20 +0100] "GET /apps/school/www_old4/Html/LevelC/Category2/LevelCCat2Lesson4.html HTTP/1.1" 200 40442 "-" "Mozilla/5.0 (compatible; DotBot/1.2; +https://opensiteexplorer.org/dotbot; help@moz.com)"
216.244.66.239 - - [20/Nov/2022:23:22:22 +0100] "GET /apps/school/www_old4/Html/LevelD/Category1/LevelDCat1Lesson17.html HTTP/1.1" 200 2994 "-" "Mozilla/5.0 (compatible; DotBot/1.2; +https://opensiteexplorer.org/dotbot; help@moz.com)"
216.244.66.239 - - [20/Nov/2022:23:22:23 +0100] "GET /apps/school/www_old4/Html/LevelD/Category1/LevelDCat1Lesson26.html HTTP/1.1" 200 2732 "-" "Mozilla/5.0 (compatible; DotBot/1.2; +https://opensiteexplorer.org/dotbot; help@moz.com)"
216.244.66.239 - - [20/Nov/2022:23:22:24 +0100] "GET /apps/school/www_old5/Html/LevelE/Category3/LevelECat3Lesson14.html HTTP/1.1" 200 2840 "-" "Mozilla/5.0 (compatible; DotBot/1.2; +https://opensiteexplorer.org/dotbot; help@moz.com)"
216.244.66.239 - - [20/Nov/2022:23:22:25 +0100] "GET /apps/school/www_old6/Html/LevelB/Category1/LevelBCat1Lesson21.html HTTP/1.1" 200 30664 "-" "Mozilla/5.0 (compatible; DotBot/1.2; +https://opensiteexplorer.org/dotbot; help@moz.com)"
216.244.66.239 - - [20/Nov/2022:23:22:26 +0100] "GET /apps/school/www_old8/Html/LevelG/Category1/LevelGCat1Lesson06.html HTTP/1.1" 200 36773 "-" "Mozilla/5.0 (compatible; DotBot/1.2; +https://opensiteexplorer.org/dotbot; help@moz.com)"
216.244.66.239 - - [20/Nov/2022:23:22:29 +0100] "GET /apps/school/www_old9/Html/LevelE/Category2/LevelECat2Lesson19.html HTTP/1.1" 200 24919 "-" "Mozilla/5.0 (compatible; DotBot/1.2; +https://opensiteexplorer.org/dotbot; help@moz.com)"
216.244.66.239 - - [20/Nov/2022:23:22:31 +0100] "GET /apps/school/www_old9/Html/LevelE/Category2/LevelECat2Lesson21.html HTTP/1.1" 200 30404 "-" "Mozilla/5.0 (compatible; DotBot/1.2; +https://opensiteexplorer.org/dotbot; help@moz.com)"
216.244.66.239 - - [20/Nov/2022:23:22:32 +0100] "GET /apps/school/www_old_temp/Html/LevelA/Category1/LevelACat1Lesson17.html HTTP/1.1" 200 43083 "-" "Mozilla/5.0 (compatible; DotBot/1.2; +https://opensiteexplorer.org/dotbot; help@moz.com)"
216.244.66.239 - - [20/Nov/2022:23:22:34 +0100] "GET /apps/school/www_old_temp/Html/LevelA/Category1/LevelACat1Lesson33.html HTTP/1.1" 200 2956 "-" "Mozilla/5.0 (compatible; DotBot/1.2; +https://opensiteexplorer.org/dotbot; help@moz.com)"
216.244.66.239 - - [20/Nov/2022:23:24:01 +0100] "GET /apps/school/www/Html/LevelA/Category1/LevelACat1Lesson02.html HTTP/1.1" 200 40308 "-" "Mozilla/5.0 (compatible; DotBot/1.2; +https://opensiteexplorer.org/dotbot; help@moz.com)"
216.244.66.239 - - [20/Nov/2022:23:24:02 +0100] "GET /apps/school/www_old2/img/LevelA/Category1/LevelACat1Lesson30/ubTable.png HTTP/1.1" 200 51992 "-" "Mozilla/5.0 (compatible; DotBot/1.2; +https://opensiteexplorer.org/dotbot; help@moz.com)"
216.244.66.239 - - [20/Nov/2022:23:24:04 +0100] "GET /apps/school/www_old5/img/LevelG/Category1/LevelGCat1Lesson27/ HTTP/1.1" 200 1032 "-" "Mozilla/5.0 (compatible; DotBot/1.2; +https://opensiteexplorer.org/dotbot; help@moz.com)"
216.244.66.239 - - [20/Nov/2022:23:24:05 +0100] "GET /apps/school/www_old5/img/LevelG/Category2/LevelGCat2Lesson21/ HTTP/1.1" 200 1406 "-" "Mozilla/5.0 (compatible; DotBot/1.2; +https://opensiteexplorer.org/dotbot; help@moz.com)"
216.244.66.239 - - [20/Nov/2022:23:24:06 +0100] "GET /apps/school/www_old6/img/LevelF/Category2/LevelFCat2Lesson10/ HTTP/1.1" 200 2904 "-" "Mozilla/5.0 (compatible; DotBot/1.2; +https://opensiteexplorer.org/dotbot; help@moz.com)"
216.244.66.239 - - [20/Nov/2022:23:24:07 +0100] "GET /apps/school/www_old6/img/LevelF/Category2/LevelFCat2Lesson23/ HTTP/1.1" 200 1228 "-" "Mozilla/5.0 (compatible; DotBot/1.2; +https://opensiteexplorer.org/dotbot; help@moz.com)"
216.244.66.239 - - [20/Nov/2022:23:24:08 +0100] "GET /apps/school/www_old6/img/LevelG/Category1/LevelGCat1Lesson27/ HTTP/1.1" 200 1032 "-" "Mozilla/5.0 (compatible; DotBot/1.2; +https://opensiteexplorer.org/dotbot; help@moz.com)"
216.244.66.239 - - [20/Nov/2022:23:24:10 +0100] "GET /apps/school/www_old8/img/LevelA/Category1/LevelACat1Lesson17/ HTTP/1.1" 200 1814 "-" "Mozilla/5.0 (compatible; DotBot/1.2; +https://opensiteexplorer.org/dotbot; help@moz.com)"
216.244.66.239 - - [20/Nov/2022:23:24:11 +0100] "GET /apps/school/www_old8/img/LevelE/Category2/LevelECat2Lesson18/penclebox.png HTTP/1.1" 200 6746 "-" "Mozilla/5.0 (compatible; DotBot/1.2; +https://opensiteexplorer.org/dotbot; help@moz.com)"
216.244.66.239 - - [20/Nov/2022:23:24:12 +0100] "GET /apps/school/www_old9/img/LevelA/Category1/LevelACat1Lesson07/ HTTP/1.1" 200 1020 "-" "Mozilla/5.0 (compatible; DotBot/1.2; +https://opensiteexplorer.org/dotbot; help@moz.com)"
216.244.66.239 - - [20/Nov/2022:23:24:13 +0100] "GET /apps/school/www_old9/img/LevelC/Category1/LevelCCat1Lesson15/ HTTP/1.1" 200 1020 "-" "Mozilla/5.0 (compatible; DotBot/1.2; +https://opensiteexplorer.org/dotbot; help@moz.com)"
216.244.66.239 - - [20/Nov/2022:23:24:14 +0100] "GET /apps/school/www_old9/img/LevelH/Category1/?C=M;O=A HTTP/1.1" 200 6002 "-" "Mozilla/5.0 (compatible; DotBot/1.2; +https://opensiteexplorer.org/dotbot; help@moz.com)"
205.169.39.63 - - [20/Nov/2022:23:24:20 +0100] "GET / HTTP/1.1" 302 207 "-" "Mozilla/5.0 (X11; Linux x86_64) AppleWebKit/537.36 (KHTML, like Gecko) HeadlessChrome/104.0.5112.101 Safari/537.36"
79.136.114.73 - - [20/Nov/2022:23:24:21 +0100] "POST /wp-cron.php?doing_wp_cron=1668983061.3958001136779785156250 HTTP/1.1" 200 - "https://www.astacus.se/wp-cron.php?doing_wp_cron=1668983061.3958001136779785156250" "WordPress/4.8.1; https://www.astacus.se"
205.169.39.63 - - [20/Nov/2022:23:24:21 +0100] "GET / HTTP/1.1" 200 13133 "-" "Mozilla/5.0 (X11; Linux x86_64) AppleWebKit/537.36 (KHTML, like Gecko) HeadlessChrome/104.0.5112.101 Safari/537.36"
205.169.39.63 - - [20/Nov/2022:23:24:22 +0100] "GET /wp-content/plugins/revslider/public/assets/css/settings.css?ver=5.4.8 HTTP/1.1" 200 9545 "https://www.astacus.se/" "Mozilla/5.0 (X11; Linux x86_64) AppleWebKit/537.36 (KHTML, like Gecko) HeadlessChrome/104.0.5112.101 Safari/537.36"
205.169.39.63 - - [20/Nov/2022:23:24:22 +0100] "GET /wp-content/themes/x/framework/css/dist/site/stacks/ethos.css?ver=4.6.4 HTTP/1.1" 200 23966 "https://www.astacus.se/" "Mozilla/5.0 (X11; Linux x86_64) AppleWebKit/537.36 (KHTML, like Gecko) HeadlessChrome/104.0.5112.101 Safari/537.36"
205.169.39.63 - - [20/Nov/2022:23:24:22 +0100] "GET /wp-content/themes/x/framework/js/dist/site/x-head.min.js?ver=4.6.4 HTTP/1.1" 200 1210 "https://www.astacus.se/" "Mozilla/5.0 (X11; Linux x86_64) AppleWebKit/537.36 (KHTML, like Gecko) HeadlessChrome/104.0.5112.101 Safari/537.36"
205.169.39.63 - - [20/Nov/2022:23:24:22 +0100] "GET /wp-includes/js/jquery/jquery-migrate.min.js?ver=1.4.1 HTTP/1.1" 200 4014 "https://www.astacus.se/" "Mozilla/5.0 (X11; Linux x86_64) AppleWebKit/537.36 (KHTML, like Gecko) HeadlessChrome/104.0.5112.101 Safari/537.36"
205.169.39.63 - - [20/Nov/2022:23:24:22 +0100] "GET /wp-content/plugins/cornerstone/assets/dist/js/site/cs-head.js?ver=2.0.6 HTTP/1.1" 200 14859 "https://www.astacus.se/" "Mozilla/5.0 (X11; Linux x86_64) AppleWebKit/537.36 (KHTML, like Gecko) HeadlessChrome/104.0.5112.101 Safari/537.36"
205.169.39.63 - - [20/Nov/2022:23:24:22 +0100] "GET /wp-includes/js/jquery/jquery.js?ver=1.12.4 HTTP/1.1" 200 33766 "https://www.astacus.se/" "Mozilla/5.0 (X11; Linux x86_64) AppleWebKit/537.36 (KHTML, like Gecko) HeadlessChrome/104.0.5112.101 Safari/537.36"
205.169.39.63 - - [20/Nov/2022:23:24:22 +0100] "GET /wp-includes/js/jquery/ui/core.min.js?ver=1.11.4 HTTP/1.1" 200 1821 "https://www.astacus.se/" "Mozilla/5.0 (X11; Linux x86_64) AppleWebKit/537.36 (KHTML, like Gecko) HeadlessChrome/104.0.5112.101 Safari/537.36"
205.169.39.63 - - [20/Nov/2022:23:24:22 +0100] "GET /wp-includes/js/jquery/ui/widget.min.js?ver=1.11.4 HTTP/1.1" 200 2599 "https://www.astacus.se/" "Mozilla/5.0 (X11; Linux x86_64) AppleWebKit/537.36 (KHTML, like Gecko) HeadlessChrome/104.0.5112.101 Safari/537.36"
205.169.39.63 - - [20/Nov/2022:23:24:22 +0100] "GET /wp-includes/js/jquery/ui/mouse.min.js?ver=1.11.4 HTTP/1.1" 200 1021 "https://www.astacus.se/" "Mozilla/5.0 (X11; Linux x86_64) AppleWebKit/537.36 (KHTML, like Gecko) HeadlessChrome/104.0.5112.101 Safari/537.36"
205.169.39.63 - - [20/Nov/2022:23:24:22 +0100] "GET /wp-includes/js/jquery/ui/slider.min.js?ver=1.11.4 HTTP/1.1" 200 3093 "https://www.astacus.se/" "Mozilla/5.0 (X11; Linux x86_64) AppleWebKit/537.36 (KHTML, like Gecko) HeadlessChrome/104.0.5112.101 Safari/537.36"
205.169.39.63 - - [20/Nov/2022:23:24:22 +0100] "GET /wp-includes/js/comment-reply.min.js?ver=4.8.1 HTTP/1.1" 200 589 "https://www.astacus.se/" "Mozilla/5.0 (X11; Linux x86_64) AppleWebKit/537.36 (KHTML, like Gecko) HeadlessChrome/104.0.5112.101 Safari/537.36"
205.169.39.63 - - [20/Nov/2022:23:24:22 +0100] "GET /wp-content/themes/x/framework/js/dist/site/x-body.min.js?ver=4.6.4 HTTP/1.1" 200 7438 "https://www.astacus.se/" "Mozilla/5.0 (X11; Linux x86_64) AppleWebKit/537.36 (KHTML, like Gecko) HeadlessChrome/104.0.5112.101 Safari/537.36"
205.169.39.63 - - [20/Nov/2022:23:24:22 +0100] "GET /wp-content/themes/x/framework/fonts/font_awesome/fontawesome-webfont.woff2?v=4.6.3 HTTP/1.1" 200 71896 "https://www.astacus.se/wp-content/themes/x/framework/css/dist/site/stacks/ethos.css?ver=4.6.4" "Mozilla/5.0 (X11; Linux x86_64) AppleWebKit/537.36 (KHTML, like Gecko) HeadlessChrome/104.0.5112.101 Safari/537.36"
205.169.39.63 - - [20/Nov/2022:23:24:22 +0100] "GET /wp-content/uploads/2018/07/UGS2.jpg HTTP/1.1" 200 109543 "https://www.astacus.se/" "Mozilla/5.0 (X11; Linux x86_64) AppleWebKit/537.36 (KHTML, like Gecko) HeadlessChrome/104.0.5112.101 Safari/537.36"
205.169.39.63 - - [20/Nov/2022:23:24:22 +0100] "GET /wp-content/uploads/2017/08/image005.jpg HTTP/1.1" 200 51745 "https://www.astacus.se/" "Mozilla/5.0 (X11; Linux x86_64) AppleWebKit/537.36 (KHTML, like Gecko) HeadlessChrome/104.0.5112.101 Safari/537.36"
205.169.39.63 - - [20/Nov/2022:23:24:22 +0100] "GET /wp-content/uploads/2020/04/dronare3.jpg HTTP/1.1" 200 71537 "https://www.astacus.se/" "Mozilla/5.0 (X11; Linux x86_64) AppleWebKit/537.36 (KHTML, like Gecko) HeadlessChrome/104.0.5112.101 Safari/537.36"
205.169.39.63 - - [20/Nov/2022:23:24:22 +0100] "GET /wp-content/uploads/2017/08/image007.jpg HTTP/1.1" 200 77965 "https://www.astacus.se/" "Mozilla/5.0 (X11; Linux x86_64) AppleWebKit/537.36 (KHTML, like Gecko) HeadlessChrome/104.0.5112.101 Safari/537.36"
205.169.39.63 - - [20/Nov/2022:23:24:23 +0100] "GET /wp-content/uploads/2020/04/lanssto.jpg HTTP/1.1" 200 37715 "https://www.astacus.se/" "Mozilla/5.0 (X11; Linux x86_64) AppleWebKit/537.36 (KHTML, like Gecko) HeadlessChrome/104.0.5112.101 Safari/537.36"
205.169.39.63 - - [20/Nov/2022:23:24:22 +0100] "GET /wp-content/uploads/2021/07/wrslam.jpg HTTP/1.1" 200 154033 "https://www.astacus.se/" "Mozilla/5.0 (X11; Linux x86_64) AppleWebKit/537.36 (KHTML, like Gecko) HeadlessChrome/104.0.5112.101 Safari/537.36"
205.169.39.63 - - [20/Nov/2022:23:24:23 +0100] "GET /wp-content/uploads/2020/04/obo-881x492.jpg HTTP/1.1" 200 40190 "https://www.astacus.se/" "Mozilla/5.0 (X11; Linux x86_64) AppleWebKit/537.36 (KHTML, like Gecko) HeadlessChrome/104.0.5112.101 Safari/537.36"
205.169.39.63 - - [20/Nov/2022:23:24:23 +0100] "GET /wp-content/uploads/2020/04/scb-881x492.jpg HTTP/1.1" 200 29812 "https://www.astacus.se/" "Mozilla/5.0 (X11; Linux x86_64) AppleWebKit/537.36 (KHTML, like Gecko) HeadlessChrome/104.0.5112.101 Safari/537.36"
205.169.39.63 - - [20/Nov/2022:23:24:23 +0100] "GET /wp-content/uploads/2020/04/arvid.jpg HTTP/1.1" 200 29060 "https://www.astacus.se/" "Mozilla/5.0 (X11; Linux x86_64) AppleWebKit/537.36 (KHTML, like Gecko) HeadlessChrome/104.0.5112.101 Safari/537.36"
205.169.39.63 - - [20/Nov/2022:23:24:23 +0100] "GET /wp-content/uploads/2020/04/profi.jpg HTTP/1.1" 200 23316 "https://www.astacus.se/" "Mozilla/5.0 (X11; Linux x86_64) AppleWebKit/537.36 (KHTML, like Gecko) HeadlessChrome/104.0.5112.101 Safari/537.36"
205.169.39.63 - - [20/Nov/2022:23:24:23 +0100] "GET /wp-content/uploads/2020/04/tv.jpg HTTP/1.1" 200 29384 "https://www.astacus.se/" "Mozilla/5.0 (X11; Linux x86_64) AppleWebKit/537.36 (KHTML, like Gecko) HeadlessChrome/104.0.5112.101 Safari/537.36"
205.169.39.63 - - [20/Nov/2022:23:24:23 +0100] "GET /wp-content/plugins/cornerstone/assets/dist/js/site/cs-body.js?ver=2.0.6 HTTP/1.1" 200 41251 "https://www.astacus.se/" "Mozilla/5.0 (X11; Linux x86_64) AppleWebKit/537.36 (KHTML, like Gecko) HeadlessChrome/104.0.5112.101 Safari/537.36"
205.169.39.63 - - [20/Nov/2022:23:24:23 +0100] "GET /wp-includes/js/wp-embed.min.js?ver=4.8.1 HTTP/1.1" 200 751 "https://www.astacus.se/" "Mozilla/5.0 (X11; Linux x86_64) AppleWebKit/537.36 (KHTML, like Gecko) HeadlessChrome/104.0.5112.101 Safari/537.36"
205.169.39.63 - - [20/Nov/2022:23:24:23 +0100] "GET /wp-content/plugins/revslider/admin/assets/images/dummy.png HTTP/1.1" 200 73 "https://www.astacus.se/" "Mozilla/5.0 (X11; Linux x86_64) AppleWebKit/537.36 (KHTML, like Gecko) HeadlessChrome/104.0.5112.101 Safari/537.36"
205.169.39.63 - - [20/Nov/2022:23:24:23 +0100] "GET /wp-content/uploads/2017/08/SCAB_ISO_9001_Sve_RGB.png HTTP/1.1" 200 16506 "https://www.astacus.se/" "Mozilla/5.0 (X11; Linux x86_64) AppleWebKit/537.36 (KHTML, like Gecko) HeadlessChrome/104.0.5112.101 Safari/537.36"
205.169.39.63 - - [20/Nov/2022:23:24:23 +0100] "GET /wp-content/uploads/2017/08/SCAB_ISO_14001_Sve_RGB.png HTTP/1.1" 200 16510 "https://www.astacus.se/" "Mozilla/5.0 (X11; Linux x86_64) AppleWebKit/537.36 (KHTML, like Gecko) HeadlessChrome/104.0.5112.101 Safari/537.36"
205.169.39.63 - - [20/Nov/2022:23:24:23 +0100] "GET /wp-content/plugins/revslider/public/assets/js/jquery.themepunch.tools.min.js?ver=5.4.8 HTTP/1.1" 200 38337 "https://www.astacus.se/" "Mozilla/5.0 (X11; Linux x86_64) AppleWebKit/537.36 (KHTML, like Gecko) HeadlessChrome/104.0.5112.101 Safari/537.36"
205.169.39.63 - - [20/Nov/2022:23:24:23 +0100] "GET /wp-content/plugins/revslider/public/assets/js/jquery.themepunch.revolution.min.js?ver=5.4.8 HTTP/1.1" 200 18090 "https://www.astacus.se/" "Mozilla/5.0 (X11; Linux x86_64) AppleWebKit/537.36 (KHTML, like Gecko) HeadlessChrome/104.0.5112.101 Safari/537.36"
205.169.39.63 - - [20/Nov/2022:23:24:23 +0100] "GET /wp-includes/js/wp-emoji-release.min.js?ver=4.8.1 HTTP/1.1" 200 4299 "https://www.astacus.se/" "Mozilla/5.0 (X11; Linux x86_64) AppleWebKit/537.36 (KHTML, like Gecko) HeadlessChrome/104.0.5112.101 Safari/537.36"
205.169.39.63 - - [20/Nov/2022:23:24:23 +0100] "GET /wp-content/plugins/revslider/public/assets/js/extensions/revolution.extension.parallax.min.js?version=5.4.8 HTTP/1.1" 200 3240 "https://www.astacus.se/" "Mozilla/5.0 (X11; Linux x86_64) AppleWebKit/537.36 (KHTML, like Gecko) HeadlessChrome/104.0.5112.101 Safari/537.36"
205.169.39.63 - - [20/Nov/2022:23:24:23 +0100] "GET /wp-content/plugins/revslider/public/assets/js/extensions/revolution.extension.slideanims.min.js?version=5.4.8 HTTP/1.1" 200 6880 "https://www.astacus.se/" "Mozilla/5.0 (X11; Linux x86_64) AppleWebKit/537.36 (KHTML, like Gecko) HeadlessChrome/104.0.5112.101 Safari/537.36"
205.169.39.63 - - [20/Nov/2022:23:24:23 +0100] "GET /wp-content/uploads/2020/04/slide-main.jpg HTTP/1.1" 200 224079 "https://www.astacus.se/" "Mozilla/5.0 (X11; Linux x86_64) AppleWebKit/537.36 (KHTML, like Gecko) HeadlessChrome/104.0.5112.101 Safari/537.36"
157.55.39.8 - - [20/Nov/2022:23:24:33 +0100] "GET /astacusproject/ProjectSelected.do?projectId=28638 HTTP/1.1" 404 231 "-" "Mozilla/5.0 (compatible; bingbot/2.0; +http://www.bing.com/bingbot.htm)"
::1 - - [20/Nov/2022:23:24:37 +0100] "OPTIONS * HTTP/1.0" 200 - "-" "Apache/2.4.7 (Ubuntu) PHP/5.5.9-1ubuntu4.29 OpenSSL/1.0.1f (internal dummy connection)"
::1 - - [20/Nov/2022:23:24:38 +0100] "OPTIONS * HTTP/1.0" 200 - "-" "Apache/2.4.7 (Ubuntu) PHP/5.5.9-1ubuntu4.29 OpenSSL/1.0.1f (internal dummy connection)"
::1 - - [20/Nov/2022:23:24:39 +0100] "OPTIONS * HTTP/1.0" 200 - "-" "Apache/2.4.7 (Ubuntu) PHP/5.5.9-1ubuntu4.29 OpenSSL/1.0.1f (internal dummy connection)"
107.167.39.74 - - [20/Nov/2022:23:24:52 +0100] "GET / HTTP/1.1" 302 207 "http://www.astacus.se" "Mozilla/5.0 (Windows NT 10.0; WOW64) AppleWebKit/537.36 (KHTML, like Gecko) Chrome/86.0.4240.198 Safari/537.36"
107.167.39.74 - - [20/Nov/2022:23:24:52 +0100] "GET / HTTP/1.1" 200 13133 "http://www.astacus.se" "Mozilla/5.0 (Windows NT 10.0; WOW64) AppleWebKit/537.36 (KHTML, like Gecko) Chrome/86.0.4240.198 Safari/537.36"
114.119.141.51 - - [20/Nov/2022:23:24:56 +0100] "GET /apps/school/www_old8/img/LevelC/Category3/LevelCCat3Lesson12/?C=D%3BO%3DA HTTP/1.1" 200 490 "http://kulturdokumentation.se/apps/school/www_old8/img/LevelC/Category3/LevelCCat3Lesson12/" "Mozilla/5.0 (Linux; Android 7.0;) AppleWebKit/537.36 (KHTML, like Gecko) Mobile Safari/537.36 (compatible; PetalBot;+https://webmaster.petalsearch.com/site/petalbot)"
216.244.66.239 - - [20/Nov/2022:23:25:48 +0100] "GET /apps/school/www_old10/Html/LevelA/Category1/LevelACat1Lesson38.html HTTP/1.1" 200 18093 "-" "Mozilla/5.0 (compatible; DotBot/1.2; +https://opensiteexplorer.org/dotbot; help@moz.com)"
216.244.66.239 - - [20/Nov/2022:23:25:49 +0100] "GET /apps/school/www_old10/Html/LevelA/Category1/LevelACat1Lesson62.html HTTP/1.1" 200 15479 "-" "Mozilla/5.0 (compatible; DotBot/1.2; +https://opensiteexplorer.org/dotbot; help@moz.com)"
216.244.66.239 - - [20/Nov/2022:23:25:50 +0100] "GET /apps/school/www_old10/Html/LevelD/Category2/LevelDCat2Lesson13.html HTTP/1.1" 200 19311 "-" "Mozilla/5.0 (compatible; DotBot/1.2; +https://opensiteexplorer.org/dotbot; help@moz.com)"
216.244.66.239 - - [20/Nov/2022:23:25:51 +0100] "GET /apps/school/www_old10/Html/LevelD/Category3/LevelDCat3Lesson10.html HTTP/1.1" 200 2847 "-" "Mozilla/5.0 (compatible; DotBot/1.2; +https://opensiteexplorer.org/dotbot; help@moz.com)"
216.244.66.239 - - [20/Nov/2022:23:25:52 +0100] "GET /apps/school/www_old10/Html/LevelG/Category1/LevelGCat1Lesson28.html HTTP/1.1" 200 20942 "-" "Mozilla/5.0 (compatible; DotBot/1.2; +https://opensiteexplorer.org/dotbot; help@moz.com)"
