54.36.148.222 - - [21/Nov/2022:01:45:46 +0100] "GET /apps/school/www_old3/res/icon/?C=N;O=D HTTP/1.1" 200 405 "-" "Mozilla/5.0 (compatible; AhrefsBot/7.0; +http://ahrefs.com/robot/)"
114.119.132.76 - - [21/Nov/2022:01:47:54 +0100] "GET /apps/school/www_old_temp/AutodeskForge/learn.forge.viewmodels-nodejs/node_modules/delayed-stream/ HTTP/1.1" 200 553 "http://kulturdokumentation.se/apps/school/www_old_temp/AutodeskForge/learn.forge.viewmodels-nodejs/node_modules/" "Mozilla/5.0 (Linux; Android 7.0;) AppleWebKit/537.36 (KHTML, like Gecko) Mobile Safari/537.36 (compatible; PetalBot;+https://webmaster.petalsearch.com/site/petalbot)"
157.55.39.8 - - [21/Nov/2022:01:48:17 +0100] "GET /fi2/classlists/253/Fi2list_transform.xslt HTTP/1.1" 200 12134 "-" "Mozilla/5.0 (compatible; bingbot/2.0; +http://www.bing.com/bingbot.htm)"
136.243.228.193 - - [21/Nov/2022:01:49:04 +0100] "GET /2013/05/ HTTP/1.1" 200 10080 "-" "Mozilla/5.0 (compatible; DataForSeoBot/1.0; +https://dataforseo.com/dataforseo-bot)"
114.119.134.161 - - [21/Nov/2022:01:49:07 +0100] "GET /apps/school/www_old3/img/LevelA/Category1/LevelACat1Lesson18?C=M%3BO%3DA HTTP/1.1" 301 312 "http://kulturdokumentation.com/apps/school/www_old3/img/LevelA/Category1/LevelACat1Lesson18" "Mozilla/5.0 (Linux; Android 7.0;) AppleWebKit/537.36 (KHTML, like Gecko) Mobile Safari/537.36 (compatible; PetalBot;+https://webmaster.petalsearch.com/site/petalbot)"
114.119.134.161 - - [21/Nov/2022:01:49:07 +0100] "GET /apps/school/www_old3/img/LevelA/Category1/LevelACat1Lesson18/?C=M%3BO%3DA HTTP/1.1" 200 497 "http://kulturdokumentation.com/apps/school/www_old3/img/LevelA/Category1/LevelACat1Lesson18" "Mozilla/5.0 (Linux; Android 7.0;) AppleWebKit/537.36 (KHTML, like Gecko) Mobile Safari/537.36 (compatible; PetalBot;+https://webmaster.petalsearch.com/site/petalbot)"
136.243.228.193 - - [21/Nov/2022:01:49:41 +0100] "GET /2015/05/ HTTP/1.1" 200 9744 "-" "Mozilla/5.0 (compatible; DataForSeoBot/1.0; +https://dataforseo.com/dataforseo-bot)"
37.139.53.30 - - [21/Nov/2022:01:50:12 +0100] "GET /laserscanning/ HTTP/1.0" 200 51694 "https://www.astacus.se/laserscanning/" "Mozilla/5.0 (Windows NT 6.1) AppleWebKit/537.36 (KHTML, like Gecko) Chrome/90.0.4430.85 Safari/537.36"
136.243.228.193 - - [21/Nov/2022:01:50:18 +0100] "GET /2011/09/ HTTP/1.1" 200 9622 "-" "Mozilla/5.0 (compatible; DataForSeoBot/1.0; +https://dataforseo.com/dataforseo-bot)"
136.243.228.193 - - [21/Nov/2022:01:50:55 +0100] "GET /category/markscanning HTTP/1.1" 301 - "-" "Mozilla/5.0 (compatible; DataForSeoBot/1.0; +https://dataforseo.com/dataforseo-bot)"
136.243.228.193 - - [21/Nov/2022:01:51:30 +0100] "GET /rosendals-bortglomda-slottspark/ HTTP/1.1" 200 10157 "-" "Mozilla/5.0 (compatible; DataForSeoBot/1.0; +https://dataforseo.com/dataforseo-bot)"
54.36.148.245 - - [21/Nov/2022:01:51:42 +0100] "GET /apps/school/www_old4/img/LevelB/Category2/LevelBCat2Lesson10/?C=D;O=A HTTP/1.1" 200 583 "-" "Mozilla/5.0 (compatible; AhrefsBot/7.0; +http://ahrefs.com/robot/)"
111.93.24.58 - - [21/Nov/2022:01:51:55 +0100] "GET /?page=loggain&goto=approject HTTP/1.1" 200 1269 "-" "Mozilla/5.0 (Windows NT 10.0; Win64; x64; rv:106.0) Gecko/20100101 Firefox/106.0"
111.93.24.58 - - [21/Nov/2022:01:51:55 +0100] "GET /main.css HTTP/1.1" 200 415 "https://icad.astacus.se/?page=loggain&goto=approject" "Mozilla/5.0 (Windows NT 10.0; Win64; x64; rv:106.0) Gecko/20100101 Firefox/106.0"
111.93.24.58 - - [21/Nov/2022:01:51:55 +0100] "GET /images/facebook.jpg HTTP/1.1" 200 3874 "https://icad.astacus.se/?page=loggain&goto=approject" "Mozilla/5.0 (Windows NT 10.0; Win64; x64; rv:106.0) Gecko/20100101 Firefox/106.0"
111.93.24.58 - - [21/Nov/2022:01:51:55 +0100] "GET /images/astacus.jpg HTTP/1.1" 200 2244 "https://icad.astacus.se/?page=loggain&goto=approject" "Mozilla/5.0 (Windows NT 10.0; Win64; x64; rv:106.0) Gecko/20100101 Firefox/106.0"
111.93.24.58 - - [21/Nov/2022:01:51:55 +0100] "GET /images/icadloggo.gif HTTP/1.1" 200 2516 "https://icad.astacus.se/?page=loggain&goto=approject" "Mozilla/5.0 (Windows NT 10.0; Win64; x64; rv:106.0) Gecko/20100101 Firefox/106.0"
111.93.24.58 - - [21/Nov/2022:01:51:55 +0100] "GET /images/login.png HTTP/1.1" 200 65869 "https://icad.astacus.se/?page=loggain&goto=approject" "Mozilla/5.0 (Windows NT 10.0; Win64; x64; rv:106.0) Gecko/20100101 Firefox/106.0"
111.93.24.58 - - [21/Nov/2022:01:51:56 +0100] "GET /images/bottom.jpg HTTP/1.1" 200 521 "https://icad.astacus.se/?page=loggain&goto=approject" "Mozilla/5.0 (Windows NT 10.0; Win64; x64; rv:106.0) Gecko/20100101 Firefox/106.0"
111.93.24.58 - - [21/Nov/2022:01:51:56 +0100] "GET /favicon.ico HTTP/1.1" 404 209 "https://icad.astacus.se/?page=loggain&goto=approject" "Mozilla/5.0 (Windows NT 10.0; Win64; x64; rv:106.0) Gecko/20100101 Firefox/106.0"
136.243.228.193 - - [21/Nov/2022:01:52:03 +0100] "GET /2010/10/ HTTP/1.1" 200 10752 "-" "Mozilla/5.0 (compatible; DataForSeoBot/1.0; +https://dataforseo.com/dataforseo-bot)"
111.93.24.58 - - [21/Nov/2022:01:52:06 +0100] "POST /logon.php?action=logon HTTP/1.1" 302 - "https://icad.astacus.se/?page=loggain&goto=approject" "Mozilla/5.0 (Windows NT 10.0; Win64; x64; rv:106.0) Gecko/20100101 Firefox/106.0"
111.93.24.58 - - [21/Nov/2022:01:52:06 +0100] "GET /project/sorttable.js HTTP/1.1" 200 5140 "https://icad.astacus.se/project/index.php" "Mozilla/5.0 (Windows NT 10.0; Win64; x64; rv:106.0) Gecko/20100101 Firefox/106.0"
111.93.24.58 - - [21/Nov/2022:01:52:06 +0100] "GET /project/index.php HTTP/1.1" 200 78171 "https://icad.astacus.se/?page=loggain&goto=approject" "Mozilla/5.0 (Windows NT 10.0; Win64; x64; rv:106.0) Gecko/20100101 Firefox/106.0"
111.93.24.58 - - [21/Nov/2022:01:52:07 +0100] "GET /project/dataTables.fixedHeader.min.js HTTP/1.1" 200 2314 "https://icad.astacus.se/project/index.php" "Mozilla/5.0 (Windows NT 10.0; Win64; x64; rv:106.0) Gecko/20100101 Firefox/106.0"
111.93.24.58 - - [21/Nov/2022:01:52:07 +0100] "GET /images/bottom_small.jpg HTTP/1.1" 200 393 "https://icad.astacus.se/project/index.php" "Mozilla/5.0 (Windows NT 10.0; Win64; x64; rv:106.0) Gecko/20100101 Firefox/106.0"
111.93.24.58 - - [21/Nov/2022:01:52:06 +0100] "GET /project/jquery-1.12.4.js HTTP/1.1" 200 87632 "https://icad.astacus.se/project/index.php" "Mozilla/5.0 (Windows NT 10.0; Win64; x64; rv:106.0) Gecko/20100101 Firefox/106.0"
111.93.24.58 - - [21/Nov/2022:01:52:07 +0100] "GET /images/support.png HTTP/1.1" 200 1909 "https://icad.astacus.se/project/index.php" "Mozilla/5.0 (Windows NT 10.0; Win64; x64; rv:106.0) Gecko/20100101 Firefox/106.0"
111.93.24.58 - - [21/Nov/2022:01:52:07 +0100] "GET /project/astacusproject_logo.png HTTP/1.1" 200 2670 "https://icad.astacus.se/project/index.php" "Mozilla/5.0 (Windows NT 10.0; Win64; x64; rv:106.0) Gecko/20100101 Firefox/106.0"
111.93.24.58 - - [21/Nov/2022:01:52:07 +0100] "GET /project/jquery.dataTables.min.js HTTP/1.1" 200 28202 "https://icad.astacus.se/project/index.php" "Mozilla/5.0 (Windows NT 10.0; Win64; x64; rv:106.0) Gecko/20100101 Firefox/106.0"
111.93.24.58 - - [21/Nov/2022:01:52:07 +0100] "GET /images/ordervalue0.png HTTP/1.1" 200 3491 "https://icad.astacus.se/project/index.php" "Mozilla/5.0 (Windows NT 10.0; Win64; x64; rv:106.0) Gecko/20100101 Firefox/106.0"
111.93.24.58 - - [21/Nov/2022:01:52:07 +0100] "GET /images/nolog.png HTTP/1.1" 200 2866 "https://icad.astacus.se/project/index.php" "Mozilla/5.0 (Windows NT 10.0; Win64; x64; rv:106.0) Gecko/20100101 Firefox/106.0"
::1 - - [21/Nov/2022:01:52:22 +0100] "OPTIONS * HTTP/1.0" 200 - "-" "Apache/2.4.7 (Ubuntu) PHP/5.5.9-1ubuntu4.29 OpenSSL/1.0.1f (internal dummy connection)"
136.243.228.193 - - [21/Nov/2022:01:52:28 +0100] "GET /2012/12/ HTTP/1.1" 200 9632 "-" "Mozilla/5.0 (compatible; DataForSeoBot/1.0; +https://dataforseo.com/dataforseo-bot)"
136.243.228.193 - - [21/Nov/2022:01:52:33 +0100] "GET /2013/04/ HTTP/1.1" 200 9531 "-" "Mozilla/5.0 (compatible; DataForSeoBot/1.0; +https://dataforseo.com/dataforseo-bot)"
111.93.24.58 - - [21/Nov/2022:01:52:25 +0100] "GET /project/index.php?AdmincountryId=Alla HTTP/1.1" 200 113788 "https://icad.astacus.se/project/index.php" "Mozilla/5.0 (Windows NT 10.0; Win64; x64; rv:106.0) Gecko/20100101 Firefox/106.0"
136.243.228.193 - - [21/Nov/2022:01:52:39 +0100] "GET /laserscanning HTTP/1.1" 301 - "-" "Mozilla/5.0 (compatible; DataForSeoBot/1.0; +https://dataforseo.com/dataforseo-bot)"
136.243.228.193 - - [21/Nov/2022:01:52:44 +0100] "GET /2017/10/ HTTP/1.1" 200 11805 "-" "Mozilla/5.0 (compatible; DataForSeoBot/1.0; +https://dataforseo.com/dataforseo-bot)"
136.243.228.193 - - [21/Nov/2022:01:52:49 +0100] "GET /2014/10/ HTTP/1.1" 200 12369 "-" "Mozilla/5.0 (compatible; DataForSeoBot/1.0; +https://dataforseo.com/dataforseo-bot)"
::1 - - [21/Nov/2022:01:52:50 +0100] "OPTIONS * HTTP/1.0" 200 - "-" "Apache/2.4.7 (Ubuntu) PHP/5.5.9-1ubuntu4.29 OpenSSL/1.0.1f (internal dummy connection)"
136.243.228.193 - - [21/Nov/2022:01:52:57 +0100] "GET /2013/10/ HTTP/1.1" 200 11639 "-" "Mozilla/5.0 (compatible; DataForSeoBot/1.0; +https://dataforseo.com/dataforseo-bot)"
114.119.141.73 - - [21/Nov/2022:01:53:02 +0100] "GET /apps/school/www_old_temp/AutodeskForge/learn.forge.viewmodels-nodejs/routes/?C=M%3BO%3DA HTTP/1.1" 200 517 "http://kulturdokumentation.se/apps/school/www_old_temp/AutodeskForge/learn.forge.viewmodels-nodejs/routes/?C=N%3BO%3DD" "Mozilla/5.0 (Linux; Android 7.0;) AppleWebKit/537.36 (KHTML, like Gecko) Mobile Safari/537.36 (compatible; PetalBot;+https://webmaster.petalsearch.com/site/petalbot)"
136.243.228.193 - - [21/Nov/2022:01:53:02 +0100] "GET /arkivscanning HTTP/1.1" 301 - "-" "Mozilla/5.0 (compatible; DataForSeoBot/1.0; +https://dataforseo.com/dataforseo-bot)"
136.243.228.193 - - [21/Nov/2022:01:53:11 +0100] "GET /2011/10/ HTTP/1.1" 200 11878 "-" "Mozilla/5.0 (compatible; DataForSeoBot/1.0; +https://dataforseo.com/dataforseo-bot)"
114.119.134.165 - - [21/Nov/2022:01:54:19 +0100] "GET /apps/school/www_old6/img/LevelF/Category2/LevelFCat2Lesson16 HTTP/1.1" 301 300 "http://kulturdokumentation.com/apps/school/www_old6/img/LevelF/Category2?C=M%3BO%3DA" "Mozilla/5.0 (Linux; Android 7.0;) AppleWebKit/537.36 (KHTML, like Gecko) Mobile Safari/537.36 (compatible; PetalBot;+https://webmaster.petalsearch.com/site/petalbot)"
114.119.134.165 - - [21/Nov/2022:01:54:27 +0100] "GET /apps/school/www_old6/img/LevelF/Category2/LevelFCat2Lesson16/ HTTP/1.1" 200 450 "http://kulturdokumentation.com/apps/school/www_old6/img/LevelF/Category2?C=M%3BO%3DA" "Mozilla/5.0 (Linux; Android 7.0;) AppleWebKit/537.36 (KHTML, like Gecko) Mobile Safari/537.36 (compatible; PetalBot;+https://webmaster.petalsearch.com/site/petalbot)"
207.46.13.141 - - [21/Nov/2022:01:56:30 +0100] "GET /loggain.php HTTP/1.1" 200 2671 "-" "Mozilla/5.0 (compatible; bingbot/2.0; +http://www.bing.com/bingbot.htm)"
54.36.148.254 - - [21/Nov/2022:01:56:59 +0100] "GET /skogsstyrelsen-upphandlar-astacus-i-lidar-projekt-2/ HTTP/1.1" 200 9914 "-" "Mozilla/5.0 (compatible; AhrefsBot/7.0; +http://ahrefs.com/robot/)"
51.222.253.14 - - [21/Nov/2022:01:57:42 +0100] "GET /robots.txt HTTP/1.1" 404 208 "-" "Mozilla/5.0 (compatible; AhrefsBot/7.0; +http://ahrefs.com/robot/)"
54.36.148.239 - - [21/Nov/2022:01:57:43 +0100] "GET /tillampningar.php HTTP/1.1" 200 3981 "-" "Mozilla/5.0 (compatible; AhrefsBot/7.0; +http://ahrefs.com/robot/)"
114.119.141.69 - - [21/Nov/2022:01:58:07 +0100] "GET /apps/school/www_old8/img/LevelA/Category2/LevelACat2Lesson06/?C=S%3BO%3DA HTTP/1.1" 200 517 "http://kulturdokumentation.se/apps/school/www_old8/img/LevelA/Category2/LevelACat2Lesson06/?C=D%3BO%3DA" "Mozilla/5.0 (Linux; Android 7.0;) AppleWebKit/537.36 (KHTML, like Gecko) Mobile Safari/537.36 (compatible; PetalBot;+https://webmaster.petalsearch.com/site/petalbot)"
157.55.39.206 - - [21/Nov/2022:01:58:28 +0100] "GET /forge/forge-api-nodejs-client/src/model/HubRelationships.js HTTP/1.1" 200 1191 "-" "Mozilla/5.0 AppleWebKit/537.36 (KHTML, like Gecko; compatible; bingbot/2.0; +http://www.bing.com/bingbot.htm) Chrome/103.0.5060.134 Safari/537.36"
114.119.134.152 - - [21/Nov/2022:01:59:21 +0100] "GET /apps/school/www_old8/img/LevelE/Category2/LevelECat2Lesson03/?C=M%3BO%3DA HTTP/1.1" 200 626 "http://kulturdokumentation.com/apps/school/www_old8/img/LevelE/Category2/LevelECat2Lesson03?C=D%3BO%3DA" "Mozilla/5.0 (Linux; Android 7.0;) AppleWebKit/537.36 (KHTML, like Gecko) Mobile Safari/537.36 (compatible; PetalBot;+https://webmaster.petalsearch.com/site/petalbot)"
111.93.24.58 - - [21/Nov/2022:01:59:33 +0100] "GET /?page=loggain&goto=approject HTTP/1.1" 200 1269 "-" "Mozilla/5.0 (Windows NT 6.1; Win64; x64; rv:107.0) Gecko/20100101 Firefox/107.0"
111.93.24.58 - - [21/Nov/2022:01:59:33 +0100] "GET /main.css HTTP/1.1" 200 415 "https://icad.astacus.se/?page=loggain&goto=approject" "Mozilla/5.0 (Windows NT 6.1; Win64; x64; rv:107.0) Gecko/20100101 Firefox/107.0"
111.93.24.58 - - [21/Nov/2022:01:59:39 +0100] "POST /logon.php?action=logon HTTP/1.1" 302 - "https://icad.astacus.se/?page=loggain&goto=approject" "Mozilla/5.0 (Windows NT 6.1; Win64; x64; rv:107.0) Gecko/20100101 Firefox/107.0"
111.93.24.58 - - [21/Nov/2022:01:59:40 +0100] "GET /project/index.php HTTP/1.1" 200 78171 "https://icad.astacus.se/?page=loggain&goto=approject" "Mozilla/5.0 (Windows NT 6.1; Win64; x64; rv:107.0) Gecko/20100101 Firefox/107.0"
111.93.24.58 - - [21/Nov/2022:01:59:40 +0100] "GET /images/ordervalue0.png HTTP/1.1" 200 3491 "https://icad.astacus.se/project/index.php" "Mozilla/5.0 (Windows NT 6.1; Win64; x64; rv:107.0) Gecko/20100101 Firefox/107.0"
194.110.203.38 - - [21/Nov/2022:01:59:51 +0100] "GET /backupbiminfo.se.tar.gz HTTP/1.1" 404 221 "-" "Firefox"
14.98.175.41 - - [21/Nov/2022:02:00:10 +0100] "GET / HTTP/1.1" 200 13133 "-" "Mozilla/5.0 (Windows NT 10.0; Win64; x64) AppleWebKit/537.36 (KHTML, like Gecko) Chrome/107.0.0.0 Safari/537.36"
14.98.175.41 - - [21/Nov/2022:02:00:10 +0100] "GET /notifications.php?days=4 HTTP/1.1" 200 2918 "-" "Mozilla/5.0 (Windows NT 10.0; Win64; x64) AppleWebKit/537.36 (KHTML, like Gecko) Chrome/107.0.0.0 Safari/537.36"
14.98.175.41 - - [21/Nov/2022:02:00:11 +0100] "GET /favicon.ico HTTP/1.1" 404 209 "https://icad.astacus.se/notifications.php?days=4" "Mozilla/5.0 (Windows NT 10.0; Win64; x64) AppleWebKit/537.36 (KHTML, like Gecko) Chrome/107.0.0.0 Safari/537.36"
54.36.149.99 - - [21/Nov/2022:02:00:12 +0100] "GET /apps/school/www_old8/img/LevelG/Category1/LevelGCat1Lesson02/?C=M;O=A HTTP/1.1" 200 449 "-" "Mozilla/5.0 (compatible; AhrefsBot/7.0; +http://ahrefs.com/robot/)"
216.244.66.203 - - [21/Nov/2022:02:00:13 +0100] "GET /robots.txt HTTP/1.1" 404 208 "-" "Mozilla/5.0 (compatible; DotBot/1.2; +https://opensiteexplorer.org/dotbot; help@moz.com)"
114.119.133.130 - - [21/Nov/2022:02:00:16 +0100] "GET /robots.txt HTTP/1.1" 404 208 "-" "Mozilla/5.0 (compatible;PetalBot;+https://webmaster.petalsearch.com/site/petalbot)"
14.98.175.41 - - [21/Nov/2022:02:00:32 +0100] "GET /?page=loggain&goto=project HTTP/1.1" 200 1790 "https://www.astacus.se/" "Mozilla/5.0 (Windows NT 10.0; Win64; x64) AppleWebKit/537.36 (KHTML, like Gecko) Chrome/107.0.0.0 Safari/537.36"
14.98.175.41 - - [21/Nov/2022:02:00:34 +0100] "POST /logon.php?action=logon HTTP/1.1" 302 - "https://icad.astacus.se/?page=loggain&goto=project" "Mozilla/5.0 (Windows NT 10.0; Win64; x64) AppleWebKit/537.36 (KHTML, like Gecko) Chrome/107.0.0.0 Safari/537.36"
216.244.66.239 - - [21/Nov/2022:02:01:57 +0100] "GET /robots.txt HTTP/1.1" 404 208 "-" "Mozilla/5.0 (compatible; DotBot/1.2; +https://opensiteexplorer.org/dotbot; help@moz.com)"
111.93.24.58 - - [21/Nov/2022:02:02:46 +0100] "GET /project/index.php?companyId=4925&button11=Show HTTP/1.1" 200 78171 "https://icad.astacus.se/project/index.php?AdmincountryId=Alla" "Mozilla/5.0 (Windows NT 10.0; Win64; x64; rv:106.0) Gecko/20100101 Firefox/106.0"
111.93.24.58 - - [21/Nov/2022:02:02:58 +0100] "GET /project/index.php?companyId=Alla HTTP/1.1" 200 113788 "https://icad.astacus.se/project/index.php?companyId=4925&button11=Show" "Mozilla/5.0 (Windows NT 10.0; Win64; x64; rv:106.0) Gecko/20100101 Firefox/106.0"
111.93.24.58 - - [21/Nov/2022:02:03:10 +0100] "GET /?page=loggaut&from=ap HTTP/1.1" 200 1276 "-" "Mozilla/5.0 (Windows NT 6.1; Win64; x64; rv:107.0) Gecko/20100101 Firefox/107.0"
111.93.24.58 - - [21/Nov/2022:02:03:12 +0100] "GET /project/index.php?projectId=33307&page=project_production&button11=Show HTTP/1.1" 200 6191 "https://icad.astacus.se/project/index.php?companyId=Alla" "Mozilla/5.0 (Windows NT 10.0; Win64; x64; rv:106.0) Gecko/20100101 Firefox/106.0"
111.93.24.58 - - [21/Nov/2022:02:03:12 +0100] "GET /project/dhtmlxCalendar/codebase/dhtmlxcalendar.css HTTP/1.1" 200 2329 "https://icad.astacus.se/project/index.php?projectId=33307&page=project_production&button11=Show" "Mozilla/5.0 (Windows NT 10.0; Win64; x64; rv:106.0) Gecko/20100101 Firefox/106.0"
114.119.141.69 - - [21/Nov/2022:02:03:12 +0100] "GET /apps/school/www_old4/img/LevelE/Category2/LevelECat2Lesson21/?C=S%3BO%3DA HTTP/1.1" 200 446 "http://kulturdokumentation.se/apps/school/www_old4/img/LevelE/Category2/LevelECat2Lesson21/" "Mozilla/5.0 (Linux; Android 7.0;) AppleWebKit/537.36 (KHTML, like Gecko) Mobile Safari/537.36 (compatible; PetalBot;+https://webmaster.petalsearch.com/site/petalbot)"
111.93.24.58 - - [21/Nov/2022:02:03:12 +0100] "GET /project/dhtmlxCalendar/codebase/dhtmlxcalendar.js HTTP/1.1" 200 19750 "https://icad.astacus.se/project/index.php?projectId=33307&page=project_production&button11=Show" "Mozilla/5.0 (Windows NT 10.0; Win64; x64; rv:106.0) Gecko/20100101 Firefox/106.0"
111.93.24.58 - - [21/Nov/2022:02:03:13 +0100] "GET /images/del.jpg HTTP/1.1" 304 - "https://icad.astacus.se/project/index.php?projectId=33307&page=project_production&button11=Show" "Mozilla/5.0 (Windows NT 10.0; Win64; x64; rv:106.0) Gecko/20100101 Firefox/106.0"
111.93.24.58 - - [21/Nov/2022:02:03:13 +0100] "GET /main.css HTTP/1.1" 200 415 "https://icad.astacus.se/?page=loggaut&from=ap" "Mozilla/5.0 (Windows NT 6.1; Win64; x64; rv:107.0) Gecko/20100101 Firefox/107.0"
111.93.24.58 - - [21/Nov/2022:02:03:13 +0100] "GET /images/Back-Arrow.jpg HTTP/1.1" 304 - "https://icad.astacus.se/project/index.php?projectId=33307&page=project_production&button11=Show" "Mozilla/5.0 (Windows NT 10.0; Win64; x64; rv:106.0) Gecko/20100101 Firefox/106.0"
111.93.24.58 - - [21/Nov/2022:02:03:13 +0100] "GET /images/icons/folder.gif HTTP/1.1" 304 - "https://icad.astacus.se/project/index.php?projectId=33307&page=project_production&button11=Show" "Mozilla/5.0 (Windows NT 10.0; Win64; x64; rv:106.0) Gecko/20100101 Firefox/106.0"
111.93.24.58 - - [21/Nov/2022:02:03:13 +0100] "GET /project/calendar.gif HTTP/1.1" 304 - "https://icad.astacus.se/project/index.php?projectId=33307&page=project_production&button11=Show" "Mozilla/5.0 (Windows NT 10.0; Win64; x64; rv:106.0) Gecko/20100101 Firefox/106.0"
111.93.24.58 - - [21/Nov/2022:02:03:13 +0100] "GET /favicon.ico HTTP/1.1" 404 209 "https://icad.astacus.se/project/index.php?projectId=33307&page=project_production&button11=Show" "Mozilla/5.0 (Windows NT 10.0; Win64; x64; rv:106.0) Gecko/20100101 Firefox/106.0"
111.93.24.58 - - [21/Nov/2022:02:03:13 +0100] "GET /favicon.ico HTTP/1.1" 404 209 "https://icad.astacus.se/?page=loggaut&from=ap" "Mozilla/5.0 (Windows NT 6.1; Win64; x64; rv:107.0) Gecko/20100101 Firefox/107.0"
111.93.24.58 - - [21/Nov/2022:02:03:13 +0100] "GET /images/bottom.jpg HTTP/1.1" 200 521 "https://icad.astacus.se/?page=loggaut&from=ap" "Mozilla/5.0 (Windows NT 6.1; Win64; x64; rv:107.0) Gecko/20100101 Firefox/107.0"
111.93.24.58 - - [21/Nov/2022:02:03:18 +0100] "GET /project/index.php?page=project_production&projectId=33307&companyId=$&path=/Files%20from%20Customer HTTP/1.1" 200 6302 "https://icad.astacus.se/project/index.php?projectId=33307&page=project_production&button11=Show" "Mozilla/5.0 (Windows NT 10.0; Win64; x64; rv:106.0) Gecko/20100101 Firefox/106.0"
111.93.24.58 - - [21/Nov/2022:02:03:18 +0100] "GET /images/icons/file.gif HTTP/1.1" 200 622 "https://icad.astacus.se/project/index.php?page=project_production&projectId=33307&companyId=$&path=/Files%20from%20Customer" "Mozilla/5.0 (Windows NT 10.0; Win64; x64; rv:106.0) Gecko/20100101 Firefox/106.0"
111.93.24.58 - - [21/Nov/2022:02:03:26 +0100] "POST /logon.php?action=logon HTTP/1.1" 302 - "https://icad.astacus.se/?page=loggaut&from=ap" "Mozilla/5.0 (Windows NT 6.1; Win64; x64; rv:107.0) Gecko/20100101 Firefox/107.0"
111.93.24.58 - - [21/Nov/2022:02:03:27 +0100] "GET /project/index.php HTTP/1.1" 200 78172 "https://icad.astacus.se/?page=loggaut&from=ap" "Mozilla/5.0 (Windows NT 6.1; Win64; x64; rv:107.0) Gecko/20100101 Firefox/107.0"
111.93.24.58 - - [21/Nov/2022:02:03:28 +0100] "GET /images/support.png HTTP/1.1" 200 1909 "https://icad.astacus.se/project/index.php" "Mozilla/5.0 (Windows NT 6.1; Win64; x64; rv:107.0) Gecko/20100101 Firefox/107.0"
111.93.24.58 - - [21/Nov/2022:02:03:28 +0100] "GET /project/astacusproject_logo.png HTTP/1.1" 200 2670 "https://icad.astacus.se/project/index.php" "Mozilla/5.0 (Windows NT 6.1; Win64; x64; rv:107.0) Gecko/20100101 Firefox/107.0"
111.93.24.58 - - [21/Nov/2022:02:03:28 +0100] "GET /images/nolog.png HTTP/1.1" 200 2866 "https://icad.astacus.se/project/index.php" "Mozilla/5.0 (Windows NT 6.1; Win64; x64; rv:107.0) Gecko/20100101 Firefox/107.0"
111.93.24.58 - - [21/Nov/2022:02:03:28 +0100] "GET /images/ordervalue0.png HTTP/1.1" 200 3491 "https://icad.astacus.se/project/index.php" "Mozilla/5.0 (Windows NT 6.1; Win64; x64; rv:107.0) Gecko/20100101 Firefox/107.0"
111.93.24.58 - - [21/Nov/2022:02:03:28 +0100] "GET /images/bottom_small.jpg HTTP/1.1" 200 393 "https://icad.astacus.se/project/index.php" "Mozilla/5.0 (Windows NT 6.1; Win64; x64; rv:107.0) Gecko/20100101 Firefox/107.0"
111.93.24.58 - - [21/Nov/2022:02:03:32 +0100] "GET /project/index.php?AdmincountryId=Alla HTTP/1.1" 200 113788 "https://icad.astacus.se/project/index.php" "Mozilla/5.0 (Windows NT 6.1; Win64; x64; rv:107.0) Gecko/20100101 Firefox/107.0"
111.93.24.58 - - [21/Nov/2022:02:03:26 +0100] "POST /project/download_checked_files.php?project=4925_%C4ngsg%E4rdet%20%C4BO%20(33307)&projectId=33307&companyId=4925&systemUserMail=team13@astacus.in&systemUserName=Team%2013 HTTP/1.1" 200 35933888 "https://icad.astacus.se/project/index.php?page=project_production&projectId=33307&companyId=$&path=/Files%20from%20Customer" "Mozilla/5.0 (Windows NT 10.0; Win64; x64; rv:106.0) Gecko/20100101 Firefox/106.0"
::1 - - [21/Nov/2022:02:03:48 +0100] "OPTIONS * HTTP/1.0" 200 - "-" "Apache/2.4.7 (Ubuntu) PHP/5.5.9-1ubuntu4.29 OpenSSL/1.0.1f (internal dummy connection)"
::1 - - [21/Nov/2022:02:04:00 +0100] "OPTIONS * HTTP/1.0" 200 - "-" "Apache/2.4.7 (Ubuntu) PHP/5.5.9-1ubuntu4.29 OpenSSL/1.0.1f (internal dummy connection)"
111.93.24.58 - - [21/Nov/2022:02:04:11 +0100] "GET /?page=loggain&goto=approject HTTP/1.1" 200 1269 "-" "Mozilla/5.0 (Windows NT 6.1; Win64; x64; rv:107.0) Gecko/20100101 Firefox/107.0"
111.93.24.58 - - [21/Nov/2022:02:04:11 +0100] "GET /images/icadloggo.gif HTTP/1.1" 200 2516 "https://icad.astacus.se/?page=loggain&goto=approject" "Mozilla/5.0 (Windows NT 6.1; Win64; x64; rv:107.0) Gecko/20100101 Firefox/107.0"
111.93.24.58 - - [21/Nov/2022:02:04:11 +0100] "GET /images/astacus.jpg HTTP/1.1" 200 2244 "https://icad.astacus.se/?page=loggain&goto=approject" "Mozilla/5.0 (Windows NT 6.1; Win64; x64; rv:107.0) Gecko/20100101 Firefox/107.0"
111.93.24.58 - - [21/Nov/2022:02:04:12 +0100] "GET /images/facebook.jpg HTTP/1.1" 200 3874 "https://icad.astacus.se/?page=loggain&goto=approject" "Mozilla/5.0 (Windows NT 6.1; Win64; x64; rv:107.0) Gecko/20100101 Firefox/107.0"
111.93.24.58 - - [21/Nov/2022:02:04:12 +0100] "GET /images/login.png HTTP/1.1" 200 65869 "https://icad.astacus.se/?page=loggain&goto=approject" "Mozilla/5.0 (Windows NT 6.1; Win64; x64; rv:107.0) Gecko/20100101 Firefox/107.0"
111.93.24.58 - - [21/Nov/2022:02:04:12 +0100] "GET /images/bottom.jpg HTTP/1.1" 200 521 "https://icad.astacus.se/?page=loggain&goto=approject" "Mozilla/5.0 (Windows NT 6.1; Win64; x64; rv:107.0) Gecko/20100101 Firefox/107.0"
114.119.134.165 - - [21/Nov/2022:02:04:30 +0100] "GET /apps/school/www_old8/img/LevelD/Category1/LevelDCat1Lesson20/?C=S%3BO%3DA HTTP/1.1" 200 453 "http://kulturdokumentation.com/apps/school/www_old8/img/LevelD/Category1/LevelDCat1Lesson20?C=S%3BO%3DA" "Mozilla/5.0 (Linux; Android 7.0;) AppleWebKit/537.36 (KHTML, like Gecko) Mobile Safari/537.36 (compatible; PetalBot;+https://webmaster.petalsearch.com/site/petalbot)"
14.98.175.41 - - [21/Nov/2022:02:00:34 +0100] "GET /productionzon/index.php HTTP/1.1" 200 88419 "https://icad.astacus.se/?page=loggain&goto=project" "Mozilla/5.0 (Windows NT 10.0; Win64; x64) AppleWebKit/537.36 (KHTML, like Gecko) Chrome/107.0.0.0 Safari/537.36"
14.98.175.41 - - [21/Nov/2022:02:01:50 +0100] "POST /logon.php?action=logon HTTP/1.1" 302 - "https://icad.astacus.se/?page=loggain&goto=project" "Mozilla/5.0 (Windows NT 10.0; Win64; x64) AppleWebKit/537.36 (KHTML, like Gecko) Chrome/107.0.0.0 Safari/537.36"
14.98.175.41 - - [21/Nov/2022:02:04:40 +0100] "GET /productionzon/index.php HTTP/1.1" 200 88419 "https://icad.astacus.se/?page=loggain&goto=project" "Mozilla/5.0 (Windows NT 10.0; Win64; x64) AppleWebKit/537.36 (KHTML, like Gecko) Chrome/107.0.0.0 Safari/537.36"
::1 - - [21/Nov/2022:02:04:46 +0100] "OPTIONS * HTTP/1.0" 200 - "-" "Apache/2.4.7 (Ubuntu) PHP/5.5.9-1ubuntu4.29 OpenSSL/1.0.1f (internal dummy connection)"
::1 - - [21/Nov/2022:02:04:58 +0100] "OPTIONS * HTTP/1.0" 200 - "-" "Apache/2.4.7 (Ubuntu) PHP/5.5.9-1ubuntu4.29 OpenSSL/1.0.1f (internal dummy connection)"
111.93.24.58 - - [21/Nov/2022:02:05:25 +0100] "GET / HTTP/1.1" 200 13133 "https://www.google.com/" "Mozilla/5.0 (Windows NT 6.1; Win64; x64; rv:106.0) Gecko/20100101 Firefox/106.0"
111.93.24.58 - - [21/Nov/2022:02:05:26 +0100] "GET /wp-content/plugins/revslider/public/assets/css/settings.css?ver=5.4.8 HTTP/1.1" 200 9545 "https://www.astacus.se/" "Mozilla/5.0 (Windows NT 6.1; Win64; x64; rv:106.0) Gecko/20100101 Firefox/106.0"
111.93.24.58 - - [21/Nov/2022:02:05:26 +0100] "GET /wp-includes/js/jquery/ui/core.min.js?ver=1.11.4 HTTP/1.1" 200 1821 "https://www.astacus.se/" "Mozilla/5.0 (Windows NT 6.1; Win64; x64; rv:106.0) Gecko/20100101 Firefox/106.0"
111.93.24.58 - - [21/Nov/2022:02:05:26 +0100] "GET /wp-includes/js/jquery/jquery.js?ver=1.12.4 HTTP/1.1" 200 33766 "https://www.astacus.se/" "Mozilla/5.0 (Windows NT 6.1; Win64; x64; rv:106.0) Gecko/20100101 Firefox/106.0"
111.93.24.58 - - [21/Nov/2022:02:05:26 +0100] "GET /wp-includes/js/jquery/jquery-migrate.min.js?ver=1.4.1 HTTP/1.1" 200 4014 "https://www.astacus.se/" "Mozilla/5.0 (Windows NT 6.1; Win64; x64; rv:106.0) Gecko/20100101 Firefox/106.0"
111.93.24.58 - - [21/Nov/2022:02:05:26 +0100] "GET /wp-content/themes/x/framework/css/dist/site/stacks/ethos.css?ver=4.6.4 HTTP/1.1" 200 23966 "https://www.astacus.se/" "Mozilla/5.0 (Windows NT 6.1; Win64; x64; rv:106.0) Gecko/20100101 Firefox/106.0"
111.93.24.58 - - [21/Nov/2022:02:05:26 +0100] "GET /wp-content/themes/x/framework/js/dist/site/x-head.min.js?ver=4.6.4 HTTP/1.1" 200 1210 "https://www.astacus.se/" "Mozilla/5.0 (Windows NT 6.1; Win64; x64; rv:106.0) Gecko/20100101 Firefox/106.0"
111.93.24.58 - - [21/Nov/2022:02:05:26 +0100] "GET /wp-content/plugins/cornerstone/assets/dist/js/site/cs-head.js?ver=2.0.6 HTTP/1.1" 200 14859 "https://www.astacus.se/" "Mozilla/5.0 (Windows NT 6.1; Win64; x64; rv:106.0) Gecko/20100101 Firefox/106.0"
111.93.24.58 - - [21/Nov/2022:02:05:26 +0100] "GET /wp-includes/js/jquery/ui/widget.min.js?ver=1.11.4 HTTP/1.1" 200 2599 "https://www.astacus.se/" "Mozilla/5.0 (Windows NT 6.1; Win64; x64; rv:106.0) Gecko/20100101 Firefox/106.0"
111.93.24.58 - - [21/Nov/2022:02:05:26 +0100] "GET /wp-includes/js/jquery/ui/mouse.min.js?ver=1.11.4 HTTP/1.1" 200 1021 "https://www.astacus.se/" "Mozilla/5.0 (Windows NT 6.1; Win64; x64; rv:106.0) Gecko/20100101 Firefox/106.0"
111.93.24.58 - - [21/Nov/2022:02:05:26 +0100] "GET /wp-includes/js/jquery/ui/slider.min.js?ver=1.11.4 HTTP/1.1" 200 3093 "https://www.astacus.se/" "Mozilla/5.0 (Windows NT 6.1; Win64; x64; rv:106.0) Gecko/20100101 Firefox/106.0"
111.93.24.58 - - [21/Nov/2022:02:05:26 +0100] "GET /wp-content/plugins/revslider/public/assets/js/jquery.themepunch.tools.min.js?ver=5.4.8 HTTP/1.1" 200 38337 "https://www.astacus.se/" "Mozilla/5.0 (Windows NT 6.1; Win64; x64; rv:106.0) Gecko/20100101 Firefox/106.0"
111.93.24.58 - - [21/Nov/2022:02:05:26 +0100] "GET /wp-content/plugins/revslider/public/assets/js/jquery.themepunch.revolution.min.js?ver=5.4.8 HTTP/1.1" 200 18090 "https://www.astacus.se/" "Mozilla/5.0 (Windows NT 6.1; Win64; x64; rv:106.0) Gecko/20100101 Firefox/106.0"
111.93.24.58 - - [21/Nov/2022:02:05:26 +0100] "GET /wp-content/themes/x/framework/js/dist/site/x-body.min.js?ver=4.6.4 HTTP/1.1" 200 7438 "https://www.astacus.se/" "Mozilla/5.0 (Windows NT 6.1; Win64; x64; rv:106.0) Gecko/20100101 Firefox/106.0"
111.93.24.58 - - [21/Nov/2022:02:05:26 +0100] "GET /wp-includes/js/comment-reply.min.js?ver=4.8.1 HTTP/1.1" 200 589 "https://www.astacus.se/" "Mozilla/5.0 (Windows NT 6.1; Win64; x64; rv:106.0) Gecko/20100101 Firefox/106.0"
111.93.24.58 - - [21/Nov/2022:02:05:26 +0100] "GET /wp-content/plugins/cornerstone/assets/dist/js/site/cs-body.js?ver=2.0.6 HTTP/1.1" 200 41251 "https://www.astacus.se/" "Mozilla/5.0 (Windows NT 6.1; Win64; x64; rv:106.0) Gecko/20100101 Firefox/106.0"
111.93.24.58 - - [21/Nov/2022:02:05:26 +0100] "GET /wp-includes/js/wp-embed.min.js?ver=4.8.1 HTTP/1.1" 200 751 "https://www.astacus.se/" "Mozilla/5.0 (Windows NT 6.1; Win64; x64; rv:106.0) Gecko/20100101 Firefox/106.0"
111.93.24.58 - - [21/Nov/2022:02:05:26 +0100] "GET /wp-includes/js/wp-emoji-release.min.js?ver=4.8.1 HTTP/1.1" 200 4299 "https://www.astacus.se/" "Mozilla/5.0 (Windows NT 6.1; Win64; x64; rv:106.0) Gecko/20100101 Firefox/106.0"
111.93.24.58 - - [21/Nov/2022:02:05:26 +0100] "GET /wp-content/uploads/2020/04/scb-881x492.jpg HTTP/1.1" 200 29812 "https://www.astacus.se/" "Mozilla/5.0 (Windows NT 6.1; Win64; x64; rv:106.0) Gecko/20100101 Firefox/106.0"
111.93.24.58 - - [21/Nov/2022:02:05:27 +0100] "GET /wp-content/uploads/2020/04/arvid.jpg HTTP/1.1" 200 29060 "https://www.astacus.se/" "Mozilla/5.0 (Windows NT 6.1; Win64; x64; rv:106.0) Gecko/20100101 Firefox/106.0"
111.93.24.58 - - [21/Nov/2022:02:05:27 +0100] "GET /wp-content/uploads/2020/04/profi.jpg HTTP/1.1" 200 23316 "https://www.astacus.se/" "Mozilla/5.0 (Windows NT 6.1; Win64; x64; rv:106.0) Gecko/20100101 Firefox/106.0"
111.93.24.58 - - [21/Nov/2022:02:05:26 +0100] "GET /wp-content/uploads/2021/07/wrslam.jpg HTTP/1.1" 200 154033 "https://www.astacus.se/" "Mozilla/5.0 (Windows NT 6.1; Win64; x64; rv:106.0) Gecko/20100101 Firefox/106.0"
111.93.24.58 - - [21/Nov/2022:02:05:27 +0100] "GET /wp-content/uploads/2020/04/tv.jpg HTTP/1.1" 200 29384 "https://www.astacus.se/" "Mozilla/5.0 (Windows NT 6.1; Win64; x64; rv:106.0) Gecko/20100101 Firefox/106.0"
111.93.24.58 - - [21/Nov/2022:02:05:27 +0100] "GET /wp-content/plugins/revslider/public/assets/js/extensions/revolution.extension.parallax.min.js?version=5.4.8 HTTP/1.1" 200 3240 "https://www.astacus.se/" "Mozilla/5.0 (Windows NT 6.1; Win64; x64; rv:106.0) Gecko/20100101 Firefox/106.0"
111.93.24.58 - - [21/Nov/2022:02:05:27 +0100] "GET /wp-content/plugins/revslider/public/assets/js/extensions/revolution.extension.slideanims.min.js?version=5.4.8 HTTP/1.1" 200 6880 "https://www.astacus.se/" "Mozilla/5.0 (Windows NT 6.1; Win64; x64; rv:106.0) Gecko/20100101 Firefox/106.0"
111.93.24.58 - - [21/Nov/2022:02:05:26 +0100] "GET /wp-content/themes/x/framework/fonts/font_awesome/fontawesome-webfont.woff2?v=4.6.3 HTTP/1.1" 200 71896 "https://www.astacus.se/wp-content/themes/x/framework/css/dist/site/stacks/ethos.css?ver=4.6.4" "Mozilla/5.0 (Windows NT 6.1; Win64; x64; rv:106.0) Gecko/20100101 Firefox/106.0"
111.93.24.58 - - [21/Nov/2022:02:05:27 +0100] "GET /wp-content/uploads/2020/04/lanssto.jpg HTTP/1.1" 200 37715 "https://www.astacus.se/" "Mozilla/5.0 (Windows NT 6.1; Win64; x64; rv:106.0) Gecko/20100101 Firefox/106.0"
111.93.24.58 - - [21/Nov/2022:02:05:27 +0100] "GET /wp-content/uploads/2020/04/obo-881x492.jpg HTTP/1.1" 200 40190 "https://www.astacus.se/" "Mozilla/5.0 (Windows NT 6.1; Win64; x64; rv:106.0) Gecko/20100101 Firefox/106.0"
111.93.24.58 - - [21/Nov/2022:02:05:27 +0100] "GET /wp-content/uploads/2020/04/dronare3.jpg HTTP/1.1" 200 71537 "https://www.astacus.se/" "Mozilla/5.0 (Windows NT 6.1; Win64; x64; rv:106.0) Gecko/20100101 Firefox/106.0"
111.93.24.58 - - [21/Nov/2022:02:05:27 +0100] "GET /wp-content/uploads/2017/08/image005.jpg HTTP/1.1" 200 51745 "https://www.astacus.se/" "Mozilla/5.0 (Windows NT 6.1; Win64; x64; rv:106.0) Gecko/20100101 Firefox/106.0"
111.93.24.58 - - [21/Nov/2022:02:05:27 +0100] "GET /wp-content/uploads/2018/07/UGS2.jpg HTTP/1.1" 200 109543 "https://www.astacus.se/" "Mozilla/5.0 (Windows NT 6.1; Win64; x64; rv:106.0) Gecko/20100101 Firefox/106.0"
111.93.24.58 - - [21/Nov/2022:02:05:27 +0100] "GET /wp-content/uploads/2017/08/image007.jpg HTTP/1.1" 200 77965 "https://www.astacus.se/" "Mozilla/5.0 (Windows NT 6.1; Win64; x64; rv:106.0) Gecko/20100101 Firefox/106.0"
111.93.24.58 - - [21/Nov/2022:02:05:27 +0100] "GET /wp-content/plugins/revslider/admin/assets/images/dummy.png HTTP/1.1" 200 73 "https://www.astacus.se/" "Mozilla/5.0 (Windows NT 6.1; Win64; x64; rv:106.0) Gecko/20100101 Firefox/106.0"
111.93.24.58 - - [21/Nov/2022:02:05:27 +0100] "GET /wp-content/uploads/2017/08/SCAB_ISO_9001_Sve_RGB.png HTTP/1.1" 200 16506 "https://www.astacus.se/" "Mozilla/5.0 (Windows NT 6.1; Win64; x64; rv:106.0) Gecko/20100101 Firefox/106.0"
111.93.24.58 - - [21/Nov/2022:02:05:27 +0100] "GET /wp-content/uploads/2017/08/SCAB_ISO_14001_Sve_RGB.png HTTP/1.1" 200 16510 "https://www.astacus.se/" "Mozilla/5.0 (Windows NT 6.1; Win64; x64; rv:106.0) Gecko/20100101 Firefox/106.0"
111.93.24.58 - - [21/Nov/2022:02:05:27 +0100] "GET /wp-content/uploads/2020/04/slide-main.jpg HTTP/1.1" 200 224079 "https://www.astacus.se/" "Mozilla/5.0 (Windows NT 6.1; Win64; x64; rv:106.0) Gecko/20100101 Firefox/106.0"
111.93.24.58 - - [21/Nov/2022:02:05:36 +0100] "GET /?page=loggain&goto=approject HTTP/1.1" 200 1269 "https://www.astacus.se/" "Mozilla/5.0 (Windows NT 6.1; Win64; x64; rv:106.0) Gecko/20100101 Firefox/106.0"
111.93.24.58 - - [21/Nov/2022:02:05:36 +0100] "GET /images/icadloggo.gif HTTP/1.1" 200 2516 "https://icad.astacus.se/?page=loggain&goto=approject" "Mozilla/5.0 (Windows NT 6.1; Win64; x64; rv:106.0) Gecko/20100101 Firefox/106.0"
111.93.24.58 - - [21/Nov/2022:02:05:39 +0100] "POST /logon.php?action=logon HTTP/1.1" 302 - "https://icad.astacus.se/?page=loggain&goto=approject" "Mozilla/5.0 (Windows NT 6.1; Win64; x64; rv:106.0) Gecko/20100101 Firefox/106.0"
111.93.24.58 - - [21/Nov/2022:02:05:39 +0100] "GET /project/index.php HTTP/1.1" 200 78172 "https://icad.astacus.se/?page=loggain&goto=approject" "Mozilla/5.0 (Windows NT 6.1; Win64; x64; rv:106.0) Gecko/20100101 Firefox/106.0"
111.93.24.58 - - [21/Nov/2022:02:05:40 +0100] "GET /images/ordervalue0.png HTTP/1.1" 200 3491 "https://icad.astacus.se/project/index.php" "Mozilla/5.0 (Windows NT 6.1; Win64; x64; rv:106.0) Gecko/20100101 Firefox/106.0"
::1 - - [21/Nov/2022:02:05:43 +0100] "OPTIONS * HTTP/1.0" 200 - "-" "Apache/2.4.7 (Ubuntu) PHP/5.5.9-1ubuntu4.29 OpenSSL/1.0.1f (internal dummy connection)"
111.93.24.58 - - [21/Nov/2022:02:05:43 +0100] "GET /project/index.php?AdmincountryId=Alla HTTP/1.1" 200 113788 "https://icad.astacus.se/project/index.php" "Mozilla/5.0 (Windows NT 6.1; Win64; x64; rv:106.0) Gecko/20100101 Firefox/106.0"
111.93.24.58 - - [21/Nov/2022:02:05:44 +0100] "GET /favicon.ico HTTP/1.1" 404 209 "https://icad.astacus.se/project/index.php?AdmincountryId=Alla" "Mozilla/5.0 (Windows NT 6.1; Win64; x64; rv:106.0) Gecko/20100101 Firefox/106.0"
::1 - - [21/Nov/2022:02:05:49 +0100] "OPTIONS * HTTP/1.0" 200 - "-" "Apache/2.4.7 (Ubuntu) PHP/5.5.9-1ubuntu4.29 OpenSSL/1.0.1f (internal dummy connection)"
111.93.24.58 - - [21/Nov/2022:02:05:53 +0100] "GET /project/index.php?companyId=4965&button11=Show HTTP/1.1" 200 79111 "https://icad.astacus.se/project/index.php?AdmincountryId=Alla" "Mozilla/5.0 (Windows NT 6.1; Win64; x64; rv:106.0) Gecko/20100101 Firefox/106.0"
111.93.24.58 - - [21/Nov/2022:02:05:54 +0100] "GET /favicon.ico HTTP/1.1" 404 209 "https://icad.astacus.se/project/index.php?companyId=4965&button11=Show" "Mozilla/5.0 (Windows NT 6.1; Win64; x64; rv:106.0) Gecko/20100101 Firefox/106.0"
136.243.228.193 - - [21/Nov/2022:02:06:23 +0100] "GET /category/arkivscanning HTTP/1.1" 301 - "-" "Mozilla/5.0 (compatible; DataForSeoBot/1.0; +https://dataforseo.com/dataforseo-bot)"
111.93.24.58 - - [21/Nov/2022:02:06:28 +0100] "GET /?page=loggain&goto=approject HTTP/1.1" 200 1269 "-" "Mozilla/5.0 (Windows NT 6.1; Win64; x64; rv:107.0) Gecko/20100101 Firefox/107.0"
111.93.24.58 - - [21/Nov/2022:02:06:28 +0100] "GET /main.css HTTP/1.1" 200 415 "https://icad.astacus.se/?page=loggain&goto=approject" "Mozilla/5.0 (Windows NT 6.1; Win64; x64; rv:107.0) Gecko/20100101 Firefox/107.0"
136.243.228.193 - - [21/Nov/2022:02:06:29 +0100] "GET /test-case-4/ HTTP/1.1" 200 10569 "-" "Mozilla/5.0 (compatible; DataForSeoBot/1.0; +https://dataforseo.com/dataforseo-bot)"
111.93.24.58 - - [21/Nov/2022:02:06:30 +0100] "POST /logon.php?action=logon HTTP/1.1" 302 - "https://icad.astacus.se/?page=loggain&goto=approject" "Mozilla/5.0 (Windows NT 6.1; Win64; x64; rv:107.0) Gecko/20100101 Firefox/107.0"
111.93.24.58 - - [21/Nov/2022:02:06:30 +0100] "GET /project/index.php HTTP/1.1" 200 78197 "https://icad.astacus.se/?page=loggain&goto=approject" "Mozilla/5.0 (Windows NT 6.1; Win64; x64; rv:107.0) Gecko/20100101 Firefox/107.0"
111.93.24.58 - - [21/Nov/2022:02:06:33 +0100] "GET /project/index.php?AdmincountryId=Alla HTTP/1.1" 200 112481 "https://icad.astacus.se/project/index.php" "Mozilla/5.0 (Windows NT 6.1; Win64; x64; rv:107.0) Gecko/20100101 Firefox/107.0"
136.243.228.193 - - [21/Nov/2022:02:06:34 +0100] "GET /2009/12/ HTTP/1.1" 200 9560 "-" "Mozilla/5.0 (compatible; DataForSeoBot/1.0; +https://dataforseo.com/dataforseo-bot)"
136.243.228.193 - - [21/Nov/2022:02:06:40 +0100] "GET /2010/08/ HTTP/1.1" 200 9607 "-" "Mozilla/5.0 (compatible; DataForSeoBot/1.0; +https://dataforseo.com/dataforseo-bot)"
136.243.228.193 - - [21/Nov/2022:02:06:45 +0100] "GET /2014/04/ HTTP/1.1" 200 9957 "-" "Mozilla/5.0 (compatible; DataForSeoBot/1.0; +https://dataforseo.com/dataforseo-bot)"
136.243.228.193 - - [21/Nov/2022:02:06:49 +0100] "GET /2011/03/ HTTP/1.1" 200 9612 "-" "Mozilla/5.0 (compatible; DataForSeoBot/1.0; +https://dataforseo.com/dataforseo-bot)"
::1 - - [21/Nov/2022:02:06:49 +0100] "OPTIONS * HTTP/1.0" 200 - "-" "Apache/2.4.7 (Ubuntu) PHP/5.5.9-1ubuntu4.29 OpenSSL/1.0.1f (internal dummy connection)"
136.243.228.193 - - [21/Nov/2022:02:06:54 +0100] "GET /astacus-kvalitetssakrar-data-fran-sveriges-storsta-lidar-projekt/ HTTP/1.1" 200 10311 "-" "Mozilla/5.0 (compatible; DataForSeoBot/1.0; +https://dataforseo.com/dataforseo-bot)"
136.243.228.193 - - [21/Nov/2022:02:06:59 +0100] "GET /category/dronarscanning HTTP/1.1" 301 - "-" "Mozilla/5.0 (compatible; DataForSeoBot/1.0; +https://dataforseo.com/dataforseo-bot)"
136.243.228.193 - - [21/Nov/2022:02:07:04 +0100] "GET /2014/08/ HTTP/1.1" 200 9762 "-" "Mozilla/5.0 (compatible; DataForSeoBot/1.0; +https://dataforseo.com/dataforseo-bot)"
136.243.228.193 - - [21/Nov/2022:02:07:10 +0100] "GET /strandlinjer/ HTTP/1.1" 200 10152 "-" "Mozilla/5.0 (compatible; DataForSeoBot/1.0; +https://dataforseo.com/dataforseo-bot)"
54.36.148.67 - - [21/Nov/2022:02:07:11 +0100] "GET /apps/school/www_old6/img/LevelG/Category2/LevelGCat2Lesson05/?C=M;O=A HTTP/1.1" 200 449 "-" "Mozilla/5.0 (compatible; AhrefsBot/7.0; +http://ahrefs.com/robot/)"
136.243.228.193 - - [21/Nov/2022:02:07:18 +0100] "GET /test-case-1-4/ HTTP/1.1" 200 10544 "-" "Mozilla/5.0 (compatible; DataForSeoBot/1.0; +https://dataforseo.com/dataforseo-bot)"
136.243.228.193 - - [21/Nov/2022:02:07:27 +0100] "GET /2013/02/ HTTP/1.1" 200 9499 "-" "Mozilla/5.0 (compatible; DataForSeoBot/1.0; +https://dataforseo.com/dataforseo-bot)"
136.243.228.193 - - [21/Nov/2022:02:07:35 +0100] "GET /wp-login.php HTTP/1.1" 200 1274 "-" "Mozilla/5.0 (compatible; DataForSeoBot/1.0; +https://dataforseo.com/dataforseo-bot)"
136.243.228.193 - - [21/Nov/2022:02:07:44 +0100] "GET /category/arkivscanning/ HTTP/1.1" 200 10047 "-" "Mozilla/5.0 (compatible; DataForSeoBot/1.0; +https://dataforseo.com/dataforseo-bot)"
66.249.66.51 - - [21/Nov/2022:02:07:49 +0100] "GET /?page=result&keyword=Sapa&presentation=true HTTP/1.1" 200 4187 "-" "Mozilla/5.0 (Linux; Android 6.0.1; Nexus 5X Build/MMB29P) AppleWebKit/537.36 (KHTML, like Gecko) Chrome/107.0.5304.110 Mobile Safari/537.36 (compatible; Googlebot/2.1; +http://www.google.com/bot.html)"
136.243.228.193 - - [21/Nov/2022:02:07:58 +0100] "GET /2017/02/ HTTP/1.1" 200 9696 "-" "Mozilla/5.0 (compatible; DataForSeoBot/1.0; +https://dataforseo.com/dataforseo-bot)"
114.119.132.76 - - [21/Nov/2022:02:08:20 +0100] "GET /apps/school/www_old2/img/LevelC/Category3/LevelCCat3Lesson22/?C=N%3BO%3DD HTTP/1.1" 200 555 "http://kulturdokumentation.se/apps/school/www_old2/img/LevelC/Category3/LevelCCat3Lesson22/?C=S%3BO%3DA" "Mozilla/5.0 (Linux; Android 7.0;) AppleWebKit/537.36 (KHTML, like Gecko) Mobile Safari/537.36 (compatible; PetalBot;+https://webmaster.petalsearch.com/site/petalbot)"
136.243.228.195 - - [21/Nov/2022:02:09:11 +0100] "GET /flow.php HTTP/1.1" 200 3771 "-" "Mozilla/5.0 (compatible; DataForSeoBot/1.0; +https://dataforseo.com/dataforseo-bot)"
114.119.134.152 - - [21/Nov/2022:02:09:38 +0100] "GET /apps/school/www_old9/Html/LevelG/Category2/LevelGCat2Lesson07.html HTTP/1.1" 200 2359 "http://kulturdokumentation.com/apps/school/www_old9/Html/LevelG/Category2" "Mozilla/5.0 (Linux; Android 7.0;) AppleWebKit/537.36 (KHTML, like Gecko) Mobile Safari/537.36 (compatible; PetalBot;+https://webmaster.petalsearch.com/site/petalbot)"
54.36.148.64 - - [21/Nov/2022:02:10:14 +0100] "GET /?page=result&keyword=hyllor HTTP/1.1" 200 3817 "-" "Mozilla/5.0 (compatible; AhrefsBot/7.0; +http://ahrefs.com/robot/)"
178.159.37.4 - - [21/Nov/2022:02:10:27 +0100] "GET /referenser/ HTTP/1.0" 200 80477 "https://www.astacus.se/referenser/" "Mozilla/5.0 (Windows NT 6.3; Win64; x64) AppleWebKit/537.36 (KHTML, like Gecko) Chrome/90.0.4430.93 Safari/537.36"
178.159.37.4 - - [21/Nov/2022:02:10:27 +0100] "GET / HTTP/1.0" 200 55917 "https://www.astacus.se/" "Mozilla/5.0 (Windows NT 6.3; Win64; x64) AppleWebKit/537.36 (KHTML, like Gecko) Chrome/90.0.4430.93 Safari/537.36"
185.191.171.4 - - [21/Nov/2022:02:11:38 +0100] "GET /robots.txt HTTP/1.1" 404 208 "-" "Mozilla/5.0 (compatible; SemrushBot/7~bl; +http://www.semrush.com/bot.html)"
185.191.171.14 - - [21/Nov/2022:02:11:39 +0100] "GET / HTTP/1.1" 200 2537 "-" "Mozilla/5.0 (compatible; SemrushBot/7~bl; +http://www.semrush.com/bot.html)"
111.93.24.58 - - [21/Nov/2022:02:11:56 +0100] "GET /project/index.php?AdmincountryId=Alla HTTP/1.1" 302 74870 "-" "Mozilla/5.0 (Windows NT 10.0; Win64; x64; rv:107.0) Gecko/20100101 Firefox/107.0"
111.93.24.58 - - [21/Nov/2022:02:11:57 +0100] "GET /?page=loggain&message= HTTP/1.1" 302 234 "-" "Mozilla/5.0 (Windows NT 10.0; Win64; x64; rv:107.0) Gecko/20100101 Firefox/107.0"
216.244.66.203 - - [21/Nov/2022:02:11:57 +0100] "GET /apps/school/www_old10/Html/LevelD/Category1/LevelDCat1Lesson37.html HTTP/1.1" 200 2744 "-" "Mozilla/5.0 (compatible; DotBot/1.2; +https://opensiteexplorer.org/dotbot; help@moz.com)"
111.93.24.58 - - [21/Nov/2022:02:11:57 +0100] "GET /?page=loggain&message= HTTP/1.1" 200 1772 "-" "Mozilla/5.0 (Windows NT 10.0; Win64; x64; rv:107.0) Gecko/20100101 Firefox/107.0"
111.93.24.58 - - [21/Nov/2022:02:11:58 +0100] "GET /main.css HTTP/1.1" 200 415 "https://icad.astacus.se/?page=loggain&message=" "Mozilla/5.0 (Windows NT 10.0; Win64; x64; rv:107.0) Gecko/20100101 Firefox/107.0"
111.93.24.58 - - [21/Nov/2022:02:12:17 +0100] "POST /logon.php?action=logon HTTP/1.1" 302 - "https://icad.astacus.se/?page=loggain&message=" "Mozilla/5.0 (Windows NT 10.0; Win64; x64; rv:107.0) Gecko/20100101 Firefox/107.0"
111.93.24.58 - - [21/Nov/2022:02:12:18 +0100] "GET /productionzon/index.php HTTP/1.1" 200 2695 "https://icad.astacus.se/?page=loggain&message=" "Mozilla/5.0 (Windows NT 10.0; Win64; x64; rv:107.0) Gecko/20100101 Firefox/107.0"
111.93.24.58 - - [21/Nov/2022:02:12:18 +0100] "GET /productionzon/calendar.js HTTP/1.1" 200 7955 "https://icad.astacus.se/productionzon/index.php" "Mozilla/5.0 (Windows NT 10.0; Win64; x64; rv:107.0) Gecko/20100101 Firefox/107.0"
111.93.24.58 - - [21/Nov/2022:02:12:19 +0100] "GET /project/index.php?AdmincountryId=Alla HTTP/1.1" 200 113788 "-" "Mozilla/5.0 (Windows NT 10.0; Win64; x64; rv:107.0) Gecko/20100101 Firefox/107.0"
111.93.24.58 - - [21/Nov/2022:02:12:20 +0100] "GET /images/nolog.png HTTP/1.1" 200 2866 "https://icad.astacus.se/project/index.php?AdmincountryId=Alla" "Mozilla/5.0 (Windows NT 10.0; Win64; x64; rv:107.0) Gecko/20100101 Firefox/107.0"
111.93.24.58 - - [21/Nov/2022:02:12:20 +0100] "GET /images/ordervalue0.png HTTP/1.1" 200 3491 "https://icad.astacus.se/project/index.php?AdmincountryId=Alla" "Mozilla/5.0 (Windows NT 10.0; Win64; x64; rv:107.0) Gecko/20100101 Firefox/107.0"
194.110.203.38 - - [21/Nov/2022:02:12:20 +0100] "GET /backupnotes-online.se.tar.gz HTTP/1.1" 404 226 "-" "Firefox"
54.36.148.187 - - [21/Nov/2022:02:13:14 +0100] "GET /apps/school/www_old6/img/LevelG/Category2/LevelGCat2Lesson05/?C=D;O=A HTTP/1.1" 200 449 "-" "Mozilla/5.0 (compatible; AhrefsBot/7.0; +http://ahrefs.com/robot/)"
114.119.141.42 - - [21/Nov/2022:02:13:26 +0100] "GET /apps/school/www_old4/img/LevelA/Category1/LevelACat1Lesson20/ HTTP/1.1" 200 497 "http://kulturdokumentation.se/apps/school/www_old4/img/LevelA/Category1/?C=N%3BO%3DD" "Mozilla/5.0 (Linux; Android 7.0;) AppleWebKit/537.36 (KHTML, like Gecko) Mobile Safari/537.36 (compatible; PetalBot;+https://webmaster.petalsearch.com/site/petalbot)"
87.250.224.71 - - [21/Nov/2022:02:14:00 +0100] "GET /astacusproject/ProjectSelected.do?projectId=32221 HTTP/1.1" 404 231 "-" "Mozilla/5.0 (compatible; YandexBot/3.0; +http://yandex.com/bots)"
111.93.24.58 - - [21/Nov/2022:02:14:10 +0100] "GET /project/index.php?AdmincountryId=Alla HTTP/1.1" 302 124444 "-" "Mozilla/5.0 (Windows NT 6.1; Win64; x64; rv:107.0) Gecko/20100101 Firefox/107.0"
111.93.24.58 - - [21/Nov/2022:02:14:11 +0100] "GET /?page=loggain&message= HTTP/1.1" 302 234 "-" "Mozilla/5.0 (Windows NT 6.1; Win64; x64; rv:107.0) Gecko/20100101 Firefox/107.0"
111.93.24.58 - - [21/Nov/2022:02:14:12 +0100] "GET /?page=loggain&message= HTTP/1.1" 200 1772 "-" "Mozilla/5.0 (Windows NT 6.1; Win64; x64; rv:107.0) Gecko/20100101 Firefox/107.0"
111.93.24.58 - - [21/Nov/2022:02:14:13 +0100] "GET /main.css HTTP/1.1" 200 415 "https://icad.astacus.se/?page=loggain&message=" "Mozilla/5.0 (Windows NT 6.1; Win64; x64; rv:107.0) Gecko/20100101 Firefox/107.0"
111.93.24.58 - - [21/Nov/2022:02:14:13 +0100] "GET /images/start_arkiv.jpg HTTP/1.1" 200 13974 "https://icad.astacus.se/?page=loggain&message=" "Mozilla/5.0 (Windows NT 6.1; Win64; x64; rv:107.0) Gecko/20100101 Firefox/107.0"
111.93.24.58 - - [21/Nov/2022:02:14:13 +0100] "GET /images/bottom.jpg HTTP/1.1" 200 521 "https://icad.astacus.se/?page=loggain&message=" "Mozilla/5.0 (Windows NT 6.1; Win64; x64; rv:107.0) Gecko/20100101 Firefox/107.0"
111.93.24.58 - - [21/Nov/2022:02:14:13 +0100] "GET /images/icadloggo.gif HTTP/1.1" 200 2516 "https://icad.astacus.se/?page=loggain&message=" "Mozilla/5.0 (Windows NT 6.1; Win64; x64; rv:107.0) Gecko/20100101 Firefox/107.0"
111.93.24.58 - - [21/Nov/2022:02:14:13 +0100] "GET /images/start_project.jpg HTTP/1.1" 200 17898 "https://icad.astacus.se/?page=loggain&message=" "Mozilla/5.0 (Windows NT 6.1; Win64; x64; rv:107.0) Gecko/20100101 Firefox/107.0"
111.93.24.58 - - [21/Nov/2022:02:14:13 +0100] "GET /images/login.png HTTP/1.1" 200 65869 "https://icad.astacus.se/?page=loggain&message=" "Mozilla/5.0 (Windows NT 6.1; Win64; x64; rv:107.0) Gecko/20100101 Firefox/107.0"
111.93.24.58 - - [21/Nov/2022:02:14:17 +0100] "POST /logon.php?action=logon HTTP/1.1" 302 - "https://icad.astacus.se/?page=loggain&message=" "Mozilla/5.0 (Windows NT 6.1; Win64; x64; rv:107.0) Gecko/20100101 Firefox/107.0"
111.93.24.58 - - [21/Nov/2022:02:14:18 +0100] "GET /productionzon/index.php HTTP/1.1" 200 2703 "https://icad.astacus.se/?page=loggain&message=" "Mozilla/5.0 (Windows NT 6.1; Win64; x64; rv:107.0) Gecko/20100101 Firefox/107.0"
216.244.66.203 - - [21/Nov/2022:02:14:18 +0100] "GET /apps/school/www_old5/Html/LevelD/Category3/?C=S;O=A HTTP/1.1" 200 7269 "-" "Mozilla/5.0 (compatible; DotBot/1.2; +https://opensiteexplorer.org/dotbot; help@moz.com)"
111.93.24.58 - - [21/Nov/2022:02:14:18 +0100] "GET /images/newMailMessage.gif HTTP/1.1" 200 383 "https://icad.astacus.se/productionzon/index.php" "Mozilla/5.0 (Windows NT 6.1; Win64; x64; rv:107.0) Gecko/20100101 Firefox/107.0"
111.93.24.58 - - [21/Nov/2022:02:14:18 +0100] "GET /images/bottom_small.jpg HTTP/1.1" 200 393 "https://icad.astacus.se/productionzon/index.php" "Mozilla/5.0 (Windows NT 6.1; Win64; x64; rv:107.0) Gecko/20100101 Firefox/107.0"
111.93.24.58 - - [21/Nov/2022:02:14:18 +0100] "GET /productionzon/calendar.js HTTP/1.1" 200 7955 "https://icad.astacus.se/productionzon/index.php" "Mozilla/5.0 (Windows NT 6.1; Win64; x64; rv:107.0) Gecko/20100101 Firefox/107.0"
111.93.24.58 - - [21/Nov/2022:02:14:18 +0100] "GET /images/platta1.jpg HTTP/1.1" 200 3795 "https://icad.astacus.se/productionzon/index.php" "Mozilla/5.0 (Windows NT 6.1; Win64; x64; rv:107.0) Gecko/20100101 Firefox/107.0"
111.93.24.58 - - [21/Nov/2022:02:14:18 +0100] "GET /favicon.ico HTTP/1.1" 404 209 "https://icad.astacus.se/productionzon/index.php" "Mozilla/5.0 (Windows NT 6.1; Win64; x64; rv:107.0) Gecko/20100101 Firefox/107.0"
::1 - - [21/Nov/2022:02:14:19 +0100] "OPTIONS * HTTP/1.0" 200 - "-" "Apache/2.4.7 (Ubuntu) PHP/5.5.9-1ubuntu4.29 OpenSSL/1.0.1f (internal dummy connection)"
