114.119.154.242 - - [21/Nov/2022:06:15:19 +0100] "GET /robots.txt HTTP/1.1" 200 67 "-" "Mozilla/5.0 (compatible;PetalBot;+https://webmaster.petalsearch.com/site/petalbot)"
88.131.253.147 - - [21/Nov/2022:06:15:45 +0100] "GET / HTTP/1.1" 302 207 "-" "Mozilla/5.0 (Windows NT 10.0; Win64; x64; rv:106.0) Gecko/20100101 Firefox/106.0"
88.131.253.147 - - [21/Nov/2022:06:15:45 +0100] "GET / HTTP/1.1" 200 13133 "-" "Mozilla/5.0 (Windows NT 10.0; Win64; x64; rv:106.0) Gecko/20100101 Firefox/106.0"
88.131.253.147 - - [21/Nov/2022:06:15:45 +0100] "GET /wp-content/plugins/revslider/public/assets/css/settings.css?ver=5.4.8 HTTP/1.1" 200 9545 "https://www.astacus.se/" "Mozilla/5.0 (Windows NT 10.0; Win64; x64; rv:106.0) Gecko/20100101 Firefox/106.0"
88.131.253.147 - - [21/Nov/2022:06:15:46 +0100] "GET /wp-includes/js/jquery/jquery-migrate.min.js?ver=1.4.1 HTTP/1.1" 200 4014 "https://www.astacus.se/" "Mozilla/5.0 (Windows NT 10.0; Win64; x64; rv:106.0) Gecko/20100101 Firefox/106.0"
88.131.253.147 - - [21/Nov/2022:06:15:46 +0100] "GET /wp-content/plugins/cornerstone/assets/dist/js/site/cs-head.js?ver=2.0.6 HTTP/1.1" 200 14859 "https://www.astacus.se/" "Mozilla/5.0 (Windows NT 10.0; Win64; x64; rv:106.0) Gecko/20100101 Firefox/106.0"
88.131.253.147 - - [21/Nov/2022:06:15:46 +0100] "GET /wp-content/themes/x/framework/js/dist/site/x-head.min.js?ver=4.6.4 HTTP/1.1" 200 1210 "https://www.astacus.se/" "Mozilla/5.0 (Windows NT 10.0; Win64; x64; rv:106.0) Gecko/20100101 Firefox/106.0"
88.131.253.147 - - [21/Nov/2022:06:15:46 +0100] "GET /wp-content/themes/x/framework/css/dist/site/stacks/ethos.css?ver=4.6.4 HTTP/1.1" 200 23966 "https://www.astacus.se/" "Mozilla/5.0 (Windows NT 10.0; Win64; x64; rv:106.0) Gecko/20100101 Firefox/106.0"
88.131.253.147 - - [21/Nov/2022:06:15:46 +0100] "GET /wp-includes/js/jquery/jquery.js?ver=1.12.4 HTTP/1.1" 200 33766 "https://www.astacus.se/" "Mozilla/5.0 (Windows NT 10.0; Win64; x64; rv:106.0) Gecko/20100101 Firefox/106.0"
88.131.253.147 - - [21/Nov/2022:06:15:46 +0100] "GET /wp-includes/js/jquery/ui/core.min.js?ver=1.11.4 HTTP/1.1" 200 1821 "https://www.astacus.se/" "Mozilla/5.0 (Windows NT 10.0; Win64; x64; rv:106.0) Gecko/20100101 Firefox/106.0"
88.131.253.147 - - [21/Nov/2022:06:15:46 +0100] "GET /wp-includes/js/wp-emoji-release.min.js?ver=4.8.1 HTTP/1.1" 200 4299 "https://www.astacus.se/" "Mozilla/5.0 (Windows NT 10.0; Win64; x64; rv:106.0) Gecko/20100101 Firefox/106.0"
88.131.253.147 - - [21/Nov/2022:06:15:46 +0100] "GET /wp-includes/js/jquery/ui/widget.min.js?ver=1.11.4 HTTP/1.1" 200 2599 "https://www.astacus.se/" "Mozilla/5.0 (Windows NT 10.0; Win64; x64; rv:106.0) Gecko/20100101 Firefox/106.0"
88.131.253.147 - - [21/Nov/2022:06:15:46 +0100] "GET /wp-includes/js/jquery/ui/mouse.min.js?ver=1.11.4 HTTP/1.1" 200 1021 "https://www.astacus.se/" "Mozilla/5.0 (Windows NT 10.0; Win64; x64; rv:106.0) Gecko/20100101 Firefox/106.0"
88.131.253.147 - - [21/Nov/2022:06:15:46 +0100] "GET /wp-includes/js/jquery/ui/slider.min.js?ver=1.11.4 HTTP/1.1" 200 3093 "https://www.astacus.se/" "Mozilla/5.0 (Windows NT 10.0; Win64; x64; rv:106.0) Gecko/20100101 Firefox/106.0"
88.131.253.147 - - [21/Nov/2022:06:15:46 +0100] "GET /wp-content/plugins/revslider/public/assets/js/jquery.themepunch.tools.min.js?ver=5.4.8 HTTP/1.1" 200 38337 "https://www.astacus.se/" "Mozilla/5.0 (Windows NT 10.0; Win64; x64; rv:106.0) Gecko/20100101 Firefox/106.0"
88.131.253.147 - - [21/Nov/2022:06:15:46 +0100] "GET /wp-content/plugins/revslider/public/assets/js/jquery.themepunch.revolution.min.js?ver=5.4.8 HTTP/1.1" 200 18090 "https://www.astacus.se/" "Mozilla/5.0 (Windows NT 10.0; Win64; x64; rv:106.0) Gecko/20100101 Firefox/106.0"
88.131.253.147 - - [21/Nov/2022:06:15:46 +0100] "GET /wp-content/themes/x/framework/js/dist/site/x-body.min.js?ver=4.6.4 HTTP/1.1" 200 7438 "https://www.astacus.se/" "Mozilla/5.0 (Windows NT 10.0; Win64; x64; rv:106.0) Gecko/20100101 Firefox/106.0"
88.131.253.147 - - [21/Nov/2022:06:15:46 +0100] "GET /wp-includes/js/comment-reply.min.js?ver=4.8.1 HTTP/1.1" 200 589 "https://www.astacus.se/" "Mozilla/5.0 (Windows NT 10.0; Win64; x64; rv:106.0) Gecko/20100101 Firefox/106.0"
88.131.253.147 - - [21/Nov/2022:06:15:46 +0100] "GET /wp-includes/js/wp-embed.min.js?ver=4.8.1 HTTP/1.1" 200 751 "https://www.astacus.se/" "Mozilla/5.0 (Windows NT 10.0; Win64; x64; rv:106.0) Gecko/20100101 Firefox/106.0"
88.131.253.147 - - [21/Nov/2022:06:15:46 +0100] "GET /wp-content/plugins/cornerstone/assets/dist/js/site/cs-body.js?ver=2.0.6 HTTP/1.1" 200 41251 "https://www.astacus.se/" "Mozilla/5.0 (Windows NT 10.0; Win64; x64; rv:106.0) Gecko/20100101 Firefox/106.0"
88.131.253.147 - - [21/Nov/2022:06:15:46 +0100] "GET /wp-content/uploads/2017/08/image005.jpg HTTP/1.1" 200 51745 "https://www.astacus.se/" "Mozilla/5.0 (Windows NT 10.0; Win64; x64; rv:106.0) Gecko/20100101 Firefox/106.0"
88.131.253.147 - - [21/Nov/2022:06:15:46 +0100] "GET /wp-content/plugins/revslider/admin/assets/images/dummy.png HTTP/1.1" 200 73 "https://www.astacus.se/" "Mozilla/5.0 (Windows NT 10.0; Win64; x64; rv:106.0) Gecko/20100101 Firefox/106.0"
88.131.253.147 - - [21/Nov/2022:06:15:46 +0100] "GET /wp-content/uploads/2018/07/UGS2.jpg HTTP/1.1" 200 109543 "https://www.astacus.se/" "Mozilla/5.0 (Windows NT 10.0; Win64; x64; rv:106.0) Gecko/20100101 Firefox/106.0"
88.131.253.147 - - [21/Nov/2022:06:15:46 +0100] "GET /wp-content/uploads/2020/04/dronare3.jpg HTTP/1.1" 200 71537 "https://www.astacus.se/" "Mozilla/5.0 (Windows NT 10.0; Win64; x64; rv:106.0) Gecko/20100101 Firefox/106.0"
88.131.253.147 - - [21/Nov/2022:06:15:46 +0100] "GET /wp-content/uploads/2017/08/SCAB_ISO_14001_Sve_RGB.png HTTP/1.1" 200 16510 "https://www.astacus.se/" "Mozilla/5.0 (Windows NT 10.0; Win64; x64; rv:106.0) Gecko/20100101 Firefox/106.0"
88.131.253.147 - - [21/Nov/2022:06:15:46 +0100] "GET /wp-content/uploads/2017/08/SCAB_ISO_9001_Sve_RGB.png HTTP/1.1" 200 16506 "https://www.astacus.se/" "Mozilla/5.0 (Windows NT 10.0; Win64; x64; rv:106.0) Gecko/20100101 Firefox/106.0"
88.131.253.147 - - [21/Nov/2022:06:15:46 +0100] "GET /wp-content/uploads/2021/07/wrslam.jpg HTTP/1.1" 200 154033 "https://www.astacus.se/" "Mozilla/5.0 (Windows NT 10.0; Win64; x64; rv:106.0) Gecko/20100101 Firefox/106.0"
88.131.253.147 - - [21/Nov/2022:06:15:46 +0100] "GET /wp-content/uploads/2017/08/image007.jpg HTTP/1.1" 200 77965 "https://www.astacus.se/" "Mozilla/5.0 (Windows NT 10.0; Win64; x64; rv:106.0) Gecko/20100101 Firefox/106.0"
88.131.253.147 - - [21/Nov/2022:06:15:46 +0100] "GET /wp-content/themes/x/framework/fonts/font_awesome/fontawesome-webfont.woff2?v=4.6.3 HTTP/1.1" 200 71896 "https://www.astacus.se/wp-content/themes/x/framework/css/dist/site/stacks/ethos.css?ver=4.6.4" "Mozilla/5.0 (Windows NT 10.0; Win64; x64; rv:106.0) Gecko/20100101 Firefox/106.0"
88.131.253.147 - - [21/Nov/2022:06:15:48 +0100] "GET /?page=loggain&goto=approject HTTP/1.1" 200 1269 "https://www.astacus.se/" "Mozilla/5.0 (Windows NT 10.0; Win64; x64; rv:106.0) Gecko/20100101 Firefox/106.0"
88.131.253.147 - - [21/Nov/2022:06:15:48 +0100] "GET /favicon.ico HTTP/1.1" 404 209 "https://icad.astacus.se/?page=loggain&goto=approject" "Mozilla/5.0 (Windows NT 10.0; Win64; x64; rv:106.0) Gecko/20100101 Firefox/106.0"
88.131.253.147 - - [21/Nov/2022:06:15:52 +0100] "POST /logon.php?action=logon HTTP/1.1" 302 - "https://icad.astacus.se/?page=loggain&goto=approject" "Mozilla/5.0 (Windows NT 10.0; Win64; x64; rv:106.0) Gecko/20100101 Firefox/106.0"
88.131.253.147 - - [21/Nov/2022:06:15:52 +0100] "GET /project/index.php?BallId=2744 HTTP/1.1" 200 104936 "https://icad.astacus.se/?page=loggain&goto=approject" "Mozilla/5.0 (Windows NT 10.0; Win64; x64; rv:106.0) Gecko/20100101 Firefox/106.0"
::1 - - [21/Nov/2022:06:16:12 +0100] "OPTIONS * HTTP/1.0" 200 - "-" "Apache/2.4.7 (Ubuntu) PHP/5.5.9-1ubuntu4.29 OpenSSL/1.0.1f (internal dummy connection)"
88.131.253.147 - - [21/Nov/2022:06:16:54 +0100] "GET /project/index.php?companyId=2465&button=Show HTTP/1.1" 200 87639 "https://icad.astacus.se/project/index.php?BallId=2744" "Mozilla/5.0 (Windows NT 10.0; Win64; x64; rv:106.0) Gecko/20100101 Firefox/106.0"
88.131.253.147 - - [21/Nov/2022:06:16:59 +0100] "GET /project/index.php?companyId=2465&page=project&projectId=33190 HTTP/1.1" 200 9139 "https://icad.astacus.se/project/index.php?companyId=2465&button=Show" "Mozilla/5.0 (Windows NT 10.0; Win64; x64; rv:106.0) Gecko/20100101 Firefox/106.0"
88.131.253.147 - - [21/Nov/2022:06:17:01 +0100] "GET /project/index.php?companyId=2465&button=Show HTTP/1.1" 200 87639 "https://icad.astacus.se/project/index.php?companyId=2465&page=project&projectId=33190" "Mozilla/5.0 (Windows NT 10.0; Win64; x64; rv:106.0) Gecko/20100101 Firefox/106.0"
54.36.148.69 - - [21/Nov/2022:06:17:46 +0100] "GET /bilprovningen-valjer-astacusarkiv/ HTTP/1.1" 200 9740 "-" "Mozilla/5.0 (compatible; AhrefsBot/7.0; +http://ahrefs.com/robot/)"
157.55.39.149 - - [21/Nov/2022:06:18:35 +0100] "GET /robots.txt HTTP/1.1" 404 208 "-" "Mozilla/5.0 AppleWebKit/537.36 (KHTML, like Gecko; compatible; bingbot/2.0; +http://www.bing.com/bingbot.htm) Chrome/103.0.5060.134 Safari/537.36"
157.55.39.179 - - [21/Nov/2022:06:18:45 +0100] "GET / HTTP/1.1" 200 2907 "-" "Mozilla/5.0 AppleWebKit/537.36 (KHTML, like Gecko; compatible; bingbot/2.0; +http://www.bing.com/bingbot.htm) Chrome/103.0.5060.134 Safari/537.36"
114.119.141.52 - - [21/Nov/2022:06:18:45 +0100] "GET /apps/school/www_old6/img/LevelB/Category1/LevelBCat1Lesson12/?C=M%3BO%3DA HTTP/1.1" 200 447 "http://kulturdokumentation.se/apps/school/www_old6/img/LevelB/Category1/LevelBCat1Lesson12/" "Mozilla/5.0 (Linux; Android 7.0;) AppleWebKit/537.36 (KHTML, like Gecko) Mobile Safari/537.36 (compatible; PetalBot;+https://webmaster.petalsearch.com/site/petalbot)"
88.131.253.147 - - [21/Nov/2022:06:18:46 +0100] "GET /project/index.php?companyId=396 HTTP/1.1" 200 84871 "https://icad.astacus.se/project/index.php?companyId=2465&button=Show" "Mozilla/5.0 (Windows NT 10.0; Win64; x64; rv:106.0) Gecko/20100101 Firefox/106.0"
88.131.253.147 - - [21/Nov/2022:06:18:48 +0100] "GET /project/historylog.php?companyId=396 HTTP/1.1" 200 4347 "https://icad.astacus.se/project/index.php?companyId=396" "Mozilla/5.0 (Windows NT 10.0; Win64; x64; rv:106.0) Gecko/20100101 Firefox/106.0"
88.131.253.147 - - [21/Nov/2022:06:18:58 +0100] "GET /project/index.php?companyId=2532 HTTP/1.1" 200 84871 "https://icad.astacus.se/project/index.php?companyId=396" "Mozilla/5.0 (Windows NT 10.0; Win64; x64; rv:106.0) Gecko/20100101 Firefox/106.0"
88.131.253.147 - - [21/Nov/2022:06:19:00 +0100] "GET /project/historylog.php?companyId=2532 HTTP/1.1" 200 4377 "https://icad.astacus.se/project/index.php?companyId=2532" "Mozilla/5.0 (Windows NT 10.0; Win64; x64; rv:106.0) Gecko/20100101 Firefox/106.0"
114.119.134.152 - - [21/Nov/2022:06:20:16 +0100] "GET /apps/school/www_old5/img/LevelE/Category3/LevelECat3Lesson08 HTTP/1.1" 301 300 "http://kulturdokumentation.com/apps/school/www_old5/img/LevelE/Category3" "Mozilla/5.0 (Linux; Android 7.0;) AppleWebKit/537.36 (KHTML, like Gecko) Mobile Safari/537.36 (compatible; PetalBot;+https://webmaster.petalsearch.com/site/petalbot)"
114.119.134.152 - - [21/Nov/2022:06:20:17 +0100] "GET /apps/school/www_old5/img/LevelE/Category3/LevelECat3Lesson08/ HTTP/1.1" 200 581 "http://kulturdokumentation.com/apps/school/www_old5/img/LevelE/Category3" "Mozilla/5.0 (Linux; Android 7.0;) AppleWebKit/537.36 (KHTML, like Gecko) Mobile Safari/537.36 (compatible; PetalBot;+https://webmaster.petalsearch.com/site/petalbot)"
54.36.148.187 - - [21/Nov/2022:06:20:38 +0100] "GET /apps/school/www_old9/img/LevelH/Category1/LevelHCat1Lesson24/?C=M;O=A HTTP/1.1" 200 445 "-" "Mozilla/5.0 (compatible; AhrefsBot/7.0; +http://ahrefs.com/robot/)"
111.93.24.58 - - [21/Nov/2022:06:21:12 +0100] "GET /project/index.php HTTP/1.1" 302 27850 "-" "Mozilla/5.0 (Windows NT 10.0; Win64; x64; rv:107.0) Gecko/20100101 Firefox/107.0"
111.93.24.58 - - [21/Nov/2022:06:21:12 +0100] "GET /?page=loggain&message= HTTP/1.1" 302 234 "-" "Mozilla/5.0 (Windows NT 10.0; Win64; x64; rv:107.0) Gecko/20100101 Firefox/107.0"
111.93.24.58 - - [21/Nov/2022:06:21:13 +0100] "GET /?page=loggain&message= HTTP/1.1" 200 1772 "-" "Mozilla/5.0 (Windows NT 10.0; Win64; x64; rv:107.0) Gecko/20100101 Firefox/107.0"
111.93.24.58 - - [21/Nov/2022:06:21:13 +0100] "GET /main.css HTTP/1.1" 200 415 "https://icad.astacus.se/?page=loggain&message=" "Mozilla/5.0 (Windows NT 10.0; Win64; x64; rv:107.0) Gecko/20100101 Firefox/107.0"
64.91.244.200 - - [21/Nov/2022:06:21:47 +0100] "GET /wp-login.php HTTP/1.1" 302 219 "" "Mozilla/5.0 (Windows NT 10.0; Win64; x64; rv:106.0) Gecko/20100101 Firefox/106.0"
64.91.244.200 - - [21/Nov/2022:06:21:47 +0100] "GET /wp-login.php HTTP/1.1" 200 1274 "http://www.astacus.se/wp-login.php" "Mozilla/5.0 (Windows NT 10.0; Win64; x64; rv:106.0) Gecko/20100101 Firefox/106.0"
64.91.244.200 - - [21/Nov/2022:06:21:48 +0100] "GET /wp-json/wp/v2/users HTTP/1.1" 200 1174 "http://www.astacus.se/wp-login.php" "Mozilla/5.0 (Windows NT 10.0; Win64; x64; rv:106.0) Gecko/20100101 Firefox/106.0"
64.91.244.200 - - [21/Nov/2022:06:21:49 +0100] "POST /wp-login.php HTTP/1.1" 200 1659 "https://www.astacus.se/wp-login.php?redirect_to=https%3A%2F%2Fwww.astacus.se%2Fwp-admin%2F" "Mozilla/5.0 (Windows NT 10.0; Win64; x64; rv:106.0) Gecko/20100101 Firefox/106.0"
64.91.244.200 - - [21/Nov/2022:06:21:49 +0100] "POST /wp-login.php HTTP/1.1" 200 1653 "https://www.astacus.se/wp-login.php?redirect_to=https%3A%2F%2Fwww.astacus.se%2Fwp-admin%2F" "Mozilla/5.0 (Windows NT 10.0; Win64; x64; rv:106.0) Gecko/20100101 Firefox/106.0"
64.91.244.200 - - [21/Nov/2022:06:21:50 +0100] "POST /wp-login.php HTTP/1.1" 200 1634 "https://www.astacus.se/wp-login.php?redirect_to=https%3A%2F%2Fwww.astacus.se%2Fwp-admin%2F" "Mozilla/5.0 (Windows NT 10.0; Win64; x64; rv:106.0) Gecko/20100101 Firefox/106.0"
111.93.24.58 - - [21/Nov/2022:06:21:57 +0100] "GET / HTTP/1.1" 200 13133 "https://www.google.com/" "Mozilla/5.0 (Windows NT 10.0; Win64; x64; rv:107.0) Gecko/20100101 Firefox/107.0"
111.93.24.58 - - [21/Nov/2022:06:21:57 +0100] "GET /wp-includes/js/wp-emoji-release.min.js?ver=4.8.1 HTTP/1.1" 200 4299 "https://www.astacus.se/" "Mozilla/5.0 (Windows NT 10.0; Win64; x64; rv:107.0) Gecko/20100101 Firefox/107.0"
111.93.24.58 - - [21/Nov/2022:06:21:58 +0100] "GET /wp-content/uploads/2020/04/slide-main.jpg HTTP/1.1" 200 224079 "https://www.astacus.se/" "Mozilla/5.0 (Windows NT 10.0; Win64; x64; rv:107.0) Gecko/20100101 Firefox/107.0"
111.93.24.58 - - [21/Nov/2022:06:22:00 +0100] "GET /?page=loggain&goto=approject HTTP/1.1" 200 1269 "https://www.astacus.se/" "Mozilla/5.0 (Windows NT 10.0; Win64; x64; rv:107.0) Gecko/20100101 Firefox/107.0"
111.93.24.58 - - [21/Nov/2022:06:22:00 +0100] "GET /main.css HTTP/1.1" 200 415 "https://icad.astacus.se/?page=loggain&goto=approject" "Mozilla/5.0 (Windows NT 10.0; Win64; x64; rv:107.0) Gecko/20100101 Firefox/107.0"
111.93.24.58 - - [21/Nov/2022:06:22:03 +0100] "POST /logon.php?action=logon HTTP/1.1" 302 - "https://icad.astacus.se/?page=loggain&goto=approject" "Mozilla/5.0 (Windows NT 10.0; Win64; x64; rv:107.0) Gecko/20100101 Firefox/107.0"
111.93.24.58 - - [21/Nov/2022:06:22:03 +0100] "GET /project/index.php HTTP/1.1" 200 78171 "https://icad.astacus.se/?page=loggain&goto=approject" "Mozilla/5.0 (Windows NT 10.0; Win64; x64; rv:107.0) Gecko/20100101 Firefox/107.0"
111.93.24.58 - - [21/Nov/2022:06:22:04 +0100] "GET /images/ordervalue0.png HTTP/1.1" 200 3491 "https://icad.astacus.se/project/index.php" "Mozilla/5.0 (Windows NT 10.0; Win64; x64; rv:107.0) Gecko/20100101 Firefox/107.0"
111.93.24.58 - - [21/Nov/2022:06:22:23 +0100] "GET /timereport_india/ HTTP/1.1" 200 1596 "-" "Mozilla/5.0 (Windows NT 10.0; Win64; x64; rv:107.0) Gecko/20100101 Firefox/107.0"
111.93.24.58 - - [21/Nov/2022:06:22:24 +0100] "GET /timereport_india/images/Astacus_Pos8x1.7.jpg HTTP/1.1" 200 4898 "http://appsrv.astacus.se/timereport_india/" "Mozilla/5.0 (Windows NT 10.0; Win64; x64; rv:107.0) Gecko/20100101 Firefox/107.0"
111.93.24.58 - - [21/Nov/2022:06:22:24 +0100] "GET /favicon.ico HTTP/1.1" 404 209 "http://appsrv.astacus.se/timereport_india/" "Mozilla/5.0 (Windows NT 10.0; Win64; x64; rv:107.0) Gecko/20100101 Firefox/107.0"
111.93.24.58 - - [21/Nov/2022:06:22:32 +0100] "GET /project/index.php?projectId=33307&page=project_production&button11=Show HTTP/1.1" 200 6187 "https://icad.astacus.se/project/index.php" "Mozilla/5.0 (Windows NT 10.0; Win64; x64; rv:107.0) Gecko/20100101 Firefox/107.0"
111.93.24.58 - - [21/Nov/2022:06:22:32 +0100] "GET /project/dhtmlxCalendar/codebase/dhtmlxcalendar.js HTTP/1.1" 200 19750 "https://icad.astacus.se/project/index.php?projectId=33307&page=project_production&button11=Show" "Mozilla/5.0 (Windows NT 10.0; Win64; x64; rv:107.0) Gecko/20100101 Firefox/107.0"
112.239.66.207 - - [21/Nov/2022:06:22:26 +0100] "POST /GponForm/diag_Form?images/ HTTP/1.1" 404 216 "-" "Hello, World"
114.119.141.51 - - [21/Nov/2022:06:23:53 +0100] "GET /apps/school/www_old6/img/LevelC/Category1/LevelCCat1Lesson03/?C=N%3BO%3DD HTTP/1.1" 200 449 "http://kulturdokumentation.se/apps/school/www_old6/img/LevelC/Category1/LevelCCat1Lesson03/?C=S%3BO%3DA" "Mozilla/5.0 (Linux; Android 7.0;) AppleWebKit/537.36 (KHTML, like Gecko) Mobile Safari/537.36 (compatible; PetalBot;+https://webmaster.petalsearch.com/site/petalbot)"
195.123.212.109 - - [21/Nov/2022:06:24:23 +0100] "GET /wp-login.php HTTP/1.1" 302 219 "" "Mozilla/5.0 (Windows NT 10.0; Win64; x64; rv:106.0) Gecko/20100101 Firefox/106.0"
195.123.212.109 - - [21/Nov/2022:06:24:23 +0100] "GET /wp-login.php HTTP/1.1" 200 1274 "http://www.astacus.se/wp-login.php" "Mozilla/5.0 (Windows NT 10.0; Win64; x64; rv:106.0) Gecko/20100101 Firefox/106.0"
195.123.212.109 - - [21/Nov/2022:06:24:23 +0100] "GET /wp-json/wp/v2/users HTTP/1.1" 200 1174 "http://www.astacus.se/wp-login.php" "Mozilla/5.0 (Windows NT 10.0; Win64; x64; rv:106.0) Gecko/20100101 Firefox/106.0"
195.123.212.109 - - [21/Nov/2022:06:24:23 +0100] "POST /wp-login.php HTTP/1.1" 200 1659 "https://www.astacus.se/wp-login.php?redirect_to=https%3A%2F%2Fwww.astacus.se%2Fwp-admin%2F" "Mozilla/5.0 (Windows NT 10.0; Win64; x64; rv:106.0) Gecko/20100101 Firefox/106.0"
195.123.212.109 - - [21/Nov/2022:06:24:23 +0100] "POST /wp-login.php HTTP/1.1" 200 1653 "https://www.astacus.se/wp-login.php?redirect_to=https%3A%2F%2Fwww.astacus.se%2Fwp-admin%2F" "Mozilla/5.0 (Windows NT 10.0; Win64; x64; rv:106.0) Gecko/20100101 Firefox/106.0"
195.123.212.109 - - [21/Nov/2022:06:24:24 +0100] "POST /wp-login.php HTTP/1.1" 200 1634 "https://www.astacus.se/wp-login.php?redirect_to=https%3A%2F%2Fwww.astacus.se%2Fwp-admin%2F" "Mozilla/5.0 (Windows NT 10.0; Win64; x64; rv:106.0) Gecko/20100101 Firefox/106.0"
114.119.134.161 - - [21/Nov/2022:06:25:22 +0100] "GET /apps/school/www_old4/img/LevelE/Category1/LevelECat1Lesson17/?C=N%3BO%3DD HTTP/1.1" 200 450 "http://kulturdokumentation.com/apps/school/www_old4/img/LevelE/Category1/LevelECat1Lesson17/" "Mozilla/5.0 (Linux; Android 7.0;) AppleWebKit/537.36 (KHTML, like Gecko) Mobile Safari/537.36 (compatible; PetalBot;+https://webmaster.petalsearch.com/site/petalbot)"
216.244.66.239 - - [21/Nov/2022:06:25:58 +0100] "GET /apps/school/www_old10/img/LevelE/Category2/LevelECat2Lesson05/?C=M;O=A HTTP/1.1" 200 2001 "-" "Mozilla/5.0 (compatible; DotBot/1.2; +https://opensiteexplorer.org/dotbot; help@moz.com)"
216.244.66.239 - - [21/Nov/2022:06:26:02 +0100] "GET /apps/school/www_old2/img/LevelB/Category1/LevelBCat1Lesson30/?C=S;O=A HTTP/1.1" 200 1034 "-" "Mozilla/5.0 (compatible; DotBot/1.2; +https://opensiteexplorer.org/dotbot; help@moz.com)"
216.244.66.239 - - [21/Nov/2022:06:26:06 +0100] "GET /apps/school/www_old4/img/LevelA/Category1/LevelACat1Lesson20/?C=S;O=A HTTP/1.1" 200 1796 "-" "Mozilla/5.0 (compatible; DotBot/1.2; +https://opensiteexplorer.org/dotbot; help@moz.com)"
216.244.66.239 - - [21/Nov/2022:06:26:10 +0100] "GET /apps/school/www_old4/img/LevelD/Category1/LevelDCat1Lesson33/?C=M;O=A HTTP/1.1" 200 2006 "-" "Mozilla/5.0 (compatible; DotBot/1.2; +https://opensiteexplorer.org/dotbot; help@moz.com)"
216.244.66.239 - - [21/Nov/2022:06:26:13 +0100] "GET /apps/school/www_old5/img/LevelA/Category1/LevelACat1Lesson22/?C=D;O=A HTTP/1.1" 200 1034 "-" "Mozilla/5.0 (compatible; DotBot/1.2; +https://opensiteexplorer.org/dotbot; help@moz.com)"
216.244.66.239 - - [21/Nov/2022:06:26:15 +0100] "GET /apps/school/www_old5/img/LevelC/Category1/LevelCCat1Lesson25/?C=M;O=A HTTP/1.1" 200 1046 "-" "Mozilla/5.0 (compatible; DotBot/1.2; +https://opensiteexplorer.org/dotbot; help@moz.com)"
216.244.66.239 - - [21/Nov/2022:06:26:17 +0100] "GET /apps/school/www_old5/img/LevelD/Category1/LevelDCat1Lesson19/?C=D;O=A HTTP/1.1" 200 1042 "-" "Mozilla/5.0 (compatible; DotBot/1.2; +https://opensiteexplorer.org/dotbot; help@moz.com)"
216.244.66.239 - - [21/Nov/2022:06:26:20 +0100] "GET /apps/school/www_old5/img/LevelD/Category3/LevelDCat3Lesson20/?C=S;O=A HTTP/1.1" 200 2038 "-" "Mozilla/5.0 (compatible; DotBot/1.2; +https://opensiteexplorer.org/dotbot; help@moz.com)"
216.244.66.239 - - [21/Nov/2022:06:26:23 +0100] "GET /apps/school/www_old5/img/LevelE/Category1/LevelECat1Lesson43/?C=S;O=A HTTP/1.1" 200 1032 "-" "Mozilla/5.0 (compatible; DotBot/1.2; +https://opensiteexplorer.org/dotbot; help@moz.com)"
216.244.66.239 - - [21/Nov/2022:06:26:25 +0100] "GET /apps/school/www_old6/img/LevelD/Category1/LevelDCat1Lesson08/?C=D;O=A HTTP/1.1" 200 1026 "-" "Mozilla/5.0 (compatible; DotBot/1.2; +https://opensiteexplorer.org/dotbot; help@moz.com)"
216.244.66.239 - - [21/Nov/2022:06:26:27 +0100] "GET /apps/school/www_old8/img/LevelA/Category1/LevelACat1Lesson27/?C=S;O=A HTTP/1.1" 200 1040 "-" "Mozilla/5.0 (compatible; DotBot/1.2; +https://opensiteexplorer.org/dotbot; help@moz.com)"
216.244.66.239 - - [21/Nov/2022:06:26:29 +0100] "GET /apps/school/www_old8/img/LevelF/Category1/LevelFCat1Lesson06/?C=M;O=A HTTP/1.1" 200 1022 "-" "Mozilla/5.0 (compatible; DotBot/1.2; +https://opensiteexplorer.org/dotbot; help@moz.com)"
216.244.66.239 - - [21/Nov/2022:06:26:31 +0100] "GET /apps/school/www_old8/img/LevelF/Category2/LevelFCat2Lesson35/?C=M;O=A HTTP/1.1" 200 1868 "-" "Mozilla/5.0 (compatible; DotBot/1.2; +https://opensiteexplorer.org/dotbot; help@moz.com)"
216.244.66.239 - - [21/Nov/2022:06:26:33 +0100] "GET /apps/school/www_old8/img/LevelG/Category2/LevelGCat2Lesson28/?C=S;O=A HTTP/1.1" 200 1028 "-" "Mozilla/5.0 (compatible; DotBot/1.2; +https://opensiteexplorer.org/dotbot; help@moz.com)"
216.244.66.239 - - [21/Nov/2022:06:26:34 +0100] "GET /apps/school/www_old8/img/LevelG/Category2/LevelGCat2Lesson39/?C=M;O=A HTTP/1.1" 200 1014 "-" "Mozilla/5.0 (compatible; DotBot/1.2; +https://opensiteexplorer.org/dotbot; help@moz.com)"
216.244.66.239 - - [21/Nov/2022:06:26:35 +0100] "GET /apps/school/www_old9/img/LevelB/Category1/LevelBCat1Lesson23/?C=D;O=A HTTP/1.1" 200 1406 "-" "Mozilla/5.0 (compatible; DotBot/1.2; +https://opensiteexplorer.org/dotbot; help@moz.com)"
216.244.66.239 - - [21/Nov/2022:06:26:37 +0100] "GET /apps/school/www_old9/img/LevelC/Category1/LevelCCat1Lesson23/?C=M;O=A HTTP/1.1" 200 1038 "-" "Mozilla/5.0 (compatible; DotBot/1.2; +https://opensiteexplorer.org/dotbot; help@moz.com)"
216.244.66.239 - - [21/Nov/2022:06:26:39 +0100] "GET /apps/school/www_old9/img/LevelF/Category2/LevelFCat2Lesson39/?C=S;O=A HTTP/1.1" 200 1026 "-" "Mozilla/5.0 (compatible; DotBot/1.2; +https://opensiteexplorer.org/dotbot; help@moz.com)"
31.6.33.134 - - [21/Nov/2022:06:26:41 +0100] "GET /?page=loggain&goto=archive HTTP/1.1" 200 1777 "-" "-"
14.98.175.41 - - [21/Nov/2022:06:27:03 +0100] "GET /notifications.php?days=5 HTTP/1.1" 200 3179 "-" "Mozilla/5.0 (Windows NT 6.1; Win64; x64) AppleWebKit/537.36 (KHTML, like Gecko) Chrome/107.0.0.0 Safari/537.36"
54.36.148.28 - - [21/Nov/2022:06:27:28 +0100] "GET /apps/school/www_old5/img/LevelD/Category1/LevelDCat1Lesson20/?C=N;O=D HTTP/1.1" 200 452 "-" "Mozilla/5.0 (compatible; AhrefsBot/7.0; +http://ahrefs.com/robot/)"
207.46.13.113 - - [21/Nov/2022:06:27:40 +0100] "GET / HTTP/1.1" 200 2537 "-" "Mozilla/5.0 AppleWebKit/537.36 (KHTML, like Gecko; compatible; bingbot/2.0; +http://www.bing.com/bingbot.htm) Chrome/103.0.5060.134 Safari/537.36"
66.249.66.88 - - [21/Nov/2022:06:28:29 +0100] "GET /images/sv_flag.jpg HTTP/1.1" 200 5738 "-" "Googlebot-Image/1.0"
54.36.148.234 - - [21/Nov/2022:06:28:53 +0100] "GET /robots.txt HTTP/1.1" 404 208 "-" "Mozilla/5.0 (compatible; AhrefsBot/7.0; +http://ahrefs.com/robot/)"
54.36.149.6 - - [21/Nov/2022:06:28:54 +0100] "GET / HTTP/1.1" 200 1772 "-" "Mozilla/5.0 (compatible; AhrefsBot/7.0; +http://ahrefs.com/robot/)"
114.119.141.51 - - [21/Nov/2022:06:29:00 +0100] "GET /apps/school/www_old5/img/ HTTP/1.1" 200 495 "http://kulturdokumentation.se/apps/school/www_old5/?C=D%3BO%3DA" "Mozilla/5.0 (Linux; Android 7.0;) AppleWebKit/537.36 (KHTML, like Gecko) Mobile Safari/537.36 (compatible; PetalBot;+https://webmaster.petalsearch.com/site/petalbot)"
88.131.253.147 - - [21/Nov/2022:06:29:03 +0100] "GET /project/index.php?BallId=2744&button=Visa HTTP/1.1" 200 104936 "https://icad.astacus.se/project/index.php?companyId=2532" "Mozilla/5.0 (Windows NT 10.0; Win64; x64; rv:106.0) Gecko/20100101 Firefox/106.0"
::1 - - [21/Nov/2022:06:29:09 +0100] "OPTIONS * HTTP/1.0" 200 - "-" "Apache/2.4.7 (Ubuntu) PHP/5.5.9-1ubuntu4.29 OpenSSL/1.0.1f (internal dummy connection)"
::1 - - [21/Nov/2022:06:29:15 +0100] "OPTIONS * HTTP/1.0" 200 - "-" "Apache/2.4.7 (Ubuntu) PHP/5.5.9-1ubuntu4.29 OpenSSL/1.0.1f (internal dummy connection)"
::1 - - [21/Nov/2022:06:29:18 +0100] "OPTIONS * HTTP/1.0" 200 - "-" "Apache/2.4.7 (Ubuntu) PHP/5.5.9-1ubuntu4.29 OpenSSL/1.0.1f (internal dummy connection)"
141.255.166.2 - - [21/Nov/2022:06:30:21 +0100] "GET / HTTP/1.1" 200 21 "-" "Hello World"
114.119.134.155 - - [21/Nov/2022:06:30:32 +0100] "GET /apps/school/www_old8/img/LevelD/Category2/LevelDCat2Lesson05/ HTTP/1.1" 200 494 "http://kulturdokumentation.com/apps/school/www_old8/img/LevelD/Category2?C=D%3BO%3DA" "Mozilla/5.0 (Linux; Android 7.0;) AppleWebKit/537.36 (KHTML, like Gecko) Mobile Safari/537.36 (compatible; PetalBot;+https://webmaster.petalsearch.com/site/petalbot)"
40.77.167.32 - - [21/Nov/2022:06:31:04 +0100] "GET /industri/ HTTP/1.1" 200 12030 "-" "Mozilla/5.0 AppleWebKit/537.36 (KHTML, like Gecko; compatible; bingbot/2.0; +http://www.bing.com/bingbot.htm) Chrome/103.0.5060.134 Safari/537.36"
65.108.110.26 - - [21/Nov/2022:06:31:36 +0100] "GET /robots.txt HTTP/1.1" 404 208 "-" "Mozilla/5.0 (compatible; MJ12bot/v1.4.8; http://mj12bot.com/)"
65.108.110.26 - - [21/Nov/2022:06:31:37 +0100] "GET /sales/?week=-216 HTTP/1.1" 200 1599 "-" "Mozilla/5.0 (compatible; MJ12bot/v1.4.8; http://mj12bot.com/)"
65.108.110.26 - - [21/Nov/2022:06:31:39 +0100] "GET /sales/?week=-219 HTTP/1.1" 200 1599 "-" "Mozilla/5.0 (compatible; MJ12bot/v1.4.8; http://mj12bot.com/)"
65.108.110.26 - - [21/Nov/2022:06:31:41 +0100] "GET /sales/?week=-222 HTTP/1.1" 200 1599 "-" "Mozilla/5.0 (compatible; MJ12bot/v1.4.8; http://mj12bot.com/)"
65.108.110.26 - - [21/Nov/2022:06:31:43 +0100] "GET /sales/?week=-223 HTTP/1.1" 200 1598 "-" "Mozilla/5.0 (compatible; MJ12bot/v1.4.8; http://mj12bot.com/)"
65.108.110.26 - - [21/Nov/2022:06:31:44 +0100] "GET /sales/?week=-224 HTTP/1.1" 200 1599 "-" "Mozilla/5.0 (compatible; MJ12bot/v1.4.8; http://mj12bot.com/)"
54.36.148.208 - - [21/Nov/2022:06:31:45 +0100] "GET /apps/school/www_old5/img/LevelD/Category3/LevelDCat3Lesson02/ HTTP/1.1" 200 577 "-" "Mozilla/5.0 (compatible; AhrefsBot/7.0; +http://ahrefs.com/robot/)"
65.108.110.26 - - [21/Nov/2022:06:31:46 +0100] "GET /sales/?week=-225 HTTP/1.1" 200 1598 "-" "Mozilla/5.0 (compatible; MJ12bot/v1.4.8; http://mj12bot.com/)"
65.108.110.26 - - [21/Nov/2022:06:31:48 +0100] "GET /sales/?week=215 HTTP/1.1" 200 1595 "-" "Mozilla/5.0 (compatible; MJ12bot/v1.4.8; http://mj12bot.com/)"
65.108.110.26 - - [21/Nov/2022:06:31:49 +0100] "GET /sales/?week=218 HTTP/1.1" 200 1596 "-" "Mozilla/5.0 (compatible; MJ12bot/v1.4.8; http://mj12bot.com/)"
65.108.110.26 - - [21/Nov/2022:06:31:51 +0100] "GET /sales/?week=221 HTTP/1.1" 200 1596 "-" "Mozilla/5.0 (compatible; MJ12bot/v1.4.8; http://mj12bot.com/)"
65.108.110.26 - - [21/Nov/2022:06:31:53 +0100] "GET /sales/?week=222 HTTP/1.1" 200 1596 "-" "Mozilla/5.0 (compatible; MJ12bot/v1.4.8; http://mj12bot.com/)"
65.108.110.26 - - [21/Nov/2022:06:31:54 +0100] "GET /sales/?week=223 HTTP/1.1" 200 1596 "-" "Mozilla/5.0 (compatible; MJ12bot/v1.4.8; http://mj12bot.com/)"
65.108.110.26 - - [21/Nov/2022:06:31:56 +0100] "GET /sales/?week=224 HTTP/1.1" 200 1596 "-" "Mozilla/5.0 (compatible; MJ12bot/v1.4.8; http://mj12bot.com/)"
65.108.110.26 - - [21/Nov/2022:06:31:57 +0100] "GET /robots.txt HTTP/1.1" 404 208 "-" "Mozilla/5.0 (compatible; MJ12bot/v1.4.8; http://mj12bot.com/)"
65.108.110.26 - - [21/Nov/2022:06:31:58 +0100] "GET /sales/?week=-245 HTTP/1.1" 200 1598 "-" "Mozilla/5.0 (compatible; MJ12bot/v1.4.8; http://mj12bot.com/)"
88.131.253.147 - - [21/Nov/2022:06:33:01 +0100] "GET /project/index.php?companyId=879&button=Show HTTP/1.1" 200 86189 "https://icad.astacus.se/project/index.php?BallId=2744&button=Visa" "Mozilla/5.0 (Windows NT 10.0; Win64; x64; rv:106.0) Gecko/20100101 Firefox/106.0"
111.93.24.58 - - [21/Nov/2022:06:33:25 +0100] "GET /project/index.php?companyId=1666&page=project_production&projectId=31937 HTTP/1.1" 200 6644 "https://icad.astacus.se/project/index.php?companyId=1666&button11=Show" "Mozilla/5.0 (Windows NT 10.0; Win64; x64; rv:107.0) Gecko/20100101 Firefox/107.0"
111.93.24.58 - - [21/Nov/2022:06:33:25 +0100] "GET /images/support.png HTTP/1.1" 200 1909 "https://icad.astacus.se/project/index.php?companyId=1666&page=project_production&projectId=31937" "Mozilla/5.0 (Windows NT 10.0; Win64; x64; rv:107.0) Gecko/20100101 Firefox/107.0"
111.93.24.58 - - [21/Nov/2022:06:33:25 +0100] "GET /project/dhtmlxCalendar/codebase/dhtmlxcalendar.css HTTP/1.1" 200 2329 "https://icad.astacus.se/project/index.php?companyId=1666&page=project_production&projectId=31937" "Mozilla/5.0 (Windows NT 10.0; Win64; x64; rv:107.0) Gecko/20100101 Firefox/107.0"
111.93.24.58 - - [21/Nov/2022:06:33:26 +0100] "GET /project/calendar.gif HTTP/1.1" 200 244 "https://icad.astacus.se/project/index.php?companyId=1666&page=project_production&projectId=31937" "Mozilla/5.0 (Windows NT 10.0; Win64; x64; rv:107.0) Gecko/20100101 Firefox/107.0"
111.93.24.58 - - [21/Nov/2022:06:33:26 +0100] "GET /images/del.jpg HTTP/1.1" 200 781 "https://icad.astacus.se/project/index.php?companyId=1666&page=project_production&projectId=31937" "Mozilla/5.0 (Windows NT 10.0; Win64; x64; rv:107.0) Gecko/20100101 Firefox/107.0"
111.93.24.58 - - [21/Nov/2022:06:33:26 +0100] "GET /images/icons/folder.gif HTTP/1.1" 200 996 "https://icad.astacus.se/project/index.php?companyId=1666&page=project_production&projectId=31937" "Mozilla/5.0 (Windows NT 10.0; Win64; x64; rv:107.0) Gecko/20100101 Firefox/107.0"
111.93.24.58 - - [21/Nov/2022:06:33:26 +0100] "GET /favicon.ico HTTP/1.1" 404 209 "https://icad.astacus.se/project/index.php?companyId=1666&page=project_production&projectId=31937" "Mozilla/5.0 (Windows NT 10.0; Win64; x64; rv:107.0) Gecko/20100101 Firefox/107.0"
111.93.24.58 - - [21/Nov/2022:06:33:47 +0100] "GET /project/index.php?companyId=4965&button11=Show HTTP/1.1" 200 79158 "https://icad.astacus.se/project/index.php?companyId=1666&button11=Show" "Mozilla/5.0 (Windows NT 10.0; Win64; x64; rv:107.0) Gecko/20100101 Firefox/107.0"
111.93.24.58 - - [21/Nov/2022:06:33:47 +0100] "GET /project/dataTables.fixedHeader.min.js HTTP/1.1" 200 2314 "https://icad.astacus.se/project/index.php?companyId=4965&button11=Show" "Mozilla/5.0 (Windows NT 10.0; Win64; x64; rv:107.0) Gecko/20100101 Firefox/107.0"
111.93.24.58 - - [21/Nov/2022:06:33:48 +0100] "GET /favicon.ico HTTP/1.1" 404 209 "https://icad.astacus.se/project/index.php?companyId=4965&button11=Show" "Mozilla/5.0 (Windows NT 10.0; Win64; x64; rv:107.0) Gecko/20100101 Firefox/107.0"
114.119.141.73 - - [21/Nov/2022:06:34:06 +0100] "GET /apps/school/www_old8/Html/LevelE/ HTTP/1.1" 200 472 "http://kulturdokumentation.se/apps/school/www_old8/Html/LevelE/Category3/?C=S%3BO%3DA" "Mozilla/5.0 (Linux; Android 7.0;) AppleWebKit/537.36 (KHTML, like Gecko) Mobile Safari/537.36 (compatible; PetalBot;+https://webmaster.petalsearch.com/site/petalbot)"
54.36.148.186 - - [21/Nov/2022:06:34:25 +0100] "GET /apps/school/www_old5/img/LevelD/Category3/LevelDCat3Lesson13/ HTTP/1.1" 200 623 "-" "Mozilla/5.0 (compatible; AhrefsBot/7.0; +http://ahrefs.com/robot/)"
207.46.13.121 - - [21/Nov/2022:06:34:32 +0100] "GET /data/thumbs/ASPVIK%20Cabinet_80x50x175.jpg HTTP/1.1" 200 2375 "-" "Mozilla/5.0 (compatible; bingbot/2.0; +http://www.bing.com/bingbot.htm)"
14.98.175.41 - - [21/Nov/2022:06:35:28 +0100] "GET /notifications.php?days=5 HTTP/1.1" 200 3179 "-" "Mozilla/5.0 (Windows NT 6.1; Win64; x64) AppleWebKit/537.36 (KHTML, like Gecko) Chrome/107.0.0.0 Safari/537.36"
137.184.96.81 - - [21/Nov/2022:06:35:35 +0100] "GET /wp-login.php HTTP/1.1" 302 219 "" "Mozilla/5.0 (Windows NT 10.0; Win64; x64; rv:106.0) Gecko/20100101 Firefox/106.0"
137.184.96.81 - - [21/Nov/2022:06:35:36 +0100] "GET /wp-login.php HTTP/1.1" 200 1274 "http://www.astacus.se/wp-login.php" "Mozilla/5.0 (Windows NT 10.0; Win64; x64; rv:106.0) Gecko/20100101 Firefox/106.0"
137.184.96.81 - - [21/Nov/2022:06:35:36 +0100] "GET /wp-json/wp/v2/users HTTP/1.1" 200 1174 "http://www.astacus.se/wp-login.php" "Mozilla/5.0 (Windows NT 10.0; Win64; x64; rv:106.0) Gecko/20100101 Firefox/106.0"
137.184.96.81 - - [21/Nov/2022:06:35:37 +0100] "POST /wp-login.php HTTP/1.1" 200 1659 "https://www.astacus.se/wp-login.php?redirect_to=https%3A%2F%2Fwww.astacus.se%2Fwp-admin%2F" "Mozilla/5.0 (Windows NT 10.0; Win64; x64; rv:106.0) Gecko/20100101 Firefox/106.0"
137.184.96.81 - - [21/Nov/2022:06:35:37 +0100] "POST /wp-login.php HTTP/1.1" 200 1653 "https://www.astacus.se/wp-login.php?redirect_to=https%3A%2F%2Fwww.astacus.se%2Fwp-admin%2F" "Mozilla/5.0 (Windows NT 10.0; Win64; x64; rv:106.0) Gecko/20100101 Firefox/106.0"
137.184.96.81 - - [21/Nov/2022:06:35:38 +0100] "POST /wp-login.php HTTP/1.1" 200 1634 "https://www.astacus.se/wp-login.php?redirect_to=https%3A%2F%2Fwww.astacus.se%2Fwp-admin%2F" "Mozilla/5.0 (Windows NT 10.0; Win64; x64; rv:106.0) Gecko/20100101 Firefox/106.0"
114.119.134.165 - - [21/Nov/2022:06:35:38 +0100] "GET /apps/school/www_old5/img/LevelD/Category2/LevelDCat2Lesson10/?C=N%3BO%3DD HTTP/1.1" 200 625 "http://kulturdokumentation.com/apps/school/www_old5/img/LevelD/Category2/LevelDCat2Lesson10?C=M%3BO%3DA" "Mozilla/5.0 (Linux; Android 7.0;) AppleWebKit/537.36 (KHTML, like Gecko) Mobile Safari/537.36 (compatible; PetalBot;+https://webmaster.petalsearch.com/site/petalbot)"
209.141.48.210 - - [21/Nov/2022:06:36:24 +0100] "GET /wp-login.php HTTP/1.1" 200 2977 "-" "Mozilla/5.0 (Windows NT 6.1; WOW64; Trident/7.0; rv:11.0) like Gecko"
209.141.48.210 - - [21/Nov/2022:06:36:24 +0100] "POST /wp-login.php HTTP/1.1" 200 3982 "-" "Mozilla/5.0 (Windows NT 6.1; WOW64; Trident/7.0; rv:11.0) like Gecko"
111.93.24.58 - - [21/Nov/2022:06:36:30 +0100] "GET /project/index.php?page=project_production&projectId=30183&companyId=$$&path=/Files%20from%20Production/Total%20Final/220311 HTTP/1.1" 200 6538 "https://icad.astacus.se/project/index.php?page=project_production&projectId=30183&companyId=$&path=/Files%20from%20Production/Total%20Final" "Mozilla/5.0 (Windows NT 6.1; Win64; x64; rv:107.0) Gecko/20100101 Firefox/107.0"
111.93.24.58 - - [21/Nov/2022:06:36:31 +0100] "GET /favicon.ico HTTP/1.1" 404 209 "https://icad.astacus.se/project/index.php?page=project_production&projectId=30183&companyId=$$&path=/Files%20from%20Production/Total%20Final/220311" "Mozilla/5.0 (Windows NT 6.1; Win64; x64; rv:107.0) Gecko/20100101 Firefox/107.0"
111.93.24.58 - - [21/Nov/2022:06:36:31 +0100] "GET /project/index.php?page=project_production&projectId=30599&companyId=1503&path=/Files%20from%20Production/221121&uploaded=true HTTP/1.1" 200 6186 "https://icad.astacus.se/project/index.php?page=files_production&projectId=30599&path=/Files%20from%20Production/221121" "Mozilla/5.0 (Windows NT 6.1; Win64; x64; rv:107.0) Gecko/20100101 Firefox/107.0"
54.36.148.126 - - [21/Nov/2022:06:37:03 +0100] "GET /apps/school/www_old4/img/LevelC/?C=S;O=A HTTP/1.1" 200 430 "-" "Mozilla/5.0 (compatible; AhrefsBot/7.0; +http://ahrefs.com/robot/)"
111.93.24.58 - - [21/Nov/2022:06:37:12 +0100] "GET /project/index.php?companyId=1666&button11=Show HTTP/1.1" 200 79772 "https://icad.astacus.se/project/index.php?companyId=4965&button11=Show" "Mozilla/5.0 (Windows NT 10.0; Win64; x64; rv:107.0) Gecko/20100101 Firefox/107.0"
31.208.8.2 - - [21/Nov/2022:06:37:26 +0100] "GET /energicontrol/strandis/index.php HTTP/1.1" 200 6562 "-" "Mozilla/5.0 (iPhone; CPU iPhone OS 16_1_1 like Mac OS X) AppleWebKit/605.1.15 (KHTML, like Gecko) Version/16.1 Mobile/15E148 Safari/604.1"
14.98.175.41 - - [21/Nov/2022:06:38:27 +0100] "GET /notifications.php?days=10 HTTP/1.1" 200 4369 "-" "Mozilla/5.0 (Windows NT 10.0; Win64; x64) AppleWebKit/537.36 (KHTML, like Gecko) Chrome/107.0.0.0 Safari/537.36"
207.46.13.191 - - [21/Nov/2022:06:38:36 +0100] "GET /astacusproject/ProjectSelected.do?projectId=31919 HTTP/1.1" 404 231 "-" "Mozilla/5.0 (compatible; bingbot/2.0; +http://www.bing.com/bingbot.htm)"
114.119.141.51 - - [21/Nov/2022:06:39:18 +0100] "GET /apps/school/www_old9/Html/LevelB/Category2/LevelBCat2Lesson18.html HTTP/1.1" 200 2151 "http://kulturdokumentation.se/apps/school/www_old9/Html/LevelB/Category2/" "Mozilla/5.0 (Linux; Android 7.0;) AppleWebKit/537.36 (KHTML, like Gecko) Mobile Safari/537.36 (compatible; PetalBot;+https://webmaster.petalsearch.com/site/petalbot)"
213.163.152.115 - - [21/Nov/2022:06:39:55 +0100] "GET /pdf/Alt2_bokmarken.pdf HTTP/1.1" 200 28413350 "https://www.google.com/" "Mozilla/5.0 (Linux; Android 13; SM-S908B) AppleWebKit/537.36 (KHTML, like Gecko) Chrome/107.0.0.0 Mobile Safari/537.36"
213.163.152.115 - - [21/Nov/2022:06:39:55 +0100] "GET /pdf/Alt2_bokmarken.pdf HTTP/1.1" 206 9471118 "https://www.google.com/" "Mozilla/5.0 (Linux; Android 13; SM-S908B) AppleWebKit/537.36 (KHTML, like Gecko) Chrome/107.0.0.0 Mobile Safari/537.36"
213.163.152.115 - - [21/Nov/2022:06:39:55 +0100] "GET /pdf/Alt2_bokmarken.pdf HTTP/1.1" 206 18942234 "https://www.google.com/" "Mozilla/5.0 (Linux; Android 13; SM-S908B) AppleWebKit/537.36 (KHTML, like Gecko) Chrome/107.0.0.0 Mobile Safari/537.36"
54.36.148.11 - - [21/Nov/2022:06:40:22 +0100] "GET /apps/school/www_old4/img/LevelC/Category3/LevelCCat3Lesson16/?C=S;O=D HTTP/1.1" 200 542 "-" "Mozilla/5.0 (compatible; AhrefsBot/7.0; +http://ahrefs.com/robot/)"
135.181.115.29 - - [21/Nov/2022:06:40:23 +0100] "GET /robots.txt HTTP/1.1" 404 208 "-" "Mozilla/5.0 (compatible; MJ12bot/v1.4.8; http://mj12bot.com/)"
207.180.221.167 - - [21/Nov/2022:06:40:28 +0100] "GET /robots.txt HTTP/1.1" 404 208 "-" "Mozilla/5.0 (compatible; MJ12bot/v1.4.8; http://mj12bot.com/)"
135.181.115.29 - - [21/Nov/2022:06:40:30 +0100] "GET /apps/apk/Notes_Online.ipa HTTP/1.1" 200 3430276 "-" "Mozilla/5.0 (compatible; MJ12bot/v1.4.8; http://mj12bot.com/)"
207.180.221.167 - - [21/Nov/2022:06:40:43 +0100] "GET /apps/school/www_old10/img/LevelG/Category2/LevelGCat2Lesson30/?C=D;O=D HTTP/1.1" 200 455 "-" "Mozilla/5.0 (compatible; MJ12bot/v1.4.8; http://mj12bot.com/)"
114.119.134.165 - - [21/Nov/2022:06:40:47 +0100] "GET /apps/school/www_old8/LevelH/ HTTP/1.1" 404 226 "http://kulturdokumentation.com/apps/school/www_old8/img?C=N%3BO%3DD" "Mozilla/5.0 (Linux; Android 7.0;) AppleWebKit/537.36 (KHTML, like Gecko) Mobile Safari/537.36 (compatible; PetalBot;+https://webmaster.petalsearch.com/site/petalbot)"
207.46.13.191 - - [21/Nov/2022:06:41:16 +0100] "GET / HTTP/1.1" 302 208 "-" "Mozilla/5.0 AppleWebKit/537.36 (KHTML, like Gecko; compatible; bingbot/2.0; +http://www.bing.com/bingbot.htm) Chrome/103.0.5060.134 Safari/537.36"
207.180.221.167 - - [21/Nov/2022:06:41:24 +0100] "GET /apps/school/www_old10/img/LevelG/Category2/LevelGCat2Lesson30/?C=M;O=D HTTP/1.1" 200 455 "-" "Mozilla/5.0 (compatible; MJ12bot/v1.4.8; http://mj12bot.com/)"
207.180.221.167 - - [21/Nov/2022:06:41:35 +0100] "GET /apps/school/www_old10/img/LevelG/Category2/LevelGCat2Lesson30/?C=N;O=A HTTP/1.1" 200 457 "-" "Mozilla/5.0 (compatible; MJ12bot/v1.4.8; http://mj12bot.com/)"
66.249.66.55 - - [21/Nov/2022:06:41:44 +0100] "GET /index.php?page=content&id=29 HTTP/1.1" 200 4915 "-" "Mozilla/5.0 (Linux; Android 6.0.1; Nexus 5X Build/MMB29P) AppleWebKit/537.36 (KHTML, like Gecko) Chrome/107.0.5304.110 Mobile Safari/537.36 (compatible; Googlebot/2.1; +http://www.google.com/bot.html)"
207.180.221.167 - - [21/Nov/2022:06:42:04 +0100] "GET /apps/school/www_old10/img/LevelG/Category2/LevelGCat2Lesson30/?C=S;O=D HTTP/1.1" 200 455 "-" "Mozilla/5.0 (compatible; MJ12bot/v1.4.8; http://mj12bot.com/)"
207.180.221.167 - - [21/Nov/2022:06:42:11 +0100] "GET /apps/school/www_old10/img/LevelG/Category2/LevelGCat2Lesson31/?C=D;O=D HTTP/1.1" 200 448 "-" "Mozilla/5.0 (compatible; MJ12bot/v1.4.8; http://mj12bot.com/)"
207.180.221.167 - - [21/Nov/2022:06:42:26 +0100] "GET /apps/school/www_old10/img/LevelG/Category2/LevelGCat2Lesson31/?C=M;O=D HTTP/1.1" 200 448 "-" "Mozilla/5.0 (compatible; MJ12bot/v1.4.8; http://mj12bot.com/)"
207.180.221.167 - - [21/Nov/2022:06:42:49 +0100] "GET /apps/school/www_old10/img/LevelG/Category2/LevelGCat2Lesson31/?C=N;O=A HTTP/1.1" 200 450 "-" "Mozilla/5.0 (compatible; MJ12bot/v1.4.8; http://mj12bot.com/)"
207.180.221.167 - - [21/Nov/2022:06:42:58 +0100] "GET /apps/school/www_old10/img/LevelG/Category2/LevelGCat2Lesson31/?C=S;O=D HTTP/1.1" 200 448 "-" "Mozilla/5.0 (compatible; MJ12bot/v1.4.8; http://mj12bot.com/)"
207.180.221.167 - - [21/Nov/2022:06:43:08 +0100] "GET /apps/school/www_old10/img/LevelG/Category2/LevelGCat2Lesson32/?C=D;O=D HTTP/1.1" 200 451 "-" "Mozilla/5.0 (compatible; MJ12bot/v1.4.8; http://mj12bot.com/)"
207.180.221.167 - - [21/Nov/2022:06:43:15 +0100] "GET /apps/school/www_old10/img/LevelG/Category2/LevelGCat2Lesson32/?C=M;O=D HTTP/1.1" 200 451 "-" "Mozilla/5.0 (compatible; MJ12bot/v1.4.8; http://mj12bot.com/)"
14.98.175.41 - - [21/Nov/2022:06:43:27 +0100] "-" 408 - "-" "-"
207.180.221.167 - - [21/Nov/2022:06:43:42 +0100] "GET /apps/school/www_old10/img/LevelG/Category2/LevelGCat2Lesson32/?C=N;O=A HTTP/1.1" 200 453 "-" "Mozilla/5.0 (compatible; MJ12bot/v1.4.8; http://mj12bot.com/)"
207.180.221.167 - - [21/Nov/2022:06:43:55 +0100] "GET /apps/school/www_old10/img/LevelG/Category2/LevelGCat2Lesson32/?C=S;O=D HTTP/1.1" 200 451 "-" "Mozilla/5.0 (compatible; MJ12bot/v1.4.8; http://mj12bot.com/)"
207.180.221.167 - - [21/Nov/2022:06:44:12 +0100] "GET /apps/school/www_old10/img/LevelG/Category2/LevelGCat2Lesson33/?C=D;O=D HTTP/1.1" 200 478 "-" "Mozilla/5.0 (compatible; MJ12bot/v1.4.8; http://mj12bot.com/)"
114.119.141.73 - - [21/Nov/2022:06:44:16 +0100] "GET /apps/school/www_old8/Html/LevelE/Category3/?C=M%3BO%3DA HTTP/1.1" 200 746 "http://kulturdokumentation.se/apps/school/www_old8/Html/LevelE/Category3/?C=S%3BO%3DA" "Mozilla/5.0 (Linux; Android 7.0;) AppleWebKit/537.36 (KHTML, like Gecko) Mobile Safari/537.36 (compatible; PetalBot;+https://webmaster.petalsearch.com/site/petalbot)"
207.180.221.167 - - [21/Nov/2022:06:44:24 +0100] "GET /apps/school/www_old10/img/LevelG/Category2/LevelGCat2Lesson33/?C=M;O=D HTTP/1.1" 200 478 "-" "Mozilla/5.0 (compatible; MJ12bot/v1.4.8; http://mj12bot.com/)"
207.180.221.167 - - [21/Nov/2022:06:44:41 +0100] "GET /apps/school/www_old10/img/LevelG/Category2/LevelGCat2Lesson33/?C=N;O=A HTTP/1.1" 200 480 "-" "Mozilla/5.0 (compatible; MJ12bot/v1.4.8; http://mj12bot.com/)"
54.36.148.109 - - [21/Nov/2022:06:44:59 +0100] "GET /apps/school/www_old6/Html/LevelG/Category2/?C=N;O=D HTTP/1.1" 200 847 "-" "Mozilla/5.0 (compatible; AhrefsBot/7.0; +http://ahrefs.com/robot/)"
185.191.171.20 - - [21/Nov/2022:06:45:02 +0100] "GET /robots.txt HTTP/1.1" 404 208 "-" "Mozilla/5.0 (compatible; SemrushBot/7~bl; +http://www.semrush.com/bot.html)"
185.191.171.36 - - [21/Nov/2022:06:45:02 +0100] "GET /index.php?keyword=fastighetsboxar&page=result HTTP/1.1" 200 3730 "-" "Mozilla/5.0 (compatible; SemrushBot/7~bl; +http://www.semrush.com/bot.html)"
207.180.221.167 - - [21/Nov/2022:06:45:07 +0100] "GET /apps/school/www_old10/img/LevelG/Category2/LevelGCat2Lesson33/?C=S;O=D HTTP/1.1" 200 478 "-" "Mozilla/5.0 (compatible; MJ12bot/v1.4.8; http://mj12bot.com/)"
207.180.221.167 - - [21/Nov/2022:06:45:40 +0100] "GET /apps/school/www_old10/img/LevelG/Category2/LevelGCat2Lesson34/?C=D;O=D HTTP/1.1" 200 448 "-" "Mozilla/5.0 (compatible; MJ12bot/v1.4.8; http://mj12bot.com/)"
114.119.134.152 - - [21/Nov/2022:06:45:52 +0100] "GET /apps/school/www_old9/img/LevelG/Category2/LevelGCat2Lesson30?C=M%3BO%3DA HTTP/1.1" 301 312 "http://kulturdokumentation.com/apps/school/www_old9/img/LevelG/Category2/LevelGCat2Lesson30?C=N%3BO%3DD" "Mozilla/5.0 (Linux; Android 7.0;) AppleWebKit/537.36 (KHTML, like Gecko) Mobile Safari/537.36 (compatible; PetalBot;+https://webmaster.petalsearch.com/site/petalbot)"
114.119.134.152 - - [21/Nov/2022:06:45:53 +0100] "GET /apps/school/www_old9/img/LevelG/Category2/LevelGCat2Lesson30/?C=M%3BO%3DA HTTP/1.1" 200 455 "http://kulturdokumentation.com/apps/school/www_old9/img/LevelG/Category2/LevelGCat2Lesson30?C=N%3BO%3DD" "Mozilla/5.0 (Linux; Android 7.0;) AppleWebKit/537.36 (KHTML, like Gecko) Mobile Safari/537.36 (compatible; PetalBot;+https://webmaster.petalsearch.com/site/petalbot)"
207.180.221.167 - - [21/Nov/2022:06:46:00 +0100] "GET /apps/school/www_old10/img/LevelG/Category2/LevelGCat2Lesson34/?C=M;O=D HTTP/1.1" 200 448 "-" "Mozilla/5.0 (compatible; MJ12bot/v1.4.8; http://mj12bot.com/)"
207.180.221.167 - - [21/Nov/2022:06:46:12 +0100] "GET /apps/school/www_old10/img/LevelG/Category2/LevelGCat2Lesson34/?C=N;O=A HTTP/1.1" 200 450 "-" "Mozilla/5.0 (compatible; MJ12bot/v1.4.8; http://mj12bot.com/)"
207.180.221.167 - - [21/Nov/2022:06:46:39 +0100] "GET /apps/school/www_old10/img/LevelG/Category2/LevelGCat2Lesson34/?C=S;O=D HTTP/1.1" 200 448 "-" "Mozilla/5.0 (compatible; MJ12bot/v1.4.8; http://mj12bot.com/)"
216.244.66.239 - - [21/Nov/2022:06:46:47 +0100] "GET /robots.txt HTTP/1.1" 404 208 "-" "Mozilla/5.0 (compatible; DotBot/1.2; +https://opensiteexplorer.org/dotbot; help@moz.com)"
207.180.221.167 - - [21/Nov/2022:06:46:56 +0100] "GET /apps/school/www_old10/img/LevelG/Category2/LevelGCat2Lesson36/?C=D;O=D HTTP/1.1" 200 535 "-" "Mozilla/5.0 (compatible; MJ12bot/v1.4.8; http://mj12bot.com/)"
14.98.175.41 - - [21/Nov/2022:06:46:59 +0100] "GET /notifications.php?days=5 HTTP/1.1" 200 3179 "-" "Mozilla/5.0 (Windows NT 6.1; Win64; x64) AppleWebKit/537.36 (KHTML, like Gecko) Chrome/107.0.0.0 Safari/537.36"
207.180.221.167 - - [21/Nov/2022:06:47:04 +0100] "GET /apps/school/www_old10/img/LevelG/Category2/LevelGCat2Lesson36/?C=M;O=D HTTP/1.1" 200 537 "-" "Mozilla/5.0 (compatible; MJ12bot/v1.4.8; http://mj12bot.com/)"
88.131.253.147 - - [21/Nov/2022:06:47:07 +0100] "GET /project/index.php?companyId=879&page=project&projectId=33379 HTTP/1.1" 200 8952 "https://icad.astacus.se/project/index.php?companyId=879&button=Show" "Mozilla/5.0 (Windows NT 10.0; Win64; x64; rv:106.0) Gecko/20100101 Firefox/106.0"
88.131.253.147 - - [21/Nov/2022:06:47:08 +0100] "GET /images/Back-Arrow.jpg HTTP/1.1" 200 6310 "https://icad.astacus.se/project/index.php?companyId=879&page=project&projectId=33379" "Mozilla/5.0 (Windows NT 10.0; Win64; x64; rv:106.0) Gecko/20100101 Firefox/106.0"
88.131.253.147 - - [21/Nov/2022:06:47:09 +0100] "GET /project/index.php?page=project&projectId=33379&companyId=$879&path=/Files%20from%20Production HTTP/1.1" 200 8884 "https://icad.astacus.se/project/index.php?companyId=879&page=project&projectId=33379" "Mozilla/5.0 (Windows NT 10.0; Win64; x64; rv:106.0) Gecko/20100101 Firefox/106.0"
88.131.253.147 - - [21/Nov/2022:06:47:14 +0100] "GET /project/index.php?page=project&projectId=33379&path= HTTP/1.1" 200 8950 "https://icad.astacus.se/project/index.php?page=project&projectId=33379&companyId=$879&path=/Files%20from%20Production" "Mozilla/5.0 (Windows NT 10.0; Win64; x64; rv:106.0) Gecko/20100101 Firefox/106.0"
88.131.253.147 - - [21/Nov/2022:06:47:15 +0100] "GET /project/index.php?page=project&projectId=33379&companyId=$&path=/Files%20from%20Customer HTTP/1.1" 200 8880 "https://icad.astacus.se/project/index.php?page=project&projectId=33379&path=" "Mozilla/5.0 (Windows NT 10.0; Win64; x64; rv:106.0) Gecko/20100101 Firefox/106.0"
88.131.253.147 - - [21/Nov/2022:06:47:16 +0100] "GET /project/index.php?page=project&projectId=33379&companyId=$$&path=/Files%20from%20Customer/221117 HTTP/1.1" 200 8977 "https://icad.astacus.se/project/index.php?page=project&projectId=33379&companyId=$&path=/Files%20from%20Customer" "Mozilla/5.0 (Windows NT 10.0; Win64; x64; rv:106.0) Gecko/20100101 Firefox/106.0"
207.180.221.167 - - [21/Nov/2022:06:47:18 +0100] "GET /apps/school/www_old10/img/LevelG/Category2/LevelGCat2Lesson36/?C=N;O=A HTTP/1.1" 200 537 "-" "Mozilla/5.0 (compatible; MJ12bot/v1.4.8; http://mj12bot.com/)"
88.131.253.147 - - [21/Nov/2022:06:47:25 +0100] "GET /project/download_singel_file.php?file=/Files%20from%20Customer/221117/114-2-3311.pdf&projectId=33379&customerId=879 HTTP/1.1" 200 220727 "https://icad.astacus.se/project/index.php?page=project&projectId=33379&companyId=$$&path=/Files%20from%20Customer/221117" "Mozilla/5.0 (Windows NT 10.0; Win64; x64; rv:106.0) Gecko/20100101 Firefox/106.0"
207.180.221.167 - - [21/Nov/2022:06:47:30 +0100] "GET /apps/school/www_old10/img/LevelG/Category2/LevelGCat2Lesson36/?C=S;O=D HTTP/1.1" 200 536 "-" "Mozilla/5.0 (compatible; MJ12bot/v1.4.8; http://mj12bot.com/)"
88.131.253.147 - - [21/Nov/2022:06:47:36 +0100] "GET /project/index.php?page=project&projectId=33379&path=/Files%20from%20Customer HTTP/1.1" 200 8879 "https://icad.astacus.se/project/index.php?page=project&projectId=33379&companyId=$$&path=/Files%20from%20Customer/221117" "Mozilla/5.0 (Windows NT 10.0; Win64; x64; rv:106.0) Gecko/20100101 Firefox/106.0"
