88.131.253.147 - - [21/Nov/2022:06:47:37 +0100] "GET /project/index.php?page=project&projectId=33379&companyId=$&path=/Files%20from%20Customer/221117 HTTP/1.1" 200 8977 "https://icad.astacus.se/project/index.php?page=project&projectId=33379&path=/Files%20from%20Customer" "Mozilla/5.0 (Windows NT 10.0; Win64; x64; rv:106.0) Gecko/20100101 Firefox/106.0"
88.131.253.147 - - [21/Nov/2022:06:47:38 +0100] "GET /project/download_singel_file.php?file=/Files%20from%20Customer/221117/114-2-3211.pdf&projectId=33379&customerId=879 HTTP/1.1" 200 221142 "https://icad.astacus.se/project/index.php?page=project&projectId=33379&companyId=$&path=/Files%20from%20Customer/221117" "Mozilla/5.0 (Windows NT 10.0; Win64; x64; rv:106.0) Gecko/20100101 Firefox/106.0"
207.180.221.167 - - [21/Nov/2022:06:47:40 +0100] "GET /apps/school/www_old10/img/LevelG/Category2/LevelGCat2Lesson37/?C=D;O=A HTTP/1.1" 200 446 "-" "Mozilla/5.0 (compatible; MJ12bot/v1.4.8; http://mj12bot.com/)"
207.180.221.167 - - [21/Nov/2022:06:48:02 +0100] "GET /apps/school/www_old10/img/LevelG/Category2/LevelGCat2Lesson37/?C=M;O=A HTTP/1.1" 200 444 "-" "Mozilla/5.0 (compatible; MJ12bot/v1.4.8; http://mj12bot.com/)"
207.180.221.167 - - [21/Nov/2022:06:48:15 +0100] "GET /apps/school/www_old10/img/LevelG/Category2/LevelGCat2Lesson37/?C=N;O=A HTTP/1.1" 200 446 "-" "Mozilla/5.0 (compatible; MJ12bot/v1.4.8; http://mj12bot.com/)"
207.180.221.167 - - [21/Nov/2022:06:48:25 +0100] "GET /apps/school/www_old10/img/LevelG/Category2/LevelGCat2Lesson37/?C=S;O=A HTTP/1.1" 200 444 "-" "Mozilla/5.0 (compatible; MJ12bot/v1.4.8; http://mj12bot.com/)"
207.180.221.167 - - [21/Nov/2022:06:48:41 +0100] "GET /apps/school/www_old4/img/LevelC/Category2/LevelCCat2Lesson1/ HTTP/1.1" 200 473 "-" "Mozilla/5.0 (compatible; MJ12bot/v1.4.8; http://mj12bot.com/)"
207.180.221.167 - - [21/Nov/2022:06:48:51 +0100] "GET /apps/school/www_old4/img/LevelC/Category2/LevelCCat2Lesson10/ HTTP/1.1" 200 563 "-" "Mozilla/5.0 (compatible; MJ12bot/v1.4.8; http://mj12bot.com/)"
207.180.221.167 - - [21/Nov/2022:06:49:11 +0100] "GET /apps/school/www_old4/img/LevelC/Category2/LevelCCat2Lesson11/ HTTP/1.1" 200 480 "-" "Mozilla/5.0 (compatible; MJ12bot/v1.4.8; http://mj12bot.com/)"
207.180.221.167 - - [21/Nov/2022:06:49:21 +0100] "GET /apps/school/www_old4/img/LevelC/Category2/LevelCCat2Lesson12/ HTTP/1.1" 200 591 "-" "Mozilla/5.0 (compatible; MJ12bot/v1.4.8; http://mj12bot.com/)"
114.119.132.76 - - [21/Nov/2022:06:49:26 +0100] "GET /apps/school/www_old4/img/LevelA/Category2/LevelACat2Lesson17/?C=N%3BO%3DD HTTP/1.1" 200 496 "http://kulturdokumentation.se/apps/school/www_old4/img/LevelA/Category2/LevelACat2Lesson17/?C=S%3BO%3DA" "Mozilla/5.0 (Linux; Android 7.0;) AppleWebKit/537.36 (KHTML, like Gecko) Mobile Safari/537.36 (compatible; PetalBot;+https://webmaster.petalsearch.com/site/petalbot)"
207.180.221.167 - - [21/Nov/2022:06:49:27 +0100] "GET /apps/school/www_old4/img/LevelC/Category2/LevelCCat2Lesson13/ HTTP/1.1" 200 594 "-" "Mozilla/5.0 (compatible; MJ12bot/v1.4.8; http://mj12bot.com/)"
207.180.221.167 - - [21/Nov/2022:06:49:42 +0100] "GET /apps/school/www_old4/img/LevelC/Category2/LevelCCat2Lesson14/ HTTP/1.1" 200 520 "-" "Mozilla/5.0 (compatible; MJ12bot/v1.4.8; http://mj12bot.com/)"
207.180.221.167 - - [21/Nov/2022:06:49:57 +0100] "GET /apps/school/www_old4/img/LevelC/Category2/LevelCCat2Lesson15/ HTTP/1.1" 200 505 "-" "Mozilla/5.0 (compatible; MJ12bot/v1.4.8; http://mj12bot.com/)"
207.180.221.167 - - [21/Nov/2022:06:50:04 +0100] "GET /apps/school/www_old4/img/LevelC/Category2/LevelCCat2Lesson16/ HTTP/1.1" 200 540 "-" "Mozilla/5.0 (compatible; MJ12bot/v1.4.8; http://mj12bot.com/)"
207.180.221.167 - - [21/Nov/2022:06:50:17 +0100] "GET /apps/school/www_old4/img/LevelC/Category2/LevelCCat2Lesson17/ HTTP/1.1" 200 493 "-" "Mozilla/5.0 (compatible; MJ12bot/v1.4.8; http://mj12bot.com/)"
54.36.148.39 - - [21/Nov/2022:06:50:25 +0100] "GET /apps/school/www_old4/Html/LevelC/Category2/LevelCCat2Lesson9.html HTTP/1.1" 200 4738 "-" "Mozilla/5.0 (compatible; AhrefsBot/7.0; +http://ahrefs.com/robot/)"
207.180.221.167 - - [21/Nov/2022:06:50:34 +0100] "GET /apps/school/www_old4/img/LevelC/Category2/LevelCCat2Lesson18/ HTTP/1.1" 200 540 "-" "Mozilla/5.0 (compatible; MJ12bot/v1.4.8; http://mj12bot.com/)"
207.180.221.167 - - [21/Nov/2022:06:50:45 +0100] "GET /apps/school/www_old4/img/LevelC/Category2/LevelCCat2Lesson2/ HTTP/1.1" 200 460 "-" "Mozilla/5.0 (compatible; MJ12bot/v1.4.8; http://mj12bot.com/)"
114.119.134.165 - - [21/Nov/2022:06:50:56 +0100] "GET /apps/school/www_old3/img/LevelC/Category3/LevelCCat3Lesson5?C=M%3BO%3DA HTTP/1.1" 301 311 "http://kulturdokumentation.com/apps/school/www_old3/img/LevelC/Category3/LevelCCat3Lesson5?C=N%3BO%3DD" "Mozilla/5.0 (Linux; Android 7.0;) AppleWebKit/537.36 (KHTML, like Gecko) Mobile Safari/537.36 (compatible; PetalBot;+https://webmaster.petalsearch.com/site/petalbot)"
207.180.221.167 - - [21/Nov/2022:06:51:01 +0100] "GET /apps/school/www_old4/img/LevelC/Category2/LevelCCat2Lesson3/ HTTP/1.1" 200 443 "-" "Mozilla/5.0 (compatible; MJ12bot/v1.4.8; http://mj12bot.com/)"
114.119.134.165 - - [21/Nov/2022:06:51:01 +0100] "GET /apps/school/www_old3/img/LevelC/Category3/LevelCCat3Lesson5/?C=M%3BO%3DA HTTP/1.1" 200 493 "http://kulturdokumentation.com/apps/school/www_old3/img/LevelC/Category3/LevelCCat3Lesson5?C=N%3BO%3DD" "Mozilla/5.0 (Linux; Android 7.0;) AppleWebKit/537.36 (KHTML, like Gecko) Mobile Safari/537.36 (compatible; PetalBot;+https://webmaster.petalsearch.com/site/petalbot)"
207.180.221.167 - - [21/Nov/2022:06:51:08 +0100] "GET /apps/school/www_old4/img/LevelC/Category2/LevelCCat2Lesson4/ HTTP/1.1" 200 468 "-" "Mozilla/5.0 (compatible; MJ12bot/v1.4.8; http://mj12bot.com/)"
68.69.184.202 - - [21/Nov/2022:06:51:27 +0100] "GET /robots.txt HTTP/1.1" 302 217 "-" "test"
207.180.221.167 - - [21/Nov/2022:06:51:27 +0100] "GET /apps/school/www_old4/img/LevelC/Category2/LevelCCat2Lesson5/ HTTP/1.1" 200 567 "-" "Mozilla/5.0 (compatible; MJ12bot/v1.4.8; http://mj12bot.com/)"
68.69.184.202 - - [21/Nov/2022:06:51:27 +0100] "GET /robots.txt HTTP/1.1" 200 67 "-" "test"
74.84.150.150 - - [21/Nov/2022:06:51:28 +0100] "GET / HTTP/1.1" 302 207 "-" "test"
74.84.150.150 - - [21/Nov/2022:06:51:29 +0100] "GET / HTTP/1.1" 200 13133 "-" "test"
207.180.221.167 - - [21/Nov/2022:06:51:42 +0100] "GET /apps/school/www_old4/img/LevelC/Category2/LevelCCat2Lesson6/ HTTP/1.1" 200 507 "-" "Mozilla/5.0 (compatible; MJ12bot/v1.4.8; http://mj12bot.com/)"
207.180.221.167 - - [21/Nov/2022:06:51:52 +0100] "GET /apps/school/www_old4/img/LevelC/Category2/LevelCCat2Lesson7/ HTTP/1.1" 200 444 "-" "Mozilla/5.0 (compatible; MJ12bot/v1.4.8; http://mj12bot.com/)"
192.241.199.206 - - [21/Nov/2022:06:52:02 +0100] "GET /actuator/health HTTP/1.1" 404 213 "-" "Mozilla/5.0 zgrab/0.x"
207.180.221.167 - - [21/Nov/2022:06:52:04 +0100] "GET /apps/school/www_old4/img/LevelD/Category1/LevelDCat1Lesson10/?C=D;O=A HTTP/1.1" 200 498 "-" "Mozilla/5.0 (compatible; MJ12bot/v1.4.8; http://mj12bot.com/)"
207.180.221.167 - - [21/Nov/2022:06:52:13 +0100] "GET /apps/school/www_old4/img/LevelD/Category1/LevelDCat1Lesson10/?C=M;O=A HTTP/1.1" 200 499 "-" "Mozilla/5.0 (compatible; MJ12bot/v1.4.8; http://mj12bot.com/)"
207.180.221.167 - - [21/Nov/2022:06:52:18 +0100] "GET /apps/school/www_old4/img/LevelD/Category1/LevelDCat1Lesson10/?C=N;O=A HTTP/1.1" 200 498 "-" "Mozilla/5.0 (compatible; MJ12bot/v1.4.8; http://mj12bot.com/)"
14.98.175.41 - - [21/Nov/2022:06:52:26 +0100] "GET /notifications.php?days=5 HTTP/1.1" 200 3179 "-" "Mozilla/5.0 (Windows NT 6.1; Win64; x64) AppleWebKit/537.36 (KHTML, like Gecko) Chrome/107.0.0.0 Safari/537.36"
207.180.221.167 - - [21/Nov/2022:06:52:34 +0100] "GET /apps/school/www_old4/img/LevelD/Category1/LevelDCat1Lesson10/?C=S;O=A HTTP/1.1" 200 498 "-" "Mozilla/5.0 (compatible; MJ12bot/v1.4.8; http://mj12bot.com/)"
207.180.221.167 - - [21/Nov/2022:06:52:43 +0100] "GET /apps/school/www_old4/img/LevelD/Category1/LevelDCat1Lesson20/?C=D;O=A HTTP/1.1" 200 454 "-" "Mozilla/5.0 (compatible; MJ12bot/v1.4.8; http://mj12bot.com/)"
207.180.221.167 - - [21/Nov/2022:06:53:00 +0100] "GET /apps/school/www_old4/img/LevelD/Category1/LevelDCat1Lesson20/?C=M;O=A HTTP/1.1" 200 454 "-" "Mozilla/5.0 (compatible; MJ12bot/v1.4.8; http://mj12bot.com/)"
207.180.221.167 - - [21/Nov/2022:06:53:13 +0100] "GET /apps/school/www_old4/img/LevelD/Category1/LevelDCat1Lesson20/?C=N;O=A HTTP/1.1" 200 454 "-" "Mozilla/5.0 (compatible; MJ12bot/v1.4.8; http://mj12bot.com/)"
207.180.221.167 - - [21/Nov/2022:06:53:26 +0100] "GET /apps/school/www_old4/img/LevelD/Category1/LevelDCat1Lesson20/?C=S;O=A HTTP/1.1" 200 454 "-" "Mozilla/5.0 (compatible; MJ12bot/v1.4.8; http://mj12bot.com/)"
207.180.221.167 - - [21/Nov/2022:06:53:41 +0100] "GET /apps/school/www_old4/img/LevelD/Category1/LevelDCat1Lesson26/?C=M;O=A HTTP/1.1" 200 454 "-" "Mozilla/5.0 (compatible; MJ12bot/v1.4.8; http://mj12bot.com/)"
207.180.221.167 - - [21/Nov/2022:06:53:51 +0100] "GET /apps/school/www_old4/img/LevelD/Category1/LevelDCat1Lesson26/?C=N;O=A HTTP/1.1" 200 454 "-" "Mozilla/5.0 (compatible; MJ12bot/v1.4.8; http://mj12bot.com/)"
207.180.221.167 - - [21/Nov/2022:06:54:01 +0100] "GET /apps/school/www_old4/img/LevelD/Category1/LevelDCat1Lesson26/?C=S;O=A HTTP/1.1" 200 454 "-" "Mozilla/5.0 (compatible; MJ12bot/v1.4.8; http://mj12bot.com/)"
207.180.221.167 - - [21/Nov/2022:06:54:12 +0100] "GET /apps/school/www_old4/img/LevelD/Category1/LevelDCat1Lesson28/?C=D;O=A HTTP/1.1" 200 449 "-" "Mozilla/5.0 (compatible; MJ12bot/v1.4.8; http://mj12bot.com/)"
207.180.221.167 - - [21/Nov/2022:06:54:24 +0100] "GET /apps/school/www_old4/img/LevelD/Category1/LevelDCat1Lesson28/?C=M;O=A HTTP/1.1" 200 447 "-" "Mozilla/5.0 (compatible; MJ12bot/v1.4.8; http://mj12bot.com/)"
114.119.141.52 - - [21/Nov/2022:06:54:32 +0100] "GET /apps/school/www_old5/img/LevelH/?C=S%3BO%3DA HTTP/1.1" 200 415 "http://kulturdokumentation.se/apps/school/www_old5/img/LevelH/" "Mozilla/5.0 (Linux; Android 7.0;) AppleWebKit/537.36 (KHTML, like Gecko) Mobile Safari/537.36 (compatible; PetalBot;+https://webmaster.petalsearch.com/site/petalbot)"
46.17.186.130 - - [21/Nov/2022:06:54:36 +0100] "GET /loggain.php HTTP/1.1" 200 2671 "-" "Mozilla/5.0 (Windows NT 10.0; Win64; x64) AppleWebKit/537.36 (KHTML, like Gecko) Chrome/107.0.0.0 Safari/537.36"
46.17.186.130 - - [21/Nov/2022:06:54:38 +0100] "GET /top_banner/logga.png HTTP/1.1" 302 227 "http://www.evacuationplans.se/" "Mozilla/5.0 (Windows NT 10.0; Win64; x64) AppleWebKit/537.36 (KHTML, like Gecko) Chrome/107.0.0.0 Safari/537.36"
207.180.221.167 - - [21/Nov/2022:06:54:39 +0100] "GET /apps/school/www_old4/img/LevelD/Category1/LevelDCat1Lesson28/?C=N;O=A HTTP/1.1" 200 449 "-" "Mozilla/5.0 (compatible; MJ12bot/v1.4.8; http://mj12bot.com/)"
207.180.221.167 - - [21/Nov/2022:06:54:47 +0100] "GET /apps/school/www_old4/img/LevelD/Category1/LevelDCat1Lesson3/?C=D;O=A HTTP/1.1" 200 449 "-" "Mozilla/5.0 (compatible; MJ12bot/v1.4.8; http://mj12bot.com/)"
46.17.186.130 - - [21/Nov/2022:06:54:53 +0100] "GET /top_banner/background.png HTTP/1.1" 302 232 "http://www.evacuationplans.se/" "Mozilla/5.0 (Windows NT 10.0; Win64; x64) AppleWebKit/537.36 (KHTML, like Gecko) Chrome/107.0.0.0 Safari/537.36"
46.17.186.130 - - [21/Nov/2022:06:54:53 +0100] "GET /favicon.ico HTTP/1.1" 404 209 "http://www.evacuationplans.se/loggain.php" "Mozilla/5.0 (Windows NT 10.0; Win64; x64) AppleWebKit/537.36 (KHTML, like Gecko) Chrome/107.0.0.0 Safari/537.36"
207.180.221.167 - - [21/Nov/2022:06:55:01 +0100] "GET /apps/school/www_old4/img/LevelD/Category1/LevelDCat1Lesson3/?C=M;O=A HTTP/1.1" 200 449 "-" "Mozilla/5.0 (compatible; MJ12bot/v1.4.8; http://mj12bot.com/)"
207.180.221.167 - - [21/Nov/2022:06:55:13 +0100] "GET /apps/school/www_old4/img/LevelD/Category1/LevelDCat1Lesson3/?C=S;O=A HTTP/1.1" 200 449 "-" "Mozilla/5.0 (compatible; MJ12bot/v1.4.8; http://mj12bot.com/)"
207.180.221.167 - - [21/Nov/2022:06:55:23 +0100] "GET /apps/school/www_old4/img/LevelD/Category1/LevelDCat1Lesson32/?C=D;O=A HTTP/1.1" 200 446 "-" "Mozilla/5.0 (compatible; MJ12bot/v1.4.8; http://mj12bot.com/)"
207.180.221.167 - - [21/Nov/2022:06:55:31 +0100] "GET /apps/school/www_old4/img/LevelD/Category1/LevelDCat1Lesson32/?C=M;O=A HTTP/1.1" 200 446 "-" "Mozilla/5.0 (compatible; MJ12bot/v1.4.8; http://mj12bot.com/)"
207.180.221.167 - - [21/Nov/2022:06:55:42 +0100] "GET /apps/school/www_old4/img/LevelD/Category1/LevelDCat1Lesson32/?C=S;O=A HTTP/1.1" 200 446 "-" "Mozilla/5.0 (compatible; MJ12bot/v1.4.8; http://mj12bot.com/)"
207.180.221.167 - - [21/Nov/2022:06:55:52 +0100] "GET /apps/school/www_old4/img/LevelD/Category1/LevelDCat1Lesson4/?C=D;O=A HTTP/1.1" 200 449 "-" "Mozilla/5.0 (compatible; MJ12bot/v1.4.8; http://mj12bot.com/)"
114.119.134.155 - - [21/Nov/2022:06:56:04 +0100] "GET /apps/school/www_old9/img/LevelE/Category3/LevelECat3Lesson19?C=D%3BO%3DA HTTP/1.1" 301 312 "http://kulturdokumentation.com/apps/school/www_old9/img/LevelE/Category3/LevelECat3Lesson19?C=N%3BO%3DD" "Mozilla/5.0 (Linux; Android 7.0;) AppleWebKit/537.36 (KHTML, like Gecko) Mobile Safari/537.36 (compatible; PetalBot;+https://webmaster.petalsearch.com/site/petalbot)"
114.119.134.155 - - [21/Nov/2022:06:56:05 +0100] "GET /apps/school/www_old9/img/LevelE/Category3/LevelECat3Lesson19/?C=D%3BO%3DA HTTP/1.1" 200 529 "http://kulturdokumentation.com/apps/school/www_old9/img/LevelE/Category3/LevelECat3Lesson19?C=N%3BO%3DD" "Mozilla/5.0 (Linux; Android 7.0;) AppleWebKit/537.36 (KHTML, like Gecko) Mobile Safari/537.36 (compatible; PetalBot;+https://webmaster.petalsearch.com/site/petalbot)"
207.180.221.167 - - [21/Nov/2022:06:56:09 +0100] "GET /apps/school/www_old4/img/LevelD/Category1/LevelDCat1Lesson4/?C=M;O=A HTTP/1.1" 200 449 "-" "Mozilla/5.0 (compatible; MJ12bot/v1.4.8; http://mj12bot.com/)"
207.180.221.167 - - [21/Nov/2022:06:56:23 +0100] "GET /apps/school/www_old4/img/LevelD/Category1/LevelDCat1Lesson4/?C=S;O=A HTTP/1.1" 200 449 "-" "Mozilla/5.0 (compatible; MJ12bot/v1.4.8; http://mj12bot.com/)"
207.180.221.167 - - [21/Nov/2022:06:56:29 +0100] "GET /apps/school/www_old4/img/LevelD/Category3/LevelDCat3Lesson1/?C=D;O=A HTTP/1.1" 200 453 "-" "Mozilla/5.0 (compatible; MJ12bot/v1.4.8; http://mj12bot.com/)"
207.180.221.167 - - [21/Nov/2022:06:56:45 +0100] "GET /apps/school/www_old4/img/LevelD/Category3/LevelDCat3Lesson1/?C=M;O=A HTTP/1.1" 200 453 "-" "Mozilla/5.0 (compatible; MJ12bot/v1.4.8; http://mj12bot.com/)"
54.36.148.47 - - [21/Nov/2022:06:56:55 +0100] "GET /apps/school/www_old4/img/LevelA/Category1/LevelACat1Lesson3/ HTTP/1.1" 200 532 "-" "Mozilla/5.0 (compatible; AhrefsBot/7.0; +http://ahrefs.com/robot/)"
207.180.221.167 - - [21/Nov/2022:06:57:01 +0100] "GET /apps/school/www_old4/img/LevelD/Category3/LevelDCat3Lesson1/?C=N;O=A HTTP/1.1" 200 453 "-" "Mozilla/5.0 (compatible; MJ12bot/v1.4.8; http://mj12bot.com/)"
31.208.8.2 - - [21/Nov/2022:06:56:48 +0100] "GET /energicontrol/strandis/index.php HTTP/1.1" 200 6562 "http://appsrv.astacus.se/energicontrol/strandis/index.php" "Mozilla/5.0 (iPhone; CPU iPhone OS 16_1_1 like Mac OS X) AppleWebKit/605.1.15 (KHTML, like Gecko) Version/16.1 Mobile/15E148 Safari/604.1"
31.208.8.2 - - [21/Nov/2022:06:57:07 +0100] "GET /energicontrol/strandis/js/utils.js HTTP/1.1" 200 1564 "http://appsrv.astacus.se/energicontrol/strandis/index.php" "Mozilla/5.0 (iPhone; CPU iPhone OS 16_1_1 like Mac OS X) AppleWebKit/605.1.15 (KHTML, like Gecko) Version/16.1 Mobile/15E148 Safari/604.1"
31.208.8.2 - - [21/Nov/2022:06:57:07 +0100] "GET /energicontrol/strandis/js/Chart.bundle.js HTTP/1.1" 200 127835 "http://appsrv.astacus.se/energicontrol/strandis/index.php" "Mozilla/5.0 (iPhone; CPU iPhone OS 16_1_1 like Mac OS X) AppleWebKit/605.1.15 (KHTML, like Gecko) Version/16.1 Mobile/15E148 Safari/604.1"
31.208.8.2 - - [21/Nov/2022:06:57:07 +0100] "GET /energicontrol/strandis/images/HUS3.jpg HTTP/1.1" 304 - "http://appsrv.astacus.se/energicontrol/strandis/index.php" "Mozilla/5.0 (iPhone; CPU iPhone OS 16_1_1 like Mac OS X) AppleWebKit/605.1.15 (KHTML, like Gecko) Version/16.1 Mobile/15E148 Safari/604.1"
207.180.221.167 - - [21/Nov/2022:06:57:18 +0100] "GET /apps/school/www_old4/img/LevelD/Category3/LevelDCat3Lesson1/?C=S;O=A HTTP/1.1" 200 453 "-" "Mozilla/5.0 (compatible; MJ12bot/v1.4.8; http://mj12bot.com/)"
14.98.175.41 - - [21/Nov/2022:06:57:26 +0100] "-" 408 - "-" "-"
68.134.225.236 - - [21/Nov/2022:06:57:26 +0100] "GET / HTTP/1.1" 200 13133 "-" "Mozilla/5.0 (X11; Linux i686; rv:102.0) Gecko/20100101 Firefox/102.0"
207.180.221.167 - - [21/Nov/2022:06:57:27 +0100] "GET /apps/school/www_old4/img/LevelD/Category3/LevelDCat3Lesson12/?C=D;O=A HTTP/1.1" 200 574 "-" "Mozilla/5.0 (compatible; MJ12bot/v1.4.8; http://mj12bot.com/)"
68.134.225.236 - - [21/Nov/2022:06:57:27 +0100] "GET /laserscanning/ HTTP/1.1" 200 13085 "https://www.astacus.se" "Mozilla/5.0 (X11; Linux i686; rv:102.0) Gecko/20100101 Firefox/102.0"
68.134.225.236 - - [21/Nov/2022:06:57:27 +0100] "GET /xmlrpc.php HTTP/1.1" 405 42 "https://www.astacus.se" "Mozilla/5.0 (X11; Linux i686; rv:102.0) Gecko/20100101 Firefox/102.0"
68.134.225.236 - - [21/Nov/2022:06:57:28 +0100] "GET /dronarscanning/ HTTP/1.1" 200 12102 "https://www.astacus.se" "Mozilla/5.0 (X11; Linux i686; rv:102.0) Gecko/20100101 Firefox/102.0"
68.134.225.236 - - [21/Nov/2022:06:57:29 +0100] "GET /wp-json/oembed/1.0/embed?url=https%3A%2F%2Fwww.astacus.se%2F& HTTP/1.1" 200 2172 "https://www.astacus.se" "Mozilla/5.0 (X11; Linux i686; rv:102.0) Gecko/20100101 Firefox/102.0"
68.134.225.236 - - [21/Nov/2022:06:57:29 +0100] "GET /arkivscanning/ HTTP/1.1" 200 11517 "https://www.astacus.se" "Mozilla/5.0 (X11; Linux i686; rv:102.0) Gecko/20100101 Firefox/102.0"
68.134.225.236 - - [21/Nov/2022:06:57:30 +0100] "GET /wp-json/oembed/1.0/embed?url=https%3A%2F%2Fwww.astacus.se%2F HTTP/1.1" 200 2172 "https://www.astacus.se" "Mozilla/5.0 (X11; Linux i686; rv:102.0) Gecko/20100101 Firefox/102.0"
68.134.225.236 - - [21/Nov/2022:06:57:31 +0100] "GET /verktyg/ HTTP/1.1" 200 10950 "https://www.astacus.se" "Mozilla/5.0 (X11; Linux i686; rv:102.0) Gecko/20100101 Firefox/102.0"
68.134.225.236 - - [21/Nov/2022:06:57:31 +0100] "GET /wp-json/ HTTP/1.1" 200 58207 "https://www.astacus.se" "Mozilla/5.0 (X11; Linux i686; rv:102.0) Gecko/20100101 Firefox/102.0"
68.134.225.236 - - [21/Nov/2022:06:57:32 +0100] "GET /omoss/ HTTP/1.1" 200 10741 "https://www.astacus.se" "Mozilla/5.0 (X11; Linux i686; rv:102.0) Gecko/20100101 Firefox/102.0"
68.134.225.236 - - [21/Nov/2022:06:57:33 +0100] "GET /feed/ HTTP/1.1" 200 3397 "https://www.astacus.se" "Mozilla/5.0 (X11; Linux i686; rv:102.0) Gecko/20100101 Firefox/102.0"
207.180.221.167 - - [21/Nov/2022:06:57:34 +0100] "GET /apps/school/www_old4/img/LevelD/Category3/LevelDCat3Lesson12/?C=S;O=A HTTP/1.1" 200 583 "-" "Mozilla/5.0 (compatible; MJ12bot/v1.4.8; http://mj12bot.com/)"
68.134.225.236 - - [21/Nov/2022:06:57:38 +0100] "GET /?page=loggain&goto=project HTTP/1.1" 200 1790 "https://www.astacus.se" "Mozilla/5.0 (X11; Linux i686; rv:102.0) Gecko/20100101 Firefox/102.0"
68.134.225.236 - - [21/Nov/2022:06:57:39 +0100] "GET /comments/feed/ HTTP/1.1" 200 391 "https://www.astacus.se" "Mozilla/5.0 (X11; Linux i686; rv:102.0) Gecko/20100101 Firefox/102.0"
68.134.225.236 - - [21/Nov/2022:06:57:39 +0100] "GET /?page=loggain&goto=archive HTTP/1.1" 200 1777 "https://www.astacus.se" "Mozilla/5.0 (X11; Linux i686; rv:102.0) Gecko/20100101 Firefox/102.0"
68.134.225.236 - - [21/Nov/2022:06:57:40 +0100] "GET / HTTP/1.1" 200 13133 "https://www.astacus.se" "Mozilla/5.0 (X11; Linux i686; rv:102.0) Gecko/20100101 Firefox/102.0"
68.134.225.236 - - [21/Nov/2022:06:57:41 +0100] "GET /?page=loggain&goto=approject HTTP/1.1" 200 1269 "https://www.astacus.se" "Mozilla/5.0 (X11; Linux i686; rv:102.0) Gecko/20100101 Firefox/102.0"
68.134.225.236 - - [21/Nov/2022:06:57:41 +0100] "GET / HTTP/1.1" 200 13133 "https://www.astacus.se" "Mozilla/5.0 (X11; Linux i686; rv:102.0) Gecko/20100101 Firefox/102.0"
68.134.225.236 - - [21/Nov/2022:06:57:42 +0100] "GET /markscanning/ HTTP/1.1" 200 12102 "https://www.astacus.se" "Mozilla/5.0 (X11; Linux i686; rv:102.0) Gecko/20100101 Firefox/102.0"
68.134.225.236 - - [21/Nov/2022:06:57:43 +0100] "GET / HTTP/1.1" 302 207 "-" "Mozilla/5.0 (X11; Linux i686; rv:102.0) Gecko/20100101 Firefox/102.0"
68.134.225.236 - - [21/Nov/2022:06:57:44 +0100] "GET / HTTP/1.1" 200 13133 "http://www.astacus.se" "Mozilla/5.0 (X11; Linux i686; rv:102.0) Gecko/20100101 Firefox/102.0"
68.134.225.236 - - [21/Nov/2022:06:57:45 +0100] "GET /laserscanning HTTP/1.1" 302 220 "-" "Mozilla/5.0 (X11; Linux i686; rv:102.0) Gecko/20100101 Firefox/102.0"
68.134.225.236 - - [21/Nov/2022:06:57:45 +0100] "GET /laserscanning HTTP/1.1" 301 - "http://www.astacus.se/laserscanning" "Mozilla/5.0 (X11; Linux i686; rv:102.0) Gecko/20100101 Firefox/102.0"
68.134.225.236 - - [21/Nov/2022:06:57:46 +0100] "GET /laserscanning/ HTTP/1.1" 200 13085 "https://www.astacus.se/laserscanning" "Mozilla/5.0 (X11; Linux i686; rv:102.0) Gecko/20100101 Firefox/102.0"
207.180.221.167 - - [21/Nov/2022:06:57:47 +0100] "GET /apps/school/www_old4/img/LevelD/Category3/LevelDCat3Lesson16/?C=D;O=A HTTP/1.1" 200 660 "-" "Mozilla/5.0 (compatible; MJ12bot/v1.4.8; http://mj12bot.com/)"
68.134.225.236 - - [21/Nov/2022:06:57:47 +0100] "GET /referenser HTTP/1.1" 301 - "https://www.astacus.se" "Mozilla/5.0 (X11; Linux i686; rv:102.0) Gecko/20100101 Firefox/102.0"
68.134.225.236 - - [21/Nov/2022:06:57:48 +0100] "GET /referenser/ HTTP/1.1" 200 20894 "https://www.astacus.se/referenser" "Mozilla/5.0 (X11; Linux i686; rv:102.0) Gecko/20100101 Firefox/102.0"
68.134.225.236 - - [21/Nov/2022:06:57:49 +0100] "GET /dronarscanning HTTP/1.1" 302 221 "-" "Mozilla/5.0 (X11; Linux i686; rv:102.0) Gecko/20100101 Firefox/102.0"
68.134.225.236 - - [21/Nov/2022:06:57:49 +0100] "GET /dronarscanning HTTP/1.1" 301 - "http://www.astacus.se/dronarscanning" "Mozilla/5.0 (X11; Linux i686; rv:102.0) Gecko/20100101 Firefox/102.0"
68.134.225.236 - - [21/Nov/2022:06:57:50 +0100] "GET /dronarscanning/ HTTP/1.1" 200 12102 "https://www.astacus.se/dronarscanning" "Mozilla/5.0 (X11; Linux i686; rv:102.0) Gecko/20100101 Firefox/102.0"
68.134.225.236 - - [21/Nov/2022:06:57:52 +0100] "GET /medarbetare/ HTTP/1.1" 200 9571 "https://www.astacus.se" "Mozilla/5.0 (X11; Linux i686; rv:102.0) Gecko/20100101 Firefox/102.0"
68.134.225.236 - - [21/Nov/2022:06:57:52 +0100] "GET /arkivscanning HTTP/1.1" 302 220 "-" "Mozilla/5.0 (X11; Linux i686; rv:102.0) Gecko/20100101 Firefox/102.0"
68.134.225.236 - - [21/Nov/2022:06:57:53 +0100] "GET /arkivscanning HTTP/1.1" 301 - "http://www.astacus.se/arkivscanning" "Mozilla/5.0 (X11; Linux i686; rv:102.0) Gecko/20100101 Firefox/102.0"
68.134.225.236 - - [21/Nov/2022:06:57:53 +0100] "GET /arkivscanning/ HTTP/1.1" 200 11517 "https://www.astacus.se/arkivscanning" "Mozilla/5.0 (X11; Linux i686; rv:102.0) Gecko/20100101 Firefox/102.0"
68.134.225.236 - - [21/Nov/2022:06:57:54 +0100] "GET /referenser/ HTTP/1.1" 200 20894 "https://www.astacus.se" "Mozilla/5.0 (X11; Linux i686; rv:102.0) Gecko/20100101 Firefox/102.0"
68.134.225.236 - - [21/Nov/2022:06:57:56 +0100] "GET /gpr-positionering-med-hjalp-av-slam/ HTTP/1.1" 200 10677 "https://www.astacus.se" "Mozilla/5.0 (X11; Linux i686; rv:102.0) Gecko/20100101 Firefox/102.0"
68.134.225.236 - - [21/Nov/2022:06:57:57 +0100] "GET /scanning-av-parmar-at-orebro-bostader-ab/ HTTP/1.1" 200 9663 "https://www.astacus.se" "Mozilla/5.0 (X11; Linux i686; rv:102.0) Gecko/20100101 Firefox/102.0"
68.134.225.236 - - [21/Nov/2022:06:57:58 +0100] "GET /scanning-och-ocr-tolkning-av-800-000-sidor/ HTTP/1.1" 200 9656 "https://www.astacus.se" "Mozilla/5.0 (X11; Linux i686; rv:102.0) Gecko/20100101 Firefox/102.0"
207.180.221.167 - - [21/Nov/2022:06:57:58 +0100] "GET /apps/school/www_old4/img/LevelD/Category3/LevelDCat3Lesson16/?C=M;O=A HTTP/1.1" 200 659 "-" "Mozilla/5.0 (compatible; MJ12bot/v1.4.8; http://mj12bot.com/)"
68.134.225.236 - - [21/Nov/2022:06:57:59 +0100] "GET /scanning-och-ocr-tolkning-at-lansstyrelsen-stockholm/ HTTP/1.1" 200 9650 "https://www.astacus.se" "Mozilla/5.0 (X11; Linux i686; rv:102.0) Gecko/20100101 Firefox/102.0"
54.36.148.154 - - [21/Nov/2022:06:57:59 +0100] "GET /astacus-invald-i-bim-alliance-tekniska-rad/ HTTP/1.1" 200 10284 "-" "Mozilla/5.0 (compatible; AhrefsBot/7.0; +http://ahrefs.com/robot/)"
68.134.225.236 - - [21/Nov/2022:06:58:00 +0100] "GET /scanning-av-ritningar-at-arvidsjaur-hem/ HTTP/1.1" 200 9661 "https://www.astacus.se" "Mozilla/5.0 (X11; Linux i686; rv:102.0) Gecko/20100101 Firefox/102.0"
68.134.225.236 - - [21/Nov/2022:06:58:01 +0100] "GET /scanning-av-8000-kartor-i-farg-at-scb/ HTTP/1.1" 200 9610 "https://www.astacus.se" "Mozilla/5.0 (X11; Linux i686; rv:102.0) Gecko/20100101 Firefox/102.0"
68.134.225.236 - - [21/Nov/2022:06:58:01 +0100] "GET /scanning-av-ritningar-at-profi-fastighetsforvaltning-ab/ HTTP/1.1" 200 9674 "https://www.astacus.se" "Mozilla/5.0 (X11; Linux i686; rv:102.0) Gecko/20100101 Firefox/102.0"
68.134.225.236 - - [21/Nov/2022:06:58:02 +0100] "GET /scanning-och-ocr-tolkning-at-tekniska-verken-linkoping/ HTTP/1.1" 200 9618 "https://www.astacus.se" "Mozilla/5.0 (X11; Linux i686; rv:102.0) Gecko/20100101 Firefox/102.0"
207.180.221.167 - - [21/Nov/2022:06:58:07 +0100] "GET /apps/school/www_old4/img/LevelD/Category3/LevelDCat3Lesson16/?C=N;O=A HTTP/1.1" 200 660 "-" "Mozilla/5.0 (compatible; MJ12bot/v1.4.8; http://mj12bot.com/)"
207.180.221.167 - - [21/Nov/2022:06:58:21 +0100] "GET /apps/school/www_old4/img/LevelD/Category3/LevelDCat3Lesson16/?C=S;O=A HTTP/1.1" 200 654 "-" "Mozilla/5.0 (compatible; MJ12bot/v1.4.8; http://mj12bot.com/)"
207.180.221.167 - - [21/Nov/2022:06:58:35 +0100] "GET /apps/school/www_old4/img/LevelD/Category3/LevelDCat3Lesson21/?C=D;O=A HTTP/1.1" 200 448 "-" "Mozilla/5.0 (compatible; MJ12bot/v1.4.8; http://mj12bot.com/)"
207.180.221.167 - - [21/Nov/2022:06:58:44 +0100] "GET /apps/school/www_old4/img/LevelD/Category3/LevelDCat3Lesson21/?C=M;O=A HTTP/1.1" 200 448 "-" "Mozilla/5.0 (compatible; MJ12bot/v1.4.8; http://mj12bot.com/)"
207.180.221.167 - - [21/Nov/2022:06:59:03 +0100] "GET /apps/school/www_old4/img/LevelD/Category3/LevelDCat3Lesson21/?C=N;O=A HTTP/1.1" 200 448 "-" "Mozilla/5.0 (compatible; MJ12bot/v1.4.8; http://mj12bot.com/)"
31.208.8.2 - - [21/Nov/2022:06:59:08 +0100] "GET /energicontrol/strandis/index.php HTTP/1.1" 200 6562 "http://appsrv.astacus.se/energicontrol/strandis/index.php" "Mozilla/5.0 (iPhone; CPU iPhone OS 16_1_1 like Mac OS X) AppleWebKit/605.1.15 (KHTML, like Gecko) Version/16.1 Mobile/15E148 Safari/604.1"
31.208.8.2 - - [21/Nov/2022:06:59:08 +0100] "GET /energicontrol/strandis/js/utils.js HTTP/1.1" 200 1564 "http://appsrv.astacus.se/energicontrol/strandis/index.php" "Mozilla/5.0 (iPhone; CPU iPhone OS 16_1_1 like Mac OS X) AppleWebKit/605.1.15 (KHTML, like Gecko) Version/16.1 Mobile/15E148 Safari/604.1"
31.208.8.2 - - [21/Nov/2022:06:59:08 +0100] "GET /energicontrol/strandis/js/Chart.bundle.js HTTP/1.1" 200 127835 "http://appsrv.astacus.se/energicontrol/strandis/index.php" "Mozilla/5.0 (iPhone; CPU iPhone OS 16_1_1 like Mac OS X) AppleWebKit/605.1.15 (KHTML, like Gecko) Version/16.1 Mobile/15E148 Safari/604.1"
31.208.8.2 - - [21/Nov/2022:06:59:08 +0100] "GET /energicontrol/strandis/images/HUS3.jpg HTTP/1.1" 304 - "http://appsrv.astacus.se/energicontrol/strandis/index.php" "Mozilla/5.0 (iPhone; CPU iPhone OS 16_1_1 like Mac OS X) AppleWebKit/605.1.15 (KHTML, like Gecko) Version/16.1 Mobile/15E148 Safari/604.1"
54.36.149.56 - - [21/Nov/2022:06:59:24 +0100] "GET /robots.txt HTTP/1.1" 302 218 "-" "Mozilla/5.0 (compatible; AhrefsBot/7.0; +http://ahrefs.com/robot/)"
54.36.149.56 - - [21/Nov/2022:06:59:24 +0100] "GET /robots.txt HTTP/1.1" 404 208 "-" "Mozilla/5.0 (compatible; AhrefsBot/7.0; +http://ahrefs.com/robot/)"
54.36.149.55 - - [21/Nov/2022:06:59:25 +0100] "GET /customerzon/?page=report&month=-32&customerid= HTTP/1.1" 302 262 "-" "Mozilla/5.0 (compatible; AhrefsBot/7.0; +http://ahrefs.com/robot/)"
207.180.221.167 - - [21/Nov/2022:06:59:28 +0100] "GET /apps/school/www_old4/img/LevelD/Category3/LevelDCat3Lesson21/?C=S;O=A HTTP/1.1" 200 448 "-" "Mozilla/5.0 (compatible; MJ12bot/v1.4.8; http://mj12bot.com/)"
207.180.221.167 - - [21/Nov/2022:06:59:36 +0100] "GET /apps/school/www_old4/img/LevelD/Category3/LevelDCat3Lesson4/?C=D;O=A HTTP/1.1" 200 500 "-" "Mozilla/5.0 (compatible; MJ12bot/v1.4.8; http://mj12bot.com/)"
114.119.141.73 - - [21/Nov/2022:06:59:42 +0100] "GET /apps/school/www_old2/img/LevelC/Category1/LevelCCat1Lesson12/ HTTP/1.1" 200 446 "http://kulturdokumentation.se/apps/school/www_old2/img/LevelC/Category1/?C=N%3BO%3DD" "Mozilla/5.0 (Linux; Android 7.0;) AppleWebKit/537.36 (KHTML, like Gecko) Mobile Safari/537.36 (compatible; PetalBot;+https://webmaster.petalsearch.com/site/petalbot)"
207.180.221.167 - - [21/Nov/2022:06:59:48 +0100] "GET /apps/school/www_old4/img/LevelD/Category3/LevelDCat3Lesson4/?C=M;O=A HTTP/1.1" 200 500 "-" "Mozilla/5.0 (compatible; MJ12bot/v1.4.8; http://mj12bot.com/)"
207.180.221.167 - - [21/Nov/2022:06:59:56 +0100] "GET /apps/school/www_old4/img/LevelD/Category3/LevelDCat3Lesson4/?C=N;O=A HTTP/1.1" 200 500 "-" "Mozilla/5.0 (compatible; MJ12bot/v1.4.8; http://mj12bot.com/)"
207.180.221.167 - - [21/Nov/2022:07:00:10 +0100] "GET /apps/school/www_old4/img/LevelD/Category3/LevelDCat3Lesson4/?C=S;O=A HTTP/1.1" 200 503 "-" "Mozilla/5.0 (compatible; MJ12bot/v1.4.8; http://mj12bot.com/)"
207.180.221.167 - - [21/Nov/2022:07:00:24 +0100] "GET /apps/school/www_old4/img/LevelD/Category3/LevelDCat3Lesson5/?C=D;O=A HTTP/1.1" 200 527 "-" "Mozilla/5.0 (compatible; MJ12bot/v1.4.8; http://mj12bot.com/)"
207.180.221.167 - - [21/Nov/2022:07:00:33 +0100] "GET /apps/school/www_old4/img/LevelD/Category3/LevelDCat3Lesson5/?C=M;O=A HTTP/1.1" 200 528 "-" "Mozilla/5.0 (compatible; MJ12bot/v1.4.8; http://mj12bot.com/)"
207.180.221.167 - - [21/Nov/2022:07:00:46 +0100] "GET /apps/school/www_old4/img/LevelD/Category3/LevelDCat3Lesson5/?C=N;O=A HTTP/1.1" 200 527 "-" "Mozilla/5.0 (compatible; MJ12bot/v1.4.8; http://mj12bot.com/)"
207.180.221.167 - - [21/Nov/2022:07:01:00 +0100] "GET /apps/school/www_old4/img/LevelD/Category3/LevelDCat3Lesson5/?C=S;O=A HTTP/1.1" 200 528 "-" "Mozilla/5.0 (compatible; MJ12bot/v1.4.8; http://mj12bot.com/)"
114.119.134.152 - - [21/Nov/2022:07:01:09 +0100] "GET /apps/school/www_old9/Html/LevelE/?C=D%3BO%3DA HTTP/1.1" 200 469 "http://kulturdokumentation.com/apps/school/www_old9/Html/LevelE?C=D%3BO%3DA" "Mozilla/5.0 (Linux; Android 7.0;) AppleWebKit/537.36 (KHTML, like Gecko) Mobile Safari/537.36 (compatible; PetalBot;+https://webmaster.petalsearch.com/site/petalbot)"
207.180.221.167 - - [21/Nov/2022:07:01:13 +0100] "GET /apps/school/www_old4/img/LevelE/Category3/LevelECat3Lesson23/?C=M;O=D HTTP/1.1" 200 442 "-" "Mozilla/5.0 (compatible; MJ12bot/v1.4.8; http://mj12bot.com/)"
207.180.221.167 - - [21/Nov/2022:07:01:24 +0100] "GET /apps/school/www_old5/img/LevelA/Category1/LevelACat1Lesson08/?C=M;O=A HTTP/1.1" 200 447 "-" "Mozilla/5.0 (compatible; MJ12bot/v1.4.8; http://mj12bot.com/)"
216.244.66.239 - - [21/Nov/2022:07:01:32 +0100] "GET /apps/school/www_old6/Html/LevelE/Category1/LevelECat1Lesson40.html HTTP/1.1" 200 2840 "-" "Mozilla/5.0 (compatible; DotBot/1.2; +https://opensiteexplorer.org/dotbot; help@moz.com)"
207.180.221.167 - - [21/Nov/2022:07:01:33 +0100] "GET /apps/school/www_old5/img/LevelA/Category1/LevelACat1Lesson08/?C=N;O=A HTTP/1.1" 200 447 "-" "Mozilla/5.0 (compatible; MJ12bot/v1.4.8; http://mj12bot.com/)"
216.244.66.239 - - [21/Nov/2022:07:01:37 +0100] "GET /apps/school/www_old6/Html/LevelF/Category1/LevelFCat1Lesson20.html HTTP/1.1" 200 27910 "-" "Mozilla/5.0 (compatible; DotBot/1.2; +https://opensiteexplorer.org/dotbot; help@moz.com)"
216.244.66.239 - - [21/Nov/2022:07:01:41 +0100] "GET /apps/school/www_old6/Html/LevelG/Category2/LevelGCat2Lesson32.html HTTP/1.1" 200 21199 "-" "Mozilla/5.0 (compatible; DotBot/1.2; +https://opensiteexplorer.org/dotbot; help@moz.com)"
207.180.221.167 - - [21/Nov/2022:07:01:42 +0100] "GET /apps/school/www_old5/img/LevelA/Category1/LevelACat1Lesson08/?C=S;O=A HTTP/1.1" 200 447 "-" "Mozilla/5.0 (compatible; MJ12bot/v1.4.8; http://mj12bot.com/)"
66.249.66.55 - - [21/Nov/2022:07:01:45 +0100] "GET /index.php?page=content&id=41 HTTP/1.1" 200 4677 "-" "Mozilla/5.0 (Linux; Android 6.0.1; Nexus 5X Build/MMB29P) AppleWebKit/537.36 (KHTML, like Gecko) Chrome/107.0.5304.110 Mobile Safari/537.36 (compatible; Googlebot/2.1; +http://www.google.com/bot.html)"
216.244.66.239 - - [21/Nov/2022:07:01:45 +0100] "GET /apps/school/www_old6/img/LevelA/Category2/LevelACat2Lesson22/juiceJug.png HTTP/1.1" 200 14523 "-" "Mozilla/5.0 (compatible; DotBot/1.2; +https://opensiteexplorer.org/dotbot; help@moz.com)"
216.244.66.239 - - [21/Nov/2022:07:01:48 +0100] "GET /apps/school/www_old6/img/LevelB/Category1/LevelBCat1Lesson33/ HTTP/1.1" 200 2402 "-" "Mozilla/5.0 (compatible; DotBot/1.2; +https://opensiteexplorer.org/dotbot; help@moz.com)"
207.180.221.167 - - [21/Nov/2022:07:01:50 +0100] "GET /apps/school/www_old5/img/LevelB/Category1/LevelBCat1Lesson08/?C=M;O=A HTTP/1.1" 200 541 "-" "Mozilla/5.0 (compatible; MJ12bot/v1.4.8; http://mj12bot.com/)"
216.244.66.239 - - [21/Nov/2022:07:01:51 +0100] "GET /apps/school/www_old6/img/LevelD/Category2/LevelDCat2Lesson20/pillsSet2.png HTTP/1.1" 200 26265 "-" "Mozilla/5.0 (compatible; DotBot/1.2; +https://opensiteexplorer.org/dotbot; help@moz.com)"
216.244.66.239 - - [21/Nov/2022:07:01:55 +0100] "GET /apps/school/www_old6/img/LevelE/Category2/LevelECat2Lesson19/ HTTP/1.1" 200 1018 "-" "Mozilla/5.0 (compatible; DotBot/1.2; +https://opensiteexplorer.org/dotbot; help@moz.com)"
54.36.148.36 - - [21/Nov/2022:07:01:57 +0100] "GET /apps/school/www_old9/img/LevelH/Category1/LevelHCat1Lesson24/?C=S;O=A HTTP/1.1" 200 445 "-" "Mozilla/5.0 (compatible; AhrefsBot/7.0; +http://ahrefs.com/robot/)"
216.244.66.239 - - [21/Nov/2022:07:01:57 +0100] "GET /apps/school/www_old8/img/LevelA/Category2/LevelACat2Lesson23/ HTTP/1.1" 200 2462 "-" "Mozilla/5.0 (compatible; DotBot/1.2; +https://opensiteexplorer.org/dotbot; help@moz.com)"
216.244.66.239 - - [21/Nov/2022:07:02:00 +0100] "GET /apps/school/www_old8/img/LevelD/Category2/LevelDCat2Lesson13/antsSet3.png HTTP/1.1" 200 24634 "-" "Mozilla/5.0 (compatible; DotBot/1.2; +https://opensiteexplorer.org/dotbot; help@moz.com)"
207.180.221.167 - - [21/Nov/2022:07:02:01 +0100] "GET /apps/school/www_old5/img/LevelB/Category1/LevelBCat1Lesson08/?C=S;O=A HTTP/1.1" 200 542 "-" "Mozilla/5.0 (compatible; MJ12bot/v1.4.8; http://mj12bot.com/)"
216.244.66.239 - - [21/Nov/2022:07:02:04 +0100] "GET /apps/school/www_old8/img/LevelE/Category2/LevelECat2Lesson11/samosa.png HTTP/1.1" 200 34750 "-" "Mozilla/5.0 (compatible; DotBot/1.2; +https://opensiteexplorer.org/dotbot; help@moz.com)"
207.180.221.167 - - [21/Nov/2022:07:02:09 +0100] "GET /apps/school/www_old5/img/LevelC/Category1/LevelCCat1Lesson15/?C=S;O=A HTTP/1.1" 200 448 "-" "Mozilla/5.0 (compatible; MJ12bot/v1.4.8; http://mj12bot.com/)"
216.244.66.239 - - [21/Nov/2022:07:02:09 +0100] "GET /apps/school/www_old8/img/LevelF/Category1/LevelFCat1Lesson38/doorBell.png HTTP/1.1" 200 59662 "-" "Mozilla/5.0 (compatible; DotBot/1.2; +https://opensiteexplorer.org/dotbot; help@moz.com)"
207.180.221.167 - - [21/Nov/2022:07:02:23 +0100] "GET /apps/school/www_old5/img/LevelC/Category1/LevelCCat1Lesson16/?C=D;O=A HTTP/1.1" 200 448 "-" "Mozilla/5.0 (compatible; MJ12bot/v1.4.8; http://mj12bot.com/)"
31.208.8.2 - - [21/Nov/2022:07:02:32 +0100] "GET /energicontrol/strandis/index.php HTTP/1.1" 200 6562 "http://appsrv.astacus.se/energicontrol/strandis/index.php" "Mozilla/5.0 (iPhone; CPU iPhone OS 16_1_1 like Mac OS X) AppleWebKit/605.1.15 (KHTML, like Gecko) Version/16.1 Mobile/15E148 Safari/604.1"
31.208.8.2 - - [21/Nov/2022:07:02:32 +0100] "GET /energicontrol/strandis/js/utils.js HTTP/1.1" 200 1564 "http://appsrv.astacus.se/energicontrol/strandis/index.php" "Mozilla/5.0 (iPhone; CPU iPhone OS 16_1_1 like Mac OS X) AppleWebKit/605.1.15 (KHTML, like Gecko) Version/16.1 Mobile/15E148 Safari/604.1"
31.208.8.2 - - [21/Nov/2022:07:02:32 +0100] "GET /energicontrol/strandis/js/Chart.bundle.js HTTP/1.1" 200 127835 "http://appsrv.astacus.se/energicontrol/strandis/index.php" "Mozilla/5.0 (iPhone; CPU iPhone OS 16_1_1 like Mac OS X) AppleWebKit/605.1.15 (KHTML, like Gecko) Version/16.1 Mobile/15E148 Safari/604.1"
31.208.8.2 - - [21/Nov/2022:07:02:33 +0100] "GET /energicontrol/strandis/images/HUS3.jpg HTTP/1.1" 304 - "http://appsrv.astacus.se/energicontrol/strandis/index.php" "Mozilla/5.0 (iPhone; CPU iPhone OS 16_1_1 like Mac OS X) AppleWebKit/605.1.15 (KHTML, like Gecko) Version/16.1 Mobile/15E148 Safari/604.1"
216.244.66.239 - - [21/Nov/2022:07:02:13 +0100] "GET /apps/school/www_old8/img/LevelF/Category2/LevelFCat2Lesson09/groceries.png HTTP/1.1" 200 505527 "-" "Mozilla/5.0 (compatible; DotBot/1.2; +https://opensiteexplorer.org/dotbot; help@moz.com)"
207.180.221.167 - - [21/Nov/2022:07:02:35 +0100] "GET /apps/school/www_old5/img/LevelC/Category1/LevelCCat1Lesson16/?C=M;O=A HTTP/1.1" 200 447 "-" "Mozilla/5.0 (compatible; MJ12bot/v1.4.8; http://mj12bot.com/)"
216.244.66.239 - - [21/Nov/2022:07:02:39 +0100] "GET /apps/school/www_old9/img/LevelA/Category2/LevelACat2Lesson03/mats3.png HTTP/1.1" 200 10965 "-" "Mozilla/5.0 (compatible; DotBot/1.2; +https://opensiteexplorer.org/dotbot; help@moz.com)"
216.244.66.239 - - [21/Nov/2022:07:02:45 +0100] "GET /apps/school/www_old9/img/LevelC/Category1/LevelCCat1Lesson08/frame.png HTTP/1.1" 200 7215 "-" "Mozilla/5.0 (compatible; DotBot/1.2; +https://opensiteexplorer.org/dotbot; help@moz.com)"
207.180.221.167 - - [21/Nov/2022:07:02:48 +0100] "GET /apps/school/www_old5/img/LevelC/Category1/LevelCCat1Lesson16/?C=S;O=A HTTP/1.1" 200 447 "-" "Mozilla/5.0 (compatible; MJ12bot/v1.4.8; http://mj12bot.com/)"
216.244.66.239 - - [21/Nov/2022:07:02:49 +0100] "GET /apps/school/www_old9/img/LevelD/Category1/LevelDCat1Lesson25/iAmIll.png HTTP/1.1" 200 93556 "-" "Mozilla/5.0 (compatible; DotBot/1.2; +https://opensiteexplorer.org/dotbot; help@moz.com)"
207.180.221.167 - - [21/Nov/2022:07:02:56 +0100] "GET /apps/school/www_old5/img/LevelC/Category1/LevelCCat1Lesson19/?C=S;O=A HTTP/1.1" 200 479 "-" "Mozilla/5.0 (compatible; MJ12bot/v1.4.8; http://mj12bot.com/)"
216.244.66.239 - - [21/Nov/2022:07:03:03 +0100] "GET /apps/school/www_old_temp/img/LevelA/Category1/LevelACat1Lesson26/ HTTP/1.1" 200 2188 "-" "Mozilla/5.0 (compatible; DotBot/1.2; +https://opensiteexplorer.org/dotbot; help@moz.com)"
216.244.66.239 - - [21/Nov/2022:07:03:13 +0100] "GET /apps/school/www_old10/img/LevelE/Category3/LevelECat3Lesson19/bakeryFood.png HTTP/1.1" 200 21020 "-" "Mozilla/5.0 (compatible; DotBot/1.2; +https://opensiteexplorer.org/dotbot; help@moz.com)"
207.180.221.167 - - [21/Nov/2022:07:03:14 +0100] "GET /apps/school/www_old5/img/LevelC/Category1/LevelCCat1Lesson24/?C=D;O=A HTTP/1.1" 200 452 "-" "Mozilla/5.0 (compatible; MJ12bot/v1.4.8; http://mj12bot.com/)"
207.180.221.167 - - [21/Nov/2022:07:03:21 +0100] "GET /apps/school/www_old5/img/LevelC/Category1/LevelCCat1Lesson24/?C=M;O=A HTTP/1.1" 200 453 "-" "Mozilla/5.0 (compatible; MJ12bot/v1.4.8; http://mj12bot.com/)"
216.244.66.239 - - [21/Nov/2022:07:03:22 +0100] "GET /apps/school/www_old5/img/LevelH/Category1/LevelHCat1Lesson39/saveTheEarth.png HTTP/1.1" 200 104592 "-" "Mozilla/5.0 (compatible; DotBot/1.2; +https://opensiteexplorer.org/dotbot; help@moz.com)"
14.98.175.41 - - [21/Nov/2022:07:03:25 +0100] "GET /notifications.php?days=10 HTTP/1.1" 200 4313 "-" "Mozilla/5.0 (Windows NT 10.0; Win64; x64) AppleWebKit/537.36 (KHTML, like Gecko) Chrome/107.0.0.0 Safari/537.36"
14.98.175.41 - - [21/Nov/2022:07:03:27 +0100] "GET /notifications.php?days=10 HTTP/1.1" 200 4313 "-" "Mozilla/5.0 (Windows NT 10.0; Win64; x64) AppleWebKit/537.36 (KHTML, like Gecko) Chrome/107.0.0.0 Safari/537.36"
66.249.66.89 - - [21/Nov/2022:07:03:29 +0100] "GET /digitaltwin/images/astacus_wide_original.png HTTP/1.1" 200 36760 "-" "Googlebot-Image/1.0"
216.244.66.239 - - [21/Nov/2022:07:03:34 +0100] "GET /apps/school/www_old6/img/LevelD/Category3/LevelDCat3Lesson13/pineAppleColoured.png HTTP/1.1" 200 19469 "-" "Mozilla/5.0 (compatible; DotBot/1.2; +https://opensiteexplorer.org/dotbot; help@moz.com)"
207.180.221.167 - - [21/Nov/2022:07:03:35 +0100] "GET /apps/school/www_old5/img/LevelC/Category1/LevelCCat1Lesson24/?C=N;O=D HTTP/1.1" 200 450 "-" "Mozilla/5.0 (compatible; MJ12bot/v1.4.8; http://mj12bot.com/)"
46.232.208.233 - - [21/Nov/2022:07:03:38 +0100] "HEAD / HTTP/1.1" 302 - "-" "Mozilla/4.0 (compatible; MSIE 7.0; Windows NT 6.0; SLCC1; .NET CLR 2.0.50727; .NET CLR 3.5.30729; .NET CLR 3.0.30618)"
216.244.66.239 - - [21/Nov/2022:07:03:41 +0100] "GET /apps/school/www_old8/img/LevelD/Category2/LevelDCat2Lesson09/2015Calendar.png HTTP/1.1" 200 34419 "-" "Mozilla/5.0 (compatible; DotBot/1.2; +https://opensiteexplorer.org/dotbot; help@moz.com)"
34.237.120.86 - - [21/Nov/2022:07:03:41 +0100] "HEAD / HTTP/1.1" 200 - "-" "Mozilla/4.0 (compatible; MSIE 7.0; Windows NT 6.0; SLCC1; .NET CLR 2.0.50727; .NET CLR 3.5.30729; .NET CLR 3.0.30618)"
207.180.221.167 - - [21/Nov/2022:07:03:44 +0100] "GET /apps/school/www_old5/img/LevelC/Category1/LevelCCat1Lesson24/?C=S;O=A HTTP/1.1" 200 453 "-" "Mozilla/5.0 (compatible; MJ12bot/v1.4.8; http://mj12bot.com/)"
216.244.66.239 - - [21/Nov/2022:07:03:48 +0100] "GET /apps/school/www_old9/img/LevelC/Category2/LevelCCat2Lesson12/glassesCat1Set2.png HTTP/1.1" 200 9462 "-" "Mozilla/5.0 (compatible; DotBot/1.2; +https://opensiteexplorer.org/dotbot; help@moz.com)"
207.180.221.167 - - [21/Nov/2022:07:03:55 +0100] "GET /apps/school/www_old5/img/LevelC/Category2/LevelCCat2Lesson01/?C=D;O=A HTTP/1.1" 200 474 "-" "Mozilla/5.0 (compatible; MJ12bot/v1.4.8; http://mj12bot.com/)"
207.180.221.167 - - [21/Nov/2022:07:04:02 +0100] "GET /apps/school/www_old5/img/LevelC/Category2/LevelCCat2Lesson01/?C=M;O=A HTTP/1.1" 200 474 "-" "Mozilla/5.0 (compatible; MJ12bot/v1.4.8; http://mj12bot.com/)"
207.180.221.167 - - [21/Nov/2022:07:04:12 +0100] "GET /apps/school/www_old5/img/LevelC/Category2/LevelCCat2Lesson01/?C=N;O=A HTTP/1.1" 200 474 "-" "Mozilla/5.0 (compatible; MJ12bot/v1.4.8; http://mj12bot.com/)"
207.180.221.167 - - [21/Nov/2022:07:04:24 +0100] "GET /apps/school/www_old5/img/LevelC/Category2/LevelCCat2Lesson15/?C=M;O=A HTTP/1.1" 200 506 "-" "Mozilla/5.0 (compatible; MJ12bot/v1.4.8; http://mj12bot.com/)"
207.180.221.167 - - [21/Nov/2022:07:04:31 +0100] "GET /apps/school/www_old5/img/LevelC/Category2/LevelCCat2Lesson15/?C=S;O=A HTTP/1.1" 200 507 "-" "Mozilla/5.0 (compatible; MJ12bot/v1.4.8; http://mj12bot.com/)"
207.180.221.167 - - [21/Nov/2022:07:04:45 +0100] "GET /apps/school/www_old5/img/LevelE/Category1/LevelECat1Lesson11/?C=D;O=A HTTP/1.1" 200 454 "-" "Mozilla/5.0 (compatible; MJ12bot/v1.4.8; http://mj12bot.com/)"
114.119.141.71 - - [21/Nov/2022:07:04:48 +0100] "GET /apps/school/www_old8/js/ HTTP/1.1" 200 577 "http://kulturdokumentation.se/apps/school/www_old8/" "Mozilla/5.0 (Linux; Android 7.0;) AppleWebKit/537.36 (KHTML, like Gecko) Mobile Safari/537.36 (compatible; PetalBot;+https://webmaster.petalsearch.com/site/petalbot)"
207.180.221.167 - - [21/Nov/2022:07:04:58 +0100] "GET /apps/school/www_old5/img/LevelE/Category1/LevelECat1Lesson11/?C=M;O=A HTTP/1.1" 200 455 "-" "Mozilla/5.0 (compatible; MJ12bot/v1.4.8; http://mj12bot.com/)"
216.244.66.239 - - [21/Nov/2022:07:05:03 +0100] "GET /apps/school/www_old4/Html/LevelA/Category2/?C=M;O=A HTTP/1.1" 200 5907 "-" "Mozilla/5.0 (compatible; DotBot/1.2; +https://opensiteexplorer.org/dotbot; help@moz.com)"
216.244.66.239 - - [21/Nov/2022:07:05:08 +0100] "GET /apps/school/www_old9/img/LevelG/Category2/LevelGCat2Lesson26/?C=M;O=A HTTP/1.1" 200 1028 "-" "Mozilla/5.0 (compatible; DotBot/1.2; +https://opensiteexplorer.org/dotbot; help@moz.com)"
207.180.221.167 - - [21/Nov/2022:07:05:11 +0100] "GET /apps/school/www_old5/img/LevelE/Category1/LevelECat1Lesson11/?C=N;O=A HTTP/1.1" 200 454 "-" "Mozilla/5.0 (compatible; MJ12bot/v1.4.8; http://mj12bot.com/)"
207.180.221.167 - - [21/Nov/2022:07:05:24 +0100] "GET /apps/school/www_old5/img/LevelE/Category1/LevelECat1Lesson11/?C=S;O=A HTTP/1.1" 200 455 "-" "Mozilla/5.0 (compatible; MJ12bot/v1.4.8; http://mj12bot.com/)"
207.180.221.167 - - [21/Nov/2022:07:05:36 +0100] "GET /apps/school/www_old5/img/LevelE/Category1/LevelECat1Lesson21/?C=D;O=A HTTP/1.1" 200 454 "-" "Mozilla/5.0 (compatible; MJ12bot/v1.4.8; http://mj12bot.com/)"
207.180.221.167 - - [21/Nov/2022:07:05:43 +0100] "GET /apps/school/www_old5/img/LevelE/Category1/LevelECat1Lesson21/?C=M;O=A HTTP/1.1" 200 454 "-" "Mozilla/5.0 (compatible; MJ12bot/v1.4.8; http://mj12bot.com/)"
207.180.221.167 - - [21/Nov/2022:07:05:51 +0100] "GET /apps/school/www_old5/img/LevelE/Category1/LevelECat1Lesson21/?C=S;O=A HTTP/1.1" 200 454 "-" "Mozilla/5.0 (compatible; MJ12bot/v1.4.8; http://mj12bot.com/)"
207.180.221.167 - - [21/Nov/2022:07:06:03 +0100] "GET /apps/school/www_old5/img/LevelE/Category1/LevelECat1Lesson30/?C=D;O=A HTTP/1.1" 200 453 "-" "Mozilla/5.0 (compatible; MJ12bot/v1.4.8; http://mj12bot.com/)"
207.180.221.167 - - [21/Nov/2022:07:06:09 +0100] "GET /apps/school/www_old5/img/LevelE/Category1/LevelECat1Lesson30/?C=M;O=A HTTP/1.1" 200 453 "-" "Mozilla/5.0 (compatible; MJ12bot/v1.4.8; http://mj12bot.com/)"
114.119.134.155 - - [21/Nov/2022:07:06:15 +0100] "GET /apps/school/www_old9/img/LevelE/Category2/LevelECat2Lesson12/ HTTP/1.1" 200 530 "http://kulturdokumentation.com/apps/school/www_old9/img/LevelE/Category2/?C=M%3BO%3DA" "Mozilla/5.0 (Linux; Android 7.0;) AppleWebKit/537.36 (KHTML, like Gecko) Mobile Safari/537.36 (compatible; PetalBot;+https://webmaster.petalsearch.com/site/petalbot)"
207.180.221.167 - - [21/Nov/2022:07:06:17 +0100] "GET /apps/school/www_old5/img/LevelE/Category1/LevelECat1Lesson30/?C=N;O=A HTTP/1.1" 200 453 "-" "Mozilla/5.0 (compatible; MJ12bot/v1.4.8; http://mj12bot.com/)"
207.180.221.167 - - [21/Nov/2022:07:06:28 +0100] "GET /apps/school/www_old5/img/LevelE/Category1/LevelECat1Lesson30/?C=S;O=A HTTP/1.1" 200 453 "-" "Mozilla/5.0 (compatible; MJ12bot/v1.4.8; http://mj12bot.com/)"
194.110.203.41 - - [21/Nov/2022:07:06:30 +0100] "GET /db.tar HTTP/1.1" 404 204 "-" "Firefox"
207.180.221.167 - - [21/Nov/2022:07:06:39 +0100] "GET /apps/school/www_old5/img/LevelE/Category3/LevelECat3Lesson24/?C=M;O=A HTTP/1.1" 200 445 "-" "Mozilla/5.0 (compatible; MJ12bot/v1.4.8; http://mj12bot.com/)"
207.180.221.167 - - [21/Nov/2022:07:06:52 +0100] "GET /apps/school/www_old5/img/LevelE/Category3/LevelECat3Lesson24/?C=N;O=D HTTP/1.1" 200 443 "-" "Mozilla/5.0 (compatible; MJ12bot/v1.4.8; http://mj12bot.com/)"
207.180.221.167 - - [21/Nov/2022:07:07:01 +0100] "GET /apps/school/www_old5/img/LevelE/Category3/LevelECat3Lesson24/?C=S;O=A HTTP/1.1" 200 445 "-" "Mozilla/5.0 (compatible; MJ12bot/v1.4.8; http://mj12bot.com/)"
54.36.148.56 - - [21/Nov/2022:07:07:02 +0100] "GET /apps/school/www_old2/img/LevelB/Category1/LevelBCat1Lesson23/?C=D;O=A HTTP/1.1" 200 473 "-" "Mozilla/5.0 (compatible; AhrefsBot/7.0; +http://ahrefs.com/robot/)"
207.180.221.167 - - [21/Nov/2022:07:07:11 +0100] "GET /apps/school/www_old5/img/LevelE/Category3/LevelECat3Lesson27/?C=D;O=A HTTP/1.1" 200 669 "-" "Mozilla/5.0 (compatible; MJ12bot/v1.4.8; http://mj12bot.com/)"
207.180.221.167 - - [21/Nov/2022:07:07:16 +0100] "GET /apps/school/www_old5/img/LevelE/Category3/LevelECat3Lesson27/?C=N;O=A HTTP/1.1" 200 669 "-" "Mozilla/5.0 (compatible; MJ12bot/v1.4.8; http://mj12bot.com/)"
207.180.221.167 - - [21/Nov/2022:07:07:25 +0100] "GET /apps/school/www_old5/img/LevelF/Category2/LevelFCat2Lesson04/?C=D;O=A HTTP/1.1" 200 451 "-" "Mozilla/5.0 (compatible; MJ12bot/v1.4.8; http://mj12bot.com/)"
207.180.221.167 - - [21/Nov/2022:07:07:39 +0100] "GET /apps/school/www_old5/img/LevelF/Category2/LevelFCat2Lesson04/?C=N;O=A HTTP/1.1" 200 451 "-" "Mozilla/5.0 (compatible; MJ12bot/v1.4.8; http://mj12bot.com/)"
216.244.66.239 - - [21/Nov/2022:07:07:42 +0100] "GET /apps/school/www_old6/Html/LevelA/Category2/?C=S;O=A HTTP/1.1" 200 5925 "-" "Mozilla/5.0 (compatible; DotBot/1.2; +https://opensiteexplorer.org/dotbot; help@moz.com)"
216.244.66.239 - - [21/Nov/2022:07:07:47 +0100] "GET /apps/school/www_old6/Html/LevelH/Category1/?C=S;O=A HTTP/1.1" 200 13569 "-" "Mozilla/5.0 (compatible; DotBot/1.2; +https://opensiteexplorer.org/dotbot; help@moz.com)"
207.180.221.167 - - [21/Nov/2022:07:07:49 +0100] "GET /apps/school/www_old5/img/LevelF/Category2/LevelFCat2Lesson11/?C=N;O=A HTTP/1.1" 200 571 "-" "Mozilla/5.0 (compatible; MJ12bot/v1.4.8; http://mj12bot.com/)"
207.180.221.167 - - [21/Nov/2022:07:07:56 +0100] "GET /apps/school/www_old5/img/LevelF/Category2/LevelFCat2Lesson25/?C=N;O=A HTTP/1.1" 200 601 "-" "Mozilla/5.0 (compatible; MJ12bot/v1.4.8; http://mj12bot.com/)"
16.170.159.128 - - [21/Nov/2022:07:08:03 +0100] "GET / HTTP/1.1" 200 4249 "-" "node-fetch"
207.180.221.167 - - [21/Nov/2022:07:08:11 +0100] "GET /apps/school/www_old5/img/LevelF/Category2/LevelFCat2Lesson25/?C=S;O=A HTTP/1.1" 200 604 "-" "Mozilla/5.0 (compatible; MJ12bot/v1.4.8; http://mj12bot.com/)"
14.98.175.41 - - [21/Nov/2022:07:08:25 +0100] "-" 408 - "-" "-"
14.98.175.41 - - [21/Nov/2022:07:08:25 +0100] "-" 408 - "-" "-"
::1 - - [21/Nov/2022:07:08:28 +0100] "OPTIONS * HTTP/1.0" 200 - "-" "Apache/2.4.7 (Ubuntu) PHP/5.5.9-1ubuntu4.29 OpenSSL/1.0.1f (internal dummy connection)"
207.180.221.167 - - [21/Nov/2022:07:08:28 +0100] "GET /apps/school/www_old5/img/LevelF/Category2/LevelFCat2Lesson26/?C=D;O=D HTTP/1.1" 200 541 "-" "Mozilla/5.0 (compatible; MJ12bot/v1.4.8; http://mj12bot.com/)"
95.163.255.32 - - [21/Nov/2022:07:08:39 +0100] "GET /robots.txt HTTP/1.0" 200 67 "-" "Mozilla/5.0 (compatible; Linux x86_64; Mail.RU_Bot/2.0; +https://help.mail.ru/webmaster/indexing/robots)"
207.180.221.167 - - [21/Nov/2022:07:08:42 +0100] "GET /apps/school/www_old5/img/LevelF/Category2/LevelFCat2Lesson26/?C=M;O=D HTTP/1.1" 200 541 "-" "Mozilla/5.0 (compatible; MJ12bot/v1.4.8; http://mj12bot.com/)"
