31.208.8.2 - - [20/Nov/2022:21:17:56 +0100] "GET /phpmyadmin_astacus2016/navigation.php?ajax_request=1&token=bb10ccc33814e1b46cf37ebd8f62d067&aPath=cm9vdA%3D%3D.ZW5lcmdpY29udHJvbA%3D%3D&vPath=cm9vdA%3D%3D.ZW5lcmdpY29udHJvbA%3D%3D&pos=0&pos2_name=&pos2_value=&searchClause=&searchClause2=&_nocache=1668975731289640509 HTTP/1.1" 200 13258 "https://www.astacus.se/phpmyadmin_astacus2016/index.php?token=bb10ccc33814e1b46cf37ebd8f62d067" "Mozilla/5.0 (iPhone; CPU iPhone OS 16_1_1 like Mac OS X) AppleWebKit/605.1.15 (KHTML, like Gecko) Version/16.1 Mobile/15E148 Safari/604.1"
54.36.149.39 - - [20/Nov/2022:21:17:57 +0100] "GET /apps/school/www_old4/img/LevelC/Category2/LevelCCat2Lesson13/?C=S;O=D HTTP/1.1" 200 595 "-" "Mozilla/5.0 (compatible; AhrefsBot/7.0; +http://ahrefs.com/robot/)"
31.208.8.2 - - [20/Nov/2022:21:17:59 +0100] "GET /phpmyadmin_astacus2016/sql.php?db=energicontrol&token=bb10ccc33814e1b46cf37ebd8f62d067&goto=db_structure.php&table=tblEcoguard&pos=0&ajax_request=true&ajax_page_request=true&menuHashes=72bdd93e-cbb7d4ac&_nocache=166897573460678154 HTTP/1.1" 200 115118 "https://www.astacus.se/phpmyadmin_astacus2016/index.php?token=bb10ccc33814e1b46cf37ebd8f62d067" "Mozilla/5.0 (iPhone; CPU iPhone OS 16_1_1 like Mac OS X) AppleWebKit/605.1.15 (KHTML, like Gecko) Version/16.1 Mobile/15E148 Safari/604.1"
31.208.8.2 - - [20/Nov/2022:21:18:01 +0100] "GET /phpmyadmin_astacus2016/themes/pmahomme/img/s_fulltext.png HTTP/1.1" 200 172 "https://www.astacus.se/phpmyadmin_astacus2016/index.php?token=bb10ccc33814e1b46cf37ebd8f62d067" "Mozilla/5.0 (iPhone; CPU iPhone OS 16_1_1 like Mac OS X) AppleWebKit/605.1.15 (KHTML, like Gecko) Version/16.1 Mobile/15E148 Safari/604.1"
31.208.8.2 - - [20/Nov/2022:21:18:01 +0100] "GET /phpmyadmin_astacus2016/js/get_scripts.js.php?scripts[]=tbl_structure.js&scripts[]=gis_data_editor.js&scripts[]=makegrid.js&scripts[]=sql.js HTTP/1.1" 200 124782 "https://www.astacus.se/phpmyadmin_astacus2016/index.php?token=bb10ccc33814e1b46cf37ebd8f62d067" "Mozilla/5.0 (iPhone; CPU iPhone OS 16_1_1 like Mac OS X) AppleWebKit/605.1.15 (KHTML, like Gecko) Version/16.1 Mobile/15E148 Safari/604.1"
31.208.8.2 - - [20/Nov/2022:21:18:01 +0100] "GET /phpmyadmin_astacus2016/index.php?ajax_request=1&recent_table=1&token=bb10ccc33814e1b46cf37ebd8f62d067 HTTP/1.1" 200 1546 "https://www.astacus.se/phpmyadmin_astacus2016/index.php?token=bb10ccc33814e1b46cf37ebd8f62d067" "Mozilla/5.0 (iPhone; CPU iPhone OS 16_1_1 like Mac OS X) AppleWebKit/605.1.15 (KHTML, like Gecko) Version/16.1 Mobile/15E148 Safari/604.1"
87.250.224.63 - - [20/Nov/2022:21:18:13 +0100] "GET /robots.txt HTTP/1.1" 404 208 "-" "Mozilla/5.0 (compatible; YandexBot/3.0; +http://yandex.com/bots)"
114.119.134.152 - - [20/Nov/2022:21:18:16 +0100] "GET /apps/school/www_old9/Html/LevelD/Category2/LevelDCat2Lesson08.html HTTP/1.1" 200 4091 "http://kulturdokumentation.com/apps/school/www_old9/Html/LevelD/Category2/" "Mozilla/5.0 (Linux; Android 7.0;) AppleWebKit/537.36 (KHTML, like Gecko) Mobile Safari/537.36 (compatible; PetalBot;+https://webmaster.petalsearch.com/site/petalbot)"
5.45.207.144 - - [20/Nov/2022:21:18:17 +0100] "GET /astacusproject/ProjectSelected.do?projectId=31512 HTTP/1.1" 404 231 "-" "Mozilla/5.0 (compatible; YandexBot/3.0; +http://yandex.com/bots)"
::1 - - [20/Nov/2022:21:18:32 +0100] "OPTIONS * HTTP/1.0" 200 - "-" "Apache/2.4.7 (Ubuntu) PHP/5.5.9-1ubuntu4.29 OpenSSL/1.0.1f (internal dummy connection)"
66.249.66.53 - - [20/Nov/2022:21:18:59 +0100] "GET /favicon.ico HTTP/1.1" 404 209 "-" "Googlebot-Image/1.0"
31.208.8.2 - - [20/Nov/2022:21:19:39 +0100] "GET /phpmyadmin_astacus2016/sql.php?server=1&db=energicontrol&table=tblPriceControl&pos=0&token=bb10ccc33814e1b46cf37ebd8f62d067&ajax_request=true&ajax_page_request=true&menuHashes=72bdd93e-cbb7d4ac-e44f03a0&_nocache=1668975834972174178 HTTP/1.1" 200 110222 "https://www.astacus.se/phpmyadmin_astacus2016/index.php?token=bb10ccc33814e1b46cf37ebd8f62d067" "Mozilla/5.0 (iPhone; CPU iPhone OS 16_1_1 like Mac OS X) AppleWebKit/605.1.15 (KHTML, like Gecko) Version/16.1 Mobile/15E148 Safari/604.1"
31.208.8.2 - - [20/Nov/2022:21:19:40 +0100] "GET /phpmyadmin_astacus2016/index.php?ajax_request=1&recent_table=1&token=bb10ccc33814e1b46cf37ebd8f62d067 HTTP/1.1" 200 1546 "https://www.astacus.se/phpmyadmin_astacus2016/index.php?token=bb10ccc33814e1b46cf37ebd8f62d067" "Mozilla/5.0 (iPhone; CPU iPhone OS 16_1_1 like Mac OS X) AppleWebKit/605.1.15 (KHTML, like Gecko) Version/16.1 Mobile/15E148 Safari/604.1"
31.208.8.2 - - [20/Nov/2022:21:20:04 +0100] "POST /phpmyadmin_astacus2016/tbl_replace.php HTTP/1.1" 200 3483 "https://www.astacus.se/phpmyadmin_astacus2016/index.php?token=bb10ccc33814e1b46cf37ebd8f62d067" "Mozilla/5.0 (iPhone; CPU iPhone OS 16_1_1 like Mac OS X) AppleWebKit/605.1.15 (KHTML, like Gecko) Version/16.1 Mobile/15E148 Safari/604.1"
31.208.8.2 - - [20/Nov/2022:21:20:09 +0100] "POST /phpmyadmin_astacus2016/tbl_replace.php HTTP/1.1" 200 3483 "https://www.astacus.se/phpmyadmin_astacus2016/index.php?token=bb10ccc33814e1b46cf37ebd8f62d067" "Mozilla/5.0 (iPhone; CPU iPhone OS 16_1_1 like Mac OS X) AppleWebKit/605.1.15 (KHTML, like Gecko) Version/16.1 Mobile/15E148 Safari/604.1"
31.208.8.2 - - [20/Nov/2022:21:20:13 +0100] "POST /phpmyadmin_astacus2016/tbl_replace.php HTTP/1.1" 200 3483 "https://www.astacus.se/phpmyadmin_astacus2016/index.php?token=bb10ccc33814e1b46cf37ebd8f62d067" "Mozilla/5.0 (iPhone; CPU iPhone OS 16_1_1 like Mac OS X) AppleWebKit/605.1.15 (KHTML, like Gecko) Version/16.1 Mobile/15E148 Safari/604.1"
31.208.8.2 - - [20/Nov/2022:21:20:18 +0100] "POST /phpmyadmin_astacus2016/tbl_replace.php HTTP/1.1" 200 3483 "https://www.astacus.se/phpmyadmin_astacus2016/index.php?token=bb10ccc33814e1b46cf37ebd8f62d067" "Mozilla/5.0 (iPhone; CPU iPhone OS 16_1_1 like Mac OS X) AppleWebKit/605.1.15 (KHTML, like Gecko) Version/16.1 Mobile/15E148 Safari/604.1"
31.208.8.2 - - [20/Nov/2022:21:20:24 +0100] "POST /phpmyadmin_astacus2016/tbl_replace.php HTTP/1.1" 200 3483 "https://www.astacus.se/phpmyadmin_astacus2016/index.php?token=bb10ccc33814e1b46cf37ebd8f62d067" "Mozilla/5.0 (iPhone; CPU iPhone OS 16_1_1 like Mac OS X) AppleWebKit/605.1.15 (KHTML, like Gecko) Version/16.1 Mobile/15E148 Safari/604.1"
31.208.8.2 - - [20/Nov/2022:21:20:29 +0100] "POST /phpmyadmin_astacus2016/tbl_replace.php HTTP/1.1" 200 3483 "https://www.astacus.se/phpmyadmin_astacus2016/index.php?token=bb10ccc33814e1b46cf37ebd8f62d067" "Mozilla/5.0 (iPhone; CPU iPhone OS 16_1_1 like Mac OS X) AppleWebKit/605.1.15 (KHTML, like Gecko) Version/16.1 Mobile/15E148 Safari/604.1"
31.208.8.2 - - [20/Nov/2022:21:20:34 +0100] "POST /phpmyadmin_astacus2016/tbl_replace.php HTTP/1.1" 200 3483 "https://www.astacus.se/phpmyadmin_astacus2016/index.php?token=bb10ccc33814e1b46cf37ebd8f62d067" "Mozilla/5.0 (iPhone; CPU iPhone OS 16_1_1 like Mac OS X) AppleWebKit/605.1.15 (KHTML, like Gecko) Version/16.1 Mobile/15E148 Safari/604.1"
114.119.130.95 - - [20/Nov/2022:21:20:38 +0100] "GET /robots.txt HTTP/1.1" 404 208 "-" "Mozilla/5.0 (compatible;PetalBot;+https://webmaster.petalsearch.com/site/petalbot)"
31.208.8.2 - - [20/Nov/2022:21:20:40 +0100] "POST /phpmyadmin_astacus2016/tbl_replace.php HTTP/1.1" 200 3483 "https://www.astacus.se/phpmyadmin_astacus2016/index.php?token=bb10ccc33814e1b46cf37ebd8f62d067" "Mozilla/5.0 (iPhone; CPU iPhone OS 16_1_1 like Mac OS X) AppleWebKit/605.1.15 (KHTML, like Gecko) Version/16.1 Mobile/15E148 Safari/604.1"
54.36.149.97 - - [20/Nov/2022:21:20:42 +0100] "GET /apps/school/www_old4/img/LevelC/Category1/LevelCCat1Lesson6/?C=S;O=A HTTP/1.1" 200 520 "-" "Mozilla/5.0 (compatible; AhrefsBot/7.0; +http://ahrefs.com/robot/)"
31.208.8.2 - - [20/Nov/2022:21:20:46 +0100] "POST /phpmyadmin_astacus2016/tbl_replace.php HTTP/1.1" 200 3483 "https://www.astacus.se/phpmyadmin_astacus2016/index.php?token=bb10ccc33814e1b46cf37ebd8f62d067" "Mozilla/5.0 (iPhone; CPU iPhone OS 16_1_1 like Mac OS X) AppleWebKit/605.1.15 (KHTML, like Gecko) Version/16.1 Mobile/15E148 Safari/604.1"
31.208.8.2 - - [20/Nov/2022:21:20:51 +0100] "POST /phpmyadmin_astacus2016/tbl_replace.php HTTP/1.1" 200 3483 "https://www.astacus.se/phpmyadmin_astacus2016/index.php?token=bb10ccc33814e1b46cf37ebd8f62d067" "Mozilla/5.0 (iPhone; CPU iPhone OS 16_1_1 like Mac OS X) AppleWebKit/605.1.15 (KHTML, like Gecko) Version/16.1 Mobile/15E148 Safari/604.1"
31.208.8.2 - - [20/Nov/2022:21:20:58 +0100] "POST /phpmyadmin_astacus2016/tbl_replace.php HTTP/1.1" 200 3483 "https://www.astacus.se/phpmyadmin_astacus2016/index.php?token=bb10ccc33814e1b46cf37ebd8f62d067" "Mozilla/5.0 (iPhone; CPU iPhone OS 16_1_1 like Mac OS X) AppleWebKit/605.1.15 (KHTML, like Gecko) Version/16.1 Mobile/15E148 Safari/604.1"
31.208.8.2 - - [20/Nov/2022:21:21:03 +0100] "POST /phpmyadmin_astacus2016/tbl_replace.php HTTP/1.1" 200 3483 "https://www.astacus.se/phpmyadmin_astacus2016/index.php?token=bb10ccc33814e1b46cf37ebd8f62d067" "Mozilla/5.0 (iPhone; CPU iPhone OS 16_1_1 like Mac OS X) AppleWebKit/605.1.15 (KHTML, like Gecko) Version/16.1 Mobile/15E148 Safari/604.1"
31.208.8.2 - - [20/Nov/2022:21:21:08 +0100] "POST /phpmyadmin_astacus2016/tbl_replace.php HTTP/1.1" 200 3483 "https://www.astacus.se/phpmyadmin_astacus2016/index.php?token=bb10ccc33814e1b46cf37ebd8f62d067" "Mozilla/5.0 (iPhone; CPU iPhone OS 16_1_1 like Mac OS X) AppleWebKit/605.1.15 (KHTML, like Gecko) Version/16.1 Mobile/15E148 Safari/604.1"
107.189.14.123 - - [20/Nov/2022:21:21:54 +0100] "GET /register.php HTTP/1.1" 200 3117 "-" "Mozilla/5.0 (Windows NT 10.0; Win64; x64) AppleWebKit/537.36 (KHTML, like Gecko) Chrome/100.0.4889.0 Safari/537.36"
107.189.14.123 - - [20/Nov/2022:21:21:54 +0100] "GET /images/skugga_left.jpg HTTP/1.1" 200 2590 "http://notes-online.se/register.php" "Mozilla/5.0 (Windows NT 10.0; Win64; x64) AppleWebKit/537.36 (KHTML, like Gecko) Chrome/100.0.4889.0 Safari/537.36"
107.189.14.123 - - [20/Nov/2022:21:21:55 +0100] "GET /images/meny4a.jpg HTTP/1.1" 200 2511 "http://notes-online.se/register.php" "Mozilla/5.0 (Windows NT 10.0; Win64; x64) AppleWebKit/537.36 (KHTML, like Gecko) Chrome/100.0.4889.0 Safari/537.36"
107.189.14.123 - - [20/Nov/2022:21:21:55 +0100] "GET /images/skugga_right.jpg HTTP/1.1" 200 2589 "http://notes-online.se/register.php" "Mozilla/5.0 (Windows NT 10.0; Win64; x64) AppleWebKit/537.36 (KHTML, like Gecko) Chrome/100.0.4889.0 Safari/537.36"
107.189.14.123 - - [20/Nov/2022:21:21:55 +0100] "GET /images/meny_pass.jpg HTTP/1.1" 200 3243 "http://notes-online.se/register.php" "Mozilla/5.0 (Windows NT 10.0; Win64; x64) AppleWebKit/537.36 (KHTML, like Gecko) Chrome/100.0.4889.0 Safari/537.36"
107.189.14.123 - - [20/Nov/2022:21:21:55 +0100] "GET /images/login.png HTTP/1.1" 200 65869 "http://notes-online.se/register.php" "Mozilla/5.0 (Windows NT 10.0; Win64; x64) AppleWebKit/537.36 (KHTML, like Gecko) Chrome/100.0.4889.0 Safari/537.36"
107.189.14.123 - - [20/Nov/2022:21:21:55 +0100] "GET /top_banner/logga.png HTTP/1.1" 302 227 "http://notes-online.se/" "Mozilla/5.0 (Windows NT 10.0; Win64; x64) AppleWebKit/537.36 (KHTML, like Gecko) Chrome/100.0.4889.0 Safari/537.36"
107.189.14.123 - - [20/Nov/2022:21:21:55 +0100] "GET /images/h_line.jpg HTTP/1.1" 200 3416 "http://notes-online.se/register.php" "Mozilla/5.0 (Windows NT 10.0; Win64; x64) AppleWebKit/537.36 (KHTML, like Gecko) Chrome/100.0.4889.0 Safari/537.36"
107.189.14.123 - - [20/Nov/2022:21:21:55 +0100] "GET /top_banner/background.png HTTP/1.1" 302 232 "http://notes-online.se/" "Mozilla/5.0 (Windows NT 10.0; Win64; x64) AppleWebKit/537.36 (KHTML, like Gecko) Chrome/100.0.4889.0 Safari/537.36"
107.189.14.123 - - [20/Nov/2022:21:21:55 +0100] "GET /images/in_store.jpg HTTP/1.1" 200 3753 "http://notes-online.se/register.php" "Mozilla/5.0 (Windows NT 10.0; Win64; x64) AppleWebKit/537.36 (KHTML, like Gecko) Chrome/100.0.4889.0 Safari/537.36"
107.189.14.123 - - [20/Nov/2022:21:21:55 +0100] "GET /images/supervision_loggo.jpg HTTP/1.1" 200 7892 "http://notes-online.se/register.php" "Mozilla/5.0 (Windows NT 10.0; Win64; x64) AppleWebKit/537.36 (KHTML, like Gecko) Chrome/100.0.4889.0 Safari/537.36"
107.189.14.123 - - [20/Nov/2022:21:21:55 +0100] "GET /images/meny_l.jpg HTTP/1.1" 200 1181 "http://notes-online.se/register.php" "Mozilla/5.0 (Windows NT 10.0; Win64; x64) AppleWebKit/537.36 (KHTML, like Gecko) Chrome/100.0.4889.0 Safari/537.36"
107.189.14.123 - - [20/Nov/2022:21:21:55 +0100] "GET /images/meny1a.png HTTP/1.1" 200 1301 "http://notes-online.se/register.php" "Mozilla/5.0 (Windows NT 10.0; Win64; x64) AppleWebKit/537.36 (KHTML, like Gecko) Chrome/100.0.4889.0 Safari/537.36"
107.189.14.123 - - [20/Nov/2022:21:21:55 +0100] "GET /images/meny6a.png HTTP/1.1" 200 1447 "http://notes-online.se/register.php" "Mozilla/5.0 (Windows NT 10.0; Win64; x64) AppleWebKit/537.36 (KHTML, like Gecko) Chrome/100.0.4889.0 Safari/537.36"
107.189.14.123 - - [20/Nov/2022:21:21:56 +0100] "GET /images/meny3a.png HTTP/1.1" 200 1500 "http://notes-online.se/register.php" "Mozilla/5.0 (Windows NT 10.0; Win64; x64) AppleWebKit/537.36 (KHTML, like Gecko) Chrome/100.0.4889.0 Safari/537.36"
107.189.14.123 - - [20/Nov/2022:21:21:57 +0100] "GET /top_banner/logga.png HTTP/1.1" 200 1675 "http://notes-online.se/" "Mozilla/5.0 (Windows NT 10.0; Win64; x64) AppleWebKit/537.36 (KHTML, like Gecko) Chrome/100.0.4889.0 Safari/537.36"
107.189.14.123 - - [20/Nov/2022:21:21:57 +0100] "GET /top_banner/background.png HTTP/1.1" 200 6799 "http://notes-online.se/" "Mozilla/5.0 (Windows NT 10.0; Win64; x64) AppleWebKit/537.36 (KHTML, like Gecko) Chrome/100.0.4889.0 Safari/537.36"
107.189.14.123 - - [20/Nov/2022:21:21:58 +0100] "GET /images/meny1b.png HTTP/1.1" 200 1242 "http://notes-online.se/register.php" "Mozilla/5.0 (Windows NT 10.0; Win64; x64) AppleWebKit/537.36 (KHTML, like Gecko) Chrome/100.0.4889.0 Safari/537.36"
107.189.14.123 - - [20/Nov/2022:21:21:58 +0100] "GET /images/meny4b.jpg HTTP/1.1" 200 2342 "http://notes-online.se/register.php" "Mozilla/5.0 (Windows NT 10.0; Win64; x64) AppleWebKit/537.36 (KHTML, like Gecko) Chrome/100.0.4889.0 Safari/537.36"
107.189.14.123 - - [20/Nov/2022:21:21:58 +0100] "GET /images/mwny3b.jpg HTTP/1.1" 200 2989 "http://notes-online.se/register.php" "Mozilla/5.0 (Windows NT 10.0; Win64; x64) AppleWebKit/537.36 (KHTML, like Gecko) Chrome/100.0.4889.0 Safari/537.36"
107.189.14.123 - - [20/Nov/2022:21:21:58 +0100] "GET /images/meny6b.png HTTP/1.1" 200 1396 "http://notes-online.se/register.php" "Mozilla/5.0 (Windows NT 10.0; Win64; x64) AppleWebKit/537.36 (KHTML, like Gecko) Chrome/100.0.4889.0 Safari/537.36"
107.189.14.123 - - [20/Nov/2022:21:21:58 +0100] "GET /images/meny3b.png HTTP/1.1" 200 1405 "http://notes-online.se/register.php" "Mozilla/5.0 (Windows NT 10.0; Win64; x64) AppleWebKit/537.36 (KHTML, like Gecko) Chrome/100.0.4889.0 Safari/537.36"
107.189.14.123 - - [20/Nov/2022:21:21:58 +0100] "GET /images/astacus-power1.jpg HTTP/1.1" 200 1178 "http://notes-online.se/register.php" "Mozilla/5.0 (Windows NT 10.0; Win64; x64) AppleWebKit/537.36 (KHTML, like Gecko) Chrome/100.0.4889.0 Safari/537.36"
107.189.14.123 - - [20/Nov/2022:21:22:09 +0100] "POST /scripts/addclient_fromipad.php?from=browser HTTP/1.1" 302 11 "http://notes-online.se/register.php" "Mozilla/5.0 (Windows NT 10.0; Win64; x64) AppleWebKit/537.36 (KHTML, like Gecko) Chrome/100.0.4889.0 Safari/537.36"
107.189.14.123 - - [20/Nov/2022:21:22:10 +0100] "GET /loggain.php?msg=Thank%20you,%20you%20will%20shortly%20receive%20an%20message%20where%20you%20need%20to%20confirm%20your%20e-mail. HTTP/1.1" 200 2665 "http://notes-online.se/" "Mozilla/5.0 (Windows NT 10.0; Win64; x64) AppleWebKit/537.36 (KHTML, like Gecko) Chrome/100.0.4889.0 Safari/537.36"
107.189.14.123 - - [20/Nov/2022:21:22:10 +0100] "GET /images/skugga_left.jpg HTTP/1.1" 200 2590 "http://www.notes-online.se/loggain.php?msg=Thank%20you,%20you%20will%20shortly%20receive%20an%20message%20where%20you%20need%20to%20confirm%20your%20e-mail." "Mozilla/5.0 (Windows NT 10.0; Win64; x64) AppleWebKit/537.36 (KHTML, like Gecko) Chrome/100.0.4889.0 Safari/537.36"
107.189.14.123 - - [20/Nov/2022:21:22:11 +0100] "GET /top_banner/logga.png HTTP/1.1" 302 227 "http://www.notes-online.se/" "Mozilla/5.0 (Windows NT 10.0; Win64; x64) AppleWebKit/537.36 (KHTML, like Gecko) Chrome/100.0.4889.0 Safari/537.36"
::1 - - [20/Nov/2022:21:22:13 +0100] "OPTIONS * HTTP/1.0" 200 - "-" "Apache/2.4.7 (Ubuntu) PHP/5.5.9-1ubuntu4.29 OpenSSL/1.0.1f (internal dummy connection)"
::1 - - [20/Nov/2022:21:22:14 +0100] "OPTIONS * HTTP/1.0" 200 - "-" "Apache/2.4.7 (Ubuntu) PHP/5.5.9-1ubuntu4.29 OpenSSL/1.0.1f (internal dummy connection)"
::1 - - [20/Nov/2022:21:22:15 +0100] "OPTIONS * HTTP/1.0" 200 - "-" "Apache/2.4.7 (Ubuntu) PHP/5.5.9-1ubuntu4.29 OpenSSL/1.0.1f (internal dummy connection)"
31.208.8.2 - - [20/Nov/2022:21:21:59 +0100] "GET /energicontrol/strandis/index.php HTTP/1.1" 200 7043 "-" "Mozilla/5.0 (iPhone; CPU iPhone OS 16_1_1 like Mac OS X) AppleWebKit/605.1.15 (KHTML, like Gecko) Version/16.1 Mobile/15E148 Safari/604.1"
31.208.8.2 - - [20/Nov/2022:21:22:20 +0100] "GET /energicontrol/strandis/js/utils.js HTTP/1.1" 200 1564 "http://appsrv.astacus.se/energicontrol/strandis/index.php" "Mozilla/5.0 (iPhone; CPU iPhone OS 16_1_1 like Mac OS X) AppleWebKit/605.1.15 (KHTML, like Gecko) Version/16.1 Mobile/15E148 Safari/604.1"
31.208.8.2 - - [20/Nov/2022:21:22:20 +0100] "GET /energicontrol/strandis/js/Chart.bundle.js HTTP/1.1" 200 127835 "http://appsrv.astacus.se/energicontrol/strandis/index.php" "Mozilla/5.0 (iPhone; CPU iPhone OS 16_1_1 like Mac OS X) AppleWebKit/605.1.15 (KHTML, like Gecko) Version/16.1 Mobile/15E148 Safari/604.1"
31.208.8.2 - - [20/Nov/2022:21:22:21 +0100] "GET /energicontrol/strandis/images/HUS3.jpg HTTP/1.1" 200 274672 "http://appsrv.astacus.se/energicontrol/strandis/index.php" "Mozilla/5.0 (iPhone; CPU iPhone OS 16_1_1 like Mac OS X) AppleWebKit/605.1.15 (KHTML, like Gecko) Version/16.1 Mobile/15E148 Safari/604.1"
107.189.14.123 - - [20/Nov/2022:21:22:24 +0100] "GET /images/supervision_loggo.jpg HTTP/1.1" 200 7892 "http://www.notes-online.se/loggain.php?msg=Thank%20you,%20you%20will%20shortly%20receive%20an%20message%20where%20you%20need%20to%20confirm%20your%20e-mail." "Mozilla/5.0 (Windows NT 10.0; Win64; x64) AppleWebKit/537.36 (KHTML, like Gecko) Chrome/100.0.4889.0 Safari/537.36"
::1 - - [20/Nov/2022:21:22:25 +0100] "OPTIONS * HTTP/1.0" 200 - "-" "Apache/2.4.7 (Ubuntu) PHP/5.5.9-1ubuntu4.29 OpenSSL/1.0.1f (internal dummy connection)"
::1 - - [20/Nov/2022:21:22:26 +0100] "OPTIONS * HTTP/1.0" 200 - "-" "Apache/2.4.7 (Ubuntu) PHP/5.5.9-1ubuntu4.29 OpenSSL/1.0.1f (internal dummy connection)"
114.119.141.51 - - [20/Nov/2022:21:22:29 +0100] "GET /apps/school/www_old3/Html/LevelD/ HTTP/1.1" 200 477 "http://kulturdokumentation.se/apps/school/www_old3/Html/" "Mozilla/5.0 (Linux; Android 7.0;) AppleWebKit/537.36 (KHTML, like Gecko) Mobile Safari/537.36 (compatible; PetalBot;+https://webmaster.petalsearch.com/site/petalbot)"
::1 - - [20/Nov/2022:21:22:36 +0100] "OPTIONS * HTTP/1.0" 200 - "-" "Apache/2.4.7 (Ubuntu) PHP/5.5.9-1ubuntu4.29 OpenSSL/1.0.1f (internal dummy connection)"
::1 - - [20/Nov/2022:21:22:45 +0100] "OPTIONS * HTTP/1.0" 200 - "-" "Apache/2.4.7 (Ubuntu) PHP/5.5.9-1ubuntu4.29 OpenSSL/1.0.1f (internal dummy connection)"
31.208.8.2 - - [20/Nov/2022:21:22:59 +0100] "GET /energicontrol/strandis/index.php HTTP/1.1" 200 7043 "-" "Mozilla/5.0 (iPhone; CPU iPhone OS 16_1_1 like Mac OS X) AppleWebKit/605.1.15 (KHTML, like Gecko) Version/16.1 Mobile/15E148 Safari/604.1"
114.119.134.155 - - [20/Nov/2022:21:23:26 +0100] "GET /apps/school/www_old5/img/LevelD/Category2/LevelDCat2Lesson08/?C=S%3BO%3DA HTTP/1.1" 200 519 "http://kulturdokumentation.com/apps/school/www_old5/img/LevelD/Category2/LevelDCat2Lesson08?C=D%3BO%3DA" "Mozilla/5.0 (Linux; Android 7.0;) AppleWebKit/537.36 (KHTML, like Gecko) Mobile Safari/537.36 (compatible; PetalBot;+https://webmaster.petalsearch.com/site/petalbot)"
66.249.66.53 - - [20/Nov/2022:21:23:29 +0100] "GET /images/banner1.jpg HTTP/1.1" 200 59617 "-" "Googlebot-Image/1.0"
31.208.8.2 - - [20/Nov/2022:21:23:55 +0100] "GET /energicontrol/sales/table.css HTTP/1.1" 404 227 "http://appsrv.astacus.se/energicontrol//index.php" "Mozilla/5.0 (iPhone; CPU iPhone OS 16_1_1 like Mac OS X) AppleWebKit/605.1.15 (KHTML, like Gecko) Version/16.1 Mobile/15E148 Safari/604.1"
31.208.8.2 - - [20/Nov/2022:21:23:55 +0100] "GET /energicontrol//js/utils.js HTTP/1.1" 200 1564 "http://appsrv.astacus.se/energicontrol//index.php" "Mozilla/5.0 (iPhone; CPU iPhone OS 16_1_1 like Mac OS X) AppleWebKit/605.1.15 (KHTML, like Gecko) Version/16.1 Mobile/15E148 Safari/604.1"
31.208.8.2 - - [20/Nov/2022:21:23:55 +0100] "GET /energicontrol//js/Chart.bundle.js HTTP/1.1" 200 127835 "http://appsrv.astacus.se/energicontrol//index.php" "Mozilla/5.0 (iPhone; CPU iPhone OS 16_1_1 like Mac OS X) AppleWebKit/605.1.15 (KHTML, like Gecko) Version/16.1 Mobile/15E148 Safari/604.1"
31.208.8.2 - - [20/Nov/2022:21:23:26 +0100] "GET /energicontrol//index.php HTTP/1.1" 200 114277 "-" "Mozilla/5.0 (iPhone; CPU iPhone OS 16_1_1 like Mac OS X) AppleWebKit/605.1.15 (KHTML, like Gecko) Version/16.1 Mobile/15E148 Safari/604.1"
23.101.59.181 - - [20/Nov/2022:21:24:18 +0100] "GET /biminfo.sebackup.tar.gz HTTP/1.1" 404 221 "-" "Firefox"
216.244.66.203 - - [20/Nov/2022:21:24:28 +0100] "GET /sales/?week=-97 HTTP/1.1" 200 11361 "-" "Mozilla/5.0 (compatible; DotBot/1.2; +https://opensiteexplorer.org/dotbot; help@moz.com)"
54.36.149.52 - - [20/Nov/2022:21:24:33 +0100] "GET /apps/school/www_old8/Html/LevelD/Category1/?C=N;O=D HTTP/1.1" 200 754 "-" "Mozilla/5.0 (compatible; AhrefsBot/7.0; +http://ahrefs.com/robot/)"
216.244.66.203 - - [20/Nov/2022:21:25:20 +0100] "GET /apps/school/www_old10/Html/LevelG/Category2/LevelGCat2Lesson02.html HTTP/1.1" 200 2826 "-" "Mozilla/5.0 (compatible; DotBot/1.2; +https://opensiteexplorer.org/dotbot; help@moz.com)"
216.244.66.203 - - [20/Nov/2022:21:26:27 +0100] "GET /apps/school/www_old10/Html/LevelG/Category2/LevelGCat2Lesson34_images.html HTTP/1.1" 200 1046 "-" "Mozilla/5.0 (compatible; DotBot/1.2; +https://opensiteexplorer.org/dotbot; help@moz.com)"
216.244.66.203 - - [20/Nov/2022:21:26:31 +0100] "GET /apps/school/www_old5/Html/LevelA/Category2/?C=S;O=A HTTP/1.1" 200 5925 "-" "Mozilla/5.0 (compatible; DotBot/1.2; +https://opensiteexplorer.org/dotbot; help@moz.com)"
216.244.66.203 - - [20/Nov/2022:21:26:35 +0100] "GET /apps/school/www_old9/Html/LevelC/Category1/?C=S;O=A HTTP/1.1" 200 7493 "-" "Mozilla/5.0 (compatible; DotBot/1.2; +https://opensiteexplorer.org/dotbot; help@moz.com)"
114.119.141.51 - - [20/Nov/2022:21:27:28 +0100] "GET /apps/school/www_old8/img/LevelD/Category3/LevelDCat3Lesson20/?C=N%3BO%3DD HTTP/1.1" 200 512 "http://kulturdokumentation.se/apps/school/www_old8/img/LevelD/Category3/LevelDCat3Lesson20/?C=M%3BO%3DA" "Mozilla/5.0 (Linux; Android 7.0;) AppleWebKit/537.36 (KHTML, like Gecko) Mobile Safari/537.36 (compatible; PetalBot;+https://webmaster.petalsearch.com/site/petalbot)"
114.119.134.148 - - [20/Nov/2022:21:28:29 +0100] "GET /apps/school/www_old4/img/LevelD/Category1/LevelDCat1Lesson37/ HTTP/1.1" 200 452 "http://kulturdokumentation.com/apps/school/www_old4/img/LevelD/Category1" "Mozilla/5.0 (Linux; Android 7.0;) AppleWebKit/537.36 (KHTML, like Gecko) Mobile Safari/537.36 (compatible; PetalBot;+https://webmaster.petalsearch.com/site/petalbot)"
141.255.166.2 - - [20/Nov/2022:21:28:56 +0100] "GET / HTTP/1.1" 200 21 "-" "Hello World"
54.36.149.29 - - [20/Nov/2022:21:30:01 +0100] "GET /apps/school/www_old9/img/LevelF/Category1/LevelFCat1Lesson09/ HTTP/1.1" 200 587 "-" "Mozilla/5.0 (compatible; AhrefsBot/7.0; +http://ahrefs.com/robot/)"
66.249.66.29 - - [20/Nov/2022:21:30:09 +0100] "GET /2011/03/ HTTP/1.1" 200 9612 "-" "Mozilla/5.0 (Linux; Android 6.0.1; Nexus 5X Build/MMB29P) AppleWebKit/537.36 (KHTML, like Gecko) Chrome/107.0.5304.115 Mobile Safari/537.36 (compatible; Googlebot/2.1; +http://www.google.com/bot.html)"
114.119.141.71 - - [20/Nov/2022:21:32:36 +0100] "GET /apps/school/www_old8/img/LevelC/Category2/LevelCCat2Lesson12/ HTTP/1.1" 200 563 "http://kulturdokumentation.se/apps/school/www_old8/img/LevelC/Category2/?C=N%3BO%3DD" "Mozilla/5.0 (Linux; Android 7.0;) AppleWebKit/537.36 (KHTML, like Gecko) Mobile Safari/537.36 (compatible; PetalBot;+https://webmaster.petalsearch.com/site/petalbot)"
114.119.134.148 - - [20/Nov/2022:21:33:37 +0100] "GET /apps/school/www_old9/img/LevelD/Category3/LevelDCat3Lesson02/ HTTP/1.1" 200 566 "http://kulturdokumentation.com/apps/school/www_old9/img/LevelD/Category3/?C=D%3BO%3DA" "Mozilla/5.0 (Linux; Android 7.0;) AppleWebKit/537.36 (KHTML, like Gecko) Mobile Safari/537.36 (compatible; PetalBot;+https://webmaster.petalsearch.com/site/petalbot)"
66.249.66.29 - - [20/Nov/2022:21:36:02 +0100] "GET /medarbetare/ HTTP/1.1" 200 9571 "-" "Mozilla/5.0 (Linux; Android 6.0.1; Nexus 5X Build/MMB29P) AppleWebKit/537.36 (KHTML, like Gecko) Chrome/107.0.5304.110 Mobile Safari/537.36 (compatible; Googlebot/2.1; +http://www.google.com/bot.html)"
54.36.148.252 - - [20/Nov/2022:21:37:02 +0100] "GET /apps/school/www_old3/img/LevelD/Category3/ HTTP/1.1" 200 613 "-" "Mozilla/5.0 (compatible; AhrefsBot/7.0; +http://ahrefs.com/robot/)"
114.119.141.51 - - [20/Nov/2022:21:37:41 +0100] "GET /apps/school/www_old_temp/AutodeskForge/learn.forge.viewmodels-nodejs/node_modules/tunnel-agent/?C=M%3BO%3DA HTTP/1.1" 200 528 "http://kulturdokumentation.se/apps/school/www_old_temp/AutodeskForge/learn.forge.viewmodels-nodejs/node_modules/tunnel-agent/?C=N%3BO%3DD" "Mozilla/5.0 (Linux; Android 7.0;) AppleWebKit/537.36 (KHTML, like Gecko) Mobile Safari/537.36 (compatible; PetalBot;+https://webmaster.petalsearch.com/site/petalbot)"
114.119.134.152 - - [20/Nov/2022:21:38:43 +0100] "GET /apps/school/www_old6/res/icon/ios HTTP/1.1" 301 273 "http://kulturdokumentation.com/apps/school/www_old6/res/icon?C=S%3BO%3DA" "Mozilla/5.0 (Linux; Android 7.0;) AppleWebKit/537.36 (KHTML, like Gecko) Mobile Safari/537.36 (compatible; PetalBot;+https://webmaster.petalsearch.com/site/petalbot)"
114.119.134.152 - - [20/Nov/2022:21:38:44 +0100] "GET /apps/school/www_old6/res/icon/ios/ HTTP/1.1" 200 368 "http://kulturdokumentation.com/apps/school/www_old6/res/icon?C=S%3BO%3DA" "Mozilla/5.0 (Linux; Android 7.0;) AppleWebKit/537.36 (KHTML, like Gecko) Mobile Safari/537.36 (compatible; PetalBot;+https://webmaster.petalsearch.com/site/petalbot)"
179.43.177.154 - - [20/Nov/2022:21:39:41 +0100] "GET /wp-content/.git/config HTTP/1.1" 404 220 "-" "Mozilla/5.0 (X11; U; Linux x86_64; en-US) AppleWebKit/534.7 (KHTML, like Gecko) Chrome/7.0.514.0 Safari/534.7"
149.28.187.204 - - [20/Nov/2022:21:40:32 +0100] "GET /wp-login.php HTTP/1.1" 302 219 "" "Mozilla/5.0 (Windows NT 10.0; Win64; x64; rv:106.0) Gecko/20100101 Firefox/106.0"
149.28.187.204 - - [20/Nov/2022:21:40:33 +0100] "GET /wp-login.php HTTP/1.1" 200 1274 "http://www.astacus.se/wp-login.php" "Mozilla/5.0 (Windows NT 10.0; Win64; x64; rv:106.0) Gecko/20100101 Firefox/106.0"
149.28.187.204 - - [20/Nov/2022:21:40:35 +0100] "GET /wp-json/wp/v2/users HTTP/1.1" 200 1174 "http://www.astacus.se/wp-login.php" "Mozilla/5.0 (Windows NT 10.0; Win64; x64; rv:106.0) Gecko/20100101 Firefox/106.0"
149.28.187.204 - - [20/Nov/2022:21:40:36 +0100] "POST /wp-login.php HTTP/1.1" 200 1659 "https://www.astacus.se/wp-login.php?redirect_to=https%3A%2F%2Fwww.astacus.se%2Fwp-admin%2F" "Mozilla/5.0 (Windows NT 10.0; Win64; x64; rv:106.0) Gecko/20100101 Firefox/106.0"
149.28.187.204 - - [20/Nov/2022:21:40:38 +0100] "POST /wp-login.php HTTP/1.1" 200 1653 "https://www.astacus.se/wp-login.php?redirect_to=https%3A%2F%2Fwww.astacus.se%2Fwp-admin%2F" "Mozilla/5.0 (Windows NT 10.0; Win64; x64; rv:106.0) Gecko/20100101 Firefox/106.0"
149.28.187.204 - - [20/Nov/2022:21:40:39 +0100] "POST /wp-login.php HTTP/1.1" 200 1634 "https://www.astacus.se/wp-login.php?redirect_to=https%3A%2F%2Fwww.astacus.se%2Fwp-admin%2F" "Mozilla/5.0 (Windows NT 10.0; Win64; x64; rv:106.0) Gecko/20100101 Firefox/106.0"
54.36.148.244 - - [20/Nov/2022:21:41:18 +0100] "GET /apps/school/www_old5/img/LevelB/?C=N;O=D HTTP/1.1" 200 422 "-" "Mozilla/5.0 (compatible; AhrefsBot/7.0; +http://ahrefs.com/robot/)"
114.119.141.71 - - [20/Nov/2022:21:42:46 +0100] "GET /apps/school/www_old9/Html/LevelD/Category2/LevelDCat2Lesson10.html HTTP/1.1" 200 2686 "http://kulturdokumentation.se/apps/school/www_old9/Html/LevelD/Category2/" "Mozilla/5.0 (Linux; Android 7.0;) AppleWebKit/537.36 (KHTML, like Gecko) Mobile Safari/537.36 (compatible; PetalBot;+https://webmaster.petalsearch.com/site/petalbot)"
114.119.134.161 - - [20/Nov/2022:21:43:49 +0100] "GET /apps/school/www_old6/img/LevelF/Category1/LevelFCat1Lesson12?C=S%3BO%3DA HTTP/1.1" 301 312 "http://kulturdokumentation.com/apps/school/www_old6/img/LevelF/Category1/LevelFCat1Lesson12" "Mozilla/5.0 (Linux; Android 7.0;) AppleWebKit/537.36 (KHTML, like Gecko) Mobile Safari/537.36 (compatible; PetalBot;+https://webmaster.petalsearch.com/site/petalbot)"
114.119.134.161 - - [20/Nov/2022:21:43:49 +0100] "GET /apps/school/www_old6/img/LevelF/Category1/LevelFCat1Lesson12/?C=S%3BO%3DA HTTP/1.1" 200 450 "http://kulturdokumentation.com/apps/school/www_old6/img/LevelF/Category1/LevelFCat1Lesson12" "Mozilla/5.0 (Linux; Android 7.0;) AppleWebKit/537.36 (KHTML, like Gecko) Mobile Safari/537.36 (compatible; PetalBot;+https://webmaster.petalsearch.com/site/petalbot)"
66.249.66.27 - - [20/Nov/2022:21:45:09 +0100] "GET /bilprovningen-valjer-astacusarkiv/ HTTP/1.1" 200 9740 "-" "Mozilla/5.0 (Linux; Android 6.0.1; Nexus 5X Build/MMB29P) AppleWebKit/537.36 (KHTML, like Gecko) Chrome/107.0.5304.115 Mobile Safari/537.36 (compatible; Googlebot/2.1; +http://www.google.com/bot.html)"
66.249.66.10 - - [20/Nov/2022:21:45:30 +0100] "GET /pdf/tkv_drift.pdf HTTP/1.1" 302 224 "-" "Mozilla/5.0 (Linux; Android 6.0.1; Nexus 5X Build/MMB29P) AppleWebKit/537.36 (KHTML, like Gecko) Chrome/107.0.5304.110 Mobile Safari/537.36 (compatible; Googlebot/2.1; +http://www.google.com/bot.html)"
66.249.66.27 - - [20/Nov/2022:21:45:31 +0100] "GET /pdf/tkv_drift.pdf HTTP/1.1" 404 35295 "-" "Mozilla/5.0 (Linux; Android 6.0.1; Nexus 5X Build/MMB29P) AppleWebKit/537.36 (KHTML, like Gecko) Chrome/107.0.5304.110 Mobile Safari/537.36 (compatible; Googlebot/2.1; +http://www.google.com/bot.html)"
216.244.66.239 - - [20/Nov/2022:21:45:54 +0100] "GET /apps/school/www_old_temp/FoodForNeedy/uploadDonorData.php HTTP/1.1" 200 108 "-" "Mozilla/5.0 (compatible; DotBot/1.2; +https://opensiteexplorer.org/dotbot; help@moz.com)"
216.244.66.239 - - [20/Nov/2022:21:46:46 +0100] "GET /apps/school/www_old_temp/AutodeskForge/AutodeskForgeTest.html HTTP/1.1" 200 3198 "-" "Mozilla/5.0 (compatible; DotBot/1.2; +https://opensiteexplorer.org/dotbot; help@moz.com)"
81.234.109.22 - - [20/Nov/2022:21:46:48 +0100] "GET /wp-content/plugins/revslider/public/assets/css/settings.css?ver=5.4.8 HTTP/1.1" 200 9545 "-" "Mozilla/5.0 (Linux; Android 12; SM-A515F) AppleWebKit/537.36 (KHTML, like Gecko) Chrome/107.0.0.0 Mobile Safari/537.36"
81.234.109.22 - - [20/Nov/2022:21:46:48 +0100] "GET /wp-content/themes/x/framework/css/dist/site/stacks/ethos.css?ver=4.6.4 HTTP/1.1" 200 23966 "-" "Mozilla/5.0 (Linux; Android 12; SM-A515F) AppleWebKit/537.36 (KHTML, like Gecko) Chrome/107.0.0.0 Mobile Safari/537.36"
81.234.109.22 - - [20/Nov/2022:21:46:48 +0100] "GET /dronarscanning/ HTTP/1.1" 200 12102 "https://www.google.com/" "Mozilla/5.0 (Linux; Android 12; SM-A515F) AppleWebKit/537.36 (KHTML, like Gecko) Chrome/107.0.0.0 Mobile Safari/537.36"
81.234.109.22 - - [20/Nov/2022:21:46:49 +0100] "GET /wp-includes/js/jquery/jquery-migrate.min.js?ver=1.4.1 HTTP/1.1" 200 4014 "https://www.astacus.se/dronarscanning/" "Mozilla/5.0 (Linux; Android 12; SM-A515F) AppleWebKit/537.36 (KHTML, like Gecko) Chrome/107.0.0.0 Mobile Safari/537.36"
81.234.109.22 - - [20/Nov/2022:21:46:49 +0100] "GET /wp-content/themes/x/framework/js/dist/site/x-head.min.js?ver=4.6.4 HTTP/1.1" 200 1210 "https://www.astacus.se/dronarscanning/" "Mozilla/5.0 (Linux; Android 12; SM-A515F) AppleWebKit/537.36 (KHTML, like Gecko) Chrome/107.0.0.0 Mobile Safari/537.36"
81.234.109.22 - - [20/Nov/2022:21:46:49 +0100] "GET /wp-includes/js/jquery/jquery.js?ver=1.12.4 HTTP/1.1" 200 33766 "https://www.astacus.se/dronarscanning/" "Mozilla/5.0 (Linux; Android 12; SM-A515F) AppleWebKit/537.36 (KHTML, like Gecko) Chrome/107.0.0.0 Mobile Safari/537.36"
81.234.109.22 - - [20/Nov/2022:21:46:49 +0100] "GET /wp-content/plugins/cornerstone/assets/dist/js/site/cs-head.js?ver=2.0.6 HTTP/1.1" 200 14859 "https://www.astacus.se/dronarscanning/" "Mozilla/5.0 (Linux; Android 12; SM-A515F) AppleWebKit/537.36 (KHTML, like Gecko) Chrome/107.0.0.0 Mobile Safari/537.36"
81.234.109.22 - - [20/Nov/2022:21:46:49 +0100] "GET /wp-includes/js/jquery/ui/core.min.js?ver=1.11.4 HTTP/1.1" 200 1821 "https://www.astacus.se/dronarscanning/" "Mozilla/5.0 (Linux; Android 12; SM-A515F) AppleWebKit/537.36 (KHTML, like Gecko) Chrome/107.0.0.0 Mobile Safari/537.36"
81.234.109.22 - - [20/Nov/2022:21:46:49 +0100] "GET /wp-includes/js/jquery/ui/widget.min.js?ver=1.11.4 HTTP/1.1" 200 2599 "https://www.astacus.se/dronarscanning/" "Mozilla/5.0 (Linux; Android 12; SM-A515F) AppleWebKit/537.36 (KHTML, like Gecko) Chrome/107.0.0.0 Mobile Safari/537.36"
81.234.109.22 - - [20/Nov/2022:21:46:49 +0100] "GET /wp-includes/js/jquery/ui/mouse.min.js?ver=1.11.4 HTTP/1.1" 200 1021 "https://www.astacus.se/dronarscanning/" "Mozilla/5.0 (Linux; Android 12; SM-A515F) AppleWebKit/537.36 (KHTML, like Gecko) Chrome/107.0.0.0 Mobile Safari/537.36"
81.234.109.22 - - [20/Nov/2022:21:46:49 +0100] "GET /wp-includes/js/jquery/ui/slider.min.js?ver=1.11.4 HTTP/1.1" 200 3093 "https://www.astacus.se/dronarscanning/" "Mozilla/5.0 (Linux; Android 12; SM-A515F) AppleWebKit/537.36 (KHTML, like Gecko) Chrome/107.0.0.0 Mobile Safari/537.36"
81.234.109.22 - - [20/Nov/2022:21:46:49 +0100] "GET /wp-content/themes/x/framework/js/dist/site/x-body.min.js?ver=4.6.4 HTTP/1.1" 200 7438 "https://www.astacus.se/dronarscanning/" "Mozilla/5.0 (Linux; Android 12; SM-A515F) AppleWebKit/537.36 (KHTML, like Gecko) Chrome/107.0.0.0 Mobile Safari/537.36"
81.234.109.22 - - [20/Nov/2022:21:46:49 +0100] "GET /wp-includes/js/comment-reply.min.js?ver=4.8.1 HTTP/1.1" 200 589 "https://www.astacus.se/dronarscanning/" "Mozilla/5.0 (Linux; Android 12; SM-A515F) AppleWebKit/537.36 (KHTML, like Gecko) Chrome/107.0.0.0 Mobile Safari/537.36"
81.234.109.22 - - [20/Nov/2022:21:46:49 +0100] "GET /wp-includes/js/wp-embed.min.js?ver=4.8.1 HTTP/1.1" 200 751 "https://www.astacus.se/dronarscanning/" "Mozilla/5.0 (Linux; Android 12; SM-A515F) AppleWebKit/537.36 (KHTML, like Gecko) Chrome/107.0.0.0 Mobile Safari/537.36"
81.234.109.22 - - [20/Nov/2022:21:46:49 +0100] "GET /wp-content/plugins/cornerstone/assets/dist/js/site/cs-body.js?ver=2.0.6 HTTP/1.1" 200 41251 "https://www.astacus.se/dronarscanning/" "Mozilla/5.0 (Linux; Android 12; SM-A515F) AppleWebKit/537.36 (KHTML, like Gecko) Chrome/107.0.0.0 Mobile Safari/537.36"
81.234.109.22 - - [20/Nov/2022:21:46:49 +0100] "GET /wp-content/themes/x/framework/fonts/font_awesome/fontawesome-webfont.woff2?v=4.6.3 HTTP/1.1" 200 71896 "https://www.astacus.se/wp-content/themes/x/framework/css/dist/site/stacks/ethos.css?ver=4.6.4" "Mozilla/5.0 (Linux; Android 12; SM-A515F) AppleWebKit/537.36 (KHTML, like Gecko) Chrome/107.0.0.0 Mobile Safari/537.36"
81.234.109.22 - - [20/Nov/2022:21:46:49 +0100] "GET /wp-content/uploads/2020/04/dji-matrice-600-pro-kopia.jpg HTTP/1.1" 200 39530 "https://www.astacus.se/dronarscanning/" "Mozilla/5.0 (Linux; Android 12; SM-A515F) AppleWebKit/537.36 (KHTML, like Gecko) Chrome/107.0.0.0 Mobile Safari/537.36"
81.234.109.22 - - [20/Nov/2022:21:46:49 +0100] "GET /wp-content/uploads/2020/04/slide_DRONE0.jpg HTTP/1.1" 200 226704 "https://www.astacus.se/dronarscanning/" "Mozilla/5.0 (Linux; Android 12; SM-A515F) AppleWebKit/537.36 (KHTML, like Gecko) Chrome/107.0.0.0 Mobile Safari/537.36"
81.234.109.22 - - [20/Nov/2022:21:46:49 +0100] "GET /wp-content/uploads/2020/04/inspire.jpg HTTP/1.1" 200 34003 "https://www.astacus.se/dronarscanning/" "Mozilla/5.0 (Linux; Android 12; SM-A515F) AppleWebKit/537.36 (KHTML, like Gecko) Chrome/107.0.0.0 Mobile Safari/537.36"
81.234.109.22 - - [20/Nov/2022:21:46:49 +0100] "GET /wp-content/uploads/2020/04/phantom.jpg HTTP/1.1" 200 26019 "https://www.astacus.se/dronarscanning/" "Mozilla/5.0 (Linux; Android 12; SM-A515F) AppleWebKit/537.36 (KHTML, like Gecko) Chrome/107.0.0.0 Mobile Safari/537.36"
81.234.109.22 - - [20/Nov/2022:21:46:49 +0100] "GET /wp-content/uploads/2020/04/hogalid.jpg HTTP/1.1" 200 220043 "https://www.astacus.se/dronarscanning/" "Mozilla/5.0 (Linux; Android 12; SM-A515F) AppleWebKit/537.36 (KHTML, like Gecko) Chrome/107.0.0.0 Mobile Safari/537.36"
81.234.109.22 - - [20/Nov/2022:21:46:49 +0100] "GET /wp-content/uploads/2017/08/SCAB_ISO_9001_Sve_RGB.png HTTP/1.1" 200 16506 "https://www.astacus.se/dronarscanning/" "Mozilla/5.0 (Linux; Android 12; SM-A515F) AppleWebKit/537.36 (KHTML, like Gecko) Chrome/107.0.0.0 Mobile Safari/537.36"
81.234.109.22 - - [20/Nov/2022:21:46:49 +0100] "GET /wp-content/uploads/2020/04/strand.jpg HTTP/1.1" 200 271229 "https://www.astacus.se/dronarscanning/" "Mozilla/5.0 (Linux; Android 12; SM-A515F) AppleWebKit/537.36 (KHTML, like Gecko) Chrome/107.0.0.0 Mobile Safari/537.36"
81.234.109.22 - - [20/Nov/2022:21:46:49 +0100] "GET /wp-content/uploads/2020/04/orto1.jpg HTTP/1.1" 200 67476 "https://www.astacus.se/dronarscanning/" "Mozilla/5.0 (Linux; Android 12; SM-A515F) AppleWebKit/537.36 (KHTML, like Gecko) Chrome/107.0.0.0 Mobile Safari/537.36"
81.234.109.22 - - [20/Nov/2022:21:46:49 +0100] "GET /wp-content/uploads/2020/04/orto2.jpg HTTP/1.1" 200 66136 "https://www.astacus.se/dronarscanning/" "Mozilla/5.0 (Linux; Android 12; SM-A515F) AppleWebKit/537.36 (KHTML, like Gecko) Chrome/107.0.0.0 Mobile Safari/537.36"
81.234.109.22 - - [20/Nov/2022:21:46:49 +0100] "GET /wp-content/uploads/2017/08/SCAB_ISO_14001_Sve_RGB.png HTTP/1.1" 200 16510 "https://www.astacus.se/dronarscanning/" "Mozilla/5.0 (Linux; Android 12; SM-A515F) AppleWebKit/537.36 (KHTML, like Gecko) Chrome/107.0.0.0 Mobile Safari/537.36"
81.234.109.22 - - [20/Nov/2022:21:46:49 +0100] "GET /wp-content/plugins/revslider/public/assets/js/jquery.themepunch.tools.min.js?ver=5.4.8 HTTP/1.1" 200 38337 "https://www.astacus.se/dronarscanning/" "Mozilla/5.0 (Linux; Android 12; SM-A515F) AppleWebKit/537.36 (KHTML, like Gecko) Chrome/107.0.0.0 Mobile Safari/537.36"
81.234.109.22 - - [20/Nov/2022:21:46:49 +0100] "GET /wp-content/plugins/revslider/public/assets/js/jquery.themepunch.revolution.min.js?ver=5.4.8 HTTP/1.1" 200 18090 "https://www.astacus.se/dronarscanning/" "Mozilla/5.0 (Linux; Android 12; SM-A515F) AppleWebKit/537.36 (KHTML, like Gecko) Chrome/107.0.0.0 Mobile Safari/537.36"
81.234.109.22 - - [20/Nov/2022:21:46:49 +0100] "GET /wp-includes/js/wp-emoji-release.min.js?ver=4.8.1 HTTP/1.1" 200 4299 "https://www.astacus.se/dronarscanning/" "Mozilla/5.0 (Linux; Android 12; SM-A515F) AppleWebKit/537.36 (KHTML, like Gecko) Chrome/107.0.0.0 Mobile Safari/537.36"
81.234.109.22 - - [20/Nov/2022:21:46:49 +0100] "GET /wp-content/uploads/2020/04/slide_DRONE1.jpg HTTP/1.1" 200 206681 "https://www.astacus.se/dronarscanning/" "Mozilla/5.0 (Linux; Android 12; SM-A515F) AppleWebKit/537.36 (KHTML, like Gecko) Chrome/107.0.0.0 Mobile Safari/537.36"
81.234.109.22 - - [20/Nov/2022:21:46:49 +0100] "GET /wp-content/uploads/2017/05/strand-871x487.jpg HTTP/1.1" 200 88112 "https://www.astacus.se/dronarscanning/" "Mozilla/5.0 (Linux; Android 12; SM-A515F) AppleWebKit/537.36 (KHTML, like Gecko) Chrome/107.0.0.0 Mobile Safari/537.36"
81.234.109.22 - - [20/Nov/2022:21:46:49 +0100] "GET /wp-content/uploads/2016/01/lampa.jpg HTTP/1.1" 200 31274 "https://www.astacus.se/dronarscanning/" "Mozilla/5.0 (Linux; Android 12; SM-A515F) AppleWebKit/537.36 (KHTML, like Gecko) Chrome/107.0.0.0 Mobile Safari/537.36"
81.234.109.22 - - [20/Nov/2022:21:46:50 +0100] "GET /wp-content/uploads/2014/06/hojd-881x492.jpg HTTP/1.1" 200 72397 "https://www.astacus.se/dronarscanning/" "Mozilla/5.0 (Linux; Android 12; SM-A515F) AppleWebKit/537.36 (KHTML, like Gecko) Chrome/107.0.0.0 Mobile Safari/537.36"
81.234.109.22 - - [20/Nov/2022:21:46:50 +0100] "GET /wp-content/plugins/revslider/public/assets/js/extensions/revolution.extension.slideanims.min.js?version=5.4.8 HTTP/1.1" 200 6880 "https://www.astacus.se/dronarscanning/" "Mozilla/5.0 (Linux; Android 12; SM-A515F) AppleWebKit/537.36 (KHTML, like Gecko) Chrome/107.0.0.0 Mobile Safari/537.36"
81.234.109.22 - - [20/Nov/2022:21:46:50 +0100] "GET /wp-content/plugins/revslider/public/assets/assets/loader.gif HTTP/1.1" 200 2545 "https://www.astacus.se/wp-content/plugins/revslider/public/assets/css/settings.css?ver=5.4.8" "Mozilla/5.0 (Linux; Android 12; SM-A515F) AppleWebKit/537.36 (KHTML, like Gecko) Chrome/107.0.0.0 Mobile Safari/537.36"
::1 - - [20/Nov/2022:21:47:07 +0100] "OPTIONS * HTTP/1.0" 200 - "-" "Apache/2.4.7 (Ubuntu) PHP/5.5.9-1ubuntu4.29 OpenSSL/1.0.1f (internal dummy connection)"
54.36.148.104 - - [20/Nov/2022:21:47:23 +0100] "GET /apps/school/www_old8/img/LevelB/Category2/LevelBCat2Lesson19/?C=D;O=D HTTP/1.1" 200 446 "-" "Mozilla/5.0 (compatible; AhrefsBot/7.0; +http://ahrefs.com/robot/)"
114.119.141.52 - - [20/Nov/2022:21:47:53 +0100] "GET /apps/school/www_old4/img/LevelE/Category2/LevelECat2Lesson25/?C=M%3BO%3DA HTTP/1.1" 200 558 "http://kulturdokumentation.se/apps/school/www_old4/img/LevelE/Category2/LevelECat2Lesson25/" "Mozilla/5.0 (Linux; Android 7.0;) AppleWebKit/537.36 (KHTML, like Gecko) Mobile Safari/537.36 (compatible; PetalBot;+https://webmaster.petalsearch.com/site/petalbot)"
216.244.66.239 - - [20/Nov/2022:21:48:28 +0100] "GET /apps/school/www_old5/Html/LevelC/Category3/LevelCCat3Lesson22.html HTTP/1.1" 200 18283 "-" "Mozilla/5.0 (compatible; DotBot/1.2; +https://opensiteexplorer.org/dotbot; help@moz.com)"
216.244.66.239 - - [20/Nov/2022:21:48:32 +0100] "GET /apps/school/www_old5/img/LevelA/Category1/LevelACat1Lesson28/ HTTP/1.1" 200 1034 "-" "Mozilla/5.0 (compatible; DotBot/1.2; +https://opensiteexplorer.org/dotbot; help@moz.com)"
216.244.66.239 - - [20/Nov/2022:21:48:37 +0100] "GET /apps/school/www_old5/img/LevelC/Category1/LevelCCat1Lesson25/ HTTP/1.1" 200 1046 "-" "Mozilla/5.0 (compatible; DotBot/1.2; +https://opensiteexplorer.org/dotbot; help@moz.com)"
216.244.66.239 - - [20/Nov/2022:21:48:41 +0100] "GET /apps/school/www_old5/img/LevelD/Category3/LevelDCat3Lesson25/ HTTP/1.1" 200 1820 "-" "Mozilla/5.0 (compatible; DotBot/1.2; +https://opensiteexplorer.org/dotbot; help@moz.com)"
216.244.66.239 - - [20/Nov/2022:21:48:45 +0100] "GET /apps/school/www_old9/Html/LevelG/Category2/LevelGCat2Lesson33.html HTTP/1.1" 200 22579 "-" "Mozilla/5.0 (compatible; DotBot/1.2; +https://opensiteexplorer.org/dotbot; help@moz.com)"
216.244.66.239 - - [20/Nov/2022:21:48:52 +0100] "GET /apps/school/www_old9/img/LevelD/Category1/LevelDCat1Lesson20/ HTTP/1.1" 200 1038 "-" "Mozilla/5.0 (compatible; DotBot/1.2; +https://opensiteexplorer.org/dotbot; help@moz.com)"
114.119.134.152 - - [20/Nov/2022:21:48:57 +0100] "GET /apps/school/www_old8/MyBook?C=S%3BO%3DA HTTP/1.1" 301 279 "http://kulturdokumentation.com/apps/school/www_old8/MyBook?C=N%3BO%3DD" "Mozilla/5.0 (Linux; Android 7.0;) AppleWebKit/537.36 (KHTML, like Gecko) Mobile Safari/537.36 (compatible; PetalBot;+https://webmaster.petalsearch.com/site/petalbot)"
216.244.66.239 - - [20/Nov/2022:21:48:57 +0100] "GET /apps/school/www_old9/img/LevelG/Category2/LevelGCat2Lesson07/ HTTP/1.1" 200 1218 "-" "Mozilla/5.0 (compatible; DotBot/1.2; +https://opensiteexplorer.org/dotbot; help@moz.com)"
114.119.134.152 - - [20/Nov/2022:21:48:57 +0100] "GET /apps/school/www_old8/MyBook/?C=S%3BO%3DA HTTP/1.1" 200 796 "http://kulturdokumentation.com/apps/school/www_old8/MyBook?C=N%3BO%3DD" "Mozilla/5.0 (Linux; Android 7.0;) AppleWebKit/537.36 (KHTML, like Gecko) Mobile Safari/537.36 (compatible; PetalBot;+https://webmaster.petalsearch.com/site/petalbot)"
216.244.66.239 - - [20/Nov/2022:21:49:21 +0100] "GET /apps/school/www_old10/Html/LevelC/Category1/LevelCCat1Lesson25.html HTTP/1.1" 200 2889 "-" "Mozilla/5.0 (compatible; DotBot/1.2; +https://opensiteexplorer.org/dotbot; help@moz.com)"
216.244.66.239 - - [20/Nov/2022:21:49:22 +0100] "GET /apps/school/www_old4/Html/LevelC/Category1/LevelCCat1Lesson13.html HTTP/1.1" 200 2820 "-" "Mozilla/5.0 (compatible; DotBot/1.2; +https://opensiteexplorer.org/dotbot; help@moz.com)"
216.244.66.239 - - [20/Nov/2022:21:49:23 +0100] "GET /apps/school/www_old4/Html/LevelC/Category2/LevelCCat2Lesson16.html HTTP/1.1" 200 35827 "-" "Mozilla/5.0 (compatible; DotBot/1.2; +https://opensiteexplorer.org/dotbot; help@moz.com)"
216.244.66.239 - - [20/Nov/2022:21:49:25 +0100] "GET /apps/school/www_old6/Html/LevelB/Category1/LevelBCat1Lesson18.html HTTP/1.1" 200 30047 "-" "Mozilla/5.0 (compatible; DotBot/1.2; +https://opensiteexplorer.org/dotbot; help@moz.com)"
216.244.66.239 - - [20/Nov/2022:21:49:26 +0100] "GET /apps/school/www_old6/Html/LevelB/Category1/LevelBCat1Lesson28.html HTTP/1.1" 200 2888 "-" "Mozilla/5.0 (compatible; DotBot/1.2; +https://opensiteexplorer.org/dotbot; help@moz.com)"
216.244.66.239 - - [20/Nov/2022:21:49:28 +0100] "GET /apps/school/www_old6/Html/LevelD/Category1/LevelDCat1Lesson37.html HTTP/1.1" 200 2579 "-" "Mozilla/5.0 (compatible; DotBot/1.2; +https://opensiteexplorer.org/dotbot; help@moz.com)"
216.244.66.239 - - [20/Nov/2022:21:49:29 +0100] "GET /apps/school/www_old6/Html/LevelF/Category2/LevelFCat2Lesson42.html HTTP/1.1" 200 46250 "-" "Mozilla/5.0 (compatible; DotBot/1.2; +https://opensiteexplorer.org/dotbot; help@moz.com)"
51.222.253.3 - - [20/Nov/2022:21:49:48 +0100] "GET /robots.txt HTTP/1.1" 404 208 "-" "Mozilla/5.0 (compatible; AhrefsBot/7.0; +http://ahrefs.com/robot/)"
54.36.149.10 - - [20/Nov/2022:21:49:49 +0100] "GET /?page=loggain&goto=approject HTTP/1.1" 200 1269 "-" "Mozilla/5.0 (compatible; AhrefsBot/7.0; +http://ahrefs.com/robot/)"
216.244.66.239 - - [20/Nov/2022:21:50:18 +0100] "GET /apps/school/www_old10/img/LevelC/Category2/LevelCCat2Lesson11/ HTTP/1.1" 200 1415 "-" "Mozilla/5.0 (compatible; DotBot/1.2; +https://opensiteexplorer.org/dotbot; help@moz.com)"
216.244.66.239 - - [20/Nov/2022:21:50:21 +0100] "GET /apps/school/www_old2/img/LevelB/Category2/LevelBCat2Lesson10/ HTTP/1.1" 200 3534 "-" "Mozilla/5.0 (compatible; DotBot/1.2; +https://opensiteexplorer.org/dotbot; help@moz.com)"
216.244.66.239 - - [20/Nov/2022:21:50:22 +0100] "GET /apps/school/www_old5/img/LevelE/Category2/LevelECat2Lesson12/ HTTP/1.1" 200 2610 "-" "Mozilla/5.0 (compatible; DotBot/1.2; +https://opensiteexplorer.org/dotbot; help@moz.com)"
114.119.152.47 - - [20/Nov/2022:21:52:19 +0100] "GET /robots.txt HTTP/1.1" 404 208 "-" "Mozilla/5.0 (compatible;PetalBot;+https://webmaster.petalsearch.com/site/petalbot)"
114.119.141.69 - - [20/Nov/2022:21:53:01 +0100] "GET /apps/school/www_old_temp/AutodeskForge/learn.forge.viewmodels-nodejs/node_modules/path-to-regexp/LICENSE HTTP/1.1" 200 1103 "http://kulturdokumentation.se/apps/school/www_old_temp/AutodeskForge/learn.forge.viewmodels-nodejs/node_modules/path-to-regexp/" "Mozilla/5.0 (Linux; Android 7.0;) AppleWebKit/537.36 (KHTML, like Gecko) Mobile Safari/537.36 (compatible; PetalBot;+https://webmaster.petalsearch.com/site/petalbot)"
54.36.148.177 - - [20/Nov/2022:21:53:44 +0100] "GET /apps/school/www_old4/Html/LevelC/Category2/LevelCCat2Lesson4.html HTTP/1.1" 200 3498 "-" "Mozilla/5.0 (compatible; AhrefsBot/7.0; +http://ahrefs.com/robot/)"
114.119.134.161 - - [20/Nov/2022:21:54:05 +0100] "GET /apps/school/www_old9/Html/LevelA/Category1/ HTTP/1.1" 200 781 "http://kulturdokumentation.com/apps/school/www_old9/Html/LevelA?C=D%3BO%3DA" "Mozilla/5.0 (Linux; Android 7.0;) AppleWebKit/537.36 (KHTML, like Gecko) Mobile Safari/537.36 (compatible; PetalBot;+https://webmaster.petalsearch.com/site/petalbot)"
54.36.148.135 - - [20/Nov/2022:21:56:09 +0100] "GET /with-the-free-hulu-service-you-can-watch-up-to-the-last-five/ HTTP/1.1" 302 268 "-" "Mozilla/5.0 (compatible; AhrefsBot/7.0; +http://ahrefs.com/robot/)"
114.119.141.73 - - [20/Nov/2022:21:58:07 +0100] "GET /apps/school/www_old_temp/AutodeskForge/learn.forge.viewmodels-nodejs/node_modules/on-finished/HISTORY.md HTTP/1.1" 200 1694 "http://kulturdokumentation.se/apps/school/www_old_temp/AutodeskForge/learn.forge.viewmodels-nodejs/node_modules/on-finished/?C=N%3BO%3DD" "Mozilla/5.0 (Linux; Android 7.0;) AppleWebKit/537.36 (KHTML, like Gecko) Mobile Safari/537.36 (compatible; PetalBot;+https://webmaster.petalsearch.com/site/petalbot)"
66.249.66.53 - - [20/Nov/2022:21:58:41 +0100] "GET /index.php?page=content&id=3 HTTP/1.1" 200 4717 "-" "Mozilla/5.0 (Linux; Android 6.0.1; Nexus 5X Build/MMB29P) AppleWebKit/537.36 (KHTML, like Gecko) Chrome/107.0.5304.110 Mobile Safari/537.36 (compatible; Googlebot/2.1; +http://www.google.com/bot.html)"
114.119.134.152 - - [20/Nov/2022:21:59:10 +0100] "GET /apps/school/www_old6/img/LevelF/Category2/LevelFCat2Lesson27/?C=D%3BO%3DA HTTP/1.1" 200 528 "http://kulturdokumentation.com/apps/school/www_old6/img/LevelF/Category2/LevelFCat2Lesson27/?C=N%3BO%3DD" "Mozilla/5.0 (Linux; Android 7.0;) AppleWebKit/537.36 (KHTML, like Gecko) Mobile Safari/537.36 (compatible; PetalBot;+https://webmaster.petalsearch.com/site/petalbot)"
54.36.148.209 - - [20/Nov/2022:22:00:36 +0100] "GET /apps/school/www_old2/Html/LevelA/Category2/?C=N;O=D HTTP/1.1" 200 637 "-" "Mozilla/5.0 (compatible; AhrefsBot/7.0; +http://ahrefs.com/robot/)"
65.154.226.166 - - [20/Nov/2022:22:00:57 +0100] "GET / HTTP/1.1" 302 207 "-" "Mozilla/5.0 (Windows NT 10.0; Win64; x64) AppleWebKit/537.36 (KHTML, like Gecko) Chrome/76.0.3809.71 Safari/537.36"
65.154.226.166 - - [20/Nov/2022:22:00:59 +0100] "GET / HTTP/1.1" 200 13133 "-" "Mozilla/5.0 (Windows NT 10.0; Win64; x64) AppleWebKit/537.36 (KHTML, like Gecko) Chrome/76.0.3809.71 Safari/537.36"
