95.163.255.34 - - [21/Nov/2022:07:08:42 +0100] "GET /?page=laserscanning HTTP/1.1" 200 13128 "-" "Mozilla/5.0 (compatible; Linux x86_64; Mail.RU_Bot/2.0; +https://help.mail.ru/webmaster/indexing/robots)"
14.98.175.41 - - [21/Nov/2022:07:08:44 +0100] "GET /notifications.php?days=5 HTTP/1.1" 200 3179 "-" "Mozilla/5.0 (Windows NT 6.1; Win64; x64) AppleWebKit/537.36 (KHTML, like Gecko) Chrome/107.0.0.0 Safari/537.36"
207.180.221.167 - - [21/Nov/2022:07:09:00 +0100] "GET /apps/school/www_old5/img/LevelF/Category2/LevelFCat2Lesson26/?C=N;O=A HTTP/1.1" 200 542 "-" "Mozilla/5.0 (compatible; MJ12bot/v1.4.8; http://mj12bot.com/)"
207.180.221.167 - - [21/Nov/2022:07:09:10 +0100] "GET /apps/school/www_old6/img/LevelA/Category2/LevelACat2Lesson16/?C=N;O=A HTTP/1.1" 200 510 "-" "Mozilla/5.0 (compatible; MJ12bot/v1.4.8; http://mj12bot.com/)"
207.180.221.167 - - [21/Nov/2022:07:09:24 +0100] "GET /apps/school/www_old6/img/LevelE/Category3/LevelECat3Lesson22/?C=D;O=A HTTP/1.1" 200 445 "-" "Mozilla/5.0 (compatible; MJ12bot/v1.4.8; http://mj12bot.com/)"
207.180.221.167 - - [21/Nov/2022:07:09:34 +0100] "GET /apps/school/www_old6/img/LevelE/Category3/LevelECat3Lesson22/?C=M;O=A HTTP/1.1" 200 445 "-" "Mozilla/5.0 (compatible; MJ12bot/v1.4.8; http://mj12bot.com/)"
207.180.221.167 - - [21/Nov/2022:07:09:40 +0100] "GET /apps/school/www_old6/img/LevelE/Category3/LevelECat3Lesson22/?C=S;O=A HTTP/1.1" 200 445 "-" "Mozilla/5.0 (compatible; MJ12bot/v1.4.8; http://mj12bot.com/)"
114.119.132.76 - - [21/Nov/2022:07:09:49 +0100] "GET /apps/school/www_old8/img/LevelF/Category1/LevelFCat1Lesson32/?C=M%3BO%3DA HTTP/1.1" 200 494 "http://kulturdokumentation.se/apps/school/www_old8/img/LevelF/Category1/LevelFCat1Lesson32/?C=M%3BO%3DA" "Mozilla/5.0 (Linux; Android 7.0;) AppleWebKit/537.36 (KHTML, like Gecko) Mobile Safari/537.36 (compatible; PetalBot;+https://webmaster.petalsearch.com/site/petalbot)"
207.180.221.167 - - [21/Nov/2022:07:09:49 +0100] "GET /apps/school/www_old8/img/LevelD/Category1/LevelDCat1Lesson36/?C=D;O=A HTTP/1.1" 200 499 "-" "Mozilla/5.0 (compatible; MJ12bot/v1.4.8; http://mj12bot.com/)"
66.249.66.91 - - [21/Nov/2022:07:09:58 +0100] "GET /digitaltwin/images/truview.png HTTP/1.1" 200 20552 "-" "Googlebot-Image/1.0"
207.180.221.167 - - [21/Nov/2022:07:09:59 +0100] "GET /apps/school/www_old8/img/LevelD/Category1/LevelDCat1Lesson36/?C=S;O=A HTTP/1.1" 200 499 "-" "Mozilla/5.0 (compatible; MJ12bot/v1.4.8; http://mj12bot.com/)"
207.180.221.167 - - [21/Nov/2022:07:10:11 +0100] "GET /apps/school/www_old8/img/LevelF/Category1/LevelFCat1Lesson04/?C=S;O=A HTTP/1.1" 200 448 "-" "Mozilla/5.0 (compatible; MJ12bot/v1.4.8; http://mj12bot.com/)"
207.180.221.167 - - [21/Nov/2022:07:10:17 +0100] "GET /apps/school/www_old8/img/LevelF/Category1/LevelFCat1Lesson16/?C=S;O=A HTTP/1.1" 200 450 "-" "Mozilla/5.0 (compatible; MJ12bot/v1.4.8; http://mj12bot.com/)"
207.180.221.167 - - [21/Nov/2022:07:10:32 +0100] "GET /apps/school/www_old8/img/LevelF/Category1/LevelFCat1Lesson17/?C=D;O=A HTTP/1.1" 200 450 "-" "Mozilla/5.0 (compatible; MJ12bot/v1.4.8; http://mj12bot.com/)"
207.180.221.167 - - [21/Nov/2022:07:10:41 +0100] "GET /apps/school/www_old8/img/LevelF/Category1/LevelFCat1Lesson17/?C=S;O=A HTTP/1.1" 200 450 "-" "Mozilla/5.0 (compatible; MJ12bot/v1.4.8; http://mj12bot.com/)"
207.180.221.167 - - [21/Nov/2022:07:10:51 +0100] "GET /apps/school/www_old8/img/LevelF/Category1/LevelFCat1Lesson32/?C=S;O=A HTTP/1.1" 200 494 "-" "Mozilla/5.0 (compatible; MJ12bot/v1.4.8; http://mj12bot.com/)"
54.36.148.85 - - [21/Nov/2022:07:10:54 +0100] "GET /apps/school/www_old4/res/screen/?C=N;O=D HTTP/1.1" 200 406 "-" "Mozilla/5.0 (compatible; AhrefsBot/7.0; +http://ahrefs.com/robot/)"
207.180.221.167 - - [21/Nov/2022:07:10:58 +0100] "GET /apps/school/www_old8/img/LevelF/Category1/LevelFCat1Lesson41/?C=D;O=A HTTP/1.1" 200 449 "-" "Mozilla/5.0 (compatible; MJ12bot/v1.4.8; http://mj12bot.com/)"
207.180.221.167 - - [21/Nov/2022:07:11:07 +0100] "GET /apps/school/www_old8/img/LevelF/Category1/LevelFCat1Lesson41/?C=M;O=A HTTP/1.1" 200 449 "-" "Mozilla/5.0 (compatible; MJ12bot/v1.4.8; http://mj12bot.com/)"
207.180.221.167 - - [21/Nov/2022:07:11:16 +0100] "GET /apps/school/www_old8/img/LevelG/Category1/LevelGCat1Lesson38/?C=D;O=A HTTP/1.1" 200 445 "-" "Mozilla/5.0 (compatible; MJ12bot/v1.4.8; http://mj12bot.com/)"
114.119.134.165 - - [21/Nov/2022:07:11:21 +0100] "GET /apps/school/www_old3/Html/LevelB/Category1/LevelBCat1Lesson20.html HTTP/1.1" 200 2747 "http://kulturdokumentation.com/apps/school/www_old3/Html/LevelB/Category1?C=D%3BO%3DA" "Mozilla/5.0 (Linux; Android 7.0;) AppleWebKit/537.36 (KHTML, like Gecko) Mobile Safari/537.36 (compatible; PetalBot;+https://webmaster.petalsearch.com/site/petalbot)"
207.180.221.167 - - [21/Nov/2022:07:11:35 +0100] "GET /apps/school/www_old8/img/LevelH/Category1/LevelHCat1Lesson45/ HTTP/1.1" 200 464 "-" "Mozilla/5.0 (compatible; MJ12bot/v1.4.8; http://mj12bot.com/)"
207.180.221.167 - - [21/Nov/2022:07:11:44 +0100] "GET /apps/school/www_old9/img/LevelB/Category2/ HTTP/1.1" 200 554 "-" "Mozilla/5.0 (compatible; MJ12bot/v1.4.8; http://mj12bot.com/)"
207.180.221.167 - - [21/Nov/2022:07:11:51 +0100] "GET /apps/school/www_old9/img/LevelC/Category3/ HTTP/1.1" 200 604 "-" "Mozilla/5.0 (compatible; MJ12bot/v1.4.8; http://mj12bot.com/)"
207.180.221.167 - - [21/Nov/2022:07:12:02 +0100] "GET /apps/school/www_old9/img/LevelD/Category2/ HTTP/1.1" 200 617 "-" "Mozilla/5.0 (compatible; MJ12bot/v1.4.8; http://mj12bot.com/)"
207.180.221.167 - - [21/Nov/2022:07:12:16 +0100] "GET /apps/school/www_old9/img/LevelE/Category2/ HTTP/1.1" 200 570 "-" "Mozilla/5.0 (compatible; MJ12bot/v1.4.8; http://mj12bot.com/)"
207.180.221.167 - - [21/Nov/2022:07:12:24 +0100] "GET /apps/school/www_old9/img/LevelE/Category3/ HTTP/1.1" 200 621 "-" "Mozilla/5.0 (compatible; MJ12bot/v1.4.8; http://mj12bot.com/)"
207.180.221.167 - - [21/Nov/2022:07:12:29 +0100] "GET /apps/school/www_old9/img/LevelF/Category2/ HTTP/1.1" 200 718 "-" "Mozilla/5.0 (compatible; MJ12bot/v1.4.8; http://mj12bot.com/)"
207.180.221.167 - - [21/Nov/2022:07:12:42 +0100] "GET /apps/school/www_old_temp/AutodeskForge/learn.forge.viewmodels-nodejs/node_modules/typedarray/test/server/ HTTP/1.1" 200 485 "-" "Mozilla/5.0 (compatible; MJ12bot/v1.4.8; http://mj12bot.com/)"
207.180.221.167 - - [21/Nov/2022:07:12:52 +0100] "GET /apps/school/www_old_temp/img/LevelA/Category1/LevelACat1Lesson07/?C=S;O=A HTTP/1.1" 200 561 "-" "Mozilla/5.0 (compatible; MJ12bot/v1.4.8; http://mj12bot.com/)"
207.180.221.167 - - [21/Nov/2022:07:13:04 +0100] "GET /apps/school/www_old_temp/img/LevelA/Category1/LevelACat1Lesson30/?C=N;O=A HTTP/1.1" 200 547 "-" "Mozilla/5.0 (compatible; MJ12bot/v1.4.8; http://mj12bot.com/)"
207.180.221.167 - - [21/Nov/2022:07:13:13 +0100] "GET /apps/school/www_old_temp/img/LevelA/Category1/LevelACat1Lesson30/?C=S;O=A HTTP/1.1" 200 548 "-" "Mozilla/5.0 (compatible; MJ12bot/v1.4.8; http://mj12bot.com/)"
207.180.221.167 - - [21/Nov/2022:07:13:23 +0100] "GET /sales/?week=-170 HTTP/1.1" 200 1599 "-" "Mozilla/5.0 (compatible; MJ12bot/v1.4.8; http://mj12bot.com/)"
207.180.221.167 - - [21/Nov/2022:07:13:29 +0100] "GET /sales/?week=-180 HTTP/1.1" 200 1599 "-" "Mozilla/5.0 (compatible; MJ12bot/v1.4.8; http://mj12bot.com/)"
207.180.221.167 - - [21/Nov/2022:07:13:37 +0100] "GET /sales/?week=-29 HTTP/1.1" 200 1942 "-" "Mozilla/5.0 (compatible; MJ12bot/v1.4.8; http://mj12bot.com/)"
14.98.175.41 - - [21/Nov/2022:07:13:44 +0100] "-" 408 - "-" "-"
207.180.221.167 - - [21/Nov/2022:07:13:46 +0100] "GET /sales/?week=-30 HTTP/1.1" 200 1936 "-" "Mozilla/5.0 (compatible; MJ12bot/v1.4.8; http://mj12bot.com/)"
207.180.221.167 - - [21/Nov/2022:07:13:52 +0100] "GET /sales/?week=-31 HTTP/1.1" 200 1936 "-" "Mozilla/5.0 (compatible; MJ12bot/v1.4.8; http://mj12bot.com/)"
207.180.221.167 - - [21/Nov/2022:07:14:09 +0100] "GET /sales/?week=-38 HTTP/1.1" 200 1929 "-" "Mozilla/5.0 (compatible; MJ12bot/v1.4.8; http://mj12bot.com/)"
207.180.221.167 - - [21/Nov/2022:07:14:18 +0100] "GET /sales/?week=18 HTTP/1.1" 200 1595 "-" "Mozilla/5.0 (compatible; MJ12bot/v1.4.8; http://mj12bot.com/)"
207.180.221.167 - - [21/Nov/2022:07:14:25 +0100] "GET /sales/?week=19 HTTP/1.1" 200 1595 "-" "Mozilla/5.0 (compatible; MJ12bot/v1.4.8; http://mj12bot.com/)"
207.180.221.167 - - [21/Nov/2022:07:14:31 +0100] "GET /sales/?week=27 HTTP/1.1" 200 1594 "-" "Mozilla/5.0 (compatible; MJ12bot/v1.4.8; http://mj12bot.com/)"
::1 - - [21/Nov/2022:07:14:49 +0100] "OPTIONS * HTTP/1.0" 200 - "-" "Apache/2.4.7 (Ubuntu) PHP/5.5.9-1ubuntu4.29 OpenSSL/1.0.1f (internal dummy connection)"
216.244.66.239 - - [21/Nov/2022:07:15:01 +0100] "GET /apps/school/www_old10/img/LevelA/Category1/LevelACat1Lesson30/?C=S;O=A HTTP/1.1" 200 1031 "-" "Mozilla/5.0 (compatible; DotBot/1.2; +https://opensiteexplorer.org/dotbot; help@moz.com)"
216.244.66.239 - - [21/Nov/2022:07:15:04 +0100] "GET /apps/school/www_old6/img/LevelA/Category1/LevelACat1Lesson27/?C=D;O=A HTTP/1.1" 200 1040 "-" "Mozilla/5.0 (compatible; DotBot/1.2; +https://opensiteexplorer.org/dotbot; help@moz.com)"
216.244.66.239 - - [21/Nov/2022:07:15:06 +0100] "GET /apps/school/www_old6/img/LevelE/Category2/LevelECat2Lesson13/?C=D;O=A HTTP/1.1" 200 1028 "-" "Mozilla/5.0 (compatible; DotBot/1.2; +https://opensiteexplorer.org/dotbot; help@moz.com)"
216.244.66.239 - - [21/Nov/2022:07:15:08 +0100] "GET /apps/school/www_old6/img/LevelG/Category1/LevelGCat1Lesson26/?C=M;O=A HTTP/1.1" 200 1032 "-" "Mozilla/5.0 (compatible; DotBot/1.2; +https://opensiteexplorer.org/dotbot; help@moz.com)"
216.244.66.239 - - [21/Nov/2022:07:15:09 +0100] "GET /apps/school/www_old8/img/LevelE/Category2/LevelECat2Lesson19/?C=S;O=A HTTP/1.1" 200 1018 "-" "Mozilla/5.0 (compatible; DotBot/1.2; +https://opensiteexplorer.org/dotbot; help@moz.com)"
216.244.66.239 - - [21/Nov/2022:07:15:11 +0100] "GET /apps/school/www_old9/img/LevelF/Category2/LevelFCat2Lesson27/?C=M;O=A HTTP/1.1" 200 2030 "-" "Mozilla/5.0 (compatible; DotBot/1.2; +https://opensiteexplorer.org/dotbot; help@moz.com)"
54.36.149.53 - - [21/Nov/2022:07:15:13 +0100] "GET /apps/school/www/levels.html HTTP/1.1" 200 2074 "-" "Mozilla/5.0 (compatible; AhrefsBot/7.0; +http://ahrefs.com/robot/)"
185.191.171.5 - - [21/Nov/2022:07:15:25 +0100] "GET /index.php?id=12&page=content HTTP/1.1" 200 4794 "-" "Mozilla/5.0 (compatible; SemrushBot/7~bl; +http://www.semrush.com/bot.html)"
40.77.167.32 - - [21/Nov/2022:07:15:28 +0100] "GET /wp-content/uploads/2017/09/carl.jpg HTTP/1.1" 200 29374 "-" "Mozilla/5.0 (compatible; bingbot/2.0; +http://www.bing.com/bingbot.htm)"
66.249.66.90 - - [21/Nov/2022:07:16:27 +0100] "GET /digitaltwin/images/skogsgatan.png HTTP/1.1" 200 354411 "-" "Googlebot-Image/1.0"
95.163.255.34 - - [21/Nov/2022:07:16:58 +0100] "GET /robots.txt HTTP/1.0" 404 208 "-" "Mozilla/5.0 (compatible; Linux x86_64; Mail.RU_Bot/2.0; +https://help.mail.ru/webmaster/indexing/robots)"
95.163.255.37 - - [21/Nov/2022:07:17:01 +0100] "GET /loggain.php HTTP/1.1" 200 2565 "-" "Mozilla/5.0 (compatible; Linux x86_64; Mail.RU_Bot/2.0; +https://help.mail.ru/webmaster/indexing/robots)"
143.198.35.191 - - [21/Nov/2022:07:17:36 +0100] "GET / HTTP/1.0" 400 362 "-" "-"
54.36.148.226 - - [21/Nov/2022:07:18:13 +0100] "GET /apps/school/www_old8/img/LevelD/Category2/LevelDCat2Lesson22/?C=M;O=A HTTP/1.1" 200 555 "-" "Mozilla/5.0 (compatible; AhrefsBot/7.0; +http://ahrefs.com/robot/)"
88.131.253.147 - - [21/Nov/2022:07:18:38 +0100] "GET /project/download_singel_file.php?file=/Files%20from%20Customer/221117/114-2-3211.pdf&projectId=33379&customerId=879 HTTP/1.1" 200 221142 "https://icad.astacus.se/project/index.php?page=project&projectId=33379&companyId=$&path=/Files%20from%20Customer/221117" "Mozilla/5.0 (Windows NT 10.0; Win64; x64; rv:106.0) Gecko/20100101 Firefox/106.0"
185.191.171.19 - - [21/Nov/2022:07:18:57 +0100] "GET /robots.txt HTTP/1.1" 404 208 "-" "Mozilla/5.0 (compatible; SemrushBot/7~bl; +http://www.semrush.com/bot.html)"
185.191.171.6 - - [21/Nov/2022:07:18:58 +0100] "GET /login/login.php HTTP/1.1" 302 11 "-" "Mozilla/5.0 (compatible; SemrushBot/7~bl; +http://www.semrush.com/bot.html)"
185.191.171.10 - - [21/Nov/2022:07:19:00 +0100] "GET /loggain.php?message=Fel%20anv%E4ndarnamn%20eller%20l%F6senord%21 HTTP/1.1" 200 2622 "-" "Mozilla/5.0 (compatible; SemrushBot/7~bl; +http://www.semrush.com/bot.html)"
31.208.8.2 - - [21/Nov/2022:07:19:00 +0100] "GET /energicontrol/strandis/index.php HTTP/1.1" 200 6565 "http://appsrv.astacus.se/energicontrol/strandis/index.php" "Mozilla/5.0 (iPhone; CPU iPhone OS 16_1_1 like Mac OS X) AppleWebKit/605.1.15 (KHTML, like Gecko) Version/16.1 Mobile/15E148 Safari/604.1"
185.191.171.21 - - [21/Nov/2022:07:19:37 +0100] "GET /?keyword=Avlastningsyta&page=result HTTP/1.1" 200 3261 "-" "Mozilla/5.0 (compatible; SemrushBot/7~bl; +http://www.semrush.com/bot.html)"
114.119.141.71 - - [21/Nov/2022:07:20:03 +0100] "GET /apps/school/www_old3/img/LevelC/Category1/LevelCCat1Lesson2/?C=S%3BO%3DA HTTP/1.1" 200 450 "http://kulturdokumentation.se/apps/school/www_old3/img/LevelC/Category1/LevelCCat1Lesson2/?C=S%3BO%3DA" "Mozilla/5.0 (Linux; Android 7.0;) AppleWebKit/537.36 (KHTML, like Gecko) Mobile Safari/537.36 (compatible; PetalBot;+https://webmaster.petalsearch.com/site/petalbot)"
54.36.148.54 - - [21/Nov/2022:07:20:08 +0100] "GET /apps/school/www_old9/img/LevelH/Category1/LevelHCat1Lesson35/?C=D;O=A HTTP/1.1" 200 451 "-" "Mozilla/5.0 (compatible; AhrefsBot/7.0; +http://ahrefs.com/robot/)"
34.220.192.229 - - [21/Nov/2022:07:21:32 +0100] "GET / HTTP/1.1" 200 2537 "-" "Mozilla/5.0 (X11; Linux x86_64) AppleWebKit/537.36 (KHTML, like Gecko) Chrome/83.0.4103.97 Safari/537.36"
54.70.247.21 - - [21/Nov/2022:07:21:33 +0100] "GET / HTTP/1.1" 200 2537 "-" "Mozilla/5.0 (X11; Linux x86_64) AppleWebKit/537.36 (KHTML, like Gecko) Chrome/83.0.4103.97 Safari/537.36"
34.213.6.209 - - [21/Nov/2022:07:21:38 +0100] "GET / HTTP/1.1" 200 1772 "-" "Mozilla/5.0 (X11; Linux x86_64) AppleWebKit/537.36 (KHTML, like Gecko) Chrome/83.0.4103.97 Safari/537.36"
66.249.66.91 - - [21/Nov/2022:07:22:56 +0100] "GET /digitaltwin/images/forge.png HTTP/1.1" 200 43048 "-" "Googlebot-Image/1.0"
54.36.148.4 - - [21/Nov/2022:07:22:57 +0100] "GET /apps/school/www_old4/img/LevelC/?C=D;O=A HTTP/1.1" 200 429 "-" "Mozilla/5.0 (compatible; AhrefsBot/7.0; +http://ahrefs.com/robot/)"
14.98.175.41 - - [21/Nov/2022:07:24:39 +0100] "GET /notifications.php?days=5 HTTP/1.1" 200 3179 "-" "Mozilla/5.0 (Windows NT 6.1; Win64; x64) AppleWebKit/537.36 (KHTML, like Gecko) Chrome/107.0.0.0 Safari/537.36"
114.119.141.51 - - [21/Nov/2022:07:25:07 +0100] "GET /apps/school/www_old8/img/LevelE/Category3/LevelECat3Lesson26/cricket.png HTTP/1.1" 200 12394 "http://kulturdokumentation.se/apps/school/www_old8/Html/LevelE/Category3/LevelECat3Lesson26.html" "Mozilla/5.0 (Linux; Android 7.0;) AppleWebKit/537.36 (KHTML, like Gecko) Mobile Safari/537.36 (compatible; PetalBot;+https://webmaster.petalsearch.com/site/petalbot)"
31.208.8.2 - - [21/Nov/2022:07:24:53 +0100] "GET /energicontrol/strandis/index.php HTTP/1.1" 200 6575 "http://appsrv.astacus.se/energicontrol/strandis/index.php" "Mozilla/5.0 (iPhone; CPU iPhone OS 16_1_1 like Mac OS X) AppleWebKit/605.1.15 (KHTML, like Gecko) Version/16.1 Mobile/15E148 Safari/604.1"
34.222.119.53 - - [21/Nov/2022:07:25:30 +0100] "GET /favicon.ico HTTP/1.1" 404 209 "-" "Mozilla/5.0 (X11; Linux x86_64) AppleWebKit/537.36 (KHTML, like Gecko) Chrome/83.0.4103.97 Safari/537.36"
34.222.119.53 - - [21/Nov/2022:07:25:33 +0100] "GET / HTTP/1.1" 200 2537 "-" "Mozilla/5.0 (X11; Linux x86_64) AppleWebKit/537.36 (KHTML, like Gecko) Chrome/83.0.4103.97 Safari/537.36"
207.46.13.191 - - [21/Nov/2022:07:25:50 +0100] "GET /fi2/valuelists/ASTACUS_LOCUM_001.xml HTTP/1.1" 200 700 "-" "Mozilla/5.0 (compatible; bingbot/2.0; +http://www.bing.com/bingbot.htm)"
54.36.148.144 - - [21/Nov/2022:07:26:08 +0100] "GET /apps/school/www_old4/img/LevelC/?C=M;O=A HTTP/1.1" 200 430 "-" "Mozilla/5.0 (compatible; AhrefsBot/7.0; +http://ahrefs.com/robot/)"
114.119.134.165 - - [21/Nov/2022:07:26:45 +0100] "GET /apps/school/www_old9/img/LevelE/Category2/?C=M%3BO%3DA HTTP/1.1" 200 570 "http://kulturdokumentation.com/apps/school/www_old9/img/LevelE/Category2/?C=D%3BO%3DA" "Mozilla/5.0 (Linux; Android 7.0;) AppleWebKit/537.36 (KHTML, like Gecko) Mobile Safari/537.36 (compatible; PetalBot;+https://webmaster.petalsearch.com/site/petalbot)"
14.98.175.41 - - [21/Nov/2022:07:26:52 +0100] "GET /productionzon/index.php?page=project&projectId=33385 HTTP/1.1" 200 4589 "https://icad.astacus.se/productionzon/index.php" "Mozilla/5.0 (Windows NT 10.0; Win64; x64) AppleWebKit/537.36 (KHTML, like Gecko) Chrome/107.0.0.0 Safari/537.36"
14.98.175.41 - - [21/Nov/2022:07:27:02 +0100] "GET /productionzon/index.php?page=upload&projectId=33385 HTTP/1.1" 200 2620 "https://icad.astacus.se/productionzon/index.php?page=project&projectId=33385" "Mozilla/5.0 (Windows NT 10.0; Win64; x64) AppleWebKit/537.36 (KHTML, like Gecko) Chrome/107.0.0.0 Safari/537.36"
14.98.175.41 - - [21/Nov/2022:07:27:09 +0100] "GET /productionzon/createfolder.php?projectId=33385&path=&foldername=221121 HTTP/1.1" 302 - "https://icad.astacus.se/productionzon/index.php?page=upload&projectId=33385" "Mozilla/5.0 (Windows NT 10.0; Win64; x64) AppleWebKit/537.36 (KHTML, like Gecko) Chrome/107.0.0.0 Safari/537.36"
14.98.175.41 - - [21/Nov/2022:07:27:09 +0100] "GET /productionzon/index.php?page=upload&projectId=33385&path=/221121 HTTP/1.1" 200 2631 "https://icad.astacus.se/productionzon/index.php?page=upload&projectId=33385" "Mozilla/5.0 (Windows NT 10.0; Win64; x64) AppleWebKit/537.36 (KHTML, like Gecko) Chrome/107.0.0.0 Safari/537.36"
14.98.175.41 - - [21/Nov/2022:07:27:10 +0100] "GET /productionzon/index.php?page=files&projectId=33385&path=/221121 HTTP/1.1" 200 3280 "https://icad.astacus.se/productionzon/index.php?page=upload&projectId=33385&path=/221121" "Mozilla/5.0 (Windows NT 10.0; Win64; x64) AppleWebKit/537.36 (KHTML, like Gecko) Chrome/107.0.0.0 Safari/537.36"
14.98.175.41 - - [21/Nov/2022:07:27:10 +0100] "GET /productionzon/index.php?page=files&projectId=33385&path=/221121 HTTP/1.1" 200 3280 "https://icad.astacus.se/productionzon/index.php?page=files&projectId=33385&path=/221121" "Mozilla/5.0 (Windows NT 10.0; Win64; x64) AppleWebKit/537.36 (KHTML, like Gecko) Chrome/107.0.0.0 Safari/537.36"
34.222.97.128 - - [21/Nov/2022:07:27:14 +0100] "GET /favicon.ico HTTP/1.1" 404 209 "-" "Mozilla/5.0 (X11; Linux x86_64) AppleWebKit/537.36 (KHTML, like Gecko) Chrome/83.0.4103.97 Safari/537.36"
14.98.175.41 - - [21/Nov/2022:07:27:14 +0100] "POST /productionzon/DirUpload.php?projectId=33385&customerId=172&path=/221121 HTTP/1.1" 200 - "https://icad.astacus.se/productionzon/index.php?page=files&projectId=33385&path=/221121" "Mozilla/5.0 (Windows NT 10.0; Win64; x64) AppleWebKit/537.36 (KHTML, like Gecko) Chrome/107.0.0.0 Safari/537.36"
14.98.175.41 - - [21/Nov/2022:07:27:16 +0100] "POST /productionzon/DirUpload.php?projectId=33385&customerId=172&path=/221121 HTTP/1.1" 200 - "https://icad.astacus.se/productionzon/index.php?page=files&projectId=33385&path=/221121" "Mozilla/5.0 (Windows NT 10.0; Win64; x64) AppleWebKit/537.36 (KHTML, like Gecko) Chrome/107.0.0.0 Safari/537.36"
14.98.175.41 - - [21/Nov/2022:07:27:16 +0100] "GET /productionzon/index.php?page=upload&projectId=33385&companyId=172&path=/221121&uploaded=true HTTP/1.1" 200 2811 "https://icad.astacus.se/productionzon/index.php?page=files&projectId=33385&path=/221121" "Mozilla/5.0 (Windows NT 10.0; Win64; x64) AppleWebKit/537.36 (KHTML, like Gecko) Chrome/107.0.0.0 Safari/537.36"
34.222.97.128 - - [21/Nov/2022:07:27:17 +0100] "GET / HTTP/1.1" 200 2537 "-" "Mozilla/5.0 (X11; Linux x86_64) AppleWebKit/537.36 (KHTML, like Gecko) Chrome/83.0.4103.97 Safari/537.36"
14.98.175.41 - - [21/Nov/2022:07:27:18 +0100] "GET /productionzon/index.php?page=logg&projectId=33385 HTTP/1.1" 200 3901 "https://icad.astacus.se/productionzon/index.php?page=upload&projectId=33385&companyId=172&path=/221121&uploaded=true" "Mozilla/5.0 (Windows NT 10.0; Win64; x64) AppleWebKit/537.36 (KHTML, like Gecko) Chrome/107.0.0.0 Safari/537.36"
111.93.24.58 - - [21/Nov/2022:07:27:52 +0100] "GET /project/index.php?AdmincountryId=Alla HTTP/1.1" 200 113772 "https://icad.astacus.se/project/index.php?projectId=33191&page=project_production&button11=Show" "Mozilla/5.0 (Windows NT 10.0; Win64; x64; rv:107.0) Gecko/20100101 Firefox/107.0"
14.98.175.41 - - [21/Nov/2022:07:28:05 +0100] "POST /productionzon/addlogg.php?ProjectId=33385&type=logg HTTP/1.1" 302 - "https://icad.astacus.se/productionzon/index.php?page=logg&projectId=33385" "Mozilla/5.0 (Windows NT 10.0; Win64; x64) AppleWebKit/537.36 (KHTML, like Gecko) Chrome/107.0.0.0 Safari/537.36"
14.98.175.41 - - [21/Nov/2022:07:28:06 +0100] "GET /productionzon/index.php?page=logg&projectId=33385 HTTP/1.1" 200 4194 "https://icad.astacus.se/productionzon/index.php?page=logg&projectId=33385" "Mozilla/5.0 (Windows NT 10.0; Win64; x64) AppleWebKit/537.36 (KHTML, like Gecko) Chrome/107.0.0.0 Safari/537.36"
14.98.175.41 - - [21/Nov/2022:07:28:07 +0100] "GET /productionzon/index.php?page=project&projectId=33385 HTTP/1.1" 200 4589 "https://icad.astacus.se/productionzon/index.php?page=logg&projectId=33385" "Mozilla/5.0 (Windows NT 10.0; Win64; x64) AppleWebKit/537.36 (KHTML, like Gecko) Chrome/107.0.0.0 Safari/537.36"
111.93.24.58 - - [21/Nov/2022:07:28:10 +0100] "GET /project/index.php?projectId=33190&page=project_production&button11=Show HTTP/1.1" 200 6363 "https://icad.astacus.se/project/index.php?AdmincountryId=Alla" "Mozilla/5.0 (Windows NT 10.0; Win64; x64; rv:107.0) Gecko/20100101 Firefox/107.0"
14.98.175.41 - - [21/Nov/2022:07:28:12 +0100] "POST /productionzon/setestimate.php?projectId=33385 HTTP/1.1" 302 - "https://icad.astacus.se/productionzon/index.php?page=project&projectId=33385" "Mozilla/5.0 (Windows NT 10.0; Win64; x64) AppleWebKit/537.36 (KHTML, like Gecko) Chrome/107.0.0.0 Safari/537.36"
14.98.175.41 - - [21/Nov/2022:07:28:12 +0100] "GET /productionzon/index.php?page=project&projectId=33385 HTTP/1.1" 200 4591 "https://icad.astacus.se/productionzon/index.php?page=project&projectId=33385" "Mozilla/5.0 (Windows NT 10.0; Win64; x64) AppleWebKit/537.36 (KHTML, like Gecko) Chrome/107.0.0.0 Safari/537.36"
14.98.175.41 - - [21/Nov/2022:07:28:13 +0100] "GET /productionzon/action.php?projectId=33385&action=delivered HTTP/1.1" 302 - "https://icad.astacus.se/productionzon/index.php?page=project&projectId=33385" "Mozilla/5.0 (Windows NT 10.0; Win64; x64) AppleWebKit/537.36 (KHTML, like Gecko) Chrome/107.0.0.0 Safari/537.36"
14.98.175.41 - - [21/Nov/2022:07:28:13 +0100] "GET /productionzon/index.php?page=project&projectId=33385 HTTP/1.1" 200 4586 "https://icad.astacus.se/productionzon/index.php?page=project&projectId=33385" "Mozilla/5.0 (Windows NT 10.0; Win64; x64) AppleWebKit/537.36 (KHTML, like Gecko) Chrome/107.0.0.0 Safari/537.36"
::1 - - [21/Nov/2022:07:28:31 +0100] "OPTIONS * HTTP/1.0" 200 - "-" "Apache/2.4.7 (Ubuntu) PHP/5.5.9-1ubuntu4.29 OpenSSL/1.0.1f (internal dummy connection)"
54.36.148.86 - - [21/Nov/2022:07:29:05 +0100] "GET /apps/school/www_old4/img/LevelC/Category1/LevelCCat1Lesson10/?C=S;O=A HTTP/1.1" 200 476 "-" "Mozilla/5.0 (compatible; AhrefsBot/7.0; +http://ahrefs.com/robot/)"
114.119.141.30 - - [21/Nov/2022:07:29:36 +0100] "GET /example/AutoCAD2D-DWG.dwg HTTP/1.1" 200 84578 "http://www.simplebim.se/exempel.php" "Mozilla/5.0 (Linux; Android 7.0;) AppleWebKit/537.36 (KHTML, like Gecko) Mobile Safari/537.36 (compatible; PetalBot;+https://webmaster.petalsearch.com/site/petalbot)"
14.98.175.41 - - [21/Nov/2022:07:29:39 +0100] "-" 408 - "-" "-"
14.98.175.41 - - [21/Nov/2022:07:29:50 +0100] "GET /notifications.php?days=5 HTTP/1.1" 200 3179 "-" "Mozilla/5.0 (Windows NT 6.1; Win64; x64) AppleWebKit/537.36 (KHTML, like Gecko) Chrome/107.0.0.0 Safari/537.36"
114.119.141.52 - - [21/Nov/2022:07:30:12 +0100] "GET /apps/school/www_old4/img/LevelD/Category1/LevelDCat1Lesson16/?C=N%3BO%3DD HTTP/1.1" 200 448 "http://kulturdokumentation.se/apps/school/www_old4/img/LevelD/Category1/LevelDCat1Lesson16/?C=M%3BO%3DA" "Mozilla/5.0 (Linux; Android 7.0;) AppleWebKit/537.36 (KHTML, like Gecko) Mobile Safari/537.36 (compatible; PetalBot;+https://webmaster.petalsearch.com/site/petalbot)"
14.98.175.41 - - [21/Nov/2022:07:30:21 +0100] "GET /notifications.php?days=4 HTTP/1.1" 200 2918 "-" "Mozilla/5.0 (Windows NT 10.0; Win64; x64) AppleWebKit/537.36 (KHTML, like Gecko) Chrome/107.0.0.0 Safari/537.36"
14.98.175.41 - - [21/Nov/2022:07:30:23 +0100] "GET /notifications.php?days=4 HTTP/1.1" 200 2918 "-" "Mozilla/5.0 (Windows NT 10.0; Win64; x64) AppleWebKit/537.36 (KHTML, like Gecko) Chrome/107.0.0.0 Safari/537.36"
14.98.175.41 - - [21/Nov/2022:07:30:24 +0100] "GET /notifications.php?days=4 HTTP/1.1" 200 2918 "-" "Mozilla/5.0 (Windows NT 10.0; Win64; x64) AppleWebKit/537.36 (KHTML, like Gecko) Chrome/107.0.0.0 Safari/537.36"
88.131.253.147 - - [21/Nov/2022:07:30:54 +0100] "GET /timereport/savetime.php?str=%22[{\\%22rowid\\%22:1668754775754,\\%22projectid\\%22:\\%2210908\\%22,\\%22activityid\\%22:\\%226\\%22,\\%22activity\\%22:\\%22Produktion\\%22,\\%22intervall\\%22:\\%2207:00%20-%2008:30%20Rast:%2000:00\\%22,\\%22hrs\\%22:\\%2201:30\\%22,\\%22comment\\%22:\\%22\\%22,\\%22username\\%22:\\%22carina.strandberg@astacus.se\\%22,\\%22datum\\%22:\\%222022-11-18\\%22},{\\%22rowid\\%22:1668774173011,\\%22projectid\\%22:\\%2232366\\%22,\\%22activityid\\%22:\\%226\\%22,\\%22activity\\%22:\\%22Produktion\\%22,\\%22intervall\\%22:\\%2208:30%20-%2014:00%20Rast:%2000:00\\%22,\\%22hrs\\%22:\\%2205:30\\%22,\\%22comment\\%22:\\%22\\%22,\\%22username\\%22:\\%22carina.strandberg@astacus.se\\%22,\\%22datum\\%22:\\%222022-11-18\\%22},{\\%22rowid\\%22:1668774188691,\\%22projectid\\%22:\\%2210918\\%22,\\%22activityid\\%22:\\%226\\%22,\\%22activity\\%22:\\%22Produktion\\%22,\\%22intervall\\%22:\\%2214:00%20-%2015:30%20Rast:%2000:00\\%22,\\%22hrs\\%22:\\%2201:30\\%22,\\%22comment\\%22:\\%22\\%22,\\%22username\\%22:\\%22carina.strandberg@astacus.se\\%22,\\%22datum\\%22:\\%222022-11-18\\%22}]%22&username=carina.strandberg@astacus.se&workdate=2022-11-18&type=new HTTP/1.1" 302 - "http://appsrv.astacus.se/timereport/addtime.php?message=Tack,%20dina%20tider%20%E4r%20nu%20rapporterade!&result=1" "Mozilla/5.0 (Windows NT 10.0; Win64; x64) AppleWebKit/537.36 (KHTML, like Gecko) Chrome/107.0.0.0 Safari/537.36 Edg/107.0.1418.42"
88.131.253.147 - - [21/Nov/2022:07:30:54 +0100] "GET /timereport/addtime.php?message=Tack,%20dina%20tider%20%E4r%20nu%20rapporterade!%20MEN!%20Projektet%20verkar%20ha%20fel%20status%20p%E5%20AP%20d%E5%20det%20inte%20st%E5r%20i%20produktionsstatus,%20v%E4nligen%20dubbelkolla!&result=1 HTTP/1.1" 200 4869 "http://appsrv.astacus.se/timereport/addtime.php?message=Tack,%20dina%20tider%20%E4r%20nu%20rapporterade!&result=1" "Mozilla/5.0 (Windows NT 10.0; Win64; x64) AppleWebKit/537.36 (KHTML, like Gecko) Chrome/107.0.0.0 Safari/537.36 Edg/107.0.1418.42"
88.131.253.147 - - [21/Nov/2022:07:31:16 +0100] "GET /timereport/report_montly.php?month=11&year=2022&username=&show=%3C?%3C?%3C?%3C?%3C?%3C?%3C?%3C?%3C?%3C?%3C?%3C?%3C?%3C?%3C?%3C?%3C?%3C?%3C?%3C?%3C?%3C??%3E?%3E?%3E?%3E?%3E?%3E?%3E?%3E?%3E?%3E?%3E?%3E HTTP/1.1" 200 1252 "http://appsrv.astacus.se/timereport/report_montly.php?month=10&year=2022&username=&show=%3C?%3C?%3C?%3C?%3C?%3C?%3C?%3C?%3C?%3C?%3C?%3C?%3C?%3C?%3C?%3C?%3C?%3C?%3C?%3C?%3C??%3E?%3E?%3E?%3E?%3E?%3E?%3E?%3E?%3E?%3E?%3E" "Mozilla/5.0 (Windows NT 10.0; Win64; x64) AppleWebKit/537.36 (KHTML, like Gecko) Chrome/107.0.0.0 Safari/537.36 Edg/107.0.1418.42"
14.98.175.41 - - [21/Nov/2022:07:31:27 +0100] "GET / HTTP/1.1" 200 13133 "-" "Mozilla/5.0 (Windows NT 10.0; Win64; x64) AppleWebKit/537.36 (KHTML, like Gecko) Chrome/107.0.0.0 Safari/537.36 Edg/107.0.1418.52"
14.98.175.41 - - [21/Nov/2022:07:31:33 +0100] "GET /?page=loggain&goto=project HTTP/1.1" 200 1790 "https://www.astacus.se/" "Mozilla/5.0 (Windows NT 10.0; Win64; x64) AppleWebKit/537.36 (KHTML, like Gecko) Chrome/107.0.0.0 Safari/537.36 Edg/107.0.1418.52"
14.98.175.41 - - [21/Nov/2022:07:31:33 +0100] "GET /favicon.ico HTTP/1.1" 404 209 "https://icad.astacus.se/?page=loggain&goto=project" "Mozilla/5.0 (Windows NT 10.0; Win64; x64) AppleWebKit/537.36 (KHTML, like Gecko) Chrome/107.0.0.0 Safari/537.36 Edg/107.0.1418.52"
114.119.134.161 - - [21/Nov/2022:07:31:51 +0100] "GET /apps/school/www_old5/img/LevelH/Category1/LevelHCat1Lesson15/?C=S%3BO%3DA HTTP/1.1" 200 453 "http://kulturdokumentation.com/apps/school/www_old5/img/LevelH/Category1/LevelHCat1Lesson15/" "Mozilla/5.0 (Linux; Android 7.0;) AppleWebKit/537.36 (KHTML, like Gecko) Mobile Safari/537.36 (compatible; PetalBot;+https://webmaster.petalsearch.com/site/petalbot)"
54.36.148.157 - - [21/Nov/2022:07:32:29 +0100] "GET /apps/school/www_old4/img/LevelC/Category1/LevelCCat1Lesson10/?C=D;O=A HTTP/1.1" 200 477 "-" "Mozilla/5.0 (compatible; AhrefsBot/7.0; +http://ahrefs.com/robot/)"
88.131.253.147 - - [21/Nov/2022:07:32:42 +0100] "GET /project/download_singel_file.php?file=/Files%20from%20Customer/221117/114-2-3311.pdf&projectId=33379&customerId=879 HTTP/1.1" 200 220727 "https://icad.astacus.se/project/index.php?page=project&projectId=33379&companyId=$&path=/Files%20from%20Customer/221117" "Mozilla/5.0 (Windows NT 10.0; Win64; x64; rv:106.0) Gecko/20100101 Firefox/106.0"
88.131.253.147 - - [21/Nov/2022:07:32:52 +0100] "GET /project/index.php?page=project&projectId=33379&path=/Files%20from%20Customer HTTP/1.1" 200 8879 "https://icad.astacus.se/project/index.php?page=project&projectId=33379&companyId=$&path=/Files%20from%20Customer/221117" "Mozilla/5.0 (Windows NT 10.0; Win64; x64; rv:106.0) Gecko/20100101 Firefox/106.0"
88.131.253.147 - - [21/Nov/2022:07:32:54 +0100] "GET /project/index.php?page=project&projectId=33379&path= HTTP/1.1" 200 8950 "https://icad.astacus.se/project/index.php?page=project&projectId=33379&path=/Files%20from%20Customer" "Mozilla/5.0 (Windows NT 10.0; Win64; x64; rv:106.0) Gecko/20100101 Firefox/106.0"
88.131.253.147 - - [21/Nov/2022:07:32:55 +0100] "GET /project/index.php?page=project&projectId=33379&companyId=$&path=/Files%20from%20Customer HTTP/1.1" 200 8880 "https://icad.astacus.se/project/index.php?page=project&projectId=33379&path=" "Mozilla/5.0 (Windows NT 10.0; Win64; x64; rv:106.0) Gecko/20100101 Firefox/106.0"
207.46.13.159 - - [21/Nov/2022:07:32:56 +0100] "GET /astacusproject/ProjectSelected.do?projectId=11774 HTTP/1.1" 404 231 "-" "Mozilla/5.0 (compatible; bingbot/2.0; +http://www.bing.com/bingbot.htm)"
88.131.253.147 - - [21/Nov/2022:07:32:56 +0100] "GET /project/index.php?page=project&projectId=33379&companyId=$$&path=/Files%20from%20Customer/221117 HTTP/1.1" 200 8977 "https://icad.astacus.se/project/index.php?page=project&projectId=33379&companyId=$&path=/Files%20from%20Customer" "Mozilla/5.0 (Windows NT 10.0; Win64; x64; rv:106.0) Gecko/20100101 Firefox/106.0"
192.241.202.102 - - [21/Nov/2022:07:32:59 +0100] "GET /owa/auth/logon.aspx?url=https%3a%2f%2f1%2fecp%2f HTTP/1.1" 404 217 "-" "Mozilla/5.0 zgrab/0.x"
88.131.253.147 - - [21/Nov/2022:07:33:00 +0100] "GET /project/download_singel_file.php?file=/Files%20from%20Customer/221117/114-2-3311.pdf&projectId=33379&customerId=879 HTTP/1.1" 200 220727 "https://icad.astacus.se/project/index.php?page=project&projectId=33379&companyId=$$&path=/Files%20from%20Customer/221117" "Mozilla/5.0 (Windows NT 10.0; Win64; x64; rv:106.0) Gecko/20100101 Firefox/106.0"
88.131.253.147 - - [21/Nov/2022:07:33:03 +0100] "GET /project/index.php?page=project&projectId=33379&path=/Files%20from%20Customer HTTP/1.1" 200 8879 "https://icad.astacus.se/project/index.php?page=project&projectId=33379&companyId=$$&path=/Files%20from%20Customer/221117" "Mozilla/5.0 (Windows NT 10.0; Win64; x64; rv:106.0) Gecko/20100101 Firefox/106.0"
14.98.175.41 - - [21/Nov/2022:07:33:05 +0100] "-" 408 - "-" "-"
14.98.175.41 - - [21/Nov/2022:07:33:11 +0100] "GET /productionzon/index.php?page=project&projectId=33386 HTTP/1.1" 200 4587 "https://icad.astacus.se/productionzon/index.php" "Mozilla/5.0 (Windows NT 10.0; Win64; x64) AppleWebKit/537.36 (KHTML, like Gecko) Chrome/107.0.0.0 Safari/537.36"
14.98.175.41 - - [21/Nov/2022:07:33:16 +0100] "GET /productionzon/index.php?page=upload&projectId=33386 HTTP/1.1" 200 2621 "https://icad.astacus.se/productionzon/index.php?page=project&projectId=33386" "Mozilla/5.0 (Windows NT 10.0; Win64; x64) AppleWebKit/537.36 (KHTML, like Gecko) Chrome/107.0.0.0 Safari/537.36"
66.249.66.88 - - [21/Nov/2022:07:33:20 +0100] "GET /images/meny7a_eng.png HTTP/1.1" 200 2663 "-" "Googlebot-Image/1.0"
14.98.175.41 - - [21/Nov/2022:07:33:24 +0100] "GET /productionzon/createfolder.php?projectId=33386&path=&foldername=221121 HTTP/1.1" 302 - "https://icad.astacus.se/productionzon/index.php?page=upload&projectId=33386" "Mozilla/5.0 (Windows NT 10.0; Win64; x64) AppleWebKit/537.36 (KHTML, like Gecko) Chrome/107.0.0.0 Safari/537.36"
14.98.175.41 - - [21/Nov/2022:07:33:24 +0100] "GET /productionzon/index.php?page=upload&projectId=33386&path=/221121 HTTP/1.1" 200 2631 "https://icad.astacus.se/productionzon/index.php?page=upload&projectId=33386" "Mozilla/5.0 (Windows NT 10.0; Win64; x64) AppleWebKit/537.36 (KHTML, like Gecko) Chrome/107.0.0.0 Safari/537.36"
14.98.175.41 - - [21/Nov/2022:07:33:34 +0100] "GET /productionzon/index.php?page=files&projectId=33386&path=/221121 HTTP/1.1" 200 3280 "https://icad.astacus.se/productionzon/index.php?page=upload&projectId=33386&path=/221121" "Mozilla/5.0 (Windows NT 10.0; Win64; x64) AppleWebKit/537.36 (KHTML, like Gecko) Chrome/107.0.0.0 Safari/537.36"
14.98.175.41 - - [21/Nov/2022:07:33:34 +0100] "GET /productionzon/index.php?page=files&projectId=33386&path=/221121 HTTP/1.1" 200 3280 "https://icad.astacus.se/productionzon/index.php?page=files&projectId=33386&path=/221121" "Mozilla/5.0 (Windows NT 10.0; Win64; x64) AppleWebKit/537.36 (KHTML, like Gecko) Chrome/107.0.0.0 Safari/537.36"
88.131.253.147 - - [21/Nov/2022:07:33:37 +0100] "GET /project/index.php?page=project&projectId=33379&companyId=$&path=/Files%20from%20Customer/221117 HTTP/1.1" 200 8977 "https://icad.astacus.se/project/index.php?page=project&projectId=33379&path=/Files%20from%20Customer" "Mozilla/5.0 (Windows NT 10.0; Win64; x64; rv:106.0) Gecko/20100101 Firefox/106.0"
111.93.24.58 - - [21/Nov/2022:07:33:37 +0100] "GET /project/index.php?AdmincountryId=Alla HTTP/1.1" 200 113772 "-" "Mozilla/5.0 (Windows NT 10.0; Win64; x64; rv:107.0) Gecko/20100101 Firefox/107.0"
88.131.253.147 - - [21/Nov/2022:07:33:39 +0100] "GET /project/download_singel_file.php?file=/Files%20from%20Customer/221117/114-2-3111.pdf&projectId=33379&customerId=879 HTTP/1.1" 200 216039 "https://icad.astacus.se/project/index.php?page=project&projectId=33379&companyId=$&path=/Files%20from%20Customer/221117" "Mozilla/5.0 (Windows NT 10.0; Win64; x64; rv:106.0) Gecko/20100101 Firefox/106.0"
14.98.175.41 - - [21/Nov/2022:07:33:41 +0100] "POST /productionzon/DirUpload.php?projectId=33386&customerId=172&path=/221121 HTTP/1.1" 200 - "https://icad.astacus.se/productionzon/index.php?page=files&projectId=33386&path=/221121" "Mozilla/5.0 (Windows NT 10.0; Win64; x64) AppleWebKit/537.36 (KHTML, like Gecko) Chrome/107.0.0.0 Safari/537.36"
111.93.24.58 - - [21/Nov/2022:07:33:42 +0100] "GET /project/index.php?projectId=33191&page=project_production&button11=Show HTTP/1.1" 200 6375 "https://icad.astacus.se/project/index.php?AdmincountryId=Alla" "Mozilla/5.0 (Windows NT 10.0; Win64; x64; rv:107.0) Gecko/20100101 Firefox/107.0"
::1 - - [21/Nov/2022:07:33:43 +0100] "OPTIONS * HTTP/1.0" 200 - "-" "Apache/2.4.7 (Ubuntu) PHP/5.5.9-1ubuntu4.29 OpenSSL/1.0.1f (internal dummy connection)"
88.131.253.147 - - [21/Nov/2022:07:33:43 +0100] "GET /project/index.php?page=project&projectId=33379&path=/Files%20from%20Customer HTTP/1.1" 200 8879 "https://icad.astacus.se/project/index.php?page=project&projectId=33379&companyId=$&path=/Files%20from%20Customer/221117" "Mozilla/5.0 (Windows NT 10.0; Win64; x64; rv:106.0) Gecko/20100101 Firefox/106.0"
::1 - - [21/Nov/2022:07:33:44 +0100] "OPTIONS * HTTP/1.0" 200 - "-" "Apache/2.4.7 (Ubuntu) PHP/5.5.9-1ubuntu4.29 OpenSSL/1.0.1f (internal dummy connection)"
14.98.175.41 - - [21/Nov/2022:07:33:42 +0100] "POST /productionzon/DirUpload.php?projectId=33386&customerId=172&path=/221121 HTTP/1.1" 200 - "https://icad.astacus.se/productionzon/index.php?page=files&projectId=33386&path=/221121" "Mozilla/5.0 (Windows NT 10.0; Win64; x64) AppleWebKit/537.36 (KHTML, like Gecko) Chrome/107.0.0.0 Safari/537.36"
14.98.175.41 - - [21/Nov/2022:07:33:45 +0100] "GET /productionzon/index.php?page=upload&projectId=33386&companyId=172&path=/221121&uploaded=true HTTP/1.1" 200 2810 "https://icad.astacus.se/productionzon/index.php?page=files&projectId=33386&path=/221121" "Mozilla/5.0 (Windows NT 10.0; Win64; x64) AppleWebKit/537.36 (KHTML, like Gecko) Chrome/107.0.0.0 Safari/537.36"
88.131.253.147 - - [21/Nov/2022:07:33:45 +0100] "GET /project/index.php?page=project&projectId=33379&path= HTTP/1.1" 200 8950 "https://icad.astacus.se/project/index.php?page=project&projectId=33379&path=/Files%20from%20Customer" "Mozilla/5.0 (Windows NT 10.0; Win64; x64; rv:106.0) Gecko/20100101 Firefox/106.0"
88.131.253.147 - - [21/Nov/2022:07:33:46 +0100] "GET /project/index.php?page=project&projectId=33379&companyId=$&path=/Files%20from%20Customer HTTP/1.1" 200 8880 "https://icad.astacus.se/project/index.php?page=project&projectId=33379&path=" "Mozilla/5.0 (Windows NT 10.0; Win64; x64; rv:106.0) Gecko/20100101 Firefox/106.0"
14.98.175.41 - - [21/Nov/2022:07:33:47 +0100] "GET /productionzon/index.php?page=logg&projectId=33386 HTTP/1.1" 200 3901 "https://icad.astacus.se/productionzon/index.php?page=upload&projectId=33386&companyId=172&path=/221121&uploaded=true" "Mozilla/5.0 (Windows NT 10.0; Win64; x64) AppleWebKit/537.36 (KHTML, like Gecko) Chrome/107.0.0.0 Safari/537.36"
88.131.253.147 - - [21/Nov/2022:07:33:48 +0100] "GET /project/index.php?page=project&projectId=33379&path= HTTP/1.1" 200 8950 "https://icad.astacus.se/project/index.php?page=project&projectId=33379&companyId=$&path=/Files%20from%20Customer" "Mozilla/5.0 (Windows NT 10.0; Win64; x64; rv:106.0) Gecko/20100101 Firefox/106.0"
88.131.253.147 - - [21/Nov/2022:07:33:49 +0100] "GET /project/index.php?page=project&projectId=33379&companyId=$&path=/Files%20from%20Production HTTP/1.1" 200 8880 "https://icad.astacus.se/project/index.php?page=project&projectId=33379&path=" "Mozilla/5.0 (Windows NT 10.0; Win64; x64; rv:106.0) Gecko/20100101 Firefox/106.0"
88.131.253.147 - - [21/Nov/2022:07:33:50 +0100] "GET /project/index.php?page=project&projectId=33379&companyId=$$&path=/Files%20from%20Production/221118 HTTP/1.1" 200 8986 "https://icad.astacus.se/project/index.php?page=project&projectId=33379&companyId=$&path=/Files%20from%20Production" "Mozilla/5.0 (Windows NT 10.0; Win64; x64; rv:106.0) Gecko/20100101 Firefox/106.0"
5.45.207.144 - - [21/Nov/2022:07:33:52 +0100] "GET /robots.txt HTTP/1.1" 404 208 "-" "Mozilla/5.0 (compatible; YandexBot/3.0; +http://yandex.com/bots)"
5.45.207.144 - - [21/Nov/2022:07:33:56 +0100] "GET /astacusproject/ProjectSelected.do?projectId=20993 HTTP/1.1" 404 231 "-" "Mozilla/5.0 (compatible; YandexBot/3.0; +http://yandex.com/bots)"
14.98.175.41 - - [21/Nov/2022:07:34:00 +0100] "GET /productionzon/index.php?page=download&projectId=33386 HTTP/1.1" 200 3024 "https://icad.astacus.se/productionzon/index.php?page=logg&projectId=33386" "Mozilla/5.0 (Windows NT 10.0; Win64; x64) AppleWebKit/537.36 (KHTML, like Gecko) Chrome/107.0.0.0 Safari/537.36"
14.98.175.41 - - [21/Nov/2022:07:34:03 +0100] "GET /productionzon/index.php?page=upload&projectId=33386 HTTP/1.1" 200 2724 "https://icad.astacus.se/productionzon/index.php?page=download&projectId=33386" "Mozilla/5.0 (Windows NT 10.0; Win64; x64) AppleWebKit/537.36 (KHTML, like Gecko) Chrome/107.0.0.0 Safari/537.36"
::1 - - [21/Nov/2022:07:34:06 +0100] "OPTIONS * HTTP/1.0" 200 - "-" "Apache/2.4.7 (Ubuntu) PHP/5.5.9-1ubuntu4.29 OpenSSL/1.0.1f (internal dummy connection)"
14.98.175.41 - - [21/Nov/2022:07:34:07 +0100] "GET /productionzon/index.php?page=logg&projectId=33386 HTTP/1.1" 200 3901 "https://icad.astacus.se/productionzon/index.php?page=upload&projectId=33386" "Mozilla/5.0 (Windows NT 10.0; Win64; x64) AppleWebKit/537.36 (KHTML, like Gecko) Chrome/107.0.0.0 Safari/537.36"
::1 - - [21/Nov/2022:07:34:10 +0100] "OPTIONS * HTTP/1.0" 200 - "-" "Apache/2.4.7 (Ubuntu) PHP/5.5.9-1ubuntu4.29 OpenSSL/1.0.1f (internal dummy connection)"
::1 - - [21/Nov/2022:07:34:24 +0100] "OPTIONS * HTTP/1.0" 200 - "-" "Apache/2.4.7 (Ubuntu) PHP/5.5.9-1ubuntu4.29 OpenSSL/1.0.1f (internal dummy connection)"
14.98.175.41 - - [21/Nov/2022:07:34:29 +0100] "POST /productionzon/addlogg.php?ProjectId=33386&type=logg HTTP/1.1" 302 - "https://icad.astacus.se/productionzon/index.php?page=logg&projectId=33386" "Mozilla/5.0 (Windows NT 10.0; Win64; x64) AppleWebKit/537.36 (KHTML, like Gecko) Chrome/107.0.0.0 Safari/537.36"
14.98.175.41 - - [21/Nov/2022:07:34:30 +0100] "GET /productionzon/index.php?page=logg&projectId=33386 HTTP/1.1" 200 4183 "https://icad.astacus.se/productionzon/index.php?page=logg&projectId=33386" "Mozilla/5.0 (Windows NT 10.0; Win64; x64) AppleWebKit/537.36 (KHTML, like Gecko) Chrome/107.0.0.0 Safari/537.36"
14.98.175.41 - - [21/Nov/2022:07:34:36 +0100] "POST /logon.php?action=logon HTTP/1.1" 302 - "https://icad.astacus.se/?page=loggain&goto=project" "Mozilla/5.0 (Windows NT 10.0; Win64; x64) AppleWebKit/537.36 (KHTML, like Gecko) Chrome/107.0.0.0 Safari/537.36 Edg/107.0.1418.52"
16.170.159.128 - - [21/Nov/2022:07:34:44 +0100] "GET / HTTP/1.1" 200 2907 "-" "node-fetch"
216.244.66.203 - - [21/Nov/2022:07:34:44 +0100] "GET /robots.txt HTTP/1.1" 404 208 "-" "Mozilla/5.0 (compatible; DotBot/1.2; +https://opensiteexplorer.org/dotbot; help@moz.com)"
14.98.175.41 - - [21/Nov/2022:07:34:36 +0100] "GET /admin/index.php HTTP/1.1" 200 9332 "https://icad.astacus.se/?page=loggain&goto=project" "Mozilla/5.0 (Windows NT 10.0; Win64; x64) AppleWebKit/537.36 (KHTML, like Gecko) Chrome/107.0.0.0 Safari/537.36 Edg/107.0.1418.52"
14.98.175.41 - - [21/Nov/2022:07:34:50 +0100] "GET /admin/prev.gif HTTP/1.1" 404 212 "https://icad.astacus.se/admin/index.php" "Mozilla/5.0 (Windows NT 10.0; Win64; x64) AppleWebKit/537.36 (KHTML, like Gecko) Chrome/107.0.0.0 Safari/537.36 Edg/107.0.1418.52"
14.98.175.41 - - [21/Nov/2022:07:34:50 +0100] "-" 408 - "-" "-"
14.98.175.41 - - [21/Nov/2022:07:34:50 +0100] "GET /admin/calendar.jpg HTTP/1.1" 404 216 "https://icad.astacus.se/admin/index.php" "Mozilla/5.0 (Windows NT 10.0; Win64; x64) AppleWebKit/537.36 (KHTML, like Gecko) Chrome/107.0.0.0 Safari/537.36 Edg/107.0.1418.52"
14.98.175.41 - - [21/Nov/2022:07:34:50 +0100] "GET /admin/next.gif HTTP/1.1" 404 212 "https://icad.astacus.se/admin/index.php" "Mozilla/5.0 (Windows NT 10.0; Win64; x64) AppleWebKit/537.36 (KHTML, like Gecko) Chrome/107.0.0.0 Safari/537.36 Edg/107.0.1418.52"
114.119.141.51 - - [21/Nov/2022:07:35:19 +0100] "GET /apps/school/www_old8/img/LevelD/Category3/LevelDCat3Lesson22/?C=S%3BO%3DA HTTP/1.1" 200 446 "http://kulturdokumentation.se/apps/school/www_old8/img/LevelD/Category3/LevelDCat3Lesson22/" "Mozilla/5.0 (Linux; Android 7.0;) AppleWebKit/537.36 (KHTML, like Gecko) Mobile Safari/537.36 (compatible; PetalBot;+https://webmaster.petalsearch.com/site/petalbot)"
14.98.175.41 - - [21/Nov/2022:07:35:21 +0100] "GET /notifications.php?days=4 HTTP/1.1" 200 2918 "-" "Mozilla/5.0 (Windows NT 10.0; Win64; x64) AppleWebKit/537.36 (KHTML, like Gecko) Chrome/107.0.0.0 Safari/537.36"
14.98.175.41 - - [21/Nov/2022:07:35:21 +0100] "GET /productionzon/index.php?page=project&projectId=33386 HTTP/1.1" 200 4587 "https://icad.astacus.se/productionzon/index.php?page=logg&projectId=33386" "Mozilla/5.0 (Windows NT 10.0; Win64; x64) AppleWebKit/537.36 (KHTML, like Gecko) Chrome/107.0.0.0 Safari/537.36"
14.98.175.41 - - [21/Nov/2022:07:35:28 +0100] "POST /productionzon/setestimate.php?projectId=33386 HTTP/1.1" 302 - "https://icad.astacus.se/productionzon/index.php?page=project&projectId=33386" "Mozilla/5.0 (Windows NT 10.0; Win64; x64) AppleWebKit/537.36 (KHTML, like Gecko) Chrome/107.0.0.0 Safari/537.36"
14.98.175.41 - - [21/Nov/2022:07:35:29 +0100] "GET /productionzon/index.php?page=project&projectId=33386 HTTP/1.1" 200 4592 "https://icad.astacus.se/productionzon/index.php?page=project&projectId=33386" "Mozilla/5.0 (Windows NT 10.0; Win64; x64) AppleWebKit/537.36 (KHTML, like Gecko) Chrome/107.0.0.0 Safari/537.36"
14.98.175.41 - - [21/Nov/2022:07:35:31 +0100] "GET /productionzon/action.php?projectId=33386&action=delivered HTTP/1.1" 302 - "https://icad.astacus.se/productionzon/index.php?page=project&projectId=33386" "Mozilla/5.0 (Windows NT 10.0; Win64; x64) AppleWebKit/537.36 (KHTML, like Gecko) Chrome/107.0.0.0 Safari/537.36"
14.98.175.41 - - [21/Nov/2022:07:35:31 +0100] "GET /productionzon/index.php?page=project&projectId=33386 HTTP/1.1" 200 4588 "https://icad.astacus.se/productionzon/index.php?page=project&projectId=33386" "Mozilla/5.0 (Windows NT 10.0; Win64; x64) AppleWebKit/537.36 (KHTML, like Gecko) Chrome/107.0.0.0 Safari/537.36"
88.131.253.147 - - [21/Nov/2022:07:36:43 +0100] "-" 408 - "-" "-"
216.244.66.239 - - [21/Nov/2022:07:36:46 +0100] "GET /robots.txt HTTP/1.1" 404 208 "-" "Mozilla/5.0 (compatible; DotBot/1.2; +https://opensiteexplorer.org/dotbot; help@moz.com)"
155.4.21.158 - - [21/Nov/2022:07:36:53 +0100] "GET / HTTP/1.1" 200 1772 "-" "Mozilla/5.0 (Windows NT 10.0; Win64; x64) AppleWebKit/537.36 (KHTML, like Gecko) Chrome/107.0.0.0 Safari/537.36"
155.4.21.158 - - [21/Nov/2022:07:36:53 +0100] "GET /favicon.ico HTTP/1.1" 404 209 "https://icad.astacus.se/" "Mozilla/5.0 (Windows NT 10.0; Win64; x64) AppleWebKit/537.36 (KHTML, like Gecko) Chrome/107.0.0.0 Safari/537.36"
155.4.21.158 - - [21/Nov/2022:07:36:55 +0100] "POST /logon.php?action=logon HTTP/1.1" 302 - "https://icad.astacus.se/" "Mozilla/5.0 (Windows NT 10.0; Win64; x64) AppleWebKit/537.36 (KHTML, like Gecko) Chrome/107.0.0.0 Safari/537.36"
155.4.21.158 - - [21/Nov/2022:07:36:55 +0100] "GET /customerzon/index.php HTTP/1.1" 200 11928 "https://icad.astacus.se/" "Mozilla/5.0 (Windows NT 10.0; Win64; x64) AppleWebKit/537.36 (KHTML, like Gecko) Chrome/107.0.0.0 Safari/537.36"
114.119.134.161 - - [21/Nov/2022:07:36:57 +0100] "GET /apps/school/www_old8/img/LevelB/Category1/LevelBCat1Lesson25/?C=S%3BO%3DA HTTP/1.1" 200 447 "http://kulturdokumentation.com/apps/school/www_old8/img/LevelB/Category1/LevelBCat1Lesson25/" "Mozilla/5.0 (Linux; Android 7.0;) AppleWebKit/537.36 (KHTML, like Gecko) Mobile Safari/537.36 (compatible; PetalBot;+https://webmaster.petalsearch.com/site/petalbot)"
155.4.21.158 - - [21/Nov/2022:07:37:01 +0100] "GET /customerzon/index.php?page=project&projectId=33375 HTTP/1.1" 200 2332 "https://icad.astacus.se/customerzon/index.php" "Mozilla/5.0 (Windows NT 10.0; Win64; x64) AppleWebKit/537.36 (KHTML, like Gecko) Chrome/107.0.0.0 Safari/537.36"
155.4.21.158 - - [21/Nov/2022:07:37:04 +0100] "GET /customerzon/index.php?page=logg&projectId=33375 HTTP/1.1" 200 4268 "https://icad.astacus.se/customerzon/index.php?page=project&projectId=33375" "Mozilla/5.0 (Windows NT 10.0; Win64; x64) AppleWebKit/537.36 (KHTML, like Gecko) Chrome/107.0.0.0 Safari/537.36"
155.4.21.158 - - [21/Nov/2022:07:37:08 +0100] "GET /customerzon/index.php?page=download&projectId=33375 HTTP/1.1" 200 2844 "https://icad.astacus.se/customerzon/index.php?page=logg&projectId=33375" "Mozilla/5.0 (Windows NT 10.0; Win64; x64) AppleWebKit/537.36 (KHTML, like Gecko) Chrome/107.0.0.0 Safari/537.36"
155.4.21.158 - - [21/Nov/2022:07:37:10 +0100] "GET /customerzon/index.php?page=download&projectId=33375&companyId=$&path=/221118 HTTP/1.1" 200 2883 "https://icad.astacus.se/customerzon/index.php?page=download&projectId=33375" "Mozilla/5.0 (Windows NT 10.0; Win64; x64) AppleWebKit/537.36 (KHTML, like Gecko) Chrome/107.0.0.0 Safari/537.36"
88.131.253.147 - - [21/Nov/2022:07:37:11 +0100] "-" 408 - "-" "-"
155.4.21.158 - - [21/Nov/2022:07:37:14 +0100] "GET /customerzon/download_singel_file.php?file=/221118/Hjortbergsskolan_filial_Jonkoping_Anders_Wikman_Version%201.zip&projectId=33375&customerId=145 HTTP/1.1" 200 25613129 "https://icad.astacus.se/customerzon/index.php?page=download&projectId=33375&companyId=$&path=/221118" "Mozilla/5.0 (Windows NT 10.0; Win64; x64) AppleWebKit/537.36 (KHTML, like Gecko) Chrome/107.0.0.0 Safari/537.36"
14.98.175.41 - - [21/Nov/2022:07:37:18 +0100] "GET /notifications.php?days=5 HTTP/1.1" 200 3179 "-" "Mozilla/5.0 (Windows NT 6.1; Win64; x64) AppleWebKit/537.36 (KHTML, like Gecko) Chrome/107.0.0.0 Safari/537.36"
14.98.175.41 - - [21/Nov/2022:07:37:38 +0100] "GET /notifications.php?days=5 HTTP/1.1" 200 3179 "-" "Mozilla/5.0 (Windows NT 6.1; Win64; x64) AppleWebKit/537.36 (KHTML, like Gecko) Chrome/107.0.0.0 Safari/537.36"
::1 - - [21/Nov/2022:07:37:55 +0100] "OPTIONS * HTTP/1.0" 200 - "-" "Apache/2.4.7 (Ubuntu) PHP/5.5.9-1ubuntu4.29 OpenSSL/1.0.1f (internal dummy connection)"
14.98.175.41 - - [21/Nov/2022:07:35:34 +0100] "GET /productionzon/index.php HTTP/1.1" 200 88418 "https://icad.astacus.se/?page=loggain&goto=project" "Mozilla/5.0 (Windows NT 10.0; Win64; x64) AppleWebKit/537.36 (KHTML, like Gecko) Chrome/107.0.0.0 Safari/537.36"
54.36.149.68 - - [21/Nov/2022:07:38:05 +0100] "GET /apps/school/www_old4/img/LevelC/Category1/LevelCCat1Lesson10/?C=M;O=A HTTP/1.1" 200 476 "-" "Mozilla/5.0 (compatible; AhrefsBot/7.0; +http://ahrefs.com/robot/)"
::1 - - [21/Nov/2022:07:38:20 +0100] "OPTIONS * HTTP/1.0" 200 - "-" "Apache/2.4.7 (Ubuntu) PHP/5.5.9-1ubuntu4.29 OpenSSL/1.0.1f (internal dummy connection)"
111.93.24.58 - - [21/Nov/2022:07:38:29 +0100] "GET /project/index.php?projectId=33307&page=project_production&button11=Show HTTP/1.1" 302 30650 "https://icad.astacus.se/project/index.php?AdmincountryId=Alla" "Mozilla/5.0 (Windows NT 6.1; Win64; x64; rv:107.0) Gecko/20100101 Firefox/107.0"
