111.93.24.58 - - [21/Nov/2022:07:38:30 +0100] "GET /?page=loggain&message= HTTP/1.1" 302 234 "-" "Mozilla/5.0 (Windows NT 6.1; Win64; x64; rv:107.0) Gecko/20100101 Firefox/107.0"
111.93.24.58 - - [21/Nov/2022:07:38:30 +0100] "GET /?page=loggain&message= HTTP/1.1" 200 1772 "-" "Mozilla/5.0 (Windows NT 6.1; Win64; x64; rv:107.0) Gecko/20100101 Firefox/107.0"
111.93.24.58 - - [21/Nov/2022:07:38:31 +0100] "GET /images/icadloggo.gif HTTP/1.1" 200 2516 "https://icad.astacus.se/?page=loggain&message=" "Mozilla/5.0 (Windows NT 6.1; Win64; x64; rv:107.0) Gecko/20100101 Firefox/107.0"
111.93.24.58 - - [21/Nov/2022:07:38:34 +0100] "POST /logon.php?action=logon HTTP/1.1" 302 - "https://icad.astacus.se/?page=loggain&message=" "Mozilla/5.0 (Windows NT 6.1; Win64; x64; rv:107.0) Gecko/20100101 Firefox/107.0"
111.93.24.58 - - [21/Nov/2022:07:38:34 +0100] "GET /productionzon/index.php HTTP/1.1" 200 2695 "https://icad.astacus.se/?page=loggain&message=" "Mozilla/5.0 (Windows NT 6.1; Win64; x64; rv:107.0) Gecko/20100101 Firefox/107.0"
111.93.24.58 - - [21/Nov/2022:07:38:34 +0100] "GET /productionzon/calendar.js HTTP/1.1" 200 7955 "https://icad.astacus.se/productionzon/index.php" "Mozilla/5.0 (Windows NT 6.1; Win64; x64; rv:107.0) Gecko/20100101 Firefox/107.0"
111.93.24.58 - - [21/Nov/2022:07:38:35 +0100] "GET /images/newMailMessage.gif HTTP/1.1" 200 383 "https://icad.astacus.se/productionzon/index.php" "Mozilla/5.0 (Windows NT 6.1; Win64; x64; rv:107.0) Gecko/20100101 Firefox/107.0"
111.93.24.58 - - [21/Nov/2022:07:38:43 +0100] "GET /?page=loggaut&from=ap HTTP/1.1" 200 1276 "-" "Mozilla/5.0 (Windows NT 6.1; Win64; x64; rv:107.0) Gecko/20100101 Firefox/107.0"
111.93.24.58 - - [21/Nov/2022:07:38:47 +0100] "POST /logon.php?action=logon HTTP/1.1" 302 - "https://icad.astacus.se/?page=loggaut&from=ap" "Mozilla/5.0 (Windows NT 6.1; Win64; x64; rv:107.0) Gecko/20100101 Firefox/107.0"
111.93.24.58 - - [21/Nov/2022:07:38:47 +0100] "GET /project/index.php HTTP/1.1" 200 78172 "https://icad.astacus.se/?page=loggaut&from=ap" "Mozilla/5.0 (Windows NT 6.1; Win64; x64; rv:107.0) Gecko/20100101 Firefox/107.0"
111.93.24.58 - - [21/Nov/2022:07:38:55 +0100] "GET /project/index.php?projectId=33307&page=project_production&button11=Show HTTP/1.1" 200 6188 "https://icad.astacus.se/project/index.php" "Mozilla/5.0 (Windows NT 6.1; Win64; x64; rv:107.0) Gecko/20100101 Firefox/107.0"
111.93.24.58 - - [21/Nov/2022:07:38:55 +0100] "GET /project/calendar.gif HTTP/1.1" 200 244 "https://icad.astacus.se/project/index.php?projectId=33307&page=project_production&button11=Show" "Mozilla/5.0 (Windows NT 6.1; Win64; x64; rv:107.0) Gecko/20100101 Firefox/107.0"
::1 - - [21/Nov/2022:07:38:56 +0100] "OPTIONS * HTTP/1.0" 200 - "-" "Apache/2.4.7 (Ubuntu) PHP/5.5.9-1ubuntu4.29 OpenSSL/1.0.1f (internal dummy connection)"
14.98.175.41 - - [21/Nov/2022:07:38:59 +0100] "GET /productionzon/index.php?page=project&projectId=33387 HTTP/1.1" 200 4595 "https://icad.astacus.se/productionzon/index.php" "Mozilla/5.0 (Windows NT 10.0; Win64; x64) AppleWebKit/537.36 (KHTML, like Gecko) Chrome/107.0.0.0 Safari/537.36"
111.93.24.58 - - [21/Nov/2022:07:39:01 +0100] "GET /project/index.php?page=project_production&projectId=33307&companyId=$&path=/Files%20from%20Customer HTTP/1.1" 200 6299 "https://icad.astacus.se/project/index.php?projectId=33307&page=project_production&button11=Show" "Mozilla/5.0 (Windows NT 6.1; Win64; x64; rv:107.0) Gecko/20100101 Firefox/107.0"
111.93.24.58 - - [21/Nov/2022:07:39:02 +0100] "GET /images/icons/file.gif HTTP/1.1" 200 622 "https://icad.astacus.se/project/index.php?page=project_production&projectId=33307&companyId=$&path=/Files%20from%20Customer" "Mozilla/5.0 (Windows NT 6.1; Win64; x64; rv:107.0) Gecko/20100101 Firefox/107.0"
14.98.175.41 - - [21/Nov/2022:07:39:06 +0100] "GET /productionzon/index.php?page=project&projectId=33380 HTTP/1.1" 200 4663 "https://icad.astacus.se/productionzon/index.php" "Mozilla/5.0 (Windows NT 10.0; Win64; x64) AppleWebKit/537.36 (KHTML, like Gecko) Chrome/107.0.0.0 Safari/537.36"
14.98.175.41 - - [21/Nov/2022:07:39:07 +0100] "GET /productionzon/index.php?page=project&projectId=33383 HTTP/1.1" 200 4678 "https://icad.astacus.se/productionzon/index.php" "Mozilla/5.0 (Windows NT 10.0; Win64; x64) AppleWebKit/537.36 (KHTML, like Gecko) Chrome/107.0.0.0 Safari/537.36"
14.98.175.41 - - [21/Nov/2022:07:39:15 +0100] "POST /productionzon/setestimate.php?projectId=33383 HTTP/1.1" 302 - "https://icad.astacus.se/productionzon/index.php?page=project&projectId=33383" "Mozilla/5.0 (Windows NT 10.0; Win64; x64) AppleWebKit/537.36 (KHTML, like Gecko) Chrome/107.0.0.0 Safari/537.36"
14.98.175.41 - - [21/Nov/2022:07:39:16 +0100] "GET /productionzon/index.php?page=project&projectId=33383 HTTP/1.1" 200 4680 "https://icad.astacus.se/productionzon/index.php?page=project&projectId=33383" "Mozilla/5.0 (Windows NT 10.0; Win64; x64) AppleWebKit/537.36 (KHTML, like Gecko) Chrome/107.0.0.0 Safari/537.36"
111.93.24.58 - - [21/Nov/2022:07:39:17 +0100] "GET /project/download_singel_file.php?file=/Files%20from%20Customer/TFF_V%E4ster%E5s%20Stad_2020.rte&projectId=33307&customerId=4925 HTTP/1.1" 200 19542016 "https://icad.astacus.se/project/index.php?page=project_production&projectId=33307&companyId=$&path=/Files%20from%20Customer" "Mozilla/5.0 (Windows NT 6.1; Win64; x64; rv:107.0) Gecko/20100101 Firefox/107.0"
14.98.175.41 - - [21/Nov/2022:07:39:23 +0100] "POST /productionzon/setestimate.php?projectId=33380 HTTP/1.1" 302 - "https://icad.astacus.se/productionzon/index.php?page=project&projectId=33380" "Mozilla/5.0 (Windows NT 10.0; Win64; x64) AppleWebKit/537.36 (KHTML, like Gecko) Chrome/107.0.0.0 Safari/537.36"
14.98.175.41 - - [21/Nov/2022:07:39:23 +0100] "GET /productionzon/index.php?page=project&projectId=33380 HTTP/1.1" 200 4663 "https://icad.astacus.se/productionzon/index.php?page=project&projectId=33380" "Mozilla/5.0 (Windows NT 10.0; Win64; x64) AppleWebKit/537.36 (KHTML, like Gecko) Chrome/107.0.0.0 Safari/537.36"
14.98.175.41 - - [21/Nov/2022:07:39:50 +0100] "-" 408 - "-" "-"
185.191.171.8 - - [21/Nov/2022:07:39:52 +0100] "GET /index.php?id=83&page=content HTTP/1.1" 200 4658 "-" "Mozilla/5.0 (compatible; SemrushBot/7~bl; +http://www.semrush.com/bot.html)"
111.93.24.58 - - [21/Nov/2022:07:39:38 +0100] "POST /project/download_checked_files.php?project=4925_%C4ngsg%E4rdet%20%C4BO%20(33307)&projectId=33307&companyId=4925&systemUserMail=team08@astacus.in&systemUserName=Team%2008 HTTP/1.1" 200 16816237 "https://icad.astacus.se/project/index.php?page=project_production&projectId=33307&companyId=$&path=/Files%20from%20Customer" "Mozilla/5.0 (Windows NT 6.1; Win64; x64; rv:107.0) Gecko/20100101 Firefox/107.0"
14.98.175.41 - - [21/Nov/2022:07:39:56 +0100] "GET /notifications.php?days=4 HTTP/1.1" 200 2918 "-" "Mozilla/5.0 (Windows NT 10.0; Win64; x64) AppleWebKit/537.36 (KHTML, like Gecko) Chrome/107.0.0.0 Safari/537.36"
66.249.66.156 - - [21/Nov/2022:07:40:10 +0100] "GET /robots.txt HTTP/1.1" 404 208 "-" "Mozilla/5.0 (compatible; Googlebot/2.1; +http://www.google.com/bot.html)"
66.249.66.157 - - [21/Nov/2022:07:40:10 +0100] "GET /mala/0.40.0928.1_51_com.guidelinegeo.malacontroller.apk HTTP/1.1" 200 38737743 "-" "Mozilla/5.0 (Linux; Android 6.0.1; Nexus 5X Build/MMB29P) AppleWebKit/537.36 (KHTML, like Gecko) Chrome/107.0.5304.110 Mobile Safari/537.36 (compatible; Googlebot/2.1; +http://www.google.com/bot.html)"
111.93.24.58 - - [21/Nov/2022:07:40:13 +0100] "GET /project/index.php?projectId=33190&page=project_production&button11=Show HTTP/1.1" 302 30853 "https://icad.astacus.se/project/index.php?AdmincountryId=Alla" "Mozilla/5.0 (Windows NT 10.0; Win64; x64; rv:107.0) Gecko/20100101 Firefox/107.0"
111.93.24.58 - - [21/Nov/2022:07:40:14 +0100] "GET /?page=loggain&message= HTTP/1.1" 302 234 "-" "Mozilla/5.0 (Windows NT 10.0; Win64; x64; rv:107.0) Gecko/20100101 Firefox/107.0"
111.93.24.58 - - [21/Nov/2022:07:40:14 +0100] "GET /?page=loggain&message= HTTP/1.1" 200 1772 "-" "Mozilla/5.0 (Windows NT 10.0; Win64; x64; rv:107.0) Gecko/20100101 Firefox/107.0"
111.93.24.58 - - [21/Nov/2022:07:40:15 +0100] "GET /images/icadloggo.gif HTTP/1.1" 200 2516 "https://icad.astacus.se/?page=loggain&message=" "Mozilla/5.0 (Windows NT 10.0; Win64; x64; rv:107.0) Gecko/20100101 Firefox/107.0"
111.93.24.58 - - [21/Nov/2022:07:40:17 +0100] "POST /logon.php?action=logon HTTP/1.1" 302 - "https://icad.astacus.se/?page=loggain&message=" "Mozilla/5.0 (Windows NT 10.0; Win64; x64; rv:107.0) Gecko/20100101 Firefox/107.0"
111.93.24.58 - - [21/Nov/2022:07:40:17 +0100] "GET /productionzon/index.php HTTP/1.1" 200 2708 "https://icad.astacus.se/?page=loggain&message=" "Mozilla/5.0 (Windows NT 10.0; Win64; x64; rv:107.0) Gecko/20100101 Firefox/107.0"
111.93.24.58 - - [21/Nov/2022:07:40:17 +0100] "GET /productionzon/calendar.js HTTP/1.1" 200 7955 "https://icad.astacus.se/productionzon/index.php" "Mozilla/5.0 (Windows NT 10.0; Win64; x64; rv:107.0) Gecko/20100101 Firefox/107.0"
111.93.24.58 - - [21/Nov/2022:07:40:21 +0100] "GET /project/index.php?AdmincountryId=Alla HTTP/1.1" 200 112470 "-" "Mozilla/5.0 (Windows NT 10.0; Win64; x64; rv:107.0) Gecko/20100101 Firefox/107.0"
114.119.141.69 - - [21/Nov/2022:07:40:26 +0100] "GET /apps/school/www_old2/img/LevelC/Category1/LevelCCat1Lesson6/?C=D%3BO%3DA HTTP/1.1" 200 514 "http://kulturdokumentation.se/apps/school/www_old2/img/LevelC/Category1/LevelCCat1Lesson6/?C=M%3BO%3DA" "Mozilla/5.0 (Linux; Android 7.0;) AppleWebKit/537.36 (KHTML, like Gecko) Mobile Safari/537.36 (compatible; PetalBot;+https://webmaster.petalsearch.com/site/petalbot)"
111.93.24.58 - - [21/Nov/2022:07:40:28 +0100] "GET /project/index.php?projectId=33190&page=project_production&button11=Show HTTP/1.1" 200 6365 "https://icad.astacus.se/project/index.php?AdmincountryId=Alla" "Mozilla/5.0 (Windows NT 10.0; Win64; x64; rv:107.0) Gecko/20100101 Firefox/107.0"
111.93.24.58 - - [21/Nov/2022:07:40:28 +0100] "GET /project/dhtmlxCalendar/codebase/dhtmlxcalendar.css HTTP/1.1" 200 2329 "https://icad.astacus.se/project/index.php?projectId=33190&page=project_production&button11=Show" "Mozilla/5.0 (Windows NT 10.0; Win64; x64; rv:107.0) Gecko/20100101 Firefox/107.0"
111.93.24.58 - - [21/Nov/2022:07:40:28 +0100] "GET /project/dhtmlxCalendar/codebase/dhtmlxcalendar.js HTTP/1.1" 200 19750 "https://icad.astacus.se/project/index.php?projectId=33190&page=project_production&button11=Show" "Mozilla/5.0 (Windows NT 10.0; Win64; x64; rv:107.0) Gecko/20100101 Firefox/107.0"
88.131.253.147 - - [21/Nov/2022:07:40:36 +0100] "GET /project/index.php?page=project&projectId=33379&path=/Files%20from%20Production HTTP/1.1" 200 8880 "https://icad.astacus.se/project/index.php?page=project&projectId=33379&companyId=$$&path=/Files%20from%20Production/221118" "Mozilla/5.0 (Windows NT 10.0; Win64; x64; rv:106.0) Gecko/20100101 Firefox/106.0"
111.93.24.58 - - [21/Nov/2022:07:40:40 +0100] "GET /project/index.php?page=project_production&projectId=30183&path=/Files%20from%20Production/Total%20Final HTTP/1.1" 200 6507 "https://icad.astacus.se/project/index.php?page=project_production&projectId=30183&companyId=$$&path=/Files%20from%20Production/Total%20Final/220311" "Mozilla/5.0 (Windows NT 6.1; Win64; x64; rv:107.0) Gecko/20100101 Firefox/107.0"
111.93.24.58 - - [21/Nov/2022:07:40:41 +0100] "GET /images/icons/folder.gif HTTP/1.1" 200 996 "https://icad.astacus.se/project/index.php?page=project_production&projectId=30183&path=/Files%20from%20Production/Total%20Final" "Mozilla/5.0 (Windows NT 6.1; Win64; x64; rv:107.0) Gecko/20100101 Firefox/107.0"
111.93.24.58 - - [21/Nov/2022:07:40:43 +0100] "GET /project/index.php?page=project_production&projectId=30183&path=/Files%20from%20Production HTTP/1.1" 200 7311 "https://icad.astacus.se/project/index.php?page=project_production&projectId=30183&path=/Files%20from%20Production/Total%20Final" "Mozilla/5.0 (Windows NT 6.1; Win64; x64; rv:107.0) Gecko/20100101 Firefox/107.0"
111.93.24.58 - - [21/Nov/2022:07:40:45 +0100] "GET /project/index.php?page=project_production&projectId=30183&path= HTTP/1.1" 200 6652 "https://icad.astacus.se/project/index.php?page=project_production&projectId=30183&path=/Files%20from%20Production" "Mozilla/5.0 (Windows NT 6.1; Win64; x64; rv:107.0) Gecko/20100101 Firefox/107.0"
111.93.24.58 - - [21/Nov/2022:07:40:47 +0100] "GET /project/index.php?page=project_production&projectId=30183&companyId=$&path=/Files%20to%20Customer HTTP/1.1" 200 6491 "https://icad.astacus.se/project/index.php?page=project_production&projectId=30183&path=" "Mozilla/5.0 (Windows NT 6.1; Win64; x64; rv:107.0) Gecko/20100101 Firefox/107.0"
185.191.171.38 - - [21/Nov/2022:07:41:09 +0100] "GET /index.php?keyword=structure&page=result HTTP/1.1" 200 3630 "-" "Mozilla/5.0 (compatible; SemrushBot/7~bl; +http://www.semrush.com/bot.html)"
111.93.24.58 - - [21/Nov/2022:07:40:50 +0100] "POST /project/download_checked_files.php?project=1503_B1-5100%20-%20Makrill_Manetv%E4gen%20(30183)&projectId=30183&companyId=1503&systemUserMail=team06@astacus.in&systemUserName=Team%2006 HTTP/1.1" 200 167826300 "https://icad.astacus.se/project/index.php?page=project_production&projectId=30183&companyId=$&path=/Files%20to%20Customer" "Mozilla/5.0 (Windows NT 6.1; Win64; x64; rv:107.0) Gecko/20100101 Firefox/107.0"
::1 - - [21/Nov/2022:07:41:30 +0100] "OPTIONS * HTTP/1.0" 200 - "-" "Apache/2.4.7 (Ubuntu) PHP/5.5.9-1ubuntu4.29 OpenSSL/1.0.1f (internal dummy connection)"
88.131.253.147 - - [21/Nov/2022:07:41:37 +0100] "GET /project/index.php?companyId=879&button=Show HTTP/1.1" 200 86189 "https://icad.astacus.se/project/index.php?page=project&projectId=33379&path=/Files%20from%20Production" "Mozilla/5.0 (Windows NT 10.0; Win64; x64; rv:106.0) Gecko/20100101 Firefox/106.0"
88.131.253.147 - - [21/Nov/2022:07:41:40 +0100] "GET /project/index.php?companyId=879&page=project&projectId=33235 HTTP/1.1" 200 9320 "https://icad.astacus.se/project/index.php?companyId=879&button=Show" "Mozilla/5.0 (Windows NT 10.0; Win64; x64; rv:106.0) Gecko/20100101 Firefox/106.0"
111.93.24.58 - - [21/Nov/2022:07:41:40 +0100] "GET /project/index.php?page=start&companyId=Alla&countryId=0 HTTP/1.1" 200 78169 "https://icad.astacus.se/project/index.php?projectId=33307&page=project_production&button11=Show" "Mozilla/5.0 (Windows NT 10.0; Win64; x64; rv:107.0) Gecko/20100101 Firefox/107.0"
88.131.253.147 - - [21/Nov/2022:07:41:41 +0100] "GET /project/index.php?page=project&projectId=33235&companyId=$879&path=/Files%20from%20Production HTTP/1.1" 200 9250 "https://icad.astacus.se/project/index.php?companyId=879&page=project&projectId=33235" "Mozilla/5.0 (Windows NT 10.0; Win64; x64; rv:106.0) Gecko/20100101 Firefox/106.0"
111.93.24.58 - - [21/Nov/2022:07:41:41 +0100] "POST /project/updateDeliveryNote.php?page=project_production&projectId=33190 HTTP/1.1" 302 - "https://icad.astacus.se/project/index.php?projectId=33190&page=project_production&button11=Show" "Mozilla/5.0 (Windows NT 10.0; Win64; x64; rv:107.0) Gecko/20100101 Firefox/107.0"
111.93.24.58 - - [21/Nov/2022:07:41:41 +0100] "GET /project/index.php?page=project_production&projectId=33190 HTTP/1.1" 200 6390 "https://icad.astacus.se/project/index.php?projectId=33190&page=project_production&button11=Show" "Mozilla/5.0 (Windows NT 10.0; Win64; x64; rv:107.0) Gecko/20100101 Firefox/107.0"
111.93.24.58 - - [21/Nov/2022:07:41:42 +0100] "GET /favicon.ico HTTP/1.1" 404 209 "https://icad.astacus.se/project/index.php?page=project_production&projectId=33190" "Mozilla/5.0 (Windows NT 10.0; Win64; x64; rv:107.0) Gecko/20100101 Firefox/107.0"
88.131.253.147 - - [21/Nov/2022:07:41:42 +0100] "GET /project/index.php?page=project&projectId=33235&companyId=$$879&path=/Files%20from%20Production/221102 HTTP/1.1" 200 9468 "https://icad.astacus.se/project/index.php?page=project&projectId=33235&companyId=$879&path=/Files%20from%20Production" "Mozilla/5.0 (Windows NT 10.0; Win64; x64; rv:106.0) Gecko/20100101 Firefox/106.0"
111.93.24.58 - - [21/Nov/2022:07:41:42 +0100] "GET /timereport_india/ HTTP/1.1" 200 1596 "-" "Mozilla/5.0 (Windows NT 10.0; Win64; x64; rv:107.0) Gecko/20100101 Firefox/107.0"
::1 - - [21/Nov/2022:07:41:44 +0100] "OPTIONS * HTTP/1.0" 200 - "-" "Apache/2.4.7 (Ubuntu) PHP/5.5.9-1ubuntu4.29 OpenSSL/1.0.1f (internal dummy connection)"
88.131.253.147 - - [21/Nov/2022:07:41:45 +0100] "GET /project/index.php?companyId=879&button=Show HTTP/1.1" 200 86189 "https://icad.astacus.se/project/index.php?page=project&projectId=33235&companyId=$$879&path=/Files%20from%20Production/221102" "Mozilla/5.0 (Windows NT 10.0; Win64; x64; rv:106.0) Gecko/20100101 Firefox/106.0"
::1 - - [21/Nov/2022:07:41:51 +0100] "OPTIONS * HTTP/1.0" 200 - "-" "Apache/2.4.7 (Ubuntu) PHP/5.5.9-1ubuntu4.29 OpenSSL/1.0.1f (internal dummy connection)"
::1 - - [21/Nov/2022:07:41:52 +0100] "OPTIONS * HTTP/1.0" 200 - "-" "Apache/2.4.7 (Ubuntu) PHP/5.5.9-1ubuntu4.29 OpenSSL/1.0.1f (internal dummy connection)"
::1 - - [21/Nov/2022:07:41:53 +0100] "OPTIONS * HTTP/1.0" 200 - "-" "Apache/2.4.7 (Ubuntu) PHP/5.5.9-1ubuntu4.29 OpenSSL/1.0.1f (internal dummy connection)"
::1 - - [21/Nov/2022:07:41:54 +0100] "OPTIONS * HTTP/1.0" 200 - "-" "Apache/2.4.7 (Ubuntu) PHP/5.5.9-1ubuntu4.29 OpenSSL/1.0.1f (internal dummy connection)"
::1 - - [21/Nov/2022:07:41:57 +0100] "OPTIONS * HTTP/1.0" 200 - "-" "Apache/2.4.7 (Ubuntu) PHP/5.5.9-1ubuntu4.29 OpenSSL/1.0.1f (internal dummy connection)"
::1 - - [21/Nov/2022:07:41:58 +0100] "OPTIONS * HTTP/1.0" 200 - "-" "Apache/2.4.7 (Ubuntu) PHP/5.5.9-1ubuntu4.29 OpenSSL/1.0.1f (internal dummy connection)"
::1 - - [21/Nov/2022:07:42:01 +0100] "OPTIONS * HTTP/1.0" 200 - "-" "Apache/2.4.7 (Ubuntu) PHP/5.5.9-1ubuntu4.29 OpenSSL/1.0.1f (internal dummy connection)"
111.93.24.58 - - [21/Nov/2022:07:42:06 +0100] "GET /project/index.php?page=project_production&projectId=30183&companyId=$$&path=/Files%20to%20Customer/220324 HTTP/1.1" 200 6520 "https://icad.astacus.se/project/index.php?page=project_production&projectId=30183&companyId=$&path=/Files%20to%20Customer" "Mozilla/5.0 (Windows NT 6.1; Win64; x64; rv:107.0) Gecko/20100101 Firefox/107.0"
114.119.134.152 - - [21/Nov/2022:07:42:06 +0100] "GET /apps/school/www_old4/Html/LevelC/Category1/LevelCCat1Lesson8.html HTTP/1.1" 200 2682 "http://kulturdokumentation.com/apps/school/www_old4/Html/LevelC/Category1?C=D%3BO%3DA" "Mozilla/5.0 (Linux; Android 7.0;) AppleWebKit/537.36 (KHTML, like Gecko) Mobile Safari/537.36 (compatible; PetalBot;+https://webmaster.petalsearch.com/site/petalbot)"
14.98.175.41 - - [21/Nov/2022:07:42:39 +0100] "-" 408 - "-" "-"
111.93.24.58 - - [21/Nov/2022:07:42:10 +0100] "POST /project/download_checked_files.php?project=1503_B1-5100%20-%20Makrill_Manetv%E4gen%20(30183)&projectId=30183&companyId=1503&systemUserMail=team06@astacus.in&systemUserName=Team%2006 HTTP/1.1" 200 167826196 "https://icad.astacus.se/project/index.php?page=project_production&projectId=30183&companyId=$$&path=/Files%20to%20Customer/220324" "Mozilla/5.0 (Windows NT 6.1; Win64; x64; rv:107.0) Gecko/20100101 Firefox/107.0"
114.119.146.61 - - [21/Nov/2022:07:42:42 +0100] "GET / HTTP/1.1" 200 3082 "http://notes-online.se/en/loggain.php" "Mozilla/5.0 (Linux; Android 7.0;) AppleWebKit/537.36 (KHTML, like Gecko) Mobile Safari/537.36 (compatible; PetalBot;+https://webmaster.petalsearch.com/site/petalbot)"
111.93.24.58 - - [21/Nov/2022:07:42:55 +0100] "POST /project/updateSTAT_PROD.php?projectId=33190&page=project_production HTTP/1.1" 302 - "https://icad.astacus.se/project/index.php?page=project_production&projectId=33190" "Mozilla/5.0 (Windows NT 10.0; Win64; x64; rv:107.0) Gecko/20100101 Firefox/107.0"
111.93.24.58 - - [21/Nov/2022:07:42:55 +0100] "GET /project/index.php?page=project_production&projectId=33190 HTTP/1.1" 200 6396 "https://icad.astacus.se/project/index.php?page=project_production&projectId=33190" "Mozilla/5.0 (Windows NT 10.0; Win64; x64; rv:107.0) Gecko/20100101 Firefox/107.0"
111.93.24.58 - - [21/Nov/2022:07:42:57 +0100] "GET /project/index.php?AdmincountryId=Alla HTTP/1.1" 200 112471 "https://icad.astacus.se/project/index.php?page=project_production&projectId=33190" "Mozilla/5.0 (Windows NT 10.0; Win64; x64; rv:107.0) Gecko/20100101 Firefox/107.0"
111.93.24.58 - - [21/Nov/2022:07:42:58 +0100] "GET /images/nolog.png HTTP/1.1" 200 2866 "https://icad.astacus.se/project/index.php?AdmincountryId=Alla" "Mozilla/5.0 (Windows NT 10.0; Win64; x64; rv:107.0) Gecko/20100101 Firefox/107.0"
111.93.24.58 - - [21/Nov/2022:07:42:58 +0100] "GET /images/ordervalue0.png HTTP/1.1" 200 3491 "https://icad.astacus.se/project/index.php?AdmincountryId=Alla" "Mozilla/5.0 (Windows NT 10.0; Win64; x64; rv:107.0) Gecko/20100101 Firefox/107.0"
111.93.24.58 - - [21/Nov/2022:07:42:58 +0100] "GET /favicon.ico HTTP/1.1" 404 209 "https://icad.astacus.se/project/index.php?AdmincountryId=Alla" "Mozilla/5.0 (Windows NT 10.0; Win64; x64; rv:107.0) Gecko/20100101 Firefox/107.0"
::1 - - [21/Nov/2022:07:43:03 +0100] "OPTIONS * HTTP/1.0" 200 - "-" "Apache/2.4.7 (Ubuntu) PHP/5.5.9-1ubuntu4.29 OpenSSL/1.0.1f (internal dummy connection)"
111.93.24.58 - - [21/Nov/2022:07:43:33 +0100] "GET /project/index.php?projectId=33188&page=project_production&button11=Show HTTP/1.1" 200 6536 "https://icad.astacus.se/project/index.php?AdmincountryId=Alla" "Mozilla/5.0 (Windows NT 10.0; Win64; x64; rv:107.0) Gecko/20100101 Firefox/107.0"
111.93.24.58 - - [21/Nov/2022:07:43:33 +0100] "GET /images/Back-Arrow.jpg HTTP/1.1" 200 6310 "https://icad.astacus.se/project/index.php?projectId=33188&page=project_production&button11=Show" "Mozilla/5.0 (Windows NT 10.0; Win64; x64; rv:107.0) Gecko/20100101 Firefox/107.0"
88.131.253.147 - - [21/Nov/2022:07:43:49 +0100] "GET /project/index.php?companyId=879&page=project&projectId=33379 HTTP/1.1" 200 8952 "https://icad.astacus.se/project/index.php?companyId=879&button=Show" "Mozilla/5.0 (Windows NT 10.0; Win64; x64; rv:106.0) Gecko/20100101 Firefox/106.0"
88.131.253.147 - - [21/Nov/2022:07:43:52 +0100] "GET /project/index.php?page=project&projectId=33379&companyId=$879&path=/Files%20from%20Customer HTTP/1.1" 200 8884 "https://icad.astacus.se/project/index.php?companyId=879&page=project&projectId=33379" "Mozilla/5.0 (Windows NT 10.0; Win64; x64; rv:106.0) Gecko/20100101 Firefox/106.0"
88.131.253.147 - - [21/Nov/2022:07:43:53 +0100] "GET /project/index.php?page=project&projectId=33379&companyId=$$879&path=/Files%20from%20Customer/221117 HTTP/1.1" 200 8977 "https://icad.astacus.se/project/index.php?page=project&projectId=33379&companyId=$879&path=/Files%20from%20Customer" "Mozilla/5.0 (Windows NT 10.0; Win64; x64; rv:106.0) Gecko/20100101 Firefox/106.0"
88.131.253.147 - - [21/Nov/2022:07:43:57 +0100] "GET /project/index.php?page=project&projectId=33379&path=/Files%20from%20Customer HTTP/1.1" 200 8879 "https://icad.astacus.se/project/index.php?page=project&projectId=33379&companyId=$$879&path=/Files%20from%20Customer/221117" "Mozilla/5.0 (Windows NT 10.0; Win64; x64; rv:106.0) Gecko/20100101 Firefox/106.0"
14.98.175.41 - - [21/Nov/2022:07:43:58 +0100] "-" 408 - "-" "-"
111.93.24.58 - - [21/Nov/2022:07:43:59 +0100] "GET /project/index.php?AdmincountryId=Alla HTTP/1.1" 200 112471 "https://icad.astacus.se/project/index.php?projectId=33188&page=project_production&button11=Show" "Mozilla/5.0 (Windows NT 10.0; Win64; x64; rv:107.0) Gecko/20100101 Firefox/107.0"
88.131.253.147 - - [21/Nov/2022:07:44:01 +0100] "GET /project/index.php?companyId=879&button=Show HTTP/1.1" 200 86189 "https://icad.astacus.se/project/index.php?page=project&projectId=33379&path=/Files%20from%20Customer" "Mozilla/5.0 (Windows NT 10.0; Win64; x64; rv:106.0) Gecko/20100101 Firefox/106.0"
88.131.253.147 - - [21/Nov/2022:07:44:04 +0100] "GET /project/index.php?companyId=879&page=project&projectId=33235 HTTP/1.1" 200 9320 "https://icad.astacus.se/project/index.php?companyId=879&button=Show" "Mozilla/5.0 (Windows NT 10.0; Win64; x64; rv:106.0) Gecko/20100101 Firefox/106.0"
::1 - - [21/Nov/2022:07:44:05 +0100] "OPTIONS * HTTP/1.0" 200 - "-" "Apache/2.4.7 (Ubuntu) PHP/5.5.9-1ubuntu4.29 OpenSSL/1.0.1f (internal dummy connection)"
::1 - - [21/Nov/2022:07:44:06 +0100] "OPTIONS * HTTP/1.0" 200 - "-" "Apache/2.4.7 (Ubuntu) PHP/5.5.9-1ubuntu4.29 OpenSSL/1.0.1f (internal dummy connection)"
88.131.253.147 - - [21/Nov/2022:07:44:06 +0100] "GET /project/index.php?page=project&projectId=33235&companyId=$879&path=/Files%20from%20Customer HTTP/1.1" 200 9251 "https://icad.astacus.se/project/index.php?companyId=879&page=project&projectId=33235" "Mozilla/5.0 (Windows NT 10.0; Win64; x64; rv:106.0) Gecko/20100101 Firefox/106.0"
216.244.66.203 - - [21/Nov/2022:07:44:06 +0100] "GET /apps/school/www_old8/Html/LevelE/Category2/LevelECat2Lesson04.html HTTP/1.1" 200 55135 "-" "Mozilla/5.0 (compatible; DotBot/1.2; +https://opensiteexplorer.org/dotbot; help@moz.com)"
::1 - - [21/Nov/2022:07:44:07 +0100] "OPTIONS * HTTP/1.0" 200 - "-" "Apache/2.4.7 (Ubuntu) PHP/5.5.9-1ubuntu4.29 OpenSSL/1.0.1f (internal dummy connection)"
88.131.253.147 - - [21/Nov/2022:07:44:07 +0100] "GET /project/index.php?page=project&projectId=33235&companyId=$$879&path=/Files%20from%20Customer/221020 HTTP/1.1" 200 9989 "https://icad.astacus.se/project/index.php?page=project&projectId=33235&companyId=$879&path=/Files%20from%20Customer" "Mozilla/5.0 (Windows NT 10.0; Win64; x64; rv:106.0) Gecko/20100101 Firefox/106.0"
::1 - - [21/Nov/2022:07:44:08 +0100] "OPTIONS * HTTP/1.0" 200 - "-" "Apache/2.4.7 (Ubuntu) PHP/5.5.9-1ubuntu4.29 OpenSSL/1.0.1f (internal dummy connection)"
::1 - - [21/Nov/2022:07:44:09 +0100] "OPTIONS * HTTP/1.0" 200 - "-" "Apache/2.4.7 (Ubuntu) PHP/5.5.9-1ubuntu4.29 OpenSSL/1.0.1f (internal dummy connection)"
::1 - - [21/Nov/2022:07:44:10 +0100] "OPTIONS * HTTP/1.0" 200 - "-" "Apache/2.4.7 (Ubuntu) PHP/5.5.9-1ubuntu4.29 OpenSSL/1.0.1f (internal dummy connection)"
::1 - - [21/Nov/2022:07:44:11 +0100] "OPTIONS * HTTP/1.0" 200 - "-" "Apache/2.4.7 (Ubuntu) PHP/5.5.9-1ubuntu4.29 OpenSSL/1.0.1f (internal dummy connection)"
88.131.253.147 - - [21/Nov/2022:07:44:11 +0100] "GET /project/index.php?companyId=879&button=Show HTTP/1.1" 200 86189 "https://icad.astacus.se/project/index.php?page=project&projectId=33235&companyId=$$879&path=/Files%20from%20Customer/221020" "Mozilla/5.0 (Windows NT 10.0; Win64; x64; rv:106.0) Gecko/20100101 Firefox/106.0"
88.131.253.147 - - [21/Nov/2022:07:44:13 +0100] "GET /project/index.php?companyId=879&page=project&projectId=33235 HTTP/1.1" 200 9320 "https://icad.astacus.se/project/index.php?companyId=879&button=Show" "Mozilla/5.0 (Windows NT 10.0; Win64; x64; rv:106.0) Gecko/20100101 Firefox/106.0"
88.131.253.147 - - [21/Nov/2022:07:44:14 +0100] "GET /project/index.php?page=project&projectId=33235&companyId=$879&path=/Files%20from%20Production HTTP/1.1" 200 9250 "https://icad.astacus.se/project/index.php?companyId=879&page=project&projectId=33235" "Mozilla/5.0 (Windows NT 10.0; Win64; x64; rv:106.0) Gecko/20100101 Firefox/106.0"
::1 - - [21/Nov/2022:07:44:15 +0100] "OPTIONS * HTTP/1.0" 200 - "-" "Apache/2.4.7 (Ubuntu) PHP/5.5.9-1ubuntu4.29 OpenSSL/1.0.1f (internal dummy connection)"
88.131.253.147 - - [21/Nov/2022:07:44:15 +0100] "GET /project/index.php?page=project&projectId=33235&companyId=$$879&path=/Files%20from%20Production/221102 HTTP/1.1" 200 9468 "https://icad.astacus.se/project/index.php?page=project&projectId=33235&companyId=$879&path=/Files%20from%20Production" "Mozilla/5.0 (Windows NT 10.0; Win64; x64; rv:106.0) Gecko/20100101 Firefox/106.0"
216.244.66.203 - - [21/Nov/2022:07:44:28 +0100] "GET /apps/school/www_old10/Html/LevelD/Category1/LevelDCat1Lesson08.html HTTP/1.1" 200 2904 "-" "Mozilla/5.0 (compatible; DotBot/1.2; +https://opensiteexplorer.org/dotbot; help@moz.com)"
::1 - - [21/Nov/2022:07:44:31 +0100] "OPTIONS * HTTP/1.0" 200 - "-" "Apache/2.4.7 (Ubuntu) PHP/5.5.9-1ubuntu4.29 OpenSSL/1.0.1f (internal dummy connection)"
216.244.66.203 - - [21/Nov/2022:07:44:33 +0100] "GET /apps/school/www_old5/img/LevelA/Category2/LevelACat2Lesson07/ HTTP/1.1" 200 1866 "-" "Mozilla/5.0 (compatible; DotBot/1.2; +https://opensiteexplorer.org/dotbot; help@moz.com)"
216.244.66.203 - - [21/Nov/2022:07:44:36 +0100] "GET /apps/school/www_old6/img/LevelF/Category2/LevelFCat2Lesson31/ HTTP/1.1" 200 1034 "-" "Mozilla/5.0 (compatible; DotBot/1.2; +https://opensiteexplorer.org/dotbot; help@moz.com)"
14.98.175.41 - - [21/Nov/2022:07:44:56 +0100] "-" 408 - "-" "-"
::1 - - [21/Nov/2022:07:44:59 +0100] "OPTIONS * HTTP/1.0" 200 - "-" "Apache/2.4.7 (Ubuntu) PHP/5.5.9-1ubuntu4.29 OpenSSL/1.0.1f (internal dummy connection)"
114.119.141.42 - - [21/Nov/2022:07:45:45 +0100] "GET /apps/school/www_old4/img/LevelA/Category1/LevelACat1Lesson2/?C=M%3BO%3DA HTTP/1.1" 200 520 "http://kulturdokumentation.se/apps/school/www_old4/img/LevelA/Category1/LevelACat1Lesson2/" "Mozilla/5.0 (Linux; Android 7.0;) AppleWebKit/537.36 (KHTML, like Gecko) Mobile Safari/537.36 (compatible; PetalBot;+https://webmaster.petalsearch.com/site/petalbot)"
5.255.253.166 - - [21/Nov/2022:07:45:53 +0100] "GET /robots.txt HTTP/1.1" 404 208 "-" "Mozilla/5.0 (compatible; YandexBot/3.0; +http://yandex.com/bots)"
111.93.24.58 - - [21/Nov/2022:07:45:37 +0100] "POST /project/download_checked_files.php?project=4925_%C4ngsg%E4rdet%20%C4BO%20(33307)&projectId=33307&companyId=4925&systemUserMail=team08@astacus.in&systemUserName=Team%2008 HTTP/1.1" 200 16816237 "https://icad.astacus.se/project/index.php?page=project_production&projectId=33307&companyId=$&path=/Files%20from%20Customer" "Mozilla/5.0 (Windows NT 6.1; Win64; x64; rv:107.0) Gecko/20100101 Firefox/107.0"
5.255.253.166 - - [21/Nov/2022:07:45:57 +0100] "GET /apps/school/www_old8/Html/LevelA/Category2/LevelACat2Lesson16.html HTTP/1.1" 200 3644 "-" "Mozilla/5.0 (compatible; YandexBot/3.0; +http://yandex.com/bots)"
88.131.253.147 - - [21/Nov/2022:07:45:59 +0100] "GET /project/download_singel_file.php?file=/Files%20from%20Production/221102/114-2-5311.pdf&projectId=33235&customerId=879 HTTP/1.1" 200 171065 "https://icad.astacus.se/project/index.php?page=project&projectId=33235&companyId=$$879&path=/Files%20from%20Production/221102" "Mozilla/5.0 (Windows NT 10.0; Win64; x64; rv:106.0) Gecko/20100101 Firefox/106.0"
88.131.253.147 - - [21/Nov/2022:07:46:15 +0100] "GET /project/index.php?page=project&projectId=33235&path=/Files%20from%20Production HTTP/1.1" 200 9246 "https://icad.astacus.se/project/index.php?page=project&projectId=33235&companyId=$$879&path=/Files%20from%20Production/221102" "Mozilla/5.0 (Windows NT 10.0; Win64; x64; rv:106.0) Gecko/20100101 Firefox/106.0"
88.131.253.147 - - [21/Nov/2022:07:46:16 +0100] "GET /project/index.php?page=project&projectId=33235&companyId=$&path=/Files%20from%20Production/221102 HTTP/1.1" 200 9468 "https://icad.astacus.se/project/index.php?page=project&projectId=33235&path=/Files%20from%20Production" "Mozilla/5.0 (Windows NT 10.0; Win64; x64; rv:106.0) Gecko/20100101 Firefox/106.0"
88.131.253.147 - - [21/Nov/2022:07:46:17 +0100] "GET /project/index.php?page=project&projectId=33235&path=/Files%20from%20Production HTTP/1.1" 200 9246 "https://icad.astacus.se/project/index.php?page=project&projectId=33235&companyId=$&path=/Files%20from%20Production/221102" "Mozilla/5.0 (Windows NT 10.0; Win64; x64; rv:106.0) Gecko/20100101 Firefox/106.0"
66.249.66.89 - - [21/Nov/2022:07:46:18 +0100] "GET /digitaltwin/images/back.png HTTP/1.1" 200 20147 "-" "Googlebot-Image/1.0"
88.131.253.147 - - [21/Nov/2022:07:46:18 +0100] "GET /project/index.php?page=project&projectId=33235&path= HTTP/1.1" 200 9318 "https://icad.astacus.se/project/index.php?page=project&projectId=33235&path=/Files%20from%20Production" "Mozilla/5.0 (Windows NT 10.0; Win64; x64; rv:106.0) Gecko/20100101 Firefox/106.0"
88.131.253.147 - - [21/Nov/2022:07:46:19 +0100] "GET /project/index.php?page=project&projectId=33235&companyId=$&path=/Files%20to%20Customer HTTP/1.1" 200 9245 "https://icad.astacus.se/project/index.php?page=project&projectId=33235&path=" "Mozilla/5.0 (Windows NT 10.0; Win64; x64; rv:106.0) Gecko/20100101 Firefox/106.0"
88.131.253.147 - - [21/Nov/2022:07:46:20 +0100] "GET /project/index.php?page=project&projectId=33235&companyId=$$&path=/Files%20to%20Customer/221102 HTTP/1.1" 200 9460 "https://icad.astacus.se/project/index.php?page=project&projectId=33235&companyId=$&path=/Files%20to%20Customer" "Mozilla/5.0 (Windows NT 10.0; Win64; x64; rv:106.0) Gecko/20100101 Firefox/106.0"
88.131.253.147 - - [21/Nov/2022:07:46:22 +0100] "GET /project/download_singel_file.php?file=/Files%20to%20Customer/221102/114-2-4111.pdf&projectId=33235&customerId=879 HTTP/1.1" 200 170953 "https://icad.astacus.se/project/index.php?page=project&projectId=33235&companyId=$$&path=/Files%20to%20Customer/221102" "Mozilla/5.0 (Windows NT 10.0; Win64; x64; rv:106.0) Gecko/20100101 Firefox/106.0"
88.131.253.147 - - [21/Nov/2022:07:46:31 +0100] "GET /project/download_singel_file.php?file=/Files%20to%20Customer/221102/114-2-5211.pdf&projectId=33235&customerId=879 HTTP/1.1" 200 171034 "https://icad.astacus.se/project/index.php?page=project&projectId=33235&companyId=$$&path=/Files%20to%20Customer/221102" "Mozilla/5.0 (Windows NT 10.0; Win64; x64; rv:106.0) Gecko/20100101 Firefox/106.0"
88.131.253.147 - - [21/Nov/2022:07:46:40 +0100] "GET /project/index.php?companyId=879&button=Show HTTP/1.1" 200 86189 "https://icad.astacus.se/project/index.php?page=project&projectId=33235&companyId=$$&path=/Files%20to%20Customer/221102" "Mozilla/5.0 (Windows NT 10.0; Win64; x64; rv:106.0) Gecko/20100101 Firefox/106.0"
88.131.253.147 - - [21/Nov/2022:07:46:44 +0100] "GET /project/index.php?companyId=879&page=project&projectId=33379 HTTP/1.1" 200 8952 "https://icad.astacus.se/project/index.php?companyId=879&button=Show" "Mozilla/5.0 (Windows NT 10.0; Win64; x64; rv:106.0) Gecko/20100101 Firefox/106.0"
111.93.24.58 - - [21/Nov/2022:07:46:53 +0100] "GET /project/index.php?companyId=879&button11=Show HTTP/1.1" 200 79459 "https://icad.astacus.se/project/index.php?companyId=1666&button11=Show" "Mozilla/5.0 (Windows NT 10.0; Win64; x64; rv:107.0) Gecko/20100101 Firefox/107.0"
88.131.253.147 - - [21/Nov/2022:07:46:55 +0100] "GET /project/index.php?companyId=879&button=Show HTTP/1.1" 200 86189 "https://icad.astacus.se/project/index.php?companyId=879&page=project&projectId=33379" "Mozilla/5.0 (Windows NT 10.0; Win64; x64; rv:106.0) Gecko/20100101 Firefox/106.0"
111.93.24.58 - - [21/Nov/2022:07:46:59 +0100] "GET /project/index.php?companyId=879&page=project_production&projectId=33379 HTTP/1.1" 200 6380 "https://icad.astacus.se/project/index.php?companyId=879&button11=Show" "Mozilla/5.0 (Windows NT 10.0; Win64; x64; rv:107.0) Gecko/20100101 Firefox/107.0"
111.93.24.58 - - [21/Nov/2022:07:46:59 +0100] "GET /project/astacusproject_logo.png HTTP/1.1" 200 2670 "https://icad.astacus.se/project/index.php?companyId=879&page=project_production&projectId=33379" "Mozilla/5.0 (Windows NT 10.0; Win64; x64; rv:107.0) Gecko/20100101 Firefox/107.0"
111.93.24.58 - - [21/Nov/2022:07:46:59 +0100] "GET /main.css HTTP/1.1" 200 415 "https://icad.astacus.se/project/index.php?companyId=879&page=project_production&projectId=33379" "Mozilla/5.0 (Windows NT 10.0; Win64; x64; rv:107.0) Gecko/20100101 Firefox/107.0"
111.93.24.58 - - [21/Nov/2022:07:46:59 +0100] "GET /images/support.png HTTP/1.1" 200 1909 "https://icad.astacus.se/project/index.php?companyId=879&page=project_production&projectId=33379" "Mozilla/5.0 (Windows NT 10.0; Win64; x64; rv:107.0) Gecko/20100101 Firefox/107.0"
111.93.24.58 - - [21/Nov/2022:07:46:59 +0100] "GET /images/Back-Arrow.jpg HTTP/1.1" 200 6310 "https://icad.astacus.se/project/index.php?companyId=879&page=project_production&projectId=33379" "Mozilla/5.0 (Windows NT 10.0; Win64; x64; rv:107.0) Gecko/20100101 Firefox/107.0"
111.93.24.58 - - [21/Nov/2022:07:46:59 +0100] "GET /project/dhtmlxCalendar/codebase/dhtmlxcalendar.css HTTP/1.1" 200 2329 "https://icad.astacus.se/project/index.php?companyId=879&page=project_production&projectId=33379" "Mozilla/5.0 (Windows NT 10.0; Win64; x64; rv:107.0) Gecko/20100101 Firefox/107.0"
111.93.24.58 - - [21/Nov/2022:07:47:00 +0100] "GET /project/index.php?page=project_production&projectId=33379&companyId=$879&path=/Files%20from%20Production HTTP/1.1" 200 6313 "https://icad.astacus.se/project/index.php?companyId=879&page=project_production&projectId=33379" "Mozilla/5.0 (Windows NT 10.0; Win64; x64; rv:107.0) Gecko/20100101 Firefox/107.0"
111.93.24.58 - - [21/Nov/2022:07:47:04 +0100] "GET /project/createfolder.php?page=project_production&projectId=33379&path=%2FFiles+from+Production&foldername=221121 HTTP/1.1" 302 - "https://icad.astacus.se/project/index.php?page=project_production&projectId=33379&companyId=$879&path=/Files%20from%20Production" "Mozilla/5.0 (Windows NT 10.0; Win64; x64; rv:107.0) Gecko/20100101 Firefox/107.0"
111.93.24.58 - - [21/Nov/2022:07:47:04 +0100] "GET /project/index.php?page=project_production&projectId=33379&path=/Files%20from%20Production/221121 HTTP/1.1" 200 6148 "https://icad.astacus.se/project/index.php?page=project_production&projectId=33379&companyId=$879&path=/Files%20from%20Production" "Mozilla/5.0 (Windows NT 10.0; Win64; x64; rv:107.0) Gecko/20100101 Firefox/107.0"
111.93.24.58 - - [21/Nov/2022:07:47:05 +0100] "GET /project/index.php?page=files_production&projectId=33379&path=/Files%20from%20Production/221121 HTTP/1.1" 200 4966 "https://icad.astacus.se/project/index.php?page=project_production&projectId=33379&path=/Files%20from%20Production/221121" "Mozilla/5.0 (Windows NT 10.0; Win64; x64; rv:107.0) Gecko/20100101 Firefox/107.0"
111.93.24.58 - - [21/Nov/2022:07:47:06 +0100] "GET /project/universal/style.css HTTP/1.1" 200 1840 "https://icad.astacus.se/project/index.php?page=files_production&projectId=33379&path=/Files%20from%20Production/221121" "Mozilla/5.0 (Windows NT 10.0; Win64; x64; rv:107.0) Gecko/20100101 Firefox/107.0"
111.93.24.58 - - [21/Nov/2022:07:47:06 +0100] "GET /project/index.php?page=files_production&projectId=33379&path=/Files%20from%20Production/221121 HTTP/1.1" 200 4966 "https://icad.astacus.se/project/index.php?page=files_production&projectId=33379&path=/Files%20from%20Production/221121" "Mozilla/5.0 (Windows NT 10.0; Win64; x64; rv:107.0) Gecko/20100101 Firefox/107.0"
114.119.134.155 - - [21/Nov/2022:07:47:12 +0100] "GET /apps/school/www_old5/img/LevelE/Category3/LevelECat3Lesson14/?C=S%3BO%3DA HTTP/1.1" 200 450 "http://kulturdokumentation.com/apps/school/www_old5/img/LevelE/Category3/LevelECat3Lesson14/?C=M%3BO%3DA" "Mozilla/5.0 (Linux; Android 7.0;) AppleWebKit/537.36 (KHTML, like Gecko) Mobile Safari/537.36 (compatible; PetalBot;+https://webmaster.petalsearch.com/site/petalbot)"
111.93.24.58 - - [21/Nov/2022:07:47:21 +0100] "GET /project/universal/images/file_unknown.png HTTP/1.1" 200 4118 "https://icad.astacus.se/project/index.php?page=files_production&projectId=33379&path=/Files%20from%20Production/221121" "Mozilla/5.0 (Windows NT 10.0; Win64; x64; rv:107.0) Gecko/20100101 Firefox/107.0"
111.93.24.58 - - [21/Nov/2022:07:47:22 +0100] "POST /project/DirUpload.php?projectId=33379&customerId=879&path=%2FFiles+from+Production%2F221121 HTTP/1.1" 200 - "https://icad.astacus.se/project/index.php?page=files_production&projectId=33379&path=/Files%20from%20Production/221121" "Mozilla/5.0 (Windows NT 10.0; Win64; x64; rv:107.0) Gecko/20100101 Firefox/107.0"
111.93.24.58 - - [21/Nov/2022:07:47:23 +0100] "GET /project/universal/images/file_complete.png HTTP/1.1" 200 643 "https://icad.astacus.se/project/index.php?page=files_production&projectId=33379&path=/Files%20from%20Production/221121" "Mozilla/5.0 (Windows NT 10.0; Win64; x64; rv:107.0) Gecko/20100101 Firefox/107.0"
111.93.24.58 - - [21/Nov/2022:07:47:23 +0100] "POST /project/DirUpload.php?projectId=33379&customerId=879&path=%2FFiles+from+Production%2F221121 HTTP/1.1" 200 - "https://icad.astacus.se/project/index.php?page=files_production&projectId=33379&path=/Files%20from%20Production/221121" "Mozilla/5.0 (Windows NT 10.0; Win64; x64; rv:107.0) Gecko/20100101 Firefox/107.0"
111.93.24.58 - - [21/Nov/2022:07:47:24 +0100] "POST /project/DirUpload.php?projectId=33379&customerId=879&path=%2FFiles+from+Production%2F221121 HTTP/1.1" 200 - "https://icad.astacus.se/project/index.php?page=files_production&projectId=33379&path=/Files%20from%20Production/221121" "Mozilla/5.0 (Windows NT 10.0; Win64; x64; rv:107.0) Gecko/20100101 Firefox/107.0"
111.93.24.58 - - [21/Nov/2022:07:47:24 +0100] "GET /project/index.php?page=project_production&projectId=33379&companyId=879&path=/Files%20from%20Production/221121&uploaded=true HTTP/1.1" 200 6415 "https://icad.astacus.se/project/index.php?page=files_production&projectId=33379&path=/Files%20from%20Production/221121" "Mozilla/5.0 (Windows NT 10.0; Win64; x64; rv:107.0) Gecko/20100101 Firefox/107.0"
111.93.24.58 - - [21/Nov/2022:07:47:24 +0100] "GET /images/icons/file.gif HTTP/1.1" 200 622 "https://icad.astacus.se/project/index.php?page=project_production&projectId=33379&companyId=879&path=/Files%20from%20Production/221121&uploaded=true" "Mozilla/5.0 (Windows NT 10.0; Win64; x64; rv:107.0) Gecko/20100101 Firefox/107.0"
::1 - - [21/Nov/2022:07:47:28 +0100] "OPTIONS * HTTP/1.0" 200 - "-" "Apache/2.4.7 (Ubuntu) PHP/5.5.9-1ubuntu4.29 OpenSSL/1.0.1f (internal dummy connection)"
111.93.24.58 - - [21/Nov/2022:07:47:36 +0100] "GET /project/index.php?companyId=879&page=project_production&projectId=33231 HTTP/1.1" 200 6590 "https://icad.astacus.se/project/index.php?companyId=879&button11=Show" "Mozilla/5.0 (Windows NT 10.0; Win64; x64; rv:107.0) Gecko/20100101 Firefox/107.0"
111.93.24.58 - - [21/Nov/2022:07:47:36 +0100] "GET /project/dhtmlxCalendar/codebase/dhtmlxcalendar.css HTTP/1.1" 200 2329 "https://icad.astacus.se/project/index.php?companyId=879&page=project_production&projectId=33231" "Mozilla/5.0 (Windows NT 10.0; Win64; x64; rv:107.0) Gecko/20100101 Firefox/107.0"
185.191.171.40 - - [21/Nov/2022:07:47:40 +0100] "GET /robots.txt HTTP/1.1" 404 208 "-" "Mozilla/5.0 (compatible; SemrushBot/7~bl; +http://www.semrush.com/bot.html)"
185.191.171.8 - - [21/Nov/2022:07:47:41 +0100] "GET /index.php?filename=BILLYBookcasewithGlassDoor_80x202.zip&id=34&page=download&path=data%2Fmodels%2FBILLY%20Bookcase%20with%20Glass%20Door_80x202.zip HTTP/1.1" 200 4242 "-" "Mozilla/5.0 (compatible; SemrushBot/7~bl; +http://www.semrush.com/bot.html)"
111.93.24.58 - - [21/Nov/2022:07:47:45 +0100] "GET /project/index.php?page=project_production&projectId=33379&companyId=879&path=/Files%20from%20Production/221121&uploaded=true HTTP/1.1" 200 6415 "https://icad.astacus.se/project/index.php?page=files_production&projectId=33379&path=/Files%20from%20Production/221121" "Mozilla/5.0 (Windows NT 10.0; Win64; x64; rv:107.0) Gecko/20100101 Firefox/107.0"
111.93.24.58 - - [21/Nov/2022:07:47:47 +0100] "GET /project/index.php?companyId=879&page=project_production&projectId=33231 HTTP/1.1" 200 6590 "https://icad.astacus.se/project/index.php?companyId=879&button11=Show" "Mozilla/5.0 (Windows NT 10.0; Win64; x64; rv:107.0) Gecko/20100101 Firefox/107.0"
14.98.175.41 - - [21/Nov/2022:07:47:46 +0100] "GET /notifications.php?days=4 HTTP/1.1" 200 2918 "-" "Mozilla/5.0 (Windows NT 10.0; Win64; x64) AppleWebKit/537.36 (KHTML, like Gecko) Chrome/107.0.0.0 Safari/537.36"
14.98.175.41 - - [21/Nov/2022:07:47:49 +0100] "GET /notifications.php?days=4 HTTP/1.1" 200 2918 "-" "Mozilla/5.0 (Windows NT 10.0; Win64; x64) AppleWebKit/537.36 (KHTML, like Gecko) Chrome/107.0.0.0 Safari/537.36"
14.98.175.41 - - [21/Nov/2022:07:47:55 +0100] "GET /notifications.php?days=5 HTTP/1.1" 200 3179 "-" "Mozilla/5.0 (Windows NT 6.1; Win64; x64) AppleWebKit/537.36 (KHTML, like Gecko) Chrome/107.0.0.0 Safari/537.36"
185.191.171.26 - - [21/Nov/2022:07:48:15 +0100] "GET /robots.txt HTTP/1.1" 404 208 "-" "Mozilla/5.0 (compatible; SemrushBot/7~bl; +http://www.semrush.com/bot.html)"
185.191.171.35 - - [21/Nov/2022:07:48:15 +0100] "GET /?keyword=BOXIT&page=result&presentation=true HTTP/1.1" 200 4863 "-" "Mozilla/5.0 (compatible; SemrushBot/7~bl; +http://www.semrush.com/bot.html)"
78.128.113.62 - - [21/Nov/2022:07:48:18 +0100] "GET /wp-includes/js/jquery/ui/widget.min.js?ver=1.11.4 HTTP/1.1" 200 2599 "-" "Mozilla/5.0 (X11; U; Linux i686; en-US; rv:1.9.1.2) Gecko/20090729 Slackware/13.0 Firefox/3.5.2"
78.128.113.62 - - [21/Nov/2022:07:48:21 +0100] "GET /wp-includes/js/jquery/ui/widget.min.js?ver=1.11.4&wQSn%3D8182%20AND%201%3D1%20UNION%20ALL%20SELECT%201%2CNULL%2C%27%3Cscript%3Ealert%28%22XSS%22%29%3C%2Fscript%3E%27%2Ctable_name%20FROM%20information_schema.tables%20WHERE%202%3E1--%2F%2A%2A%2F%3B%20EXEC%20xp_cmdshell%28%27cat%20..%2F..%2F..%2Fetc%2Fpasswd%27%29%23 HTTP/1.1" 200 2599 "-" "Mozilla/5.0 (X11; U; Linux i686; en-US; rv:1.9.1.2) Gecko/20090729 Slackware/13.0 Firefox/3.5.2"
78.128.113.62 - - [21/Nov/2022:07:48:22 +0100] "GET /wp-includes/js/jquery/ui/widget.min.js?ver=1.11.4 HTTP/1.1" 200 2599 "-" "Mozilla/5.0 (X11; U; Linux i686; en-US; rv:1.9.1.2) Gecko/20090729 Slackware/13.0 Firefox/3.5.2"
78.128.113.62 - - [21/Nov/2022:07:48:23 +0100] "GET /wp-includes/js/jquery/ui/widget.min.js?ver=8391 HTTP/1.1" 200 2599 "-" "Mozilla/5.0 (X11; U; Linux i686; en-US; rv:1.9.1.2) Gecko/20090729 Slackware/13.0 Firefox/3.5.2"
78.128.113.62 - - [21/Nov/2022:07:48:23 +0100] "GET /wp-includes/js/jquery/ui/widget.min.js?ver=1.11.4%2C%28%29%28.%22.%28%27%28 HTTP/1.1" 200 2599 "-" "Mozilla/5.0 (X11; U; Linux i686; en-US; rv:1.9.1.2) Gecko/20090729 Slackware/13.0 Firefox/3.5.2"
78.128.113.62 - - [21/Nov/2022:07:48:24 +0100] "GET /wp-includes/js/jquery/ui/widget.min.js?ver=1.11.4%27phoPjA%3C%27%22%3EKluldg HTTP/1.1" 200 2599 "-" "Mozilla/5.0 (X11; U; Linux i686; en-US; rv:1.9.1.2) Gecko/20090729 Slackware/13.0 Firefox/3.5.2"
88.131.253.147 - - [21/Nov/2022:07:48:29 +0100] "GET /project/index.php?companyId=879&page=project&projectId=33379 HTTP/1.1" 200 8958 "https://icad.astacus.se/project/index.php?companyId=879&button=Show" "Mozilla/5.0 (Windows NT 10.0; Win64; x64; rv:106.0) Gecko/20100101 Firefox/106.0"
88.131.253.147 - - [21/Nov/2022:07:49:10 +0100] "GET /project/index.php?companyId=879&button=Show HTTP/1.1" 200 86189 "https://icad.astacus.se/project/index.php?companyId=879&page=project&projectId=33379" "Mozilla/5.0 (Windows NT 10.0; Win64; x64; rv:106.0) Gecko/20100101 Firefox/106.0"
88.131.253.147 - - [21/Nov/2022:07:49:12 +0100] "GET /project/index.php?companyId=879&page=project&projectId=33231 HTTP/1.1" 200 9151 "https://icad.astacus.se/project/index.php?companyId=879&button=Show" "Mozilla/5.0 (Windows NT 10.0; Win64; x64; rv:106.0) Gecko/20100101 Firefox/106.0"
88.131.253.147 - - [21/Nov/2022:07:49:14 +0100] "GET /project/index.php?page=project&projectId=33231&companyId=$879&path=/Files%20from%20Customer HTTP/1.1" 200 9123 "https://icad.astacus.se/project/index.php?companyId=879&page=project&projectId=33231" "Mozilla/5.0 (Windows NT 10.0; Win64; x64; rv:106.0) Gecko/20100101 Firefox/106.0"
88.131.253.147 - - [21/Nov/2022:07:49:16 +0100] "GET /project/index.php?page=project&projectId=33231&companyId=$$879&path=/Files%20from%20Customer/221027 HTTP/1.1" 200 9150 "https://icad.astacus.se/project/index.php?page=project&projectId=33231&companyId=$879&path=/Files%20from%20Customer" "Mozilla/5.0 (Windows NT 10.0; Win64; x64; rv:106.0) Gecko/20100101 Firefox/106.0"
88.131.253.147 - - [21/Nov/2022:07:49:17 +0100] "GET /project/download_singel_file.php?file=/Files%20from%20Customer/221027/noreply_20221026_075814.pdf&projectId=33231&customerId=879 HTTP/1.1" 200 386740 "https://icad.astacus.se/project/index.php?page=project&projectId=33231&companyId=$$879&path=/Files%20from%20Customer/221027" "Mozilla/5.0 (Windows NT 10.0; Win64; x64; rv:106.0) Gecko/20100101 Firefox/106.0"
88.131.253.147 - - [21/Nov/2022:07:49:23 +0100] "GET /project/download_singel_file.php?file=/Files%20from%20Customer/221027/A%2002.pdf&projectId=33231&customerId=879 HTTP/1.1" 200 129476 "https://icad.astacus.se/project/index.php?page=project&projectId=33231&companyId=$$879&path=/Files%20from%20Customer/221027" "Mozilla/5.0 (Windows NT 10.0; Win64; x64; rv:106.0) Gecko/20100101 Firefox/106.0"
88.131.253.147 - - [21/Nov/2022:07:49:33 +0100] "POST /project/download_checked_files.php?project=879_L%E4genhetskort%20238%20M%F6rlanda%202:65%20(33231)&projectId=33231&companyId=879&systemUserMail=johan.lindholm@astacus.se&systemUserName=Johan%20Lindholm&path=/Files%20from%20Customer/221027 HTTP/1.1" 200 473266 "https://icad.astacus.se/project/index.php?page=project&projectId=33231&companyId=$$879&path=/Files%20from%20Customer/221027" "Mozilla/5.0 (Windows NT 10.0; Win64; x64; rv:106.0) Gecko/20100101 Firefox/106.0"
88.131.253.147 - - [21/Nov/2022:07:49:38 +0100] "GET /project/index.php?page=project&projectId=33231&path=/Files%20from%20Customer HTTP/1.1" 200 9122 "https://icad.astacus.se/project/index.php?page=project&projectId=33231&companyId=$$879&path=/Files%20from%20Customer/221027" "Mozilla/5.0 (Windows NT 10.0; Win64; x64; rv:106.0) Gecko/20100101 Firefox/106.0"
88.131.253.147 - - [21/Nov/2022:07:49:39 +0100] "GET /project/index.php?page=project&projectId=33231&companyId=$&path=/Files%20from%20Customer/221019 HTTP/1.1" 200 9244 "https://icad.astacus.se/project/index.php?page=project&projectId=33231&path=/Files%20from%20Customer" "Mozilla/5.0 (Windows NT 10.0; Win64; x64; rv:106.0) Gecko/20100101 Firefox/106.0"
88.131.253.147 - - [21/Nov/2022:07:49:41 +0100] "GET /project/download_singel_file.php?file=/Files%20from%20Customer/221019/Objektslista%20238.xlsx&projectId=33231&customerId=879 HTTP/1.1" 200 9479 "https://icad.astacus.se/project/index.php?page=project&projectId=33231&companyId=$&path=/Files%20from%20Customer/221019" "Mozilla/5.0 (Windows NT 10.0; Win64; x64; rv:106.0) Gecko/20100101 Firefox/106.0"
14.98.175.41 - - [21/Nov/2022:07:50:14 +0100] "GET /notifications.php?days=4 HTTP/1.1" 200 2918 "-" "Mozilla/5.0 (Windows NT 10.0; Win64; x64) AppleWebKit/537.36 (KHTML, like Gecko) Chrome/107.0.0.0 Safari/537.36"
