111.93.24.58 - - [21/Nov/2022:05:33:12 +0100] "GET /project/index.php?companyId=2465&page=project_production&projectId=33190 HTTP/1.1" 200 6371 "https://icad.astacus.se/project/index.php?companyId=2465&button11=Show" "Mozilla/5.0 (Windows NT 10.0; Win64; x64; rv:107.0) Gecko/20100101 Firefox/107.0"
111.93.24.58 - - [21/Nov/2022:05:33:19 +0100] "GET /project/index.php?companyId=2465&button11=Show HTTP/1.1" 200 80029 "https://icad.astacus.se/project/index.php?companyId=2465&page=project_production&projectId=33190" "Mozilla/5.0 (Windows NT 10.0; Win64; x64; rv:107.0) Gecko/20100101 Firefox/107.0"
::1 - - [21/Nov/2022:05:33:26 +0100] "OPTIONS * HTTP/1.0" 200 - "-" "Apache/2.4.7 (Ubuntu) PHP/5.5.9-1ubuntu4.29 OpenSSL/1.0.1f (internal dummy connection)"
::1 - - [21/Nov/2022:05:33:27 +0100] "OPTIONS * HTTP/1.0" 200 - "-" "Apache/2.4.7 (Ubuntu) PHP/5.5.9-1ubuntu4.29 OpenSSL/1.0.1f (internal dummy connection)"
::1 - - [21/Nov/2022:05:33:35 +0100] "OPTIONS * HTTP/1.0" 200 - "-" "Apache/2.4.7 (Ubuntu) PHP/5.5.9-1ubuntu4.29 OpenSSL/1.0.1f (internal dummy connection)"
111.93.24.58 - - [21/Nov/2022:05:33:39 +0100] "GET /project/index.php?companyId=2465&page=project_production&projectId=33189 HTTP/1.1" 200 6276 "https://icad.astacus.se/project/index.php?companyId=2465&button11=Show" "Mozilla/5.0 (Windows NT 10.0; Win64; x64; rv:107.0) Gecko/20100101 Firefox/107.0"
111.93.24.58 - - [21/Nov/2022:05:33:44 +0100] "GET /project/dhtmlxCalendar/codebase/imgs/dhxcalendar_skyblue/dhxcalendar_arrow_right.gif HTTP/1.1" 200 75 "https://icad.astacus.se/project/dhtmlxCalendar/codebase/dhtmlxcalendar.css" "Mozilla/5.0 (Windows NT 10.0; Win64; x64; rv:107.0) Gecko/20100101 Firefox/107.0"
40.77.167.60 - - [21/Nov/2022:05:33:45 +0100] "GET / HTTP/1.1" 200 4586 "-" "Mozilla/5.0 AppleWebKit/537.36 (KHTML, like Gecko; compatible; bingbot/2.0; +http://www.bing.com/bingbot.htm) Chrome/103.0.5060.134 Safari/537.36"
111.93.24.58 - - [21/Nov/2022:05:33:45 +0100] "GET /project/updateAllDates.php?page=project_production&projectId=33189&PreprocessingStartDate=&ProductionStartDate=2022-11-24&ProductionCompletedDate=2022-12-07 HTTP/1.1" 302 - "https://icad.astacus.se/project/index.php?companyId=2465&page=project_production&projectId=33189" "Mozilla/5.0 (Windows NT 10.0; Win64; x64; rv:107.0) Gecko/20100101 Firefox/107.0"
111.93.24.58 - - [21/Nov/2022:05:33:45 +0100] "GET /project/index.php?page=project_production&projectId=33189 HTTP/1.1" 200 6277 "https://icad.astacus.se/project/index.php?companyId=2465&page=project_production&projectId=33189" "Mozilla/5.0 (Windows NT 10.0; Win64; x64; rv:107.0) Gecko/20100101 Firefox/107.0"
111.93.24.58 - - [21/Nov/2022:05:33:52 +0100] "GET /project/index.php?companyId=2465&button11=Show HTTP/1.1" 200 79993 "https://icad.astacus.se/project/index.php?page=project_production&projectId=33189" "Mozilla/5.0 (Windows NT 10.0; Win64; x64; rv:107.0) Gecko/20100101 Firefox/107.0"
111.93.24.58 - - [21/Nov/2022:05:33:59 +0100] "GET /project/index.php?companyId=&button11=Show HTTP/1.1" 200 112471 "https://icad.astacus.se/project/index.php?companyId=2465&button11=Show" "Mozilla/5.0 (Windows NT 10.0; Win64; x64; rv:107.0) Gecko/20100101 Firefox/107.0"
14.98.175.41 - - [21/Nov/2022:05:34:03 +0100] "GET /notifications.php?days=10 HTTP/1.1" 200 4369 "-" "Mozilla/5.0 (Windows NT 10.0; Win64; x64) AppleWebKit/537.36 (KHTML, like Gecko) Chrome/107.0.0.0 Safari/537.36"
14.98.175.41 - - [21/Nov/2022:05:34:03 +0100] "GET /favicon.ico HTTP/1.1" 404 209 "https://icad.astacus.se/notifications.php?days=10" "Mozilla/5.0 (Windows NT 10.0; Win64; x64) AppleWebKit/537.36 (KHTML, like Gecko) Chrome/107.0.0.0 Safari/537.36"
207.46.13.121 - - [21/Nov/2022:05:34:08 +0100] "GET /fadeslideshow.js HTTP/1.1" 200 4248 "-" "Mozilla/5.0 (compatible; bingbot/2.0; +http://www.bing.com/bingbot.htm)"
14.98.175.41 - - [21/Nov/2022:05:34:13 +0100] "GET / HTTP/1.1" 302 207 "-" "Mozilla/5.0 (Windows NT 10.0; Win64; x64) AppleWebKit/537.36 (KHTML, like Gecko) Chrome/107.0.0.0 Safari/537.36"
14.98.175.41 - - [21/Nov/2022:05:34:13 +0100] "GET / HTTP/1.1" 200 13133 "-" "Mozilla/5.0 (Windows NT 10.0; Win64; x64) AppleWebKit/537.36 (KHTML, like Gecko) Chrome/107.0.0.0 Safari/537.36"
114.119.134.161 - - [21/Nov/2022:05:34:15 +0100] "GET /apps/school/www_old6/Html/LevelH/Category1/LevelHCat1Lesson36.html HTTP/1.1" 200 805 "http://kulturdokumentation.com/apps/school/www_old6/Html/LevelH/Category1/?C=S%3BO%3DA" "Mozilla/5.0 (Linux; Android 7.0;) AppleWebKit/537.36 (KHTML, like Gecko) Mobile Safari/537.36 (compatible; PetalBot;+https://webmaster.petalsearch.com/site/petalbot)"
14.98.175.41 - - [21/Nov/2022:05:34:16 +0100] "GET /?page=loggain&goto=project HTTP/1.1" 200 1790 "https://www.astacus.se/" "Mozilla/5.0 (Windows NT 10.0; Win64; x64) AppleWebKit/537.36 (KHTML, like Gecko) Chrome/107.0.0.0 Safari/537.36"
14.98.175.41 - - [21/Nov/2022:05:34:17 +0100] "POST /logon.php?action=logon HTTP/1.1" 302 - "https://icad.astacus.se/?page=loggain&goto=project" "Mozilla/5.0 (Windows NT 10.0; Win64; x64) AppleWebKit/537.36 (KHTML, like Gecko) Chrome/107.0.0.0 Safari/537.36"
176.213.59.1 - - [21/Nov/2022:05:34:33 +0100] "GET /apple-app-site-association HTTP/1.1" 302 233 "-" "Mozilla/5.0 (Windows NT 6.1; WOW64; rv:40.0) Gecko/20100101 Firefox/40.1"
37.113.74.51 - - [21/Nov/2022:05:34:35 +0100] "GET /apple-app-site-association HTTP/1.1" 404 35295 "-" "Mozilla/5.0 (Windows NT 6.1; WOW64; rv:40.0) Gecko/20100101 Firefox/40.1"
176.213.59.1 - - [21/Nov/2022:05:34:37 +0100] "GET /.well-known/apple-app-site-association HTTP/1.1" 302 245 "-" "Mozilla/5.0 (Windows NT 6.1; WOW64; rv:40.0) Gecko/20100101 Firefox/40.1"
176.213.59.1 - - [21/Nov/2022:05:34:38 +0100] "GET /.well-known/apple-app-site-association HTTP/1.1" 404 35295 "-" "Mozilla/5.0 (Windows NT 6.1; WOW64; rv:40.0) Gecko/20100101 Firefox/40.1"
54.36.148.205 - - [21/Nov/2022:05:35:03 +0100] "GET /apps/school/www_old4/Html/LevelC/Category2/LevelCCat2Lesson5.html HTTP/1.1" 200 2995 "-" "Mozilla/5.0 (compatible; AhrefsBot/7.0; +http://ahrefs.com/robot/)"
54.36.149.1 - - [21/Nov/2022:05:35:57 +0100] "GET /vrinnevisjukhuset-i-norrkoping-ritas-i-3d/ HTTP/1.1" 200 9672 "-" "Mozilla/5.0 (compatible; AhrefsBot/7.0; +http://ahrefs.com/robot/)"
14.98.175.41 - - [21/Nov/2022:05:34:18 +0100] "GET /productionzon/index.php HTTP/1.1" 200 88419 "https://icad.astacus.se/?page=loggain&goto=project" "Mozilla/5.0 (Windows NT 10.0; Win64; x64) AppleWebKit/537.36 (KHTML, like Gecko) Chrome/107.0.0.0 Safari/537.36"
14.98.175.41 - - [21/Nov/2022:05:34:23 +0100] "POST /logon.php?action=logon HTTP/1.1" 302 - "https://icad.astacus.se/?page=loggain&goto=project" "Mozilla/5.0 (Windows NT 10.0; Win64; x64) AppleWebKit/537.36 (KHTML, like Gecko) Chrome/107.0.0.0 Safari/537.36"
14.98.175.41 - - [21/Nov/2022:05:36:46 +0100] "GET /productionzon/index.php HTTP/1.1" 200 88419 "https://icad.astacus.se/?page=loggain&goto=project" "Mozilla/5.0 (Windows NT 10.0; Win64; x64) AppleWebKit/537.36 (KHTML, like Gecko) Chrome/107.0.0.0 Safari/537.36"
::1 - - [21/Nov/2022:05:37:04 +0100] "OPTIONS * HTTP/1.0" 200 - "-" "Apache/2.4.7 (Ubuntu) PHP/5.5.9-1ubuntu4.29 OpenSSL/1.0.1f (internal dummy connection)"
114.119.141.52 - - [21/Nov/2022:05:37:52 +0100] "GET /apps/school/www_old6/img/LevelF/Category1/?C=S%3BO%3DA HTTP/1.1" 200 629 "http://kulturdokumentation.se/apps/school/www_old6/img/LevelF/Category1/?C=D%3BO%3DA" "Mozilla/5.0 (Linux; Android 7.0;) AppleWebKit/537.36 (KHTML, like Gecko) Mobile Safari/537.36 (compatible; PetalBot;+https://webmaster.petalsearch.com/site/petalbot)"
114.119.134.155 - - [21/Nov/2022:05:39:29 +0100] "GET /apps/school/www_old4/img/LevelE/Category3/LevelECat3Lesson9?C=S%3BO%3DA HTTP/1.1" 301 311 "http://kulturdokumentation.com/apps/school/www_old4/img/LevelE/Category3/LevelECat3Lesson9?C=D%3BO%3DA" "Mozilla/5.0 (Linux; Android 7.0;) AppleWebKit/537.36 (KHTML, like Gecko) Mobile Safari/537.36 (compatible; PetalBot;+https://webmaster.petalsearch.com/site/petalbot)"
114.119.134.155 - - [21/Nov/2022:05:39:34 +0100] "GET /apps/school/www_old4/img/LevelE/Category3/LevelECat3Lesson9/?C=S%3BO%3DA HTTP/1.1" 200 490 "http://kulturdokumentation.com/apps/school/www_old4/img/LevelE/Category3/LevelECat3Lesson9?C=D%3BO%3DA" "Mozilla/5.0 (Linux; Android 7.0;) AppleWebKit/537.36 (KHTML, like Gecko) Mobile Safari/537.36 (compatible; PetalBot;+https://webmaster.petalsearch.com/site/petalbot)"
14.98.175.41 - - [21/Nov/2022:05:39:35 +0100] "GET /productionzon/index.php?page=project&projectId=33390 HTTP/1.1" 200 4504 "https://icad.astacus.se/productionzon/index.php" "Mozilla/5.0 (Windows NT 10.0; Win64; x64) AppleWebKit/537.36 (KHTML, like Gecko) Chrome/107.0.0.0 Safari/537.36"
14.98.175.41 - - [21/Nov/2022:05:39:37 +0100] "GET /productionzon/index.php?page=logg&projectId=33390 HTTP/1.1" 200 4040 "https://icad.astacus.se/productionzon/index.php?page=project&projectId=33390" "Mozilla/5.0 (Windows NT 10.0; Win64; x64) AppleWebKit/537.36 (KHTML, like Gecko) Chrome/107.0.0.0 Safari/537.36"
14.98.175.41 - - [21/Nov/2022:05:39:52 +0100] "GET /productionzon/index.php?page=project&projectId=33391 HTTP/1.1" 200 4500 "https://icad.astacus.se/productionzon/index.php" "Mozilla/5.0 (Windows NT 10.0; Win64; x64) AppleWebKit/537.36 (KHTML, like Gecko) Chrome/107.0.0.0 Safari/537.36"
14.98.175.41 - - [21/Nov/2022:05:39:53 +0100] "GET /productionzon/index.php?page=logg&projectId=33391 HTTP/1.1" 200 3984 "https://icad.astacus.se/productionzon/index.php?page=project&projectId=33391" "Mozilla/5.0 (Windows NT 10.0; Win64; x64) AppleWebKit/537.36 (KHTML, like Gecko) Chrome/107.0.0.0 Safari/537.36"
5.181.86.250 - - [21/Nov/2022:05:40:12 +0100] "SSH-2.0-libssh2_1.10.0" 400 226 "-" "-"
192.241.212.187 - - [21/Nov/2022:05:41:55 +0100] "GET / HTTP/1.0" 400 362 "-" "-"
40.77.167.99 - - [21/Nov/2022:05:42:18 +0100] "GET /robots.txt HTTP/1.1" 404 208 "-" "Mozilla/5.0 (compatible; bingbot/2.0; +http://www.bing.com/bingbot.htm)"
40.77.167.99 - - [21/Nov/2022:05:42:19 +0100] "GET /robots.txt HTTP/1.1" 404 208 "-" "Mozilla/5.0 (compatible; bingbot/2.0; +http://www.bing.com/bingbot.htm)"
207.46.13.161 - - [21/Nov/2022:05:42:21 +0100] "GET / HTTP/1.1" 200 1772 "-" "Mozilla/5.0 AppleWebKit/537.36 (KHTML, like Gecko; compatible; bingbot/2.0; +http://www.bing.com/bingbot.htm) Chrome/103.0.5060.134 Safari/537.36"
114.119.141.51 - - [21/Nov/2022:05:43:03 +0100] "GET /apps/school/www_old6/img/LevelF/Category2/LevelFCat2Lesson25/ HTTP/1.1" 200 595 "http://kulturdokumentation.se/apps/school/www_old6/img/LevelF/Category2/?C=S%3BO%3DA" "Mozilla/5.0 (Linux; Android 7.0;) AppleWebKit/537.36 (KHTML, like Gecko) Mobile Safari/537.36 (compatible; PetalBot;+https://webmaster.petalsearch.com/site/petalbot)"
40.77.167.32 - - [21/Nov/2022:05:43:40 +0100] "GET /astacusproject/ProjectSelected.do?projectId=32242 HTTP/1.1" 404 231 "-" "Mozilla/5.0 (compatible; bingbot/2.0; +http://www.bing.com/bingbot.htm)"
54.36.148.17 - - [21/Nov/2022:05:43:54 +0100] "GET /apps/school/www_old4/Html/LevelC/Category2/LevelCCat2Lesson6.html HTTP/1.1" 200 2197 "-" "Mozilla/5.0 (compatible; AhrefsBot/7.0; +http://ahrefs.com/robot/)"
114.119.134.152 - - [21/Nov/2022:05:44:28 +0100] "GET /apps/school/www_old9/img/LevelD/Category2/LevelDCat2Lesson20?C=S%3BO%3DA HTTP/1.1" 301 312 "http://kulturdokumentation.com/apps/school/www_old9/img/LevelD/Category2/LevelDCat2Lesson20?C=M%3BO%3DA" "Mozilla/5.0 (Linux; Android 7.0;) AppleWebKit/537.36 (KHTML, like Gecko) Mobile Safari/537.36 (compatible; PetalBot;+https://webmaster.petalsearch.com/site/petalbot)"
114.119.134.152 - - [21/Nov/2022:05:44:28 +0100] "GET /apps/school/www_old9/img/LevelD/Category2/LevelDCat2Lesson20/?C=S%3BO%3DA HTTP/1.1" 200 480 "http://kulturdokumentation.com/apps/school/www_old9/img/LevelD/Category2/LevelDCat2Lesson20?C=M%3BO%3DA" "Mozilla/5.0 (Linux; Android 7.0;) AppleWebKit/537.36 (KHTML, like Gecko) Mobile Safari/537.36 (compatible; PetalBot;+https://webmaster.petalsearch.com/site/petalbot)"
14.98.175.41 - - [21/Nov/2022:05:44:35 +0100] "-" 408 - "-" "-"
207.46.13.187 - - [21/Nov/2022:05:47:14 +0100] "GET /forge/forge-api-nodejs-client/docs/JsonApiRelationshipsLinksInternalResource.md HTTP/1.1" 200 288 "-" "Mozilla/5.0 (compatible; bingbot/2.0; +http://www.bing.com/bingbot.htm)"
114.119.141.51 - - [21/Nov/2022:05:48:07 +0100] "GET /apps/school/www_old_temp/AutodeskForge/learn.forge.viewmodels-nodejs/node_modules/verror/CONTRIBUTING.md HTTP/1.1" 200 770 "http://kulturdokumentation.se/apps/school/www_old_temp/AutodeskForge/learn.forge.viewmodels-nodejs/node_modules/verror/" "Mozilla/5.0 (Linux; Android 7.0;) AppleWebKit/537.36 (KHTML, like Gecko) Mobile Safari/537.36 (compatible; PetalBot;+https://webmaster.petalsearch.com/site/petalbot)"
114.119.134.148 - - [21/Nov/2022:05:49:38 +0100] "GET /apps/school/www_old5/img/LevelE/Category1/LevelECat1Lesson04/?C=S%3BO%3DA HTTP/1.1" 200 455 "http://kulturdokumentation.com/apps/school/www_old5/img/LevelE/Category1/LevelECat1Lesson04?C=D%3BO%3DA" "Mozilla/5.0 (Linux; Android 7.0;) AppleWebKit/537.36 (KHTML, like Gecko) Mobile Safari/537.36 (compatible; PetalBot;+https://webmaster.petalsearch.com/site/petalbot)"
111.93.24.58 - - [21/Nov/2022:05:49:38 +0100] "GET /project/index.php?companyId=2465&button11=Show HTTP/1.1" 200 79993 "https://icad.astacus.se/project/index.php?AdmincountryId=Alla" "Mozilla/5.0 (Windows NT 10.0; Win64; x64; rv:107.0) Gecko/20100101 Firefox/107.0"
111.93.24.58 - - [21/Nov/2022:05:49:42 +0100] "GET /project/index.php?companyId=2465&page=project_production&projectId=33189 HTTP/1.1" 200 6278 "https://icad.astacus.se/project/index.php?companyId=2465&button11=Show" "Mozilla/5.0 (Windows NT 10.0; Win64; x64; rv:107.0) Gecko/20100101 Firefox/107.0"
111.93.24.58 - - [21/Nov/2022:05:49:42 +0100] "GET /project/calendar.gif HTTP/1.1" 200 244 "https://icad.astacus.se/project/index.php?companyId=2465&page=project_production&projectId=33189" "Mozilla/5.0 (Windows NT 10.0; Win64; x64; rv:107.0) Gecko/20100101 Firefox/107.0"
111.93.24.58 - - [21/Nov/2022:05:49:42 +0100] "GET /images/Back-Arrow.jpg HTTP/1.1" 200 6310 "https://icad.astacus.se/project/index.php?companyId=2465&page=project_production&projectId=33189" "Mozilla/5.0 (Windows NT 10.0; Win64; x64; rv:107.0) Gecko/20100101 Firefox/107.0"
111.93.24.58 - - [21/Nov/2022:05:49:42 +0100] "GET /project/dhtmlxCalendar/codebase/dhtmlxcalendar.css HTTP/1.1" 200 2329 "https://icad.astacus.se/project/index.php?companyId=2465&page=project_production&projectId=33189" "Mozilla/5.0 (Windows NT 10.0; Win64; x64; rv:107.0) Gecko/20100101 Firefox/107.0"
111.93.24.58 - - [21/Nov/2022:05:49:42 +0100] "GET /images/icons/folder.gif HTTP/1.1" 200 996 "https://icad.astacus.se/project/index.php?companyId=2465&page=project_production&projectId=33189" "Mozilla/5.0 (Windows NT 10.0; Win64; x64; rv:107.0) Gecko/20100101 Firefox/107.0"
111.93.24.58 - - [21/Nov/2022:05:49:44 +0100] "GET /project/index.php?companyId=2465&button11=Show HTTP/1.1" 200 79993 "https://icad.astacus.se/project/index.php?AdmincountryId=Alla" "Mozilla/5.0 (Windows NT 10.0; Win64; x64; rv:107.0) Gecko/20100101 Firefox/107.0"
111.93.24.58 - - [21/Nov/2022:05:49:46 +0100] "GET /project/index.php?companyId=2465&page=project_production&projectId=33191 HTTP/1.1" 200 6383 "https://icad.astacus.se/project/index.php?companyId=2465&button11=Show" "Mozilla/5.0 (Windows NT 10.0; Win64; x64; rv:107.0) Gecko/20100101 Firefox/107.0"
::1 - - [21/Nov/2022:05:50:02 +0100] "OPTIONS * HTTP/1.0" 200 - "-" "Apache/2.4.7 (Ubuntu) PHP/5.5.9-1ubuntu4.29 OpenSSL/1.0.1f (internal dummy connection)"
111.93.24.58 - - [21/Nov/2022:05:50:05 +0100] "GET /project/index.php?companyId=2465&button11=Show HTTP/1.1" 200 79993 "https://icad.astacus.se/project/index.php?companyId=2465&page=project_production&projectId=33191" "Mozilla/5.0 (Windows NT 10.0; Win64; x64; rv:107.0) Gecko/20100101 Firefox/107.0"
111.93.24.58 - - [21/Nov/2022:05:50:07 +0100] "GET /project/index.php?companyId=2465&page=project_production&projectId=33190 HTTP/1.1" 200 6371 "https://icad.astacus.se/project/index.php?companyId=2465&button11=Show" "Mozilla/5.0 (Windows NT 10.0; Win64; x64; rv:107.0) Gecko/20100101 Firefox/107.0"
111.93.24.58 - - [21/Nov/2022:05:50:26 +0100] "GET /project/index.php?companyId=2465&button11=Show HTTP/1.1" 200 79993 "https://icad.astacus.se/project/index.php?companyId=2465&page=project_production&projectId=33190" "Mozilla/5.0 (Windows NT 10.0; Win64; x64; rv:107.0) Gecko/20100101 Firefox/107.0"
111.93.24.58 - - [21/Nov/2022:05:50:29 +0100] "GET /project/index.php?companyId=2465&page=project_production&projectId=33191 HTTP/1.1" 200 6383 "https://icad.astacus.se/project/index.php?companyId=2465&button11=Show" "Mozilla/5.0 (Windows NT 10.0; Win64; x64; rv:107.0) Gecko/20100101 Firefox/107.0"
54.36.149.27 - - [21/Nov/2022:05:53:12 +0100] "GET /?productid=333152 HTTP/1.1" 302 23504 "-" "Mozilla/5.0 (compatible; AhrefsBot/7.0; +http://ahrefs.com/robot/)"
114.119.141.53 - - [21/Nov/2022:05:53:15 +0100] "GET /apps/school/www_old_temp/AutodeskForge/learn.forge.viewmodels-nodejs/node_modules/express/lib/response.js HTTP/1.1" 200 7417 "http://kulturdokumentation.se/apps/school/www_old_temp/AutodeskForge/learn.forge.viewmodels-nodejs/node_modules/express/lib/?C=S%3BO%3DA" "Mozilla/5.0 (Linux; Android 7.0;) AppleWebKit/537.36 (KHTML, like Gecko) Mobile Safari/537.36 (compatible; PetalBot;+https://webmaster.petalsearch.com/site/petalbot)"
54.36.148.63 - - [21/Nov/2022:05:53:49 +0100] "GET /apps/school/www_old5/img/LevelH/Category1/LevelHCat1Lesson05/?C=M;O=A HTTP/1.1" 200 448 "-" "Mozilla/5.0 (compatible; AhrefsBot/7.0; +http://ahrefs.com/robot/)"
114.119.134.148 - - [21/Nov/2022:05:54:43 +0100] "GET /apps/school/www_old5/img/LevelE/Category3/LevelECat3Lesson04/?C=M%3BO%3DA HTTP/1.1" 200 451 "http://kulturdokumentation.com/apps/school/www_old5/img/LevelE/Category3/LevelECat3Lesson04/?C=S%3BO%3DA" "Mozilla/5.0 (Linux; Android 7.0;) AppleWebKit/537.36 (KHTML, like Gecko) Mobile Safari/537.36 (compatible; PetalBot;+https://webmaster.petalsearch.com/site/petalbot)"
216.244.66.239 - - [21/Nov/2022:05:56:53 +0100] "GET /robots.txt HTTP/1.1" 404 208 "-" "Mozilla/5.0 (compatible; DotBot/1.2; +https://opensiteexplorer.org/dotbot; help@moz.com)"
14.98.175.41 - - [21/Nov/2022:05:57:00 +0100] "GET /notifications.php?days=4 HTTP/1.1" 200 2918 "-" "Mozilla/5.0 (Windows NT 10.0; Win64; x64) AppleWebKit/537.36 (KHTML, like Gecko) Chrome/107.0.0.0 Safari/537.36"
111.93.24.58 - - [21/Nov/2022:05:57:12 +0100] "GET /project/index.php?companyId=2465&button11=Show HTTP/1.1" 200 79993 "https://icad.astacus.se/project/index.php?companyId=2465&page=project_production&projectId=33191" "Mozilla/5.0 (Windows NT 10.0; Win64; x64; rv:107.0) Gecko/20100101 Firefox/107.0"
111.93.24.58 - - [21/Nov/2022:05:57:15 +0100] "GET /project/index.php?companyId=2465&page=project_production&projectId=33190 HTTP/1.1" 200 6371 "https://icad.astacus.se/project/index.php?companyId=2465&button11=Show" "Mozilla/5.0 (Windows NT 10.0; Win64; x64; rv:107.0) Gecko/20100101 Firefox/107.0"
::1 - - [21/Nov/2022:05:57:18 +0100] "OPTIONS * HTTP/1.0" 200 - "-" "Apache/2.4.7 (Ubuntu) PHP/5.5.9-1ubuntu4.29 OpenSSL/1.0.1f (internal dummy connection)"
::1 - - [21/Nov/2022:05:57:30 +0100] "OPTIONS * HTTP/1.0" 200 - "-" "Apache/2.4.7 (Ubuntu) PHP/5.5.9-1ubuntu4.29 OpenSSL/1.0.1f (internal dummy connection)"
111.93.24.58 - - [21/Nov/2022:05:57:52 +0100] "GET /project/index.php?companyId=2465&page=project_production&projectId=33190 HTTP/1.1" 200 6375 "https://icad.astacus.se/project/index.php?companyId=2465&button11=Show" "Mozilla/5.0 (Windows NT 6.1; Win64; x64; rv:107.0) Gecko/20100101 Firefox/107.0"
111.93.24.58 - - [21/Nov/2022:05:57:52 +0100] "GET /main.css HTTP/1.1" 200 415 "https://icad.astacus.se/project/index.php?companyId=2465&page=project_production&projectId=33190" "Mozilla/5.0 (Windows NT 6.1; Win64; x64; rv:107.0) Gecko/20100101 Firefox/107.0"
111.93.24.58 - - [21/Nov/2022:05:57:56 +0100] "GET /project/index.php?page=project_production&projectId=33190&companyId=$2465&path=/Files%20from%20Customer HTTP/1.1" 200 6358 "https://icad.astacus.se/project/index.php?companyId=2465&page=project_production&projectId=33190" "Mozilla/5.0 (Windows NT 6.1; Win64; x64; rv:107.0) Gecko/20100101 Firefox/107.0"
111.93.24.58 - - [21/Nov/2022:05:57:58 +0100] "GET /project/index.php?page=project_production&projectId=33190&companyId=$$2465&path=/Files%20from%20Customer/221012 HTTP/1.1" 200 6439 "https://icad.astacus.se/project/index.php?page=project_production&projectId=33190&companyId=$2465&path=/Files%20from%20Customer" "Mozilla/5.0 (Windows NT 6.1; Win64; x64; rv:107.0) Gecko/20100101 Firefox/107.0"
111.93.24.58 - - [21/Nov/2022:05:57:58 +0100] "GET /images/icons/file.gif HTTP/1.1" 200 622 "https://icad.astacus.se/project/index.php?page=project_production&projectId=33190&companyId=$$2465&path=/Files%20from%20Customer/221012" "Mozilla/5.0 (Windows NT 6.1; Win64; x64; rv:107.0) Gecko/20100101 Firefox/107.0"
111.93.24.58 - - [21/Nov/2022:05:57:59 +0100] "GET /project/download_singel_file.php?file=/Files%20from%20Customer/221012/Plan%201%20lagerkylar%2006174-06178.pdf&projectId=33190&customerId=2465 HTTP/1.1" 200 630986 "https://icad.astacus.se/project/index.php?page=project_production&projectId=33190&companyId=$$2465&path=/Files%20from%20Customer/221012" "Mozilla/5.0 (Windows NT 6.1; Win64; x64; rv:107.0) Gecko/20100101 Firefox/107.0"
114.119.141.73 - - [21/Nov/2022:05:58:20 +0100] "GET /apps/school/www_old_temp/?C=M%3BO%3DA HTTP/1.1" 200 832 "http://kulturdokumentation.se/apps/school/www_old_temp/?C=S%3BO%3DA" "Mozilla/5.0 (Linux; Android 7.0;) AppleWebKit/537.36 (KHTML, like Gecko) Mobile Safari/537.36 (compatible; PetalBot;+https://webmaster.petalsearch.com/site/petalbot)"
14.98.175.41 - - [21/Nov/2022:05:58:47 +0100] "GET /notifications.php?days=5 HTTP/1.1" 200 3179 "-" "Mozilla/5.0 (Windows NT 6.1; Win64; x64) AppleWebKit/537.36 (KHTML, like Gecko) Chrome/107.0.0.0 Safari/537.36"
111.93.24.58 - - [21/Nov/2022:05:59:13 +0100] "GET /project/index.php?companyId=879&button11=Show HTTP/1.1" 200 79455 "https://icad.astacus.se/project/index.php?AdmincountryId=Alla" "Mozilla/5.0 (Windows NT 6.1; Win64; x64; rv:107.0) Gecko/20100101 Firefox/107.0"
111.93.24.58 - - [21/Nov/2022:05:59:13 +0100] "GET /project/sorttable.js HTTP/1.1" 200 5140 "https://icad.astacus.se/project/index.php?companyId=879&button11=Show" "Mozilla/5.0 (Windows NT 6.1; Win64; x64; rv:107.0) Gecko/20100101 Firefox/107.0"
111.93.24.58 - - [21/Nov/2022:05:59:13 +0100] "GET /main.css HTTP/1.1" 200 415 "https://icad.astacus.se/project/index.php?companyId=879&button11=Show" "Mozilla/5.0 (Windows NT 6.1; Win64; x64; rv:107.0) Gecko/20100101 Firefox/107.0"
111.93.24.58 - - [21/Nov/2022:05:59:13 +0100] "GET /project/jquery.dataTables.min.js HTTP/1.1" 200 28202 "https://icad.astacus.se/project/index.php?companyId=879&button11=Show" "Mozilla/5.0 (Windows NT 6.1; Win64; x64; rv:107.0) Gecko/20100101 Firefox/107.0"
111.93.24.58 - - [21/Nov/2022:05:59:13 +0100] "GET /project/dataTables.fixedHeader.min.js HTTP/1.1" 200 2314 "https://icad.astacus.se/project/index.php?companyId=879&button11=Show" "Mozilla/5.0 (Windows NT 6.1; Win64; x64; rv:107.0) Gecko/20100101 Firefox/107.0"
111.93.24.58 - - [21/Nov/2022:05:59:13 +0100] "GET /images/support.png HTTP/1.1" 200 1909 "https://icad.astacus.se/project/index.php?companyId=879&button11=Show" "Mozilla/5.0 (Windows NT 6.1; Win64; x64; rv:107.0) Gecko/20100101 Firefox/107.0"
111.93.24.58 - - [21/Nov/2022:05:59:13 +0100] "GET /project/astacusproject_logo.png HTTP/1.1" 200 2670 "https://icad.astacus.se/project/index.php?companyId=879&button11=Show" "Mozilla/5.0 (Windows NT 6.1; Win64; x64; rv:107.0) Gecko/20100101 Firefox/107.0"
111.93.24.58 - - [21/Nov/2022:05:59:13 +0100] "GET /images/bottom_small.jpg HTTP/1.1" 200 393 "https://icad.astacus.se/project/index.php?companyId=879&button11=Show" "Mozilla/5.0 (Windows NT 6.1; Win64; x64; rv:107.0) Gecko/20100101 Firefox/107.0"
111.93.24.58 - - [21/Nov/2022:05:59:13 +0100] "GET /project/jquery-1.12.4.js HTTP/1.1" 200 87632 "https://icad.astacus.se/project/index.php?companyId=879&button11=Show" "Mozilla/5.0 (Windows NT 6.1; Win64; x64; rv:107.0) Gecko/20100101 Firefox/107.0"
111.93.24.58 - - [21/Nov/2022:05:59:14 +0100] "GET /images/ordervalue0.png HTTP/1.1" 200 3491 "https://icad.astacus.se/project/index.php?companyId=879&button11=Show" "Mozilla/5.0 (Windows NT 6.1; Win64; x64; rv:107.0) Gecko/20100101 Firefox/107.0"
111.93.24.58 - - [21/Nov/2022:05:59:14 +0100] "GET /images/nolog.png HTTP/1.1" 200 2866 "https://icad.astacus.se/project/index.php?companyId=879&button11=Show" "Mozilla/5.0 (Windows NT 6.1; Win64; x64; rv:107.0) Gecko/20100101 Firefox/107.0"
111.93.24.58 - - [21/Nov/2022:05:59:14 +0100] "GET /favicon.ico HTTP/1.1" 404 209 "https://icad.astacus.se/project/index.php?companyId=879&button11=Show" "Mozilla/5.0 (Windows NT 6.1; Win64; x64; rv:107.0) Gecko/20100101 Firefox/107.0"
207.46.13.17 - - [21/Nov/2022:05:59:28 +0100] "GET / HTTP/1.1" 200 1772 "-" "Mozilla/5.0 (compatible; bingbot/2.0; +http://www.bing.com/bingbot.htm)"
::1 - - [21/Nov/2022:05:59:29 +0100] "OPTIONS * HTTP/1.0" 200 - "-" "Apache/2.4.7 (Ubuntu) PHP/5.5.9-1ubuntu4.29 OpenSSL/1.0.1f (internal dummy connection)"
185.191.171.8 - - [21/Nov/2022:05:59:32 +0100] "GET /robots.txt HTTP/1.1" 404 208 "-" "Mozilla/5.0 (compatible; SemrushBot/7~bl; +http://www.semrush.com/bot.html)"
185.191.171.35 - - [21/Nov/2022:05:59:32 +0100] "GET /priser.php?mess=sent HTTP/1.1" 200 3056 "-" "Mozilla/5.0 (compatible; SemrushBot/7~bl; +http://www.semrush.com/bot.html)"
216.244.66.203 - - [21/Nov/2022:05:59:39 +0100] "GET /robots.txt HTTP/1.1" 404 208 "-" "Mozilla/5.0 (compatible; DotBot/1.2; +https://opensiteexplorer.org/dotbot; help@moz.com)"
216.244.66.203 - - [21/Nov/2022:05:59:39 +0100] "GET /robots.txt HTTP/1.1" 404 208 "-" "Mozilla/5.0 (compatible; DotBot/1.2; +https://opensiteexplorer.org/dotbot; help@moz.com)"
185.191.171.38 - - [21/Nov/2022:05:59:40 +0100] "GET /robots.txt HTTP/1.1" 404 208 "-" "Mozilla/5.0 (compatible; SemrushBot/7~bl; +http://www.semrush.com/bot.html)"
185.191.171.10 - - [21/Nov/2022:05:59:44 +0100] "GET /sitemap.xml HTTP/1.1" 404 209 "-" "Mozilla/5.0 (compatible; SemrushBot/7~bl; +http://www.semrush.com/bot.html)"
185.191.171.17 - - [21/Nov/2022:05:59:45 +0100] "GET /?page=icad HTTP/1.1" 200 1968 "-" "Mozilla/5.0 (compatible; SemrushBot/7~bl; +http://www.semrush.com/bot.html)"
114.119.134.155 - - [21/Nov/2022:05:59:51 +0100] "GET /apps/school/www_old5/img/LevelG/?C=N%3BO%3DD HTTP/1.1" 200 427 "http://kulturdokumentation.com/apps/school/www_old5/img/LevelG" "Mozilla/5.0 (Linux; Android 7.0;) AppleWebKit/537.36 (KHTML, like Gecko) Mobile Safari/537.36 (compatible; PetalBot;+https://webmaster.petalsearch.com/site/petalbot)"
195.191.219.130 - - [21/Nov/2022:06:00:04 +0100] "GET /robots.txt HTTP/1.1" 302 217 "-" "Mozilla/5.0 (compatible; MJ12bot/v1.4.8; http://mj12bot.com/)"
195.191.219.130 - - [21/Nov/2022:06:00:05 +0100] "GET /robots.txt HTTP/1.1" 200 67 "-" "Mozilla/5.0 (compatible; MJ12bot/v1.4.8; http://mj12bot.com/)"
195.191.219.130 - - [21/Nov/2022:06:00:08 +0100] "GET / HTTP/1.1" 302 207 "-" "Mozilla/5.0 (compatible; MJ12bot/v1.4.8; http://mj12bot.com/)"
195.191.219.130 - - [21/Nov/2022:06:00:10 +0100] "GET / HTTP/1.1" 200 13133 "-" "Mozilla/5.0 (compatible; MJ12bot/v1.4.8; http://mj12bot.com/)"
::1 - - [21/Nov/2022:06:00:28 +0100] "OPTIONS * HTTP/1.0" 200 - "-" "Apache/2.4.7 (Ubuntu) PHP/5.5.9-1ubuntu4.29 OpenSSL/1.0.1f (internal dummy connection)"
117.187.173.5 - - [21/Nov/2022:06:00:33 +0100] "GET / HTTP/1.1" 200 21 "-" "Mozilla/5.0 (X11; Linux x86_64) AppleWebKit/569.41 (KHTML, like Gecko) Chrome/60.0.2237 Safari/537.36"
117.187.173.5 - - [21/Nov/2022:06:00:33 +0100] "GET /favicon.ico HTTP/1.1" 404 209 "-" "Mozilla/5.0 (X11; Linux x86_64) AppleWebKit/566.41 (KHTML, like Gecko) Chrome/78.0.2439 Safari/537.36"
117.187.173.5 - - [21/Nov/2022:06:00:34 +0100] "GET /sitemap.xml HTTP/1.1" 404 209 "-" "Mozilla/5.0 (X11; Linux x86_64) AppleWebKit/574.47 (KHTML, like Gecko) Chrome/61.0.45 Safari/537.36"
117.187.173.5 - - [21/Nov/2022:06:00:34 +0100] "GET /robots.txt HTTP/1.1" 404 208 "-" "Mozilla/5.0 (Macintosh; Intel Mac OS X 8_1_1) AppleWebKit/557.55 (KHTML, like Gecko) Chrome/100.0.239 Safari/537.36"
117.187.173.5 - - [21/Nov/2022:06:00:37 +0100] "GET /axis2-admin/ HTTP/1.1" 404 210 "-" "Mozilla/5.0 (Windows NT 10.0; WOW64) AppleWebKit/537.36 (KHTML, like Gecko) Chrome/83.0.4103.116 Safari/537.36"
117.187.173.5 - - [21/Nov/2022:06:00:38 +0100] "GET /axis2/axis2-admin/ HTTP/1.1" 404 216 "-" "Mozilla/5.0 (Windows NT 10.0; WOW64) AppleWebKit/537.36 (KHTML, like Gecko) Chrome/83.0.4103.116 Safari/537.36"
117.187.173.5 - - [21/Nov/2022:06:00:38 +0100] "GET /phpmyadmin/index.php HTTP/1.1" 404 218 "-" "Mozilla/5.0 (Windows NT 10.0; WOW64) AppleWebKit/537.36 (KHTML, like Gecko) Chrome/83.0.4103.116 Safari/537.36"
117.187.173.5 - - [21/Nov/2022:06:00:39 +0100] "GET /PhpMyAdmin/index.php HTTP/1.1" 404 218 "-" "Mozilla/5.0 (Windows NT 10.0; WOW64) AppleWebKit/537.36 (KHTML, like Gecko) Chrome/83.0.4103.116 Safari/537.36"
117.187.173.5 - - [21/Nov/2022:06:00:39 +0100] "GET /php/thinkphp/aaaffff123.php HTTP/1.1" 404 225 "-" "Mozilla/5.0 (Windows NT 10.0; WOW64) AppleWebKit/537.36 (KHTML, like Gecko) Chrome/83.0.4103.116 Safari/537.36"
117.187.173.5 - - [21/Nov/2022:06:00:40 +0100] "GET /index_sso.php HTTP/1.1" 404 211 "-" "Mozilla/5.0 (Windows NT 10.0; WOW64) AppleWebKit/537.36 (KHTML, like Gecko) Chrome/83.0.4103.116 Safari/537.36"
14.98.175.41 - - [21/Nov/2022:06:02:00 +0100] "-" 408 - "-" "-"
::1 - - [21/Nov/2022:06:02:03 +0100] "OPTIONS * HTTP/1.0" 200 - "-" "Apache/2.4.7 (Ubuntu) PHP/5.5.9-1ubuntu4.29 OpenSSL/1.0.1f (internal dummy connection)"
111.93.24.58 - - [21/Nov/2022:06:02:05 +0100] "GET /project/index.php?AdmincountryId=Alla HTTP/1.1" 200 113772 "https://icad.astacus.se/project/index.php?page=project_production&projectId=33190&companyId=$&path=/Files%20to%20Customer" "Mozilla/5.0 (Windows NT 10.0; Win64; x64; rv:107.0) Gecko/20100101 Firefox/107.0"
111.93.24.58 - - [21/Nov/2022:06:02:10 +0100] "GET /project/index.php?projectId=33191&page=project_production&button11=Show HTTP/1.1" 200 6375 "https://icad.astacus.se/project/index.php?AdmincountryId=Alla" "Mozilla/5.0 (Windows NT 10.0; Win64; x64; rv:107.0) Gecko/20100101 Firefox/107.0"
111.93.24.58 - - [21/Nov/2022:06:02:47 +0100] "GET /project/projectlog.php?projectId=33191 HTTP/1.1" 200 1987 "https://icad.astacus.se/project/index.php?projectId=33191&page=project_production&button11=Show" "Mozilla/5.0 (Windows NT 10.0; Win64; x64; rv:107.0) Gecko/20100101 Firefox/107.0"
111.93.24.58 - - [21/Nov/2022:06:02:55 +0100] "GET /project/index.php?companyId=1666&button11=Show HTTP/1.1" 302 27854 "-" "Mozilla/5.0 (Windows NT 6.1; Win64; x64; rv:107.0) Gecko/20100101 Firefox/107.0"
111.93.24.58 - - [21/Nov/2022:06:02:56 +0100] "GET /?page=loggain&message= HTTP/1.1" 302 234 "-" "Mozilla/5.0 (Windows NT 6.1; Win64; x64; rv:107.0) Gecko/20100101 Firefox/107.0"
111.93.24.58 - - [21/Nov/2022:06:02:56 +0100] "GET /?page=loggain&message= HTTP/1.1" 200 1772 "-" "Mozilla/5.0 (Windows NT 6.1; Win64; x64; rv:107.0) Gecko/20100101 Firefox/107.0"
111.93.24.58 - - [21/Nov/2022:06:02:57 +0100] "GET /main.css HTTP/1.1" 200 415 "https://icad.astacus.se/?page=loggain&message=" "Mozilla/5.0 (Windows NT 6.1; Win64; x64; rv:107.0) Gecko/20100101 Firefox/107.0"
111.93.24.58 - - [21/Nov/2022:06:03:16 +0100] "GET / HTTP/1.1" 302 207 "-" "Mozilla/5.0 (Windows NT 6.1; Win64; x64; rv:107.0) Gecko/20100101 Firefox/107.0"
111.93.24.58 - - [21/Nov/2022:06:03:17 +0100] "GET / HTTP/1.1" 200 13133 "-" "Mozilla/5.0 (Windows NT 6.1; Win64; x64; rv:107.0) Gecko/20100101 Firefox/107.0"
111.93.24.58 - - [21/Nov/2022:06:03:17 +0100] "GET /wp-includes/js/wp-emoji-release.min.js?ver=4.8.1 HTTP/1.1" 200 4299 "https://www.astacus.se/" "Mozilla/5.0 (Windows NT 6.1; Win64; x64; rv:107.0) Gecko/20100101 Firefox/107.0"
111.93.24.58 - - [21/Nov/2022:06:03:18 +0100] "GET /wp-content/themes/x/framework/css/dist/site/stacks/ethos.css?ver=4.6.4 HTTP/1.1" 200 23966 "https://www.astacus.se/" "Mozilla/5.0 (Windows NT 6.1; Win64; x64; rv:107.0) Gecko/20100101 Firefox/107.0"
111.93.24.58 - - [21/Nov/2022:06:03:18 +0100] "GET /wp-content/plugins/revslider/public/assets/css/settings.css?ver=5.4.8 HTTP/1.1" 200 9545 "https://www.astacus.se/" "Mozilla/5.0 (Windows NT 6.1; Win64; x64; rv:107.0) Gecko/20100101 Firefox/107.0"
111.93.24.58 - - [21/Nov/2022:06:03:18 +0100] "GET /wp-includes/js/jquery/ui/slider.min.js?ver=1.11.4 HTTP/1.1" 200 3093 "https://www.astacus.se/" "Mozilla/5.0 (Windows NT 6.1; Win64; x64; rv:107.0) Gecko/20100101 Firefox/107.0"
111.93.24.58 - - [21/Nov/2022:06:03:18 +0100] "GET /wp-content/plugins/revslider/public/assets/js/jquery.themepunch.tools.min.js?ver=5.4.8 HTTP/1.1" 200 38337 "https://www.astacus.se/" "Mozilla/5.0 (Windows NT 6.1; Win64; x64; rv:107.0) Gecko/20100101 Firefox/107.0"
111.93.24.58 - - [21/Nov/2022:06:03:18 +0100] "GET /wp-content/themes/x/framework/js/dist/site/x-body.min.js?ver=4.6.4 HTTP/1.1" 200 7438 "https://www.astacus.se/" "Mozilla/5.0 (Windows NT 6.1; Win64; x64; rv:107.0) Gecko/20100101 Firefox/107.0"
111.93.24.58 - - [21/Nov/2022:06:03:18 +0100] "GET /wp-content/plugins/revslider/public/assets/js/jquery.themepunch.revolution.min.js?ver=5.4.8 HTTP/1.1" 200 18090 "https://www.astacus.se/" "Mozilla/5.0 (Windows NT 6.1; Win64; x64; rv:107.0) Gecko/20100101 Firefox/107.0"
111.93.24.58 - - [21/Nov/2022:06:03:18 +0100] "GET /wp-includes/js/comment-reply.min.js?ver=4.8.1 HTTP/1.1" 200 589 "https://www.astacus.se/" "Mozilla/5.0 (Windows NT 6.1; Win64; x64; rv:107.0) Gecko/20100101 Firefox/107.0"
111.93.24.58 - - [21/Nov/2022:06:03:18 +0100] "GET /wp-includes/js/wp-embed.min.js?ver=4.8.1 HTTP/1.1" 200 751 "https://www.astacus.se/" "Mozilla/5.0 (Windows NT 6.1; Win64; x64; rv:107.0) Gecko/20100101 Firefox/107.0"
111.93.24.58 - - [21/Nov/2022:06:03:18 +0100] "GET /wp-content/plugins/revslider/admin/assets/images/dummy.png HTTP/1.1" 200 73 "https://www.astacus.se/" "Mozilla/5.0 (Windows NT 6.1; Win64; x64; rv:107.0) Gecko/20100101 Firefox/107.0"
111.93.24.58 - - [21/Nov/2022:06:03:18 +0100] "GET /wp-content/uploads/2017/08/SCAB_ISO_14001_Sve_RGB.png HTTP/1.1" 200 16510 "https://www.astacus.se/" "Mozilla/5.0 (Windows NT 6.1; Win64; x64; rv:107.0) Gecko/20100101 Firefox/107.0"
111.93.24.58 - - [21/Nov/2022:06:03:18 +0100] "GET /wp-content/uploads/2017/08/SCAB_ISO_9001_Sve_RGB.png HTTP/1.1" 200 16506 "https://www.astacus.se/" "Mozilla/5.0 (Windows NT 6.1; Win64; x64; rv:107.0) Gecko/20100101 Firefox/107.0"
111.93.24.58 - - [21/Nov/2022:06:03:18 +0100] "GET /wp-content/uploads/2017/08/image005.jpg HTTP/1.1" 200 51745 "https://www.astacus.se/" "Mozilla/5.0 (Windows NT 6.1; Win64; x64; rv:107.0) Gecko/20100101 Firefox/107.0"
111.93.24.58 - - [21/Nov/2022:06:03:18 +0100] "GET /wp-content/uploads/2020/04/dronare3.jpg HTTP/1.1" 200 71537 "https://www.astacus.se/" "Mozilla/5.0 (Windows NT 6.1; Win64; x64; rv:107.0) Gecko/20100101 Firefox/107.0"
111.93.24.58 - - [21/Nov/2022:06:03:18 +0100] "GET /wp-content/uploads/2017/08/image007.jpg HTTP/1.1" 200 77965 "https://www.astacus.se/" "Mozilla/5.0 (Windows NT 6.1; Win64; x64; rv:107.0) Gecko/20100101 Firefox/107.0"
111.93.24.58 - - [21/Nov/2022:06:03:18 +0100] "GET /wp-content/uploads/2018/07/UGS2.jpg HTTP/1.1" 200 109543 "https://www.astacus.se/" "Mozilla/5.0 (Windows NT 6.1; Win64; x64; rv:107.0) Gecko/20100101 Firefox/107.0"
111.93.24.58 - - [21/Nov/2022:06:03:19 +0100] "GET /wp-content/uploads/2020/04/scb-881x492.jpg HTTP/1.1" 200 29812 "https://www.astacus.se/" "Mozilla/5.0 (Windows NT 6.1; Win64; x64; rv:107.0) Gecko/20100101 Firefox/107.0"
111.93.24.58 - - [21/Nov/2022:06:03:19 +0100] "GET /wp-content/themes/x/framework/fonts/font_awesome/fontawesome-webfont.woff2?v=4.6.3 HTTP/1.1" 200 71896 "https://www.astacus.se/wp-content/themes/x/framework/css/dist/site/stacks/ethos.css?ver=4.6.4" "Mozilla/5.0 (Windows NT 6.1; Win64; x64; rv:107.0) Gecko/20100101 Firefox/107.0"
111.93.24.58 - - [21/Nov/2022:06:03:19 +0100] "GET /wp-content/uploads/2020/04/arvid.jpg HTTP/1.1" 200 29060 "https://www.astacus.se/" "Mozilla/5.0 (Windows NT 6.1; Win64; x64; rv:107.0) Gecko/20100101 Firefox/107.0"
111.93.24.58 - - [21/Nov/2022:06:03:19 +0100] "GET /wp-content/uploads/2020/04/profi.jpg HTTP/1.1" 200 23316 "https://www.astacus.se/" "Mozilla/5.0 (Windows NT 6.1; Win64; x64; rv:107.0) Gecko/20100101 Firefox/107.0"
111.93.24.58 - - [21/Nov/2022:06:03:19 +0100] "GET /wp-content/uploads/2020/04/tv.jpg HTTP/1.1" 200 29384 "https://www.astacus.se/" "Mozilla/5.0 (Windows NT 6.1; Win64; x64; rv:107.0) Gecko/20100101 Firefox/107.0"
111.93.24.58 - - [21/Nov/2022:06:03:19 +0100] "GET /wp-content/uploads/2021/07/wrslam.jpg HTTP/1.1" 200 154033 "https://www.astacus.se/" "Mozilla/5.0 (Windows NT 6.1; Win64; x64; rv:107.0) Gecko/20100101 Firefox/107.0"
111.93.24.58 - - [21/Nov/2022:06:03:19 +0100] "GET /wp-content/uploads/2020/04/lanssto.jpg HTTP/1.1" 200 37715 "https://www.astacus.se/" "Mozilla/5.0 (Windows NT 6.1; Win64; x64; rv:107.0) Gecko/20100101 Firefox/107.0"
111.93.24.58 - - [21/Nov/2022:06:03:19 +0100] "GET /wp-content/uploads/2020/04/obo-881x492.jpg HTTP/1.1" 200 40190 "https://www.astacus.se/" "Mozilla/5.0 (Windows NT 6.1; Win64; x64; rv:107.0) Gecko/20100101 Firefox/107.0"
111.93.24.58 - - [21/Nov/2022:06:03:20 +0100] "GET /wp-content/plugins/revslider/public/assets/js/extensions/revolution.extension.parallax.min.js?version=5.4.8 HTTP/1.1" 200 3240 "https://www.astacus.se/" "Mozilla/5.0 (Windows NT 6.1; Win64; x64; rv:107.0) Gecko/20100101 Firefox/107.0"
111.93.24.58 - - [21/Nov/2022:06:03:20 +0100] "GET /wp-content/plugins/revslider/public/assets/js/extensions/revolution.extension.slideanims.min.js?version=5.4.8 HTTP/1.1" 200 6880 "https://www.astacus.se/" "Mozilla/5.0 (Windows NT 6.1; Win64; x64; rv:107.0) Gecko/20100101 Firefox/107.0"
111.93.24.58 - - [21/Nov/2022:06:03:20 +0100] "GET /wp-content/uploads/2020/04/slide-main.jpg HTTP/1.1" 200 224079 "https://www.astacus.se/" "Mozilla/5.0 (Windows NT 6.1; Win64; x64; rv:107.0) Gecko/20100101 Firefox/107.0"
111.93.24.58 - - [21/Nov/2022:06:03:22 +0100] "GET /?page=loggain&goto=approject HTTP/1.1" 200 1269 "https://www.astacus.se/" "Mozilla/5.0 (Windows NT 6.1; Win64; x64; rv:107.0) Gecko/20100101 Firefox/107.0"
111.93.24.58 - - [21/Nov/2022:06:03:22 +0100] "GET /main.css HTTP/1.1" 200 415 "https://icad.astacus.se/?page=loggain&goto=approject" "Mozilla/5.0 (Windows NT 6.1; Win64; x64; rv:107.0) Gecko/20100101 Firefox/107.0"
111.93.24.58 - - [21/Nov/2022:06:03:25 +0100] "POST /logon.php?action=logon HTTP/1.1" 302 - "https://icad.astacus.se/?page=loggain&goto=approject" "Mozilla/5.0 (Windows NT 6.1; Win64; x64; rv:107.0) Gecko/20100101 Firefox/107.0"
114.119.141.53 - - [21/Nov/2022:06:03:25 +0100] "GET /apps/school/www_old6/img/LevelC/Category3/LevelCCat3Lesson17/?C=N%3BO%3DD HTTP/1.1" 200 564 "http://kulturdokumentation.se/apps/school/www_old6/img/LevelC/Category3/LevelCCat3Lesson17/?C=D%3BO%3DA" "Mozilla/5.0 (Linux; Android 7.0;) AppleWebKit/537.36 (KHTML, like Gecko) Mobile Safari/537.36 (compatible; PetalBot;+https://webmaster.petalsearch.com/site/petalbot)"
111.93.24.58 - - [21/Nov/2022:06:03:25 +0100] "GET /project/index.php HTTP/1.1" 200 78171 "https://icad.astacus.se/?page=loggain&goto=approject" "Mozilla/5.0 (Windows NT 6.1; Win64; x64; rv:107.0) Gecko/20100101 Firefox/107.0"
111.93.24.58 - - [21/Nov/2022:06:03:25 +0100] "GET /images/ordervalue0.png HTTP/1.1" 200 3491 "https://icad.astacus.se/project/index.php" "Mozilla/5.0 (Windows NT 6.1; Win64; x64; rv:107.0) Gecko/20100101 Firefox/107.0"
54.36.148.230 - - [21/Nov/2022:06:03:33 +0100] "GET /apps/school/www_old4/Html/LevelC/Category2/LevelCCat2Lesson18.html HTTP/1.1" 200 1774 "-" "Mozilla/5.0 (compatible; AhrefsBot/7.0; +http://ahrefs.com/robot/)"
::1 - - [21/Nov/2022:06:03:36 +0100] "OPTIONS * HTTP/1.0" 200 - "-" "Apache/2.4.7 (Ubuntu) PHP/5.5.9-1ubuntu4.29 OpenSSL/1.0.1f (internal dummy connection)"
::1 - - [21/Nov/2022:06:03:37 +0100] "OPTIONS * HTTP/1.0" 200 - "-" "Apache/2.4.7 (Ubuntu) PHP/5.5.9-1ubuntu4.29 OpenSSL/1.0.1f (internal dummy connection)"
::1 - - [21/Nov/2022:06:03:41 +0100] "OPTIONS * HTTP/1.0" 200 - "-" "Apache/2.4.7 (Ubuntu) PHP/5.5.9-1ubuntu4.29 OpenSSL/1.0.1f (internal dummy connection)"
198.98.50.19 - - [21/Nov/2022:06:04:39 +0100] "GET /wp-login.php HTTP/1.1" 200 2977 "-" "Mozilla/5.0 (Windows NT 6.2; WOW64) AppleWebKit/537.36 (KHTML, like Gecko) Chrome/36.0.1985.125 Safari/537.36"
198.98.50.19 - - [21/Nov/2022:06:04:39 +0100] "POST /wp-login.php HTTP/1.1" 200 3996 "-" "Mozilla/5.0 (Windows NT 6.2; WOW64) AppleWebKit/537.36 (KHTML, like Gecko) Chrome/36.0.1985.125 Safari/537.36"
114.119.134.161 - - [21/Nov/2022:06:04:56 +0100] "GET /apps/school/www_old8/img/LevelG/Category2/LevelGCat2Lesson43/?C=M%3BO%3DA HTTP/1.1" 200 544 "http://kulturdokumentation.com/apps/school/www_old8/img/LevelG/Category2/LevelGCat2Lesson43/?C=S%3BO%3DA" "Mozilla/5.0 (Linux; Android 7.0;) AppleWebKit/537.36 (KHTML, like Gecko) Mobile Safari/537.36 (compatible; PetalBot;+https://webmaster.petalsearch.com/site/petalbot)"
114.119.137.67 - - [21/Nov/2022:06:05:12 +0100] "GET /robots.txt HTTP/1.1" 404 208 "-" "Mozilla/5.0 (compatible;PetalBot;+https://webmaster.petalsearch.com/site/petalbot)"
35.205.119.17 - - [21/Nov/2022:06:07:53 +0100] "HEAD / HTTP/1.1" 302 - "-" "Apache-HttpClient/4.5.5 (Java/11.0.9)"
35.205.119.17 - - [21/Nov/2022:06:07:54 +0100] "HEAD / HTTP/1.1" 200 - "-" "Apache-HttpClient/4.5.5 (Java/11.0.9)"
207.46.13.161 - - [21/Nov/2022:06:08:14 +0100] "GET / HTTP/1.1" 200 1772 "-" "Mozilla/5.0 (compatible; bingbot/2.0; +http://www.bing.com/bingbot.htm)"
114.119.141.53 - - [21/Nov/2022:06:08:36 +0100] "GET /apps/school/www_old8/img/LevelG/Category2/LevelGCat2Lesson30/fruitsAndVegetables.png HTTP/1.1" 200 39166 "http://kulturdokumentation.se/apps/school/www_old8/Html/LevelG/Category2/LevelGCat2Lesson33.html" "Mozilla/5.0 (Linux; Android 7.0;) AppleWebKit/537.36 (KHTML, like Gecko) Mobile Safari/537.36 (compatible; PetalBot;+https://webmaster.petalsearch.com/site/petalbot)"
66.249.66.7 - - [21/Nov/2022:06:09:37 +0100] "GET /apps/school/www_old10/js/allScriptsForLessonsHtml.js HTTP/1.1" 200 263 "http://www2.astacus.se/apps/school/www_old10/Html/LevelA/Category1/LevelACat1Lesson50.html" "Mozilla/5.0 (Linux; Android 6.0.1; Nexus 5X Build/MMB29P) AppleWebKit/537.36 (KHTML, like Gecko) Chrome/106.0.5249.119 Mobile Safari/537.36 (compatible; Googlebot/2.1; +http://www.google.com/bot.html)"
66.249.66.1 - - [21/Nov/2022:06:09:38 +0100] "GET /apps/school/www_old10/js/shared_functions_new.js HTTP/1.1" 200 12534 "http://www2.astacus.se/apps/school/www_old10/Html/LevelA/Category1/LevelACat1Lesson50.html" "Mozilla/5.0 (Linux; Android 6.0.1; Nexus 5X Build/MMB29P) AppleWebKit/537.36 (KHTML, like Gecko) Chrome/106.0.5249.119 Mobile Safari/537.36 (compatible; Googlebot/2.1; +http://www.google.com/bot.html)"
66.249.66.1 - - [21/Nov/2022:06:09:38 +0100] "GET /apps/school/www_old10/css/shared_styles_new.css HTTP/1.1" 200 1154 "http://www2.astacus.se/apps/school/www_old10/Html/LevelA/Category1/LevelACat1Lesson50.html" "Mozilla/5.0 (Linux; Android 6.0.1; Nexus 5X Build/MMB29P) AppleWebKit/537.36 (KHTML, like Gecko) Chrome/106.0.5249.119 Mobile Safari/537.36 (compatible; Googlebot/2.1; +http://www.google.com/bot.html)"
66.249.66.1 - - [21/Nov/2022:06:09:38 +0100] "GET /apps/school/www_old10/cordova.js HTTP/1.1" 404 230 "http://www2.astacus.se/apps/school/www_old10/Html/LevelA/Category1/LevelACat1Lesson50.html" "Mozilla/5.0 (Linux; Android 6.0.1; Nexus 5X Build/MMB29P) AppleWebKit/537.36 (KHTML, like Gecko) Chrome/106.0.5249.119 Mobile Safari/537.36 (compatible; Googlebot/2.1; +http://www.google.com/bot.html)"
66.249.66.5 - - [21/Nov/2022:06:09:39 +0100] "GET /apps/school/www_old10/js/enumsClasses.js HTTP/1.1" 200 505 "http://www2.astacus.se/apps/school/www_old10/Html/LevelA/Category1/LevelACat1Lesson50.html" "Mozilla/5.0 (Linux; Android 6.0.1; Nexus 5X Build/MMB29P) AppleWebKit/537.36 (KHTML, like Gecko) Chrome/106.0.5249.119 Mobile Safari/537.36 (compatible; Googlebot/2.1; +http://www.google.com/bot.html)"
66.249.66.7 - - [21/Nov/2022:06:09:39 +0100] "GET /apps/school/www_old10/js/topmostInfo.js HTTP/1.1" 200 2657 "http://www2.astacus.se/apps/school/www_old10/Html/LevelA/Category1/LevelACat1Lesson50.html" "Mozilla/5.0 (Linux; Android 6.0.1; Nexus 5X Build/MMB29P) AppleWebKit/537.36 (KHTML, like Gecko) Chrome/106.0.5249.119 Mobile Safari/537.36 (compatible; Googlebot/2.1; +http://www.google.com/bot.html)"
66.249.66.7 - - [21/Nov/2022:06:09:40 +0100] "GET /apps/school/www_old10/js/painlessfs.js HTTP/1.1" 200 3788 "http://www2.astacus.se/apps/school/www_old10/Html/LevelA/Category1/LevelACat1Lesson50.html" "Mozilla/5.0 (Linux; Android 6.0.1; Nexus 5X Build/MMB29P) AppleWebKit/537.36 (KHTML, like Gecko) Chrome/106.0.5249.119 Mobile Safari/537.36 (compatible; Googlebot/2.1; +http://www.google.com/bot.html)"
66.249.66.5 - - [21/Nov/2022:06:09:40 +0100] "GET /apps/school/www_old10/js/WebkitDragAndDrop.js HTTP/1.1" 200 4330 "http://www2.astacus.se/apps/school/www_old10/Html/LevelA/Category1/LevelACat1Lesson50.html" "Mozilla/5.0 (Linux; Android 6.0.1; Nexus 5X Build/MMB29P) AppleWebKit/537.36 (KHTML, like Gecko) Chrome/106.0.5249.119 Mobile Safari/537.36 (compatible; Googlebot/2.1; +http://www.google.com/bot.html)"
66.249.66.5 - - [21/Nov/2022:06:09:41 +0100] "GET /apps/school/www_old10/cordova.js HTTP/1.1" 404 230 "http://www2.astacus.se/apps/school/www_old10/Html/LevelA/Category1/LevelACat1Lesson50.html" "Mozilla/5.0 (Linux; Android 6.0.1; Nexus 5X Build/MMB29P) AppleWebKit/537.36 (KHTML, like Gecko) Chrome/106.0.5249.119 Mobile Safari/537.36 (compatible; Googlebot/2.1; +http://www.google.com/bot.html)"
216.244.66.203 - - [21/Nov/2022:06:09:47 +0100] "GET /apps/school/www_old10/Html/LevelD/Category1/LevelDCat1Lesson21.html HTTP/1.1" 200 17853 "-" "Mozilla/5.0 (compatible; DotBot/1.2; +https://opensiteexplorer.org/dotbot; help@moz.com)"
216.244.66.203 - - [21/Nov/2022:06:09:52 +0100] "GET /apps/school/www_old6/Html/LevelC/Category1/LevelCCat1Lesson06.html HTTP/1.1" 200 32989 "-" "Mozilla/5.0 (compatible; DotBot/1.2; +https://opensiteexplorer.org/dotbot; help@moz.com)"
216.244.66.203 - - [21/Nov/2022:06:09:57 +0100] "GET /apps/school/www_old8/Html/LevelB/Category1/LevelBCat1Lesson15.html HTTP/1.1" 200 2982 "-" "Mozilla/5.0 (compatible; DotBot/1.2; +https://opensiteexplorer.org/dotbot; help@moz.com)"
216.244.66.203 - - [21/Nov/2022:06:10:01 +0100] "GET /apps/school/www_old8/Html/LevelB/Category1/LevelBCat1Lesson34.html HTTP/1.1" 200 34133 "-" "Mozilla/5.0 (compatible; DotBot/1.2; +https://opensiteexplorer.org/dotbot; help@moz.com)"
207.46.13.191 - - [21/Nov/2022:06:10:02 +0100] "GET /images/poza-contact.jpg HTTP/1.1" 302 231 "-" "Mozilla/5.0 (compatible; bingbot/2.0; +http://www.bing.com/bingbot.htm)"
114.119.134.155 - - [21/Nov/2022:06:10:04 +0100] "GET /apps/school/www_old4/Html/LevelD/Category2/LevelDCat2Lesson17.html HTTP/1.1" 200 2320 "http://kulturdokumentation.com/apps/school/www_old4/Html/LevelD/Category2/" "Mozilla/5.0 (Linux; Android 7.0;) AppleWebKit/537.36 (KHTML, like Gecko) Mobile Safari/537.36 (compatible; PetalBot;+https://webmaster.petalsearch.com/site/petalbot)"
216.244.66.203 - - [21/Nov/2022:06:10:05 +0100] "GET /apps/school/www_old9/Html/LevelG/Category1/LevelGCat1Lesson07.html HTTP/1.1" 200 32483 "-" "Mozilla/5.0 (compatible; DotBot/1.2; +https://opensiteexplorer.org/dotbot; help@moz.com)"
207.46.13.191 - - [21/Nov/2022:06:10:21 +0100] "GET /images/poza-contact.jpg HTTP/1.1" 200 13895 "-" "Mozilla/5.0 (compatible; bingbot/2.0; +http://www.bing.com/bingbot.htm)"
16.170.159.128 - - [21/Nov/2022:06:10:25 +0100] "GET / HTTP/1.1" 200 3082 "-" "node-fetch"
54.36.148.109 - - [21/Nov/2022:06:12:22 +0100] "GET /apps/school/www_old8/img/LevelH/Category1/ HTTP/1.1" 200 617 "-" "Mozilla/5.0 (compatible; AhrefsBot/7.0; +http://ahrefs.com/robot/)"
31.220.1.83 - - [21/Nov/2022:06:12:41 +0100] "GET / HTTP/1.1" 200 21 "-" "Mozilla/5.0 (compatible; CensysInspect/1.1; +https://about.censys.io/)"
216.244.66.203 - - [21/Nov/2022:06:13:22 +0100] "GET /sales/?week=-97 HTTP/1.1" 200 11361 "-" "Mozilla/5.0 (compatible; DotBot/1.2; +https://opensiteexplorer.org/dotbot; help@moz.com)"
114.119.141.69 - - [21/Nov/2022:06:13:40 +0100] "GET /apps/school/www_old6/img/LevelA/Category2/?C=S%3BO%3DA HTTP/1.1" 200 601 "http://kulturdokumentation.se/apps/school/www_old6/img/LevelA/Category2/?C=N%3BO%3DD" "Mozilla/5.0 (Linux; Android 7.0;) AppleWebKit/537.36 (KHTML, like Gecko) Mobile Safari/537.36 (compatible; PetalBot;+https://webmaster.petalsearch.com/site/petalbot)"
40.77.167.5 - - [21/Nov/2022:06:14:02 +0100] "GET / HTTP/1.1" 200 21 "-" "Mozilla/5.0 AppleWebKit/537.36 (KHTML, like Gecko; compatible; bingbot/2.0; +http://www.bing.com/bingbot.htm) Chrome/103.0.5060.134 Safari/537.36"
114.119.134.155 - - [21/Nov/2022:06:15:10 +0100] "GET /apps/school/www_old4/img/LevelB/Category1/LevelBCat1Lesson36 HTTP/1.1" 301 300 "http://kulturdokumentation.com/apps/school/www_old4/img/LevelB/Category1?C=M%3BO%3DA" "Mozilla/5.0 (Linux; Android 7.0;) AppleWebKit/537.36 (KHTML, like Gecko) Mobile Safari/537.36 (compatible; PetalBot;+https://webmaster.petalsearch.com/site/petalbot)"
114.119.134.155 - - [21/Nov/2022:06:15:11 +0100] "GET /apps/school/www_old4/img/LevelB/Category1/LevelBCat1Lesson36/ HTTP/1.1" 200 553 "http://kulturdokumentation.com/apps/school/www_old4/img/LevelB/Category1?C=M%3BO%3DA" "Mozilla/5.0 (Linux; Android 7.0;) AppleWebKit/537.36 (KHTML, like Gecko) Mobile Safari/537.36 (compatible; PetalBot;+https://webmaster.petalsearch.com/site/petalbot)"
114.119.154.242 - - [21/Nov/2022:06:15:18 +0100] "GET /robots.txt HTTP/1.1" 302 217 "-" "Mozilla/5.0 (compatible;PetalBot;+https://webmaster.petalsearch.com/site/petalbot)"
